Results for 11.0.0 20201202 (experimental) [master revision r11-5644-g018248ef6d03] (GCC) testsuite on x86_64-apple-darwin10

Iain Sandoe iains.gcc@gmail.com
Sun Dec 6 11:10:24 GMT 2020


LAST_UPDATED: Wed Dec  2 17:22:30 UTC 2020 (revision r11-5644-g018248ef6d03)

		=== acats tests ===

		=== acats Summary ===
# of expected passes		2320
# of unexpected failures	0
Native configuration is x86_64-apple-darwin10

		=== g++ tests ===


Running target unix/-m32
FAIL: g++.dg/ext/pr84828.C  -std=gnu++14 (internal compiler error)
FAIL: g++.dg/ext/pr84828.C  -std=gnu++14 (test for excess errors)
FAIL: g++.dg/ext/pr84828.C  -std=gnu++17 (internal compiler error)
FAIL: g++.dg/ext/pr84828.C  -std=gnu++17 (test for excess errors)
FAIL: g++.dg/ext/pr84828.C  -std=gnu++2a (internal compiler error)
FAIL: g++.dg/ext/pr84828.C  -std=gnu++2a (test for excess errors)
FAIL: g++.dg/ext/pr84828.C  -std=gnu++98 (internal compiler error)
FAIL: g++.dg/ext/pr84828.C  -std=gnu++98 (test for excess errors)
WARNING: g++.dg/ext/sync-4.C  -std=gnu++14 execution test program timed out.
WARNING: g++.dg/ext/sync-4.C  -std=gnu++17 execution test program timed out.
WARNING: g++.dg/ext/sync-4.C  -std=gnu++2a execution test program timed out.
FAIL: g++.dg/ipa/pr67056.C   scan-ipa-dump cp "Speculative outer type:struct CompositeClass"
FAIL: g++.dg/opt/const4.C  -std=c++14  scan-assembler-symbol-section symbol constant_variable (found __ZL17constant_variable) has section ^\\\\.(const|rodata)|\\\\[RO\\\\] (no section detected)
FAIL: g++.dg/opt/const4.C  -std=c++17  scan-assembler-symbol-section symbol constant_variable (found __ZL17constant_variable) has section ^\\\\.(const|rodata)|\\\\[RO\\\\] (no section detected)
FAIL: g++.dg/opt/const4.C  -std=c++2a  scan-assembler-symbol-section symbol constant_variable (found __ZL17constant_variable) has section ^\\\\.(const|rodata)|\\\\[RO\\\\] (no section detected)
FAIL: g++.dg/opt/const4.C  -std=c++98  scan-assembler-symbol-section symbol constant_variable (found __ZL17constant_variable) has section ^\\\\.(const|rodata)|\\\\[RO\\\\] (no section detected)
FAIL: g++.dg/gomp/pr88182.C  -std=gnu++14 (test for excess errors)
UNRESOLVED: g++.dg/gomp/pr88182.C  -std=gnu++14 compilation failed to produce executable
FAIL: g++.dg/gomp/pr88182.C  -std=gnu++17 (test for excess errors)
UNRESOLVED: g++.dg/gomp/pr88182.C  -std=gnu++17 compilation failed to produce executable
FAIL: g++.dg/gomp/pr88182.C  -std=gnu++2a (test for excess errors)
UNRESOLVED: g++.dg/gomp/pr88182.C  -std=gnu++2a compilation failed to produce executable
FAIL: g++.dg/gomp/pr88182.C  -std=gnu++98 (test for excess errors)
UNRESOLVED: g++.dg/gomp/pr88182.C  -std=gnu++98 compilation failed to produce executable
FAIL: g++.dg/gomp/tls-5.C  -std=c++14  scan-assembler-symbol-section symbol ^_?_ZGR2ir_\$ (symbol not found) has section ^\\\\.tdata|\\\\[TL\\\\]
FAIL: g++.dg/gomp/tls-5.C  -std=c++14  scan-assembler-symbol-section symbol ^_?ir\$ (symbol not found) has section ^\\\\.tbss|\\\\[TL\\\\]
FAIL: g++.dg/gomp/tls-5.C  -std=c++17  scan-assembler-symbol-section symbol ^_?_ZGR2ir_\$ (symbol not found) has section ^\\\\.tdata|\\\\[TL\\\\]
FAIL: g++.dg/gomp/tls-5.C  -std=c++17  scan-assembler-symbol-section symbol ^_?ir\$ (symbol not found) has section ^\\\\.tbss|\\\\[TL\\\\]
FAIL: g++.dg/gomp/tls-5.C  -std=c++2a  scan-assembler-symbol-section symbol ^_?_ZGR2ir_\$ (symbol not found) has section ^\\\\.tdata|\\\\[TL\\\\]
FAIL: g++.dg/gomp/tls-5.C  -std=c++2a  scan-assembler-symbol-section symbol ^_?ir\$ (symbol not found) has section ^\\\\.tbss|\\\\[TL\\\\]
FAIL: g++.dg/lto/pr65276 cp_lto_pr65276_0.o-cp_lto_pr65276_1.o link, -flto -O0 -std=c++11
FAIL: g++.dg/lto/pr89335 cp_lto_pr89335_0.o assemble, -O2 -flto -Wsuggest-final-methods
FAIL: g++.dg/tls/thread_local-order2.C  -std=c++14 execution test
FAIL: g++.dg/tls/thread_local-order2.C  -std=c++17 execution test
FAIL: g++.dg/tls/thread_local-order2.C  -std=c++2a execution test

		=== g++ Summary for unix/-m32 ===

# of expected passes		187329
# of unexpected failures	28
# of expected failures		993
# of unresolved testcases	4
# of unsupported tests		8532

Running target unix/-m64
WARNING: g++.dg/ext/sync-4.C  -std=gnu++14 execution test program timed out.
WARNING: g++.dg/ext/sync-4.C  -std=gnu++17 execution test program timed out.
WARNING: g++.dg/ext/sync-4.C  -std=gnu++2a execution test program timed out.
WARNING: g++.dg/ext/sync-4.C  -std=gnu++98 execution test program timed out.
FAIL: g++.dg/ipa/pr67056.C   scan-ipa-dump cp "Speculative outer type:struct CompositeClass"
FAIL: g++.dg/opt/const4.C  -std=c++14  scan-assembler-symbol-section symbol constant_variable (found __ZL17constant_variable) has section ^\\\\.(const|rodata)|\\\\[RO\\\\] (no section detected)
FAIL: g++.dg/opt/const4.C  -std=c++17  scan-assembler-symbol-section symbol constant_variable (found __ZL17constant_variable) has section ^\\\\.(const|rodata)|\\\\[RO\\\\] (no section detected)
FAIL: g++.dg/opt/const4.C  -std=c++2a  scan-assembler-symbol-section symbol constant_variable (found __ZL17constant_variable) has section ^\\\\.(const|rodata)|\\\\[RO\\\\] (no section detected)
FAIL: g++.dg/opt/const4.C  -std=c++98  scan-assembler-symbol-section symbol constant_variable (found __ZL17constant_variable) has section ^\\\\.(const|rodata)|\\\\[RO\\\\] (no section detected)
FAIL: g++.dg/gomp/pr88182.C  -std=gnu++14 (test for excess errors)
UNRESOLVED: g++.dg/gomp/pr88182.C  -std=gnu++14 compilation failed to produce executable
FAIL: g++.dg/gomp/pr88182.C  -std=gnu++17 (test for excess errors)
UNRESOLVED: g++.dg/gomp/pr88182.C  -std=gnu++17 compilation failed to produce executable
FAIL: g++.dg/gomp/pr88182.C  -std=gnu++2a (test for excess errors)
UNRESOLVED: g++.dg/gomp/pr88182.C  -std=gnu++2a compilation failed to produce executable
FAIL: g++.dg/gomp/pr88182.C  -std=gnu++98 (test for excess errors)
UNRESOLVED: g++.dg/gomp/pr88182.C  -std=gnu++98 compilation failed to produce executable
FAIL: g++.dg/gomp/tls-5.C  -std=c++14  scan-assembler-symbol-section symbol ^_?_ZGR2ir_\$ (symbol not found) has section ^\\\\.tdata|\\\\[TL\\\\]
FAIL: g++.dg/gomp/tls-5.C  -std=c++14  scan-assembler-symbol-section symbol ^_?ir\$ (symbol not found) has section ^\\\\.tbss|\\\\[TL\\\\]
FAIL: g++.dg/gomp/tls-5.C  -std=c++17  scan-assembler-symbol-section symbol ^_?_ZGR2ir_\$ (symbol not found) has section ^\\\\.tdata|\\\\[TL\\\\]
FAIL: g++.dg/gomp/tls-5.C  -std=c++17  scan-assembler-symbol-section symbol ^_?ir\$ (symbol not found) has section ^\\\\.tbss|\\\\[TL\\\\]
FAIL: g++.dg/gomp/tls-5.C  -std=c++2a  scan-assembler-symbol-section symbol ^_?_ZGR2ir_\$ (symbol not found) has section ^\\\\.tdata|\\\\[TL\\\\]
FAIL: g++.dg/gomp/tls-5.C  -std=c++2a  scan-assembler-symbol-section symbol ^_?ir\$ (symbol not found) has section ^\\\\.tbss|\\\\[TL\\\\]
FAIL: g++.dg/lto/pr65276 cp_lto_pr65276_0.o-cp_lto_pr65276_1.o link, -flto -O0 -std=c++11
FAIL: g++.dg/lto/pr89335 cp_lto_pr89335_0.o assemble, -O2 -flto -Wsuggest-final-methods
WARNING: g++.dg/tls/thread_local-order2.C  -std=c++14 execution test program timed out.
FAIL: g++.dg/tls/thread_local-order2.C  -std=c++14 execution test
WARNING: g++.dg/tls/thread_local-order2.C  -std=c++17 execution test program timed out.
FAIL: g++.dg/tls/thread_local-order2.C  -std=c++17 execution test
WARNING: g++.dg/tls/thread_local-order2.C  -std=c++2a execution test program timed out.
FAIL: g++.dg/tls/thread_local-order2.C  -std=c++2a execution test

		=== g++ Summary for unix/-m64 ===

# of expected passes		189559
# of unexpected failures	20
# of expected failures		997
# of unresolved testcases	4
# of unsupported tests		8719

		=== g++ Summary ===

# of expected passes		376888
# of unexpected failures	48
# of expected failures		1990
# of unresolved testcases	8
# of unsupported tests		17251
/Volumes/OSX11/10-6-sno/gcc-master-wip/gcc/xg++  version 11.0.0 20201202 (experimental) [master revision r11-5644-g018248ef6d03] (GCC) 

		=== gcc tests ===


Running target unix/-m32
FAIL: gcc.c-torture/compile/pr97576.c   -O0  (test for excess errors)
FAIL: gcc.c-torture/compile/pr97576.c   -O1  (test for excess errors)
FAIL: gcc.c-torture/compile/pr97576.c   -O2  (test for excess errors)
FAIL: gcc.c-torture/compile/pr97576.c   -O2 -flto  (test for excess errors)
FAIL: gcc.c-torture/compile/pr97576.c   -O2 -flto -flto-partition=none  (test for excess errors)
FAIL: gcc.c-torture/compile/pr97576.c   -O3 -g  (test for excess errors)
FAIL: gcc.c-torture/compile/pr97576.c   -Os  (test for excess errors)
XPASS: gcc.dg/analyzer/feasibility-1.c  (test for warnings, line 58)
FAIL: gcc.dg/analyzer/malloc-vs-local-1b.c  (test for bogus messages, line 170)
XPASS: gcc.dg/analyzer/pr94851-1.c bogus leak (test for bogus messages, line 43)
FAIL: gcc.dg/analyzer/strndup-1.c (test for excess errors)
FAIL: gcc.dg/analyzer/write-to-string-literal-1.c  (test for warnings, line 15)
FAIL: gcc.dg/atomic/pr65345-4.c   -O2 -flto  (internal compiler error)
FAIL: gcc.dg/atomic/pr65345-4.c   -O2 -flto  (test for excess errors)
FAIL: gcc.dg/atomic/pr65345-4.c   -O2 -flto -flto-partition=none  (internal compiler error)
FAIL: gcc.dg/atomic/pr65345-4.c   -O2 -flto -flto-partition=none  (test for excess errors)
FAIL: gcc.dg/debug/dwarf2/inline4.c scan-assembler DW_TAG_inlined_subroutine[^\\\\(]*\\\\([^\\\\)]*\\\\)[^\\\\(]*\\\\(DIE \\\\(0x[0-9a-f]*\\\\) DW_TAG_formal_parameter[^\\\\(]*\\\\(DIE \\\\(0x[0-9a-f]*\\\\) DW_TAG_variable
FAIL: gcc.dg/debug/dwarf2/inline5.c scan-assembler-not \\\\(DIE \\\\(0x([0-9a-f]*)\\\\) DW_TAG_lexical_block\\\\)[^#/!@;\\\\|]*[#/!@;\\\\|]+ +[^(].*DW_TAG_lexical_block\\\\)[^#/!@;\\\\|x]*x\\\\1[^#/!@;\\\\|]*[#/!@;\\\\|] +DW_AT_abstract_origin
FAIL: gcc.dg/20021029-1.c scan-assembler-symbol-section symbol ar (found _ar.0) has section ^\\\\.(const|rodata)|\\\\[RO\\\\] (no section detected)
XPASS: gcc.dg/Walloca-2.c  (test for bogus messages, line 16)
FAIL: gcc.dg/array-quals-1.c scan-assembler-symbol-section symbol ^_?a\$ (found _a) has section ^\\\\.(const|rodata)|\\\\[RO\\\\] (no section detected)
FAIL: gcc.dg/array-quals-1.c scan-assembler-symbol-section symbol ^_?a1\$ (found _a1) has section ^\\\\.(const|rodata)|\\\\[RO\\\\] (no section detected)
FAIL: gcc.dg/array-quals-1.c scan-assembler-symbol-section symbol ^_?b\$ (found _b) has section ^\\\\.(const|rodata)|\\\\[RO\\\\] (no section detected)
FAIL: gcc.dg/array-quals-1.c scan-assembler-symbol-section symbol ^_?b1\$ (found _b1) has section ^\\\\.(const|rodata)|\\\\[RO\\\\] (no section detected)
FAIL: gcc.dg/array-quals-1.c scan-assembler-symbol-section symbol ^_?c\$ (found _c) has section ^\\\\.(const|rodata)|\\\\[RO\\\\] (no section detected)
FAIL: gcc.dg/array-quals-1.c scan-assembler-symbol-section symbol ^_?c1\$ (found _c1) has section ^\\\\.(const|rodata)|\\\\[RO\\\\] (no section detected)
FAIL: gcc.dg/array-quals-1.c scan-assembler-symbol-section symbol ^_?d\$ (found _d) has section ^\\\\.(const|rodata)|\\\\[RO\\\\] (no section detected)
FAIL: gcc.dg/array-quals-1.c scan-assembler-symbol-section symbol ^_?d1\$ (found _d1) has section ^\\\\.(const|rodata)|\\\\[RO\\\\] (no section detected)
FAIL: gcc.dg/array-quals-1.c scan-assembler-symbol-section symbol ^_?e\$ (found _e) has section ^\\\\.(const|rodata)|\\\\[RO\\\\] (no section detected)
FAIL: gcc.dg/array-quals-1.c scan-assembler-symbol-section symbol ^_?e1\$ (found _e1) has section ^\\\\.(const|rodata)|\\\\[RO\\\\] (no section detected)
FAIL: gcc.dg/array-quals-1.c scan-assembler-symbol-section symbol ^_?p\$ (found _p) has section ^\\\\.(const|rodata)|\\\\[RW\\\\] (no section detected)
FAIL: gcc.dg/array-quals-1.c scan-assembler-symbol-section symbol ^_?p1\$ (found _p1) has section ^\\\\.(const|rodata)|\\\\[RW\\\\] (no section detected)
FAIL: gcc.dg/array-quals-1.c scan-assembler-symbol-section symbol ^_?q\$ (found _q) has section ^\\\\.(const|rodata)|\\\\[RW\\\\] (no section detected)
FAIL: gcc.dg/array-quals-1.c scan-assembler-symbol-section symbol ^_?q1\$ (found _q1) has section ^\\\\.(const|rodata)|\\\\[RW\\\\] (no section detected)
FAIL: gcc.dg/array-quals-1.c scan-assembler-symbol-section symbol ^_?r\$ (found _r) has section ^\\\\.(const|rodata)|\\\\[RW\\\\] (no section detected)
FAIL: gcc.dg/array-quals-1.c scan-assembler-symbol-section symbol ^_?r1\$ (found _r1) has section ^\\\\.(const|rodata)|\\\\[RW\\\\] (no section detected)
FAIL: gcc.dg/array-quals-1.c scan-assembler-symbol-section symbol ^_?s\$ (found _s) has section ^\\\\.(const|rodata)|\\\\[RW\\\\] (no section detected)
FAIL: gcc.dg/array-quals-1.c scan-assembler-symbol-section symbol ^_?s1\$ (found _s1) has section ^\\\\.(const|rodata)|\\\\[RW\\\\] (no section detected)
FAIL: gcc.dg/array-quals-1.c scan-assembler-symbol-section symbol ^_?t\$ (found _t) has section ^\\\\.(const|rodata)|\\\\[RW\\\\] (no section detected)
FAIL: gcc.dg/array-quals-1.c scan-assembler-symbol-section symbol ^_?t1\$ (found _t1) has section ^\\\\.(const|rodata)|\\\\[RW\\\\] (no section detected)
FAIL: gcc.dg/darwin-sections.c scan-assembler-symbol-section symbol ^_a\$ (symbol not found) has section \\\\.data
FAIL: gcc.dg/darwin-sections.c scan-assembler-symbol-section symbol ^_b\$ (symbol not found) has section \\\\.data
XPASS: gcc.dg/pr78973.c pr79073 (test for warnings, line 12)
FAIL: gcc.dg/stack-layout-dynamic-1.c (test for excess errors)
UNRESOLVED: gcc.dg/stack-layout-dynamic-1.c scan-assembler-not cfi_def_cfa_register
FAIL: c-c++-common/goacc/firstprivate-mappings-1.c scan-tree-dump omplower "(?n)#pragma omp target oacc_parallel map\\\\(from:array_so \\\\[len: 4\\\\]\\\\) firstprivate\\\\(array_li.[0-9]+\\\\) map\\\\(tofrom:\\\\(\\\\*array.[0-9]+\\\\) \\\\[len: D\\\\.[0-9]+\\\\]\\\\) map\\\\(firstprivate:array \\\\[pointer assign, bias: 0\\\\]\\\\) \\\\["
FAIL: gcc.dg/graphite/scop-19.c scan-tree-dump-times graphite "number of SCoPs: 0" 1
FAIL: gcc.dg/ipa/ipa-icf-38.c scan-ltrans-tree-dump-not optimized "Function bar"
FAIL: gcc-dg-lto-modref-3-01.exe scan-wpa-ipa-dump modref "parm 1 flags: nodirectescape"
FAIL: gcc-dg-lto-modref-4-01.exe scan-wpa-ipa-dump modref "parm 1 flags: nodirectescape"
WARNING: gcc.dg/lto/modref-3 c_lto_modref-3_0.o-c_lto_modref-3_1.o execute -O2 -flto-partition=max -fdump-ipa-modref -fno-ipa-sra -fno-ipa-cp -flto program timed out.
FAIL: gcc.dg/lto/modref-3 c_lto_modref-3_0.o-c_lto_modref-3_1.o execute -O2 -flto-partition=max -fdump-ipa-modref -fno-ipa-sra -fno-ipa-cp -flto
FAIL: gcc.dg/lto/modref-4 c_lto_modref-4_0.o-c_lto_modref-4_1.o execute -O2 -flto-partition=max -fdump-ipa-modref -fno-ipa-sra -flto
FAIL: gcc.dg/lto/pr94157 c_lto_pr94157_0.o assemble,  -O0 -fipa-vrp -flto -Wa,--noexecstack -Wa,--noexecstack -Wa,--execstack  -Wa,--execstack -Wa,--execstack -Wa,--execstack -Wa,--execstack -Wa,--execstack -Wa,--execstack -Wa,--execstack -Wa,--execstack -Wa,--execstack -Wa,--execstack -Wa,--execstack -Wa,--execstack -Wa,--execstack 
UNRESOLVED: gcc.dg/lto/pr94157 c_lto_pr94157_0.o-c_lto_pr94157_0.o execute  -O0 -fipa-vrp -flto -Wa,--noexecstack -Wa,--noexecstack -Wa,--execstack  -Wa,--execstack -Wa,--execstack -Wa,--execstack -Wa,--execstack -Wa,--execstack -Wa,--execstack -Wa,--execstack -Wa,--execstack -Wa,--execstack -Wa,--execstack -Wa,--execstack -Wa,--execstack -Wa,--execstack 
UNRESOLVED: gcc.dg/lto/pr94157 c_lto_pr94157_0.o-c_lto_pr94157_0.o link  -O0 -fipa-vrp -flto -Wa,--noexecstack -Wa,--noexecstack -Wa,--execstack  -Wa,--execstack -Wa,--execstack -Wa,--execstack -Wa,--execstack -Wa,--execstack -Wa,--execstack -Wa,--execstack -Wa,--execstack -Wa,--execstack -Wa,--execstack -Wa,--execstack -Wa,--execstack -Wa,--execstack 
FAIL: gcc.dg/torture/builtin-self.c   -O0   scan-assembler-not \\tcall
WARNING: gcc.dg/torture/ftrapv-1.c   -O0  execution test program timed out.
FAIL: gcc.dg/torture/ftrapv-1.c   -O0  execution test
WARNING: gcc.dg/torture/ftrapv-1.c   -O2  execution test program timed out.
FAIL: gcc.dg/torture/ftrapv-1.c   -O2  execution test
WARNING: gcc.dg/torture/ftrapv-1.c   -O3 -fomit-frame-pointer -funroll-loops -fpeel-loops -ftracer -finline-functions  execution test program timed out.
FAIL: gcc.dg/torture/ftrapv-1.c   -O3 -fomit-frame-pointer -funroll-loops -fpeel-loops -ftracer -finline-functions  execution test
WARNING: gcc.dg/torture/ftrapv-1.c   -O3 -g  execution test program timed out.
FAIL: gcc.dg/torture/ftrapv-1.c   -O3 -g  execution test
FAIL: gcc.dg/torture/pr71522.c   -O1  execution test
FAIL: gcc.dg/torture/pr71522.c   -O2  execution test
FAIL: gcc.dg/torture/pr71522.c   -O2 -flto  execution test
FAIL: gcc.dg/torture/pr71522.c   -O2 -flto -flto-partition=none  execution test
FAIL: gcc.dg/torture/pr71522.c   -O3 -g  execution test
FAIL: gcc.dg/torture/pr71522.c   -Os  execution test
FAIL: gcc.dg/tree-ssa/builtin-sprintf-warn-1.c  (test for warnings, line 119)
FAIL: gcc.dg/tree-ssa/builtin-sprintf-warn-1.c  (test for warnings, line 121)
FAIL: gcc.dg/tree-ssa/builtin-sprintf-warn-1.c  (test for warnings, line 125)
FAIL: gcc.dg/tree-ssa/builtin-sprintf-warn-1.c  (test for warnings, line 292)
FAIL: gcc.dg/tree-ssa/builtin-sprintf-warn-1.c (test for excess errors)
FAIL: gcc.dg/tree-ssa/builtin-sprintf-warn-11.c  (test for warnings, line 210)
FAIL: gcc.dg/tree-ssa/builtin-sprintf-warn-11.c (test for excess errors)
FAIL: gcc.dg/tree-ssa/scev-3.c scan-tree-dump-times ivopts "&a" 1
FAIL: gcc.dg/tree-ssa/scev-5.c scan-tree-dump-times ivopts "&a" 1
FAIL: gcc.dg/tree-ssa/ssa-dse-36.c scan-tree-dump-times dse1 "Deleted redundant call" 3
XPASS: gcc.dg/vect/vect-reduc-in-order-1.c -flto -ffat-lto-objects execution test
XPASS: gcc.dg/vect/vect-reduc-in-order-1.c execution test
XPASS: gcc.dg/vect/vect-reduc-in-order-2.c -flto -ffat-lto-objects execution test
XPASS: gcc.dg/vect/vect-reduc-in-order-2.c execution test
XPASS: gcc.dg/vect/vect-reduc-in-order-3.c -flto -ffat-lto-objects execution test
XPASS: gcc.dg/vect/vect-reduc-in-order-3.c execution test
XPASS: gcc.dg/vect/vect-reduc-in-order-4.c -flto -ffat-lto-objects execution test
XPASS: gcc.dg/vect/vect-reduc-in-order-4.c execution test
FAIL: compiler driver --help=target option(s): "^ +-.*[^:.]\$" absent from output: "  -mneeded                    Emit GNU_PROPERTY_X86_ISA_1_NEEDED GNU property"
FAIL: outputs lto st mult dumpdir empty dumpbase named: dir/outputs-1.ltrans0.ltrans_args
FAIL: outputs lto st mult dumpdir named: dir/outputs-ltrans0.ltrans_args
FAIL: outputs lto st mult empty dumpbase namedb: dir/outputs.ltrans0.ltrans_args
FAIL: outputs lto st mult empty dumpbase unnamed: a.ltrans0.ltrans_args
FAIL: outputs lto st mult namedb: dir/outputs.ltrans0.ltrans_args
FAIL: outputs lto st mult unnamed: a.ltrans0.ltrans_args
FAIL: outputs lto st sing dumpdir empty dumpbase named: dir/outputs-0.ltrans0.ltrans_args
FAIL: outputs lto st sing dumpdir named: dir/outputs-ltrans0.ltrans_args
FAIL: outputs lto st sing empty dumpbase namedb: dir/outputs.ltrans0.ltrans_args
FAIL: outputs lto st sing empty dumpbase unnamed: a.ltrans0.ltrans_args
FAIL: outputs lto st sing namedb: dir/outputs.ltrans0.ltrans_args
FAIL: outputs lto st sing unnamed: a.ltrans0.ltrans_args
FAIL: gcc.target/i386/avx2-shiftqihi-constant-2.c (test for excess errors)
UNRESOLVED: gcc.target/i386/avx2-shiftqihi-constant-2.c compilation failed to produce executable
FAIL: gcc.target/i386/avx512bw-shiftqihi-constant-2.c (test for excess errors)
UNRESOLVED: gcc.target/i386/avx512bw-shiftqihi-constant-2.c compilation failed to produce executable
FAIL: gcc.target/i386/pad-3.c scan-assembler-not nop
FAIL: gcc.target/i386/pr15184-1.c scan-assembler-times movb[ \\\\t]+%al 4
FAIL: gcc.target/i386/pr15184-2.c scan-assembler-times movb[ \\\\t]+%al 2
FAIL: gcc.target/i386/pr36502.c scan-assembler-not esp
FAIL: gcc.target/i386/pr54855-3.c scan-assembler-not movsd
FAIL: gcc.target/i386/pr54855-7.c scan-assembler-not movss
FAIL: gcc.target/i386/pr66334.c scan-assembler movl[ \\\\t].+, %ebx
FAIL: gcc.target/i386/pr71245-1.c scan-assembler-not (fistp|fild)
FAIL: gcc.target/i386/pr71245-2.c scan-assembler-not movlps
FAIL: gcc.target/i386/pr71321.c scan-assembler-not lea.*0
FAIL: gcc.target/i386/pr78035.c scan-assembler-times cmp 2
FAIL: gcc.target/i386/pr81736-5.c scan-assembler-not %[re]bp
XPASS: gcc.target/i386/pr84101.c scan-tree-dump-not slp2 "optimized: basic block"
FAIL: gcc.target/i386/pr84278.c scan-assembler-not \\\\(%.sp\\\\)
FAIL: gcc.target/i386/pr85667-6.c scan-assembler-times flds[^\\n\\r]* 1
FAIL: gcc.target/i386/pr92651.c scan-assembler-times sub 2
FAIL: gcc.target/i386/pr95443-1.c (test for excess errors)
UNRESOLVED: gcc.target/i386/pr95443-1.c compilation failed to produce executable
FAIL: gcc.target/i386/pr97873-1.c scan-assembler pabsq
FAIL: gcc.target/i386/ret-thunk-22.c scan-assembler call[ \\\\t]*___x86.get_pc_thunk.cx
FAIL: gcc.target/i386/ret-thunk-23.c scan-assembler call[ \\\\t]*___x86.get_pc_thunk.cx
FAIL: gcc.target/i386/ret-thunk-24.c scan-assembler call[ \\\\t]*___x86.get_pc_thunk.cx
FAIL: gcc.target/i386/vect8-ret.c scan-assembler-times movq 1

		=== gcc Summary for unix/-m32 ===

# of expected passes		142049
# of unexpected failures	105
# of unexpected successes	13
# of expected failures		828
# of unresolved testcases	6
# of unsupported tests		5170

Running target unix/-m64
FAIL: gcc.c-torture/compile/pr97576.c   -O0  (test for excess errors)
FAIL: gcc.c-torture/compile/pr97576.c   -O1  (test for excess errors)
FAIL: gcc.c-torture/compile/pr97576.c   -O2  (test for excess errors)
FAIL: gcc.c-torture/compile/pr97576.c   -O2 -flto  (test for excess errors)
FAIL: gcc.c-torture/compile/pr97576.c   -O2 -flto -flto-partition=none  (test for excess errors)
FAIL: gcc.c-torture/compile/pr97576.c   -O3 -g  (test for excess errors)
FAIL: gcc.c-torture/compile/pr97576.c   -Os  (test for excess errors)
XPASS: gcc.dg/analyzer/feasibility-1.c  (test for warnings, line 58)
FAIL: gcc.dg/analyzer/malloc-vs-local-1b.c  (test for bogus messages, line 170)
XPASS: gcc.dg/analyzer/pr94851-1.c bogus leak (test for bogus messages, line 43)
FAIL: gcc.dg/analyzer/strndup-1.c (test for excess errors)
XPASS: gcc.dg/analyzer/unknown-fns-4.c  (test for warnings, line 13)
FAIL: gcc.dg/analyzer/write-to-string-literal-1.c  (test for warnings, line 15)
FAIL: gcc.dg/atomic/pr65345-4.c   -O2 -flto  (internal compiler error)
FAIL: gcc.dg/atomic/pr65345-4.c   -O2 -flto  (test for excess errors)
FAIL: gcc.dg/atomic/pr65345-4.c   -O2 -flto -flto-partition=none  (internal compiler error)
FAIL: gcc.dg/atomic/pr65345-4.c   -O2 -flto -flto-partition=none  (test for excess errors)
FAIL: gcc.dg/debug/dwarf2/inline4.c scan-assembler DW_TAG_inlined_subroutine[^\\\\(]*\\\\([^\\\\)]*\\\\)[^\\\\(]*\\\\(DIE \\\\(0x[0-9a-f]*\\\\) DW_TAG_formal_parameter[^\\\\(]*\\\\(DIE \\\\(0x[0-9a-f]*\\\\) DW_TAG_variable
FAIL: gcc.dg/debug/dwarf2/inline5.c scan-assembler-not \\\\(DIE \\\\(0x([0-9a-f]*)\\\\) DW_TAG_lexical_block\\\\)[^#/!@;\\\\|]*[#/!@;\\\\|]+ +[^(].*DW_TAG_lexical_block\\\\)[^#/!@;\\\\|x]*x\\\\1[^#/!@;\\\\|]*[#/!@;\\\\|] +DW_AT_abstract_origin
WARNING: c-c++-common/raw-string-7.c  -Wc++-compat  execution test program timed out.
FAIL: gcc.dg/20021029-1.c scan-assembler-symbol-section symbol ar (found _ar.0) has section ^\\\\.(const|rodata)|\\\\[RO\\\\] (no section detected)
FAIL: gcc.dg/array-quals-1.c scan-assembler-symbol-section symbol ^_?a\$ (found _a) has section ^\\\\.(const|rodata)|\\\\[RO\\\\] (no section detected)
FAIL: gcc.dg/array-quals-1.c scan-assembler-symbol-section symbol ^_?a1\$ (found _a1) has section ^\\\\.(const|rodata)|\\\\[RO\\\\] (no section detected)
FAIL: gcc.dg/array-quals-1.c scan-assembler-symbol-section symbol ^_?b\$ (found _b) has section ^\\\\.(const|rodata)|\\\\[RO\\\\] (no section detected)
FAIL: gcc.dg/array-quals-1.c scan-assembler-symbol-section symbol ^_?b1\$ (found _b1) has section ^\\\\.(const|rodata)|\\\\[RO\\\\] (no section detected)
FAIL: gcc.dg/array-quals-1.c scan-assembler-symbol-section symbol ^_?c\$ (found _c) has section ^\\\\.(const|rodata)|\\\\[RO\\\\] (no section detected)
FAIL: gcc.dg/array-quals-1.c scan-assembler-symbol-section symbol ^_?c1\$ (found _c1) has section ^\\\\.(const|rodata)|\\\\[RO\\\\] (no section detected)
FAIL: gcc.dg/array-quals-1.c scan-assembler-symbol-section symbol ^_?d\$ (found _d) has section ^\\\\.(const|rodata)|\\\\[RO\\\\] (no section detected)
FAIL: gcc.dg/array-quals-1.c scan-assembler-symbol-section symbol ^_?d1\$ (found _d1) has section ^\\\\.(const|rodata)|\\\\[RO\\\\] (no section detected)
FAIL: gcc.dg/array-quals-1.c scan-assembler-symbol-section symbol ^_?e\$ (found _e) has section ^\\\\.(const|rodata)|\\\\[RO\\\\] (no section detected)
FAIL: gcc.dg/array-quals-1.c scan-assembler-symbol-section symbol ^_?e1\$ (found _e1) has section ^\\\\.(const|rodata)|\\\\[RO\\\\] (no section detected)
FAIL: gcc.dg/array-quals-1.c scan-assembler-symbol-section symbol ^_?p\$ (found _p) has section ^\\\\.(const|rodata)|\\\\[RW\\\\] (no section detected)
FAIL: gcc.dg/array-quals-1.c scan-assembler-symbol-section symbol ^_?p1\$ (found _p1) has section ^\\\\.(const|rodata)|\\\\[RW\\\\] (no section detected)
FAIL: gcc.dg/array-quals-1.c scan-assembler-symbol-section symbol ^_?q\$ (found _q) has section ^\\\\.(const|rodata)|\\\\[RW\\\\] (no section detected)
FAIL: gcc.dg/array-quals-1.c scan-assembler-symbol-section symbol ^_?q1\$ (found _q1) has section ^\\\\.(const|rodata)|\\\\[RW\\\\] (no section detected)
FAIL: gcc.dg/array-quals-1.c scan-assembler-symbol-section symbol ^_?r\$ (found _r) has section ^\\\\.(const|rodata)|\\\\[RW\\\\] (no section detected)
FAIL: gcc.dg/array-quals-1.c scan-assembler-symbol-section symbol ^_?r1\$ (found _r1) has section ^\\\\.(const|rodata)|\\\\[RW\\\\] (no section detected)
FAIL: gcc.dg/array-quals-1.c scan-assembler-symbol-section symbol ^_?s\$ (found _s) has section ^\\\\.(const|rodata)|\\\\[RW\\\\] (no section detected)
FAIL: gcc.dg/array-quals-1.c scan-assembler-symbol-section symbol ^_?s1\$ (found _s1) has section ^\\\\.(const|rodata)|\\\\[RW\\\\] (no section detected)
FAIL: gcc.dg/array-quals-1.c scan-assembler-symbol-section symbol ^_?t\$ (found _t) has section ^\\\\.(const|rodata)|\\\\[RW\\\\] (no section detected)
FAIL: gcc.dg/array-quals-1.c scan-assembler-symbol-section symbol ^_?t1\$ (found _t1) has section ^\\\\.(const|rodata)|\\\\[RW\\\\] (no section detected)
FAIL: gcc.dg/darwin-sections.c scan-assembler-symbol-section symbol ^_a\$ (symbol not found) has section \\\\.data
FAIL: gcc.dg/darwin-sections.c scan-assembler-symbol-section symbol ^_b\$ (symbol not found) has section \\\\.data
FAIL: gcc.dg/stack-layout-dynamic-1.c (test for excess errors)
UNRESOLVED: gcc.dg/stack-layout-dynamic-1.c scan-assembler-not cfi_def_cfa_register
FAIL: gcc.dg/strlenopt-82.c scan-tree-dump-times optimized "call_in_true_branch_not_eliminated_" 0
FAIL: gcc.dg/graphite/scop-19.c scan-tree-dump-times graphite "number of SCoPs: 0" 1
FAIL: gcc.dg/ipa/ipa-icf-38.c scan-ltrans-tree-dump-not optimized "Function bar"
FAIL: gcc-dg-lto-modref-3-01.exe scan-wpa-ipa-dump modref "parm 1 flags: nodirectescape"
FAIL: gcc-dg-lto-modref-4-01.exe scan-wpa-ipa-dump modref "parm 1 flags: nodirectescape"
FAIL: gcc.dg/lto/modref-3 c_lto_modref-3_0.o-c_lto_modref-3_1.o execute -O2 -flto-partition=max -fdump-ipa-modref -fno-ipa-sra -fno-ipa-cp -flto
WARNING: gcc.dg/lto/modref-4 c_lto_modref-4_0.o-c_lto_modref-4_1.o execute -O2 -flto-partition=max -fdump-ipa-modref -fno-ipa-sra -flto program timed out.
FAIL: gcc.dg/lto/modref-4 c_lto_modref-4_0.o-c_lto_modref-4_1.o execute -O2 -flto-partition=max -fdump-ipa-modref -fno-ipa-sra -flto
FAIL: gcc.dg/lto/pr94157 c_lto_pr94157_0.o assemble,  -O0 -fipa-vrp -flto -Wa,--noexecstack -Wa,--noexecstack -Wa,--execstack  -Wa,--execstack -Wa,--execstack -Wa,--execstack -Wa,--execstack -Wa,--execstack -Wa,--execstack -Wa,--execstack -Wa,--execstack -Wa,--execstack -Wa,--execstack -Wa,--execstack -Wa,--execstack -Wa,--execstack 
UNRESOLVED: gcc.dg/lto/pr94157 c_lto_pr94157_0.o-c_lto_pr94157_0.o execute  -O0 -fipa-vrp -flto -Wa,--noexecstack -Wa,--noexecstack -Wa,--execstack  -Wa,--execstack -Wa,--execstack -Wa,--execstack -Wa,--execstack -Wa,--execstack -Wa,--execstack -Wa,--execstack -Wa,--execstack -Wa,--execstack -Wa,--execstack -Wa,--execstack -Wa,--execstack -Wa,--execstack 
UNRESOLVED: gcc.dg/lto/pr94157 c_lto_pr94157_0.o-c_lto_pr94157_0.o link  -O0 -fipa-vrp -flto -Wa,--noexecstack -Wa,--noexecstack -Wa,--execstack  -Wa,--execstack -Wa,--execstack -Wa,--execstack -Wa,--execstack -Wa,--execstack -Wa,--execstack -Wa,--execstack -Wa,--execstack -Wa,--execstack -Wa,--execstack -Wa,--execstack -Wa,--execstack -Wa,--execstack 
FAIL: gcc.dg/rtl/x86_64/final.c (internal compiler error)
FAIL: gcc.dg/rtl/x86_64/final.c (test for excess errors)
UNRESOLVED: gcc.dg/rtl/x86_64/final.c scan-assembler .cfi_endproc
UNRESOLVED: gcc.dg/rtl/x86_64/final.c scan-assembler .cfi_startproc
UNRESOLVED: gcc.dg/rtl/x86_64/final.c scan-assembler ret
UNRESOLVED: gcc.dg/rtl/x86_64/final.c scan-assembler test_1:
WARNING: gcc.dg/torture/fp-int-convert-timode-3.c   -O0  execution test program timed out.
WARNING: gcc.dg/torture/fp-int-convert-timode-3.c   -O1  execution test program timed out.
WARNING: gcc.dg/torture/fp-int-convert-timode-3.c   -O2  execution test program timed out.
WARNING: gcc.dg/torture/fp-int-convert-timode-3.c   -O2 -flto  execution test program timed out.
WARNING: gcc.dg/torture/fp-int-convert-timode-3.c   -O2 -flto -flto-partition=none  execution test program timed out.
WARNING: gcc.dg/torture/fp-int-convert-timode-3.c   -O3 -g  execution test program timed out.
WARNING: gcc.dg/torture/fp-int-convert-timode-3.c   -Os  execution test program timed out.
WARNING: gcc.dg/torture/fp-int-convert-timode-4.c   -O0  execution test program timed out.
WARNING: gcc.dg/torture/fp-int-convert-timode-4.c   -O2  execution test program timed out.
WARNING: gcc.dg/torture/fp-int-convert-timode-4.c   -O2 -flto  execution test program timed out.
WARNING: gcc.dg/torture/fp-int-convert-timode-4.c   -O2 -flto -flto-partition=none  execution test program timed out.
WARNING: gcc.dg/torture/fp-int-convert-timode-4.c   -Os  execution test program timed out.
WARNING: gcc.dg/torture/ftrapv-1.c   -O0  execution test program timed out.
FAIL: gcc.dg/torture/ftrapv-1.c   -O0  execution test
WARNING: gcc.dg/torture/ftrapv-1.c   -O1  execution test program timed out.
FAIL: gcc.dg/torture/ftrapv-1.c   -O1  execution test
XPASS: gcc.dg/tree-ssa/pr91091-2.c scan-tree-dump-times fre1 " = [^;]*x;" 1
XPASS: gcc.dg/tree-ssa/pr91091-2.c scan-tree-dump-times fre1 "x = " 1
FAIL: gcc.dg/tree-ssa/ssa-dse-36.c scan-tree-dump-times dse1 "Deleted redundant call" 3
XPASS: gcc.dg/tree-ssa/ssa-fre-77.c scan-tree-dump fre1 "return 1;"
FAIL: compiler driver --help=target option(s): "^ +-.*[^:.]\$" absent from output: "  -mneeded                    Emit GNU_PROPERTY_X86_ISA_1_NEEDED GNU property"
FAIL: outputs lto st mult dumpdir empty dumpbase named: dir/outputs-1.ltrans0.ltrans_args
FAIL: outputs lto st mult dumpdir named: dir/outputs-ltrans0.ltrans_args
FAIL: outputs lto st mult empty dumpbase namedb: dir/outputs.ltrans0.ltrans_args
FAIL: outputs lto st mult empty dumpbase unnamed: a.ltrans0.ltrans_args
FAIL: outputs lto st mult namedb: dir/outputs.ltrans0.ltrans_args
FAIL: outputs lto st mult unnamed: a.ltrans0.ltrans_args
FAIL: outputs lto st sing dumpdir empty dumpbase named: dir/outputs-0.ltrans0.ltrans_args
FAIL: outputs lto st sing dumpdir named: dir/outputs-ltrans0.ltrans_args
FAIL: outputs lto st sing empty dumpbase namedb: dir/outputs.ltrans0.ltrans_args
FAIL: outputs lto st sing empty dumpbase unnamed: a.ltrans0.ltrans_args
FAIL: outputs lto st sing namedb: dir/outputs.ltrans0.ltrans_args
FAIL: outputs lto st sing unnamed: a.ltrans0.ltrans_args
FAIL: gcc.target/i386/avx2-shiftqihi-constant-2.c (test for excess errors)
UNRESOLVED: gcc.target/i386/avx2-shiftqihi-constant-2.c compilation failed to produce executable
FAIL: gcc.target/i386/avx512bw-pr88465.c scan-assembler-times kxnor[dq][ \\t] 2
FAIL: gcc.target/i386/avx512bw-shiftqihi-constant-2.c (test for excess errors)
UNRESOLVED: gcc.target/i386/avx512bw-shiftqihi-constant-2.c compilation failed to produce executable
FAIL: gcc.target/i386/avx512dq-pr88465.c scan-assembler-times kxnorb[ \\t] 1
FAIL: gcc.target/i386/avx512f-pr88465.c scan-assembler-times kxnorw[ \\t] 1
FAIL: gcc.target/i386/pr34256.c scan-assembler-times mov 5
FAIL: gcc.target/i386/pr71321.c scan-assembler-not lea.*0
FAIL: gcc.target/i386/pr78035.c scan-assembler-times cmp 2
FAIL: gcc.target/i386/pr85667-10.c scan-assembler-times movq[ \\t]*%r8, .* 1
FAIL: gcc.target/i386/pr85667-10.c scan-assembler-times movq[ \\t]*%r9, .* 1
FAIL: gcc.target/i386/pr85667-10.c scan-assembler-times movq[ \\t]*%rcx, .* 1
FAIL: gcc.target/i386/pr85667-10.c scan-assembler-times movq[ \\t]*%rdx, .* 1
FAIL: gcc.target/i386/pr85667-10.c scan-assembler-times movq[^\\n\\r]*, %rax 1
FAIL: gcc.target/i386/pr92651.c scan-assembler-times sub 2
FAIL: gcc.target/i386/pr94650.c scan-assembler-not movabs
FAIL: gcc.target/i386/pr94650.c scan-assembler-times shr 3
FAIL: gcc.target/i386/pr95443-1.c (test for excess errors)
UNRESOLVED: gcc.target/i386/pr95443-1.c compilation failed to produce executable
FAIL: gcc.target/i386/stackalign/pr88483-1.c -mno-stackrealign  scan-assembler-not and[lq]?[^\\\\n]*-[0-9]+,[^\\\\n]*sp
FAIL: gcc.target/i386/stackalign/pr88483-1.c -mstackrealign  scan-assembler-not and[lq]?[^\\\\n]*-[0-9]+,[^\\\\n]*sp
FAIL: gcc.target/i386/stackalign/pr88483-2.c -mno-stackrealign  scan-assembler-not (sub|add)(l|q)[\\\\t ]*\\\\\$[0-9]*,[\\\\t ]*%[re]?sp
FAIL: gcc.target/i386/stackalign/pr88483-2.c -mno-stackrealign  scan-assembler-not and[lq]?[^\\\\n]*-[0-9]+,[^\\\\n]*sp
FAIL: gcc.target/i386/stackalign/pr88483-2.c -mstackrealign  scan-assembler-not (sub|add)(l|q)[\\\\t ]*\\\\\$[0-9]*,[\\\\t ]*%[re]?sp
FAIL: gcc.target/i386/stackalign/pr88483-2.c -mstackrealign  scan-assembler-not and[lq]?[^\\\\n]*-[0-9]+,[^\\\\n]*sp

		=== gcc Summary for unix/-m64 ===

# of expected passes		144254
# of unexpected failures	89
# of unexpected successes	6
# of expected failures		841
# of unresolved testcases	10
# of unsupported tests		4838

		=== gcc Summary ===

# of expected passes		286303
# of unexpected failures	194
# of unexpected successes	19
# of expected failures		1669
# of unresolved testcases	16
# of unsupported tests		10008
/Volumes/OSX11/10-6-sno/gcc-master-wip/gcc/xgcc  version 11.0.0 20201202 (experimental) [master revision r11-5644-g018248ef6d03] (GCC) 

		=== gdc tests ===


Running target unix/-m32

		=== gdc Summary for unix/-m32 ===

# of expected passes		3639
# of unsupported tests		1075

Running target unix/-m64

		=== gdc Summary for unix/-m64 ===

# of expected passes		3639
# of unsupported tests		1075

		=== gdc Summary ===

# of expected passes		7278
# of unsupported tests		2150
/Volumes/OSX11/10-6-sno/gcc-master-wip/gcc/gdc  version 11.0.0 20201202 (experimental) [master revision r11-5644-g018248ef6d03] (GCC) 

		=== gfortran tests ===


Running target unix/-m32

		=== gfortran Summary for unix/-m32 ===

# of expected passes		55482
# of expected failures		234
# of unsupported tests		214

Running target unix/-m64
WARNING: gfortran.dg/abort_shouldfail.f90   -O  execution test program timed out.

		=== gfortran Summary for unix/-m64 ===

# of expected passes		55731
# of expected failures		232
# of unsupported tests		99

		=== gfortran Summary ===

# of expected passes		111213
# of expected failures		466
# of unsupported tests		313
/Volumes/OSX11/10-6-sno/gcc-master-wip/gcc/gfortran  version 11.0.0 20201202 (experimental) [master revision r11-5644-g018248ef6d03] (GCC) 

		=== gnat tests ===


Running target unix/-m32
FAIL: gnat.dg/bias1.adb scan-assembler DW_AT_GNU_bias
FAIL: gnat.dg/opt86a.adb scan-tree-dump-times optimized ">>" 4
FAIL: gnat.dg/opt86b.adb scan-tree-dump-not optimized "> 29"
FAIL: gnat.dg/opt86c.adb scan-tree-dump-not optimized "> 26"

		=== gnat Summary for unix/-m32 ===

# of expected passes		3326
# of unexpected failures	4
# of expected failures		23
# of unsupported tests		13

Running target unix/-m64
FAIL: gnat.dg/bias1.adb scan-assembler DW_AT_GNU_bias
FAIL: gnat.dg/opt86a.adb scan-tree-dump-times optimized ">>" 4
FAIL: gnat.dg/opt86b.adb scan-tree-dump-not optimized "> 29"
FAIL: gnat.dg/opt86c.adb scan-tree-dump-not optimized "> 26"

		=== gnat Summary for unix/-m64 ===

# of expected passes		3324
# of unexpected failures	4
# of expected failures		23
# of unsupported tests		13

		=== gnat Summary ===

# of expected passes		6650
# of unexpected failures	8
# of expected failures		46
# of unsupported tests		26
/Volumes/OSX11/10-6-sno/gcc-master-wip/gcc/gnatmake version 11.0.0 20201202 (experimental) [master revision r11-5644-g018248ef6d03]

		=== obj-c++ tests ===


Running target unix/-m64
WARNING: program timed out.

		=== obj-c++ Summary for unix/-m64 ===

# of expected passes		3154
# of expected failures		23
# of unsupported tests		67

Running target unix/-m32

		=== obj-c++ Summary for unix/-m32 ===

# of expected passes		3193
# of expected failures		4
# of unsupported tests		63

		=== obj-c++ Summary ===

# of expected passes		6347
# of expected failures		27
# of unsupported tests		130
/Volumes/OSX11/10-6-sno/gcc-master-wip/gcc/xg++  version 11.0.0 20201202 (experimental) [master revision r11-5644-g018248ef6d03] (GCC) 

		=== objc tests ===


Running target unix/-m32
WARNING: objc.dg-struct-layout-encoding-1/t027_main.m execution test program timed out.

		=== objc Summary for unix/-m32 ===

# of expected passes		5734
# of expected failures		6
# of unsupported tests		79

Running target unix/-m64
WARNING: objc.dg-struct-layout-encoding-1/t025_main.m execution test program timed out.
WARNING: objc/execute/exceptions/foward-1.m execution,  -O0 -fnext-runtime program timed out.

		=== objc Summary for unix/-m64 ===

# of expected passes		5706
# of expected failures		12
# of unsupported tests		84

		=== objc Summary ===

# of expected passes		11440
# of expected failures		18
# of unsupported tests		163
/Volumes/OSX11/10-6-sno/gcc-master-wip/gcc/xgcc  version 11.0.0 20201202 (experimental) [master revision r11-5644-g018248ef6d03] (GCC) 

		=== libatomic tests ===


Running target unix/-m64

		=== libatomic Summary for unix/-m64 ===

# of expected passes		54

Running target unix/-m32

		=== libatomic Summary for unix/-m32 ===

# of expected passes		44
# of unsupported tests		5

		=== libatomic Summary ===

# of expected passes		98
# of unsupported tests		5
		=== libgomp tests ===


Running target unix/-m64
FAIL: libgomp.c/../libgomp.c-c++-common/pr96390.c (test for excess errors)
UNRESOLVED: libgomp.c/../libgomp.c-c++-common/pr96390.c compilation failed to produce executable
FAIL: libgomp.c/../libgomp.c-c++-common/pr96390.c scan-tree-dump-times omplower "__attribute__..omp declare target" 1
FAIL: libgomp.c++/../libgomp.c-c++-common/pr96390.c (test for excess errors)
UNRESOLVED: libgomp.c++/../libgomp.c-c++-common/pr96390.c compilation failed to produce executable
FAIL: libgomp.c++/../libgomp.c-c++-common/pr96390.c scan-tree-dump-times omplower "__attribute__..omp declare target" 1
WARNING: program timed out.
WARNING: program timed out.
WARNING: program timed out.
WARNING: program timed out.
WARNING: program timed out.
WARNING: program timed out.
WARNING: program timed out.
WARNING: program timed out.
WARNING: program timed out.
WARNING: program timed out.
WARNING: program timed out.

		=== libgomp Summary for unix/-m64 ===

# of expected passes		8023
# of unexpected failures	4
# of expected failures		6
# of unresolved testcases	2
# of unsupported tests		609

Running target unix/-m32
FAIL: libgomp.c/../libgomp.c-c++-common/pr96390.c (test for excess errors)
UNRESOLVED: libgomp.c/../libgomp.c-c++-common/pr96390.c compilation failed to produce executable
FAIL: libgomp.c/../libgomp.c-c++-common/pr96390.c scan-tree-dump-times omplower "__attribute__..omp declare target" 1
FAIL: libgomp.c++/../libgomp.c-c++-common/pr96390.c (test for excess errors)
UNRESOLVED: libgomp.c++/../libgomp.c-c++-common/pr96390.c compilation failed to produce executable
FAIL: libgomp.c++/../libgomp.c-c++-common/pr96390.c scan-tree-dump-times omplower "__attribute__..omp declare target" 1
WARNING: program timed out.
WARNING: program timed out.
WARNING: program timed out.
WARNING: program timed out.
WARNING: program timed out.
WARNING: program timed out.
WARNING: program timed out.
WARNING: program timed out.

		=== libgomp Summary for unix/-m32 ===

# of expected passes		8022
# of unexpected failures	4
# of expected failures		6
# of unresolved testcases	2
# of unsupported tests		610

		=== libgomp Summary ===

# of expected passes		16045
# of unexpected failures	8
# of expected failures		12
# of unresolved testcases	4
# of unsupported tests		1219
		=== libitm tests ===


Running target unix/-m64

		=== libitm Summary for unix/-m64 ===

# of expected passes		40
# of expected failures		3
# of unsupported tests		2

Running target unix/-m32

		=== libitm Summary for unix/-m32 ===

# of expected passes		40
# of expected failures		3
# of unsupported tests		2

		=== libitm Summary ===

# of expected passes		80
# of expected failures		6
# of unsupported tests		4
		=== libstdc++ tests ===


Running target unix/-m32
WARNING: 21_strings/basic_string/debug/2_neg.cc execution test program timed out.
WARNING: 21_strings/debug/shrink_to_fit.cc execution test program timed out.
WARNING: 23_containers/array/debug/back1_neg.cc execution test program timed out.
WARNING: 23_containers/array/debug/back2_neg.cc execution test program timed out.
WARNING: 23_containers/array/debug/front1_neg.cc execution test program timed out.
WARNING: 23_containers/array/debug/front2_neg.cc execution test program timed out.
WARNING: 23_containers/array/debug/square_brackets_operator1_neg.cc execution test program timed out.
WARNING: 23_containers/array/debug/square_brackets_operator2_neg.cc execution test program timed out.
WARNING: 23_containers/array/element_access/at_neg.cc execution test program timed out.
WARNING: 23_containers/deque/allocator/default_init.cc execution test program timed out.
WARNING: 23_containers/deque/debug/assign4_neg.cc execution test program timed out.
WARNING: 23_containers/deque/debug/construct4_neg.cc execution test program timed out.
WARNING: 23_containers/deque/debug/insert4_neg.cc execution test program timed out.
WARNING: 23_containers/forward_list/allocator/default_init.cc execution test program timed out.
WARNING: 23_containers/forward_list/debug/construct4_neg.cc execution test program timed out.
WARNING: 23_containers/forward_list/debug/move_assign_neg.cc execution test program timed out.
WARNING: 23_containers/forward_list/debug/move_neg.cc execution test program timed out.
WARNING: 23_containers/list/allocator/default_init.cc execution test program timed out.
WARNING: 23_containers/list/debug/construct4_neg.cc execution test program timed out.
WARNING: 23_containers/list/debug/insert4_neg.cc execution test program timed out.
WARNING: 23_containers/map/debug/construct5_neg.cc execution test program timed out.
WARNING: 23_containers/map/debug/insert4_neg.cc execution test program timed out.
WARNING: 23_containers/map/modifiers/erase/end_neg.cc execution test program timed out.
WARNING: 23_containers/multimap/debug/construct4_neg.cc execution test program timed out.
WARNING: 23_containers/multimap/debug/move_assign_neg.cc execution test program timed out.
WARNING: 23_containers/multimap/debug/move_neg.cc execution test program timed out.
WARNING: 23_containers/multiset/debug/move_assign_neg.cc execution test program timed out.
WARNING: 23_containers/multiset/debug/move_neg.cc execution test program timed out.
WARNING: 23_containers/set/allocator/default_init.cc execution test program timed out.
WARNING: 23_containers/set/debug/construct4_neg.cc execution test program timed out.
WARNING: 23_containers/set/debug/construct5_neg.cc execution test program timed out.
WARNING: 23_containers/set/debug/move_neg.cc execution test program timed out.
WARNING: 23_containers/span/first_2_assert_neg.cc execution test program timed out.
WARNING: 23_containers/span/index_op_assert_neg.cc execution test program timed out.
WARNING: 23_containers/span/last_2_assert_neg.cc execution test program timed out.
WARNING: 23_containers/span/last_assert_neg.cc execution test program timed out.
WARNING: 23_containers/span/subspan_5_assert_neg.cc execution test program timed out.
WARNING: 23_containers/span/subspan_6_assert_neg.cc execution test program timed out.
WARNING: 23_containers/span/subspan_assert_neg.cc execution test program timed out.
WARNING: 23_containers/unordered_map/allocator/default_init.cc execution test program timed out.
WARNING: 23_containers/unordered_map/debug/construct4_neg.cc execution test program timed out.
WARNING: 23_containers/unordered_map/debug/insert4_neg.cc execution test program timed out.
WARNING: 23_containers/unordered_map/debug/move_assign_neg.cc execution test program timed out.
WARNING: 23_containers/unordered_multimap/debug/construct4_neg.cc execution test program timed out.
WARNING: 23_containers/unordered_multimap/debug/insert4_neg.cc execution test program timed out.
WARNING: 23_containers/unordered_multimap/debug/move_assign_neg.cc execution test program timed out.
WARNING: 23_containers/unordered_multiset/debug/construct4_neg.cc execution test program timed out.
WARNING: 23_containers/unordered_multiset/debug/construct5_neg.cc execution test program timed out.
WARNING: 23_containers/unordered_multiset/debug/move_neg.cc execution test program timed out.
WARNING: 23_containers/vector/debug/insert4_neg.cc execution test program timed out.
WARNING: 23_containers/vector/debug/insert7_neg.cc execution test program timed out.
WARNING: 23_containers/vector/debug/move_assign_neg.cc execution test program timed out.
WARNING: 23_containers/vector/debug/move_neg.cc execution test program timed out.
WARNING: 24_iterators/normal_iterator/debug_neg.cc execution test program timed out.
WARNING: 24_iterators/reverse_iterator/debug_neg.cc execution test program timed out.
WARNING: 27_io/basic_filebuf/open/char/2.cc execution test program timed out.
FAIL: 27_io/basic_filebuf/open/char/2.cc execution test
WARNING: 27_io/objects/char/12048-5.cc execution test program timed out.
WARNING: 27_io/objects/wchar_t/12048-5.cc execution test program timed out.
WARNING: 30_threads/async/async.cc execution test program timed out.
FAIL: 30_threads/async/async.cc execution test
WARNING: 30_threads/condition_variable/54185.cc execution test program timed out.
FAIL: 30_threads/condition_variable/54185.cc execution test
WARNING: 30_threads/condition_variable/members/68519.cc execution test program timed out.
FAIL: 30_threads/condition_variable/members/68519.cc execution test
WARNING: 30_threads/future/members/93456.cc execution test program timed out.
FAIL: 30_threads/future/members/93456.cc execution test
FAIL: 30_threads/recursive_timed_mutex/native_handle/1.cc (test for excess errors)
UNRESOLVED: 30_threads/recursive_timed_mutex/native_handle/1.cc compilation failed to produce executable
FAIL: 30_threads/recursive_timed_mutex/native_handle/typesizes.cc (test for excess errors)
UNRESOLVED: 30_threads/recursive_timed_mutex/native_handle/typesizes.cc compilation failed to produce executable
FAIL: 30_threads/recursive_timed_mutex/requirements/typedefs.cc (test for excess errors)
FAIL: 30_threads/timed_mutex/native_handle/1.cc (test for excess errors)
UNRESOLVED: 30_threads/timed_mutex/native_handle/1.cc compilation failed to produce executable
FAIL: 30_threads/timed_mutex/native_handle/typesizes.cc (test for excess errors)
UNRESOLVED: 30_threads/timed_mutex/native_handle/typesizes.cc compilation failed to produce executable
FAIL: 30_threads/timed_mutex/requirements/typedefs.cc (test for excess errors)
FAIL: ext/stdio_filebuf/char/10063-2.cc execution test
FAIL: ext/stdio_filebuf/char/81751.cc execution test

		=== libstdc++ Summary for unix/-m32 ===

# of expected passes		13675
# of unexpected failures	13
# of expected failures		104
# of unresolved testcases	4
# of unsupported tests		753

Running target unix/-m64
WARNING: 21_strings/basic_string/debug/1_neg.cc execution test program timed out.
WARNING: 21_strings/basic_string/debug/2_neg.cc execution test program timed out.
WARNING: 23_containers/array/debug/back2_neg.cc execution test program timed out.
WARNING: 23_containers/array/debug/front2_neg.cc execution test program timed out.
WARNING: 23_containers/array/debug/square_brackets_operator1_neg.cc execution test program timed out.
WARNING: 23_containers/array/debug/square_brackets_operator2_neg.cc execution test program timed out.
WARNING: 23_containers/deque/allocator/default_init.cc execution test program timed out.
WARNING: 23_containers/deque/debug/assign4_neg.cc execution test program timed out.
WARNING: 23_containers/forward_list/allocator/default_init.cc execution test program timed out.
WARNING: 23_containers/forward_list/debug/construct4_neg.cc execution test program timed out.
WARNING: 23_containers/forward_list/debug/move_assign_neg.cc execution test program timed out.
WARNING: 23_containers/forward_list/debug/move_neg.cc execution test program timed out.
WARNING: 23_containers/list/allocator/default_init.cc execution test program timed out.
WARNING: 23_containers/list/debug/assign4_neg.cc execution test program timed out.
WARNING: 23_containers/list/debug/construct4_neg.cc execution test program timed out.
WARNING: 23_containers/list/debug/insert4_neg.cc execution test program timed out.
WARNING: 23_containers/map/allocator/default_init.cc execution test program timed out.
WARNING: 23_containers/map/debug/construct4_neg.cc execution test program timed out.
WARNING: 23_containers/map/debug/construct5_neg.cc execution test program timed out.
WARNING: 23_containers/map/debug/insert4_neg.cc execution test program timed out.
WARNING: 23_containers/map/debug/move_assign_neg.cc execution test program timed out.
WARNING: 23_containers/map/debug/move_neg.cc execution test program timed out.
WARNING: 23_containers/multimap/debug/construct5_neg.cc execution test program timed out.
WARNING: 23_containers/multimap/debug/insert4_neg.cc execution test program timed out.
WARNING: 23_containers/multimap/debug/move_neg.cc execution test program timed out.
WARNING: 23_containers/multiset/debug/construct5_neg.cc execution test program timed out.
WARNING: 23_containers/multiset/debug/insert4_neg.cc execution test program timed out.
WARNING: 23_containers/multiset/debug/move_assign_neg.cc execution test program timed out.
WARNING: 23_containers/set/debug/insert4_neg.cc execution test program timed out.
WARNING: 23_containers/span/back_assert_neg.cc execution test program timed out.
WARNING: 23_containers/span/first_2_assert_neg.cc execution test program timed out.
WARNING: 23_containers/span/front_assert_neg.cc execution test program timed out.
WARNING: 23_containers/span/index_op_assert_neg.cc execution test program timed out.
WARNING: 23_containers/span/last_2_assert_neg.cc execution test program timed out.
WARNING: 23_containers/span/subspan_2_assert_neg.cc execution test program timed out.
WARNING: 23_containers/span/subspan_3_assert_neg.cc execution test program timed out.
WARNING: 23_containers/span/subspan_4_assert_neg.cc execution test program timed out.
WARNING: 23_containers/span/subspan_5_assert_neg.cc execution test program timed out.
WARNING: 23_containers/unordered_map/debug/construct5_neg.cc execution test program timed out.
WARNING: 23_containers/unordered_map/debug/insert4_neg.cc execution test program timed out.
WARNING: 23_containers/unordered_multimap/debug/construct4_neg.cc execution test program timed out.
WARNING: 23_containers/unordered_multimap/debug/move_neg.cc execution test program timed out.
WARNING: 23_containers/unordered_multiset/debug/construct4_neg.cc execution test program timed out.
WARNING: 23_containers/unordered_multiset/debug/construct5_neg.cc execution test program timed out.
WARNING: 23_containers/unordered_multiset/debug/insert4_neg.cc execution test program timed out.
WARNING: 23_containers/unordered_multiset/debug/move_assign_neg.cc execution test program timed out.
WARNING: 23_containers/unordered_multiset/debug/move_neg.cc execution test program timed out.
WARNING: 23_containers/unordered_set/allocator/default_init.cc execution test program timed out.
WARNING: 23_containers/unordered_set/debug/construct4_neg.cc execution test program timed out.
WARNING: 23_containers/unordered_set/debug/insert4_neg.cc execution test program timed out.
WARNING: 23_containers/unordered_set/debug/move_neg.cc execution test program timed out.
WARNING: 23_containers/vector/debug/construct4_neg.cc execution test program timed out.
WARNING: 23_containers/vector/debug/insert6_neg.cc execution test program timed out.
WARNING: 23_containers/vector/debug/insert7_neg.cc execution test program timed out.
WARNING: 23_containers/vector/debug/move_assign_neg.cc execution test program timed out.
WARNING: 23_containers/vector/debug/move_neg.cc execution test program timed out.
WARNING: 24_iterators/move_iterator/debug_neg.cc execution test program timed out.
WARNING: 24_iterators/normal_iterator/debug_neg.cc execution test program timed out.
WARNING: 24_iterators/range_operations/advance_debug_neg.cc execution test program timed out.
WARNING: 24_iterators/reverse_iterator/debug_neg.cc execution test program timed out.
WARNING: 26_numerics/bit/bit.pow.two/bit_ceil_neg.cc execution test program timed out.
WARNING: 27_io/basic_filebuf/open/char/2.cc execution test program timed out.
FAIL: 27_io/basic_filebuf/open/char/2.cc execution test
WARNING: 27_io/objects/char/12048-5.cc execution test program timed out.
WARNING: 27_io/objects/wchar_t/12048-5.cc execution test program timed out.
FAIL: 30_threads/async/async.cc execution test
WARNING: 30_threads/condition_variable/54185.cc execution test program timed out.
FAIL: 30_threads/condition_variable/54185.cc execution test
FAIL: 30_threads/condition_variable/members/68519.cc execution test
FAIL: 30_threads/recursive_timed_mutex/native_handle/1.cc (test for excess errors)
UNRESOLVED: 30_threads/recursive_timed_mutex/native_handle/1.cc compilation failed to produce executable
FAIL: 30_threads/recursive_timed_mutex/native_handle/typesizes.cc (test for excess errors)
UNRESOLVED: 30_threads/recursive_timed_mutex/native_handle/typesizes.cc compilation failed to produce executable
FAIL: 30_threads/recursive_timed_mutex/requirements/typedefs.cc (test for excess errors)
FAIL: 30_threads/timed_mutex/native_handle/1.cc (test for excess errors)
UNRESOLVED: 30_threads/timed_mutex/native_handle/1.cc compilation failed to produce executable
FAIL: 30_threads/timed_mutex/native_handle/typesizes.cc (test for excess errors)
UNRESOLVED: 30_threads/timed_mutex/native_handle/typesizes.cc compilation failed to produce executable
FAIL: 30_threads/timed_mutex/requirements/typedefs.cc (test for excess errors)
WARNING: ext/stdio_filebuf/char/10063-2.cc execution test program timed out.
FAIL: ext/stdio_filebuf/char/10063-2.cc execution test
FAIL: ext/stdio_filebuf/char/81751.cc execution test

		=== libstdc++ Summary for unix/-m64 ===

# of expected passes		13670
# of unexpected failures	12
# of expected failures		104
# of unresolved testcases	4
# of unsupported tests		756

		=== libstdc++ Summary ===

# of expected passes		27345
# of unexpected failures	25
# of expected failures		208
# of unresolved testcases	8
# of unsupported tests		1509

Compiler version: 11.0.0 20201202 (experimental) [master revision r11-5644-g018248ef6d03] (GCC) 
Platform: x86_64-apple-darwin10
configure flags: --prefix=/opt/iains/x86_64-apple-darwin10/gcc-11-0-0 --target=x86_64-apple-darwin10 --host=x86_64-apple-darwin10 --build=x86_64-apple-darwin10 --with-sysroot=/Developer/SDKs/MacOSX10.6.sdk --with-as=/Developer/usr/bin/as --with-ld=/Developer/usr/bin/ld --enable-languages=all CC=x86_64-apple-darwin10-gcc CXX=x86_64-apple-darwin10-g++



More information about the Gcc-testresults mailing list