Results for 11.0.0 20201202 (experimental) [master revision r11-5644-g018248ef6d03] (GCC) testsuite on i686-apple-darwin9

Iain Sandoe iains.gcc@gmail.com
Sun Dec 6 11:09:04 GMT 2020


LAST_UPDATED: Wed Dec  2 09:25:11 UTC 2020 (revision r11-5644-g018248ef6d03)

		=== acats tests ===

		=== acats Summary ===
# of expected passes		2320
# of unexpected failures	0
Native configuration is i686-apple-darwin9

		=== g++ tests ===


Running target unix/-m32
WARNING: Could not compile g++.dg/compat/struct-layout-1 generator
WARNING: Could not compile g++.dg/compat/struct-layout-1 generator
WARNING: Could not compile g++.dg/compat/struct-layout-1 generator
WARNING: g++.dg/cpp0x/fntmp-equiv1.C  -std=c++17 (test for excess errors) program timed out.
FAIL: g++.dg/cpp0x/fntmp-equiv1.C  -std=c++17 (test for excess errors)
WARNING: g++.dg/cpp1y/var-templ39a.C  -std=c++2a (test for excess errors) program timed out.
FAIL: g++.dg/cpp1y/var-templ39a.C  -std=c++2a (test for excess errors)
FAIL: g++.dg/ext/pr84828.C  -std=gnu++14 (internal compiler error)
FAIL: g++.dg/ext/pr84828.C  -std=gnu++14 (test for excess errors)
FAIL: g++.dg/ext/pr84828.C  -std=gnu++17 (internal compiler error)
FAIL: g++.dg/ext/pr84828.C  -std=gnu++17 (test for excess errors)
FAIL: g++.dg/ext/pr84828.C  -std=gnu++2a (internal compiler error)
FAIL: g++.dg/ext/pr84828.C  -std=gnu++2a (test for excess errors)
FAIL: g++.dg/ext/pr84828.C  -std=gnu++98 (internal compiler error)
FAIL: g++.dg/ext/pr84828.C  -std=gnu++98 (test for excess errors)
XPASS: g++.dg/ext/sync-4.C  -std=gnu++14 execution test
XPASS: g++.dg/ext/sync-4.C  -std=gnu++17 execution test
XPASS: g++.dg/ext/sync-4.C  -std=gnu++2a execution test
XPASS: g++.dg/ext/sync-4.C  -std=gnu++98 execution test
WARNING: g++.dg/init/static1.C  -std=c++17  (test for errors, line 2) program timed out.
FAIL: g++.dg/ipa/pr67056.C   scan-ipa-dump cp "Speculative outer type:struct CompositeClass"
WARNING: g++.dg/lookup/hidden-class8.C  -std=c++14  (test for errors, line 11) program timed out.
FAIL: g++.dg/opt/const4.C  -std=c++14  scan-assembler-symbol-section symbol constant_variable (found __ZL17constant_variable) has section ^\\\\.(const|rodata)|\\\\[RO\\\\] (no section detected)
FAIL: g++.dg/opt/const4.C  -std=c++17  scan-assembler-symbol-section symbol constant_variable (found __ZL17constant_variable) has section ^\\\\.(const|rodata)|\\\\[RO\\\\] (no section detected)
FAIL: g++.dg/opt/const4.C  -std=c++2a  scan-assembler-symbol-section symbol constant_variable (found __ZL17constant_variable) has section ^\\\\.(const|rodata)|\\\\[RO\\\\] (no section detected)
FAIL: g++.dg/opt/const4.C  -std=c++98  scan-assembler-symbol-section symbol constant_variable (found __ZL17constant_variable) has section ^\\\\.(const|rodata)|\\\\[RO\\\\] (no section detected)
FAIL: g++.dg/gomp/pr88182.C  -std=gnu++14 (test for excess errors)
UNRESOLVED: g++.dg/gomp/pr88182.C  -std=gnu++14 compilation failed to produce executable
FAIL: g++.dg/gomp/pr88182.C  -std=gnu++17 (test for excess errors)
UNRESOLVED: g++.dg/gomp/pr88182.C  -std=gnu++17 compilation failed to produce executable
FAIL: g++.dg/gomp/pr88182.C  -std=gnu++2a (test for excess errors)
UNRESOLVED: g++.dg/gomp/pr88182.C  -std=gnu++2a compilation failed to produce executable
FAIL: g++.dg/gomp/pr88182.C  -std=gnu++98 (test for excess errors)
UNRESOLVED: g++.dg/gomp/pr88182.C  -std=gnu++98 compilation failed to produce executable
FAIL: g++.dg/gomp/tls-5.C  -std=c++14  scan-assembler-symbol-section symbol ^_?_ZGR2ir_\$ (symbol not found) has section ^\\\\.tdata|\\\\[TL\\\\]
FAIL: g++.dg/gomp/tls-5.C  -std=c++14  scan-assembler-symbol-section symbol ^_?ir\$ (symbol not found) has section ^\\\\.tbss|\\\\[TL\\\\]
FAIL: g++.dg/gomp/tls-5.C  -std=c++17  scan-assembler-symbol-section symbol ^_?_ZGR2ir_\$ (symbol not found) has section ^\\\\.tdata|\\\\[TL\\\\]
FAIL: g++.dg/gomp/tls-5.C  -std=c++17  scan-assembler-symbol-section symbol ^_?ir\$ (symbol not found) has section ^\\\\.tbss|\\\\[TL\\\\]
FAIL: g++.dg/gomp/tls-5.C  -std=c++2a  scan-assembler-symbol-section symbol ^_?_ZGR2ir_\$ (symbol not found) has section ^\\\\.tdata|\\\\[TL\\\\]
FAIL: g++.dg/gomp/tls-5.C  -std=c++2a  scan-assembler-symbol-section symbol ^_?ir\$ (symbol not found) has section ^\\\\.tbss|\\\\[TL\\\\]
FAIL: g++.dg/lto/devirt-19 cp_lto_devirt-19_0.o-cp_lto_devirt-19_0.o link, -O2 -fdump-ipa-cp -fipa-cp-clone -Wno-return-type -flto -r -nostdlib
FAIL: g++.dg/lto/pr65276 cp_lto_pr65276_0.o-cp_lto_pr65276_1.o link, -flto -O0 -std=c++11
FAIL: g++.dg/lto/pr89335 cp_lto_pr89335_0.o assemble, -O2 -flto -Wsuggest-final-methods
FAIL: c-c++-common/simulate-thread/bitfields-1.c   -O0 -g  thread simulation test
FAIL: c-c++-common/simulate-thread/bitfields-1.c   -O1 -g  thread simulation test
FAIL: c-c++-common/simulate-thread/bitfields-1.c   -O2 -g -std=c++98  thread simulation test
FAIL: c-c++-common/simulate-thread/bitfields-1.c   -O3 -g -std=c++11  thread simulation test
FAIL: c-c++-common/simulate-thread/bitfields-1.c   -Os -g  thread simulation test
FAIL: c-c++-common/simulate-thread/bitfields-2.c   -O0 -g  thread simulation test
FAIL: c-c++-common/simulate-thread/bitfields-2.c   -O1 -g  thread simulation test
FAIL: c-c++-common/simulate-thread/bitfields-2.c   -O2 -g -std=c++98  thread simulation test
FAIL: c-c++-common/simulate-thread/bitfields-2.c   -O3 -g -std=c++11  thread simulation test
FAIL: c-c++-common/simulate-thread/bitfields-2.c   -Os -g  thread simulation test
FAIL: c-c++-common/simulate-thread/bitfields-3.c   -O0 -g  thread simulation test
FAIL: c-c++-common/simulate-thread/bitfields-3.c   -O1 -g  thread simulation test
FAIL: c-c++-common/simulate-thread/bitfields-3.c   -O2 -g -std=c++98  thread simulation test
FAIL: c-c++-common/simulate-thread/bitfields-3.c   -O3 -g -std=c++11  thread simulation test
FAIL: c-c++-common/simulate-thread/bitfields-3.c   -Os -g  thread simulation test
FAIL: c-c++-common/simulate-thread/bitfields-4.c   -O0 -g  thread simulation test
FAIL: c-c++-common/simulate-thread/bitfields-4.c   -O1 -g  thread simulation test
FAIL: c-c++-common/simulate-thread/bitfields-4.c   -O2 -g -std=c++98  thread simulation test
FAIL: c-c++-common/simulate-thread/bitfields-4.c   -O3 -g -std=c++11  thread simulation test
FAIL: c-c++-common/simulate-thread/bitfields-4.c   -Os -g  thread simulation test
FAIL: g++.dg/simulate-thread/atomics-1.C   -O0 -g  thread simulation test
FAIL: g++.dg/simulate-thread/atomics-1.C   -O1 -g  thread simulation test
FAIL: g++.dg/simulate-thread/atomics-1.C   -O3 -g -std=c++11  thread simulation test
FAIL: g++.dg/simulate-thread/atomics-1.C   -Os -g  thread simulation test
FAIL: g++.dg/simulate-thread/atomics-2.C   -O0 -g  thread simulation test
FAIL: g++.dg/simulate-thread/atomics-2.C   -O1 -g  thread simulation test
FAIL: g++.dg/simulate-thread/atomics-2.C   -O3 -g -std=c++11  thread simulation test
FAIL: g++.dg/simulate-thread/atomics-2.C   -Os -g  thread simulation test
FAIL: g++.dg/simulate-thread/bitfields-2.C   -O0 -g  thread simulation test
FAIL: g++.dg/simulate-thread/bitfields-2.C   -O1 -g  thread simulation test
FAIL: g++.dg/simulate-thread/bitfields-2.C   -O2 -g -std=c++98  thread simulation test
FAIL: g++.dg/simulate-thread/bitfields-2.C   -O3 -g -std=c++11  thread simulation test
FAIL: g++.dg/simulate-thread/bitfields-2.C   -Os -g  thread simulation test
FAIL: g++.dg/simulate-thread/bitfields.C   -O0 -g  thread simulation test
FAIL: g++.dg/simulate-thread/bitfields.C   -O1 -g  thread simulation test
FAIL: g++.dg/simulate-thread/bitfields.C   -O2 -g -std=c++98  thread simulation test
FAIL: g++.dg/simulate-thread/bitfields.C   -O3 -g -std=c++11  thread simulation test
FAIL: g++.dg/simulate-thread/bitfields.C   -Os -g  thread simulation test
FAIL: g++.dg/tls/thread_local-order2.C  -std=c++14 execution test
FAIL: g++.dg/tls/thread_local-order2.C  -std=c++17 execution test
FAIL: g++.dg/tls/thread_local-order2.C  -std=c++2a execution test
WARNING: g++.old-deja/g++.bugs/900519_13.C  -std=c++14  (test for warnings, line 15) program timed out.

		=== g++ Summary for unix/-m32 ===

# of expected passes		186652
# of unexpected failures	69
# of unexpected successes	4
# of expected failures		987
# of unresolved testcases	4
# of unsupported tests		8534

Running target unix/-m64
WARNING: Could not compile g++.dg/compat/struct-layout-1 generator
WARNING: Could not compile g++.dg/compat/struct-layout-1 generator
WARNING: Could not compile g++.dg/compat/struct-layout-1 generator
WARNING: c-c++-common/cpp/fmacro-prefix-map.c  -std=gnu++14  (test for warnings, line 4) program timed out.
WARNING: g++.dg/cpp0x/elision_conv.C  -std=c++2a (test for excess errors) program timed out.
FAIL: g++.dg/cpp0x/elision_conv.C  -std=c++2a (test for excess errors)
FAIL: g++.dg/eh/weak1.C  -std=gnu++14 execution test
FAIL: g++.dg/eh/weak1.C  -std=gnu++17 execution test
FAIL: g++.dg/eh/weak1.C  -std=gnu++2a execution test
FAIL: g++.dg/eh/weak1.C  -std=gnu++98 execution test
XPASS: g++.dg/ext/sync-4.C  -std=gnu++14 execution test
XPASS: g++.dg/ext/sync-4.C  -std=gnu++17 execution test
XPASS: g++.dg/ext/sync-4.C  -std=gnu++2a execution test
XPASS: g++.dg/ext/sync-4.C  -std=gnu++98 execution test
WARNING: g++.dg/ext/typedef-init.C  -std=gnu++2a A (test for errors, line 14) program timed out.
WARNING: g++.dg/init/array43.C  -std=c++98  (test for errors, line 1) program timed out.
FAIL: g++.dg/ipa/pr67056.C   scan-ipa-dump cp "Speculative outer type:struct CompositeClass"
FAIL: g++.dg/opt/const4.C  -std=c++14  scan-assembler-symbol-section symbol constant_variable (found __ZL17constant_variable) has section ^\\\\.(const|rodata)|\\\\[RO\\\\] (no section detected)
FAIL: g++.dg/opt/const4.C  -std=c++17  scan-assembler-symbol-section symbol constant_variable (found __ZL17constant_variable) has section ^\\\\.(const|rodata)|\\\\[RO\\\\] (no section detected)
FAIL: g++.dg/opt/const4.C  -std=c++2a  scan-assembler-symbol-section symbol constant_variable (found __ZL17constant_variable) has section ^\\\\.(const|rodata)|\\\\[RO\\\\] (no section detected)
FAIL: g++.dg/opt/const4.C  -std=c++98  scan-assembler-symbol-section symbol constant_variable (found __ZL17constant_variable) has section ^\\\\.(const|rodata)|\\\\[RO\\\\] (no section detected)
WARNING: g++.dg/parse/explicit1.C  -std=c++17  (test for errors, line 10) program timed out.
WARNING: g++.dg/template/crash93.C  -std=c++17  (test for errors, line 11) program timed out.
WARNING: g++.dg/template/fn.C  -std=c++17  (test for errors, line 7) program timed out.
WARNING: g++.dg/warn/anonymous-namespace-5.C  -std=c++2a  (test for warnings, line 2) program timed out.
WARNING: c-c++-common/gomp/pr67501.c  -std=gnu++14  (test for errors, line 9) program timed out.
FAIL: g++.dg/gomp/pr88182.C  -std=gnu++14 (test for excess errors)
UNRESOLVED: g++.dg/gomp/pr88182.C  -std=gnu++14 compilation failed to produce executable
FAIL: g++.dg/gomp/pr88182.C  -std=gnu++17 (test for excess errors)
UNRESOLVED: g++.dg/gomp/pr88182.C  -std=gnu++17 compilation failed to produce executable
FAIL: g++.dg/gomp/pr88182.C  -std=gnu++2a (test for excess errors)
UNRESOLVED: g++.dg/gomp/pr88182.C  -std=gnu++2a compilation failed to produce executable
FAIL: g++.dg/gomp/pr88182.C  -std=gnu++98 (test for excess errors)
UNRESOLVED: g++.dg/gomp/pr88182.C  -std=gnu++98 compilation failed to produce executable
FAIL: g++.dg/gomp/tls-5.C  -std=c++14  scan-assembler-symbol-section symbol ^_?_ZGR2ir_\$ (symbol not found) has section ^\\\\.tdata|\\\\[TL\\\\]
FAIL: g++.dg/gomp/tls-5.C  -std=c++14  scan-assembler-symbol-section symbol ^_?ir\$ (symbol not found) has section ^\\\\.tbss|\\\\[TL\\\\]
FAIL: g++.dg/gomp/tls-5.C  -std=c++17  scan-assembler-symbol-section symbol ^_?_ZGR2ir_\$ (symbol not found) has section ^\\\\.tdata|\\\\[TL\\\\]
FAIL: g++.dg/gomp/tls-5.C  -std=c++17  scan-assembler-symbol-section symbol ^_?ir\$ (symbol not found) has section ^\\\\.tbss|\\\\[TL\\\\]
FAIL: g++.dg/gomp/tls-5.C  -std=c++2a  scan-assembler-symbol-section symbol ^_?_ZGR2ir_\$ (symbol not found) has section ^\\\\.tdata|\\\\[TL\\\\]
FAIL: g++.dg/gomp/tls-5.C  -std=c++2a  scan-assembler-symbol-section symbol ^_?ir\$ (symbol not found) has section ^\\\\.tbss|\\\\[TL\\\\]
FAIL: g++.dg/lto/pr65276 cp_lto_pr65276_0.o-cp_lto_pr65276_1.o link, -flto -O0 -std=c++11
FAIL: g++.dg/lto/pr89335 cp_lto_pr89335_0.o assemble, -O2 -flto -Wsuggest-final-methods
FAIL: c-c++-common/simulate-thread/bitfields-1.c   -O0 -g  thread simulation test
FAIL: c-c++-common/simulate-thread/bitfields-1.c   -O1 -g  thread simulation test
FAIL: c-c++-common/simulate-thread/bitfields-1.c   -O2 -g -std=c++98  thread simulation test
FAIL: c-c++-common/simulate-thread/bitfields-1.c   -O3 -g -std=c++11  thread simulation test
FAIL: c-c++-common/simulate-thread/bitfields-1.c   -Os -g  thread simulation test
FAIL: c-c++-common/simulate-thread/bitfields-2.c   -O0 -g  thread simulation test
FAIL: c-c++-common/simulate-thread/bitfields-2.c   -O1 -g  thread simulation test
FAIL: c-c++-common/simulate-thread/bitfields-2.c   -O2 -g -std=c++98  thread simulation test
FAIL: c-c++-common/simulate-thread/bitfields-2.c   -O3 -g -std=c++11  thread simulation test
FAIL: c-c++-common/simulate-thread/bitfields-2.c   -Os -g  thread simulation test
FAIL: c-c++-common/simulate-thread/bitfields-3.c   -O0 -g  thread simulation test
FAIL: c-c++-common/simulate-thread/bitfields-3.c   -O1 -g  thread simulation test
FAIL: c-c++-common/simulate-thread/bitfields-3.c   -O2 -g -std=c++98  thread simulation test
FAIL: c-c++-common/simulate-thread/bitfields-3.c   -O3 -g -std=c++11  thread simulation test
FAIL: c-c++-common/simulate-thread/bitfields-3.c   -Os -g  thread simulation test
FAIL: c-c++-common/simulate-thread/bitfields-4.c   -O0 -g  thread simulation test
FAIL: c-c++-common/simulate-thread/bitfields-4.c   -O1 -g  thread simulation test
FAIL: c-c++-common/simulate-thread/bitfields-4.c   -O2 -g -std=c++98  thread simulation test
FAIL: c-c++-common/simulate-thread/bitfields-4.c   -O3 -g -std=c++11  thread simulation test
FAIL: c-c++-common/simulate-thread/bitfields-4.c   -Os -g  thread simulation test
FAIL: g++.dg/simulate-thread/atomics-1.C   -O0 -g  thread simulation test
FAIL: g++.dg/simulate-thread/atomics-1.C   -O1 -g  thread simulation test
FAIL: g++.dg/simulate-thread/atomics-1.C   -O3 -g -std=c++11  thread simulation test
FAIL: g++.dg/simulate-thread/atomics-1.C   -Os -g  thread simulation test
FAIL: g++.dg/simulate-thread/atomics-2.C   -O0 -g  thread simulation test
FAIL: g++.dg/simulate-thread/atomics-2.C   -O1 -g  thread simulation test
FAIL: g++.dg/simulate-thread/atomics-2.C   -O3 -g -std=c++11  thread simulation test
FAIL: g++.dg/simulate-thread/atomics-2.C   -Os -g  thread simulation test
FAIL: g++.dg/simulate-thread/bitfields-2.C   -O0 -g  thread simulation test
FAIL: g++.dg/simulate-thread/bitfields-2.C   -O1 -g  thread simulation test
FAIL: g++.dg/simulate-thread/bitfields-2.C   -O2 -g -std=c++98  thread simulation test
FAIL: g++.dg/simulate-thread/bitfields-2.C   -O3 -g -std=c++11  thread simulation test
FAIL: g++.dg/simulate-thread/bitfields-2.C   -Os -g  thread simulation test
FAIL: g++.dg/simulate-thread/bitfields.C   -O0 -g  thread simulation test
FAIL: g++.dg/simulate-thread/bitfields.C   -O1 -g  thread simulation test
FAIL: g++.dg/simulate-thread/bitfields.C   -O2 -g -std=c++98  thread simulation test
FAIL: g++.dg/simulate-thread/bitfields.C   -O3 -g -std=c++11  thread simulation test
FAIL: g++.dg/simulate-thread/bitfields.C   -Os -g  thread simulation test
FAIL: g++.dg/tls/thread_local-order2.C  -std=c++14 execution test
FAIL: g++.dg/tls/thread_local-order2.C  -std=c++17 execution test
FAIL: g++.dg/tls/thread_local-order2.C  -std=c++2a execution test

		=== g++ Summary for unix/-m64 ===

# of expected passes		188864
# of unexpected failures	63
# of unexpected successes	4
# of expected failures		991
# of unresolved testcases	4
# of unsupported tests		8729

		=== g++ Summary ===

# of expected passes		375516
# of unexpected failures	132
# of unexpected successes	8
# of expected failures		1978
# of unresolved testcases	8
# of unsupported tests		17263
/scratch/10-5-leo/gcc-master/gcc/xg++  version 11.0.0 20201202 (experimental) [master revision r11-5644-g018248ef6d03] (GCC) 

		=== gcc tests ===


Running target unix/-m32
FAIL: gcc.c-torture/compile/pr97576.c   -O0  (test for excess errors)
FAIL: gcc.c-torture/compile/pr97576.c   -O1  (test for excess errors)
FAIL: gcc.c-torture/compile/pr97576.c   -O2  (test for excess errors)
FAIL: gcc.c-torture/compile/pr97576.c   -O2 -flto  (test for excess errors)
FAIL: gcc.c-torture/compile/pr97576.c   -O2 -flto -flto-partition=none  (test for excess errors)
FAIL: gcc.c-torture/compile/pr97576.c   -O3 -g  (test for excess errors)
FAIL: gcc.c-torture/compile/pr97576.c   -Os  (test for excess errors)
XPASS: gcc.dg/analyzer/pr94851-1.c bogus leak (test for bogus messages, line 43)
FAIL: gcc.dg/analyzer/strndup-1.c (test for excess errors)
WARNING: gcc.dg/atomic/c11-atomic-exec-5.c   -O2 -flto  execution test program timed out.
FAIL: gcc.dg/atomic/c11-atomic-exec-5.c   -O2 -flto  execution test
WARNING: gcc.dg/atomic/c11-atomic-exec-5.c   -O3 -g  execution test program timed out.
FAIL: gcc.dg/atomic/c11-atomic-exec-5.c   -O3 -g  execution test
FAIL: gcc.dg/atomic/pr65345-4.c   -O2 -flto  (internal compiler error)
FAIL: gcc.dg/atomic/pr65345-4.c   -O2 -flto  (test for excess errors)
FAIL: gcc.dg/atomic/pr65345-4.c   -O2 -flto -flto-partition=none  (internal compiler error)
FAIL: gcc.dg/atomic/pr65345-4.c   -O2 -flto -flto-partition=none  (test for excess errors)
WARNING: Could not compile gcc.dg/compat/struct-layout-1 generator
WARNING: Could not compile gcc.dg/compat/struct-layout-1 generator
WARNING: Could not compile gcc.dg/compat/struct-layout-1 generator
FAIL: gcc.dg/debug/dwarf2/inline4.c scan-assembler DW_TAG_inlined_subroutine[^\\\\(]*\\\\([^\\\\)]*\\\\)[^\\\\(]*\\\\(DIE \\\\(0x[0-9a-f]*\\\\) DW_TAG_formal_parameter[^\\\\(]*\\\\(DIE \\\\(0x[0-9a-f]*\\\\) DW_TAG_variable
FAIL: gcc.dg/debug/dwarf2/inline5.c scan-assembler-not \\\\(DIE \\\\(0x([0-9a-f]*)\\\\) DW_TAG_lexical_block\\\\)[^#/!@;\\\\|]*[#/!@;\\\\|]+ +[^(].*DW_TAG_lexical_block\\\\)[^#/!@;\\\\|x]*x\\\\1[^#/!@;\\\\|]*[#/!@;\\\\|] +DW_AT_abstract_origin
FAIL: gcc.dg/20021029-1.c scan-assembler-symbol-section symbol ar (found _ar.0) has section ^\\\\.(const|rodata)|\\\\[RO\\\\] (no section detected)
XPASS: gcc.dg/Walloca-2.c  (test for bogus messages, line 16)
FAIL: gcc.dg/array-quals-1.c scan-assembler-symbol-section symbol ^_?a\$ (found _a) has section ^\\\\.(const|rodata)|\\\\[RO\\\\] (no section detected)
FAIL: gcc.dg/array-quals-1.c scan-assembler-symbol-section symbol ^_?a1\$ (found _a1) has section ^\\\\.(const|rodata)|\\\\[RO\\\\] (no section detected)
FAIL: gcc.dg/array-quals-1.c scan-assembler-symbol-section symbol ^_?b\$ (found _b) has section ^\\\\.(const|rodata)|\\\\[RO\\\\] (no section detected)
FAIL: gcc.dg/array-quals-1.c scan-assembler-symbol-section symbol ^_?b1\$ (found _b1) has section ^\\\\.(const|rodata)|\\\\[RO\\\\] (no section detected)
FAIL: gcc.dg/array-quals-1.c scan-assembler-symbol-section symbol ^_?c\$ (found _c) has section ^\\\\.(const|rodata)|\\\\[RO\\\\] (no section detected)
FAIL: gcc.dg/array-quals-1.c scan-assembler-symbol-section symbol ^_?c1\$ (found _c1) has section ^\\\\.(const|rodata)|\\\\[RO\\\\] (no section detected)
FAIL: gcc.dg/array-quals-1.c scan-assembler-symbol-section symbol ^_?d\$ (found _d) has section ^\\\\.(const|rodata)|\\\\[RO\\\\] (no section detected)
FAIL: gcc.dg/array-quals-1.c scan-assembler-symbol-section symbol ^_?d1\$ (found _d1) has section ^\\\\.(const|rodata)|\\\\[RO\\\\] (no section detected)
FAIL: gcc.dg/array-quals-1.c scan-assembler-symbol-section symbol ^_?e\$ (found _e) has section ^\\\\.(const|rodata)|\\\\[RO\\\\] (no section detected)
FAIL: gcc.dg/array-quals-1.c scan-assembler-symbol-section symbol ^_?e1\$ (found _e1) has section ^\\\\.(const|rodata)|\\\\[RO\\\\] (no section detected)
FAIL: gcc.dg/array-quals-1.c scan-assembler-symbol-section symbol ^_?p\$ (found _p) has section ^\\\\.(const|rodata)|\\\\[RW\\\\] (no section detected)
FAIL: gcc.dg/array-quals-1.c scan-assembler-symbol-section symbol ^_?p1\$ (found _p1) has section ^\\\\.(const|rodata)|\\\\[RW\\\\] (no section detected)
FAIL: gcc.dg/array-quals-1.c scan-assembler-symbol-section symbol ^_?q\$ (found _q) has section ^\\\\.(const|rodata)|\\\\[RW\\\\] (no section detected)
FAIL: gcc.dg/array-quals-1.c scan-assembler-symbol-section symbol ^_?q1\$ (found _q1) has section ^\\\\.(const|rodata)|\\\\[RW\\\\] (no section detected)
FAIL: gcc.dg/array-quals-1.c scan-assembler-symbol-section symbol ^_?r\$ (found _r) has section ^\\\\.(const|rodata)|\\\\[RW\\\\] (no section detected)
FAIL: gcc.dg/array-quals-1.c scan-assembler-symbol-section symbol ^_?r1\$ (found _r1) has section ^\\\\.(const|rodata)|\\\\[RW\\\\] (no section detected)
FAIL: gcc.dg/array-quals-1.c scan-assembler-symbol-section symbol ^_?s\$ (found _s) has section ^\\\\.(const|rodata)|\\\\[RW\\\\] (no section detected)
FAIL: gcc.dg/array-quals-1.c scan-assembler-symbol-section symbol ^_?s1\$ (found _s1) has section ^\\\\.(const|rodata)|\\\\[RW\\\\] (no section detected)
FAIL: gcc.dg/array-quals-1.c scan-assembler-symbol-section symbol ^_?t\$ (found _t) has section ^\\\\.(const|rodata)|\\\\[RW\\\\] (no section detected)
FAIL: gcc.dg/array-quals-1.c scan-assembler-symbol-section symbol ^_?t1\$ (found _t1) has section ^\\\\.(const|rodata)|\\\\[RW\\\\] (no section detected)
FAIL: gcc.dg/darwin-sections.c scan-assembler-symbol-section symbol ^_a\$ (symbol not found) has section \\\\.data
FAIL: gcc.dg/darwin-sections.c scan-assembler-symbol-section symbol ^_b\$ (symbol not found) has section \\\\.data
XPASS: gcc.dg/pr78973.c pr79073 (test for warnings, line 12)
FAIL: gcc.dg/stack-layout-dynamic-1.c (test for excess errors)
UNRESOLVED: gcc.dg/stack-layout-dynamic-1.c scan-assembler-not cfi_def_cfa_register
FAIL: c-c++-common/goacc/firstprivate-mappings-1.c scan-tree-dump omplower "(?n)#pragma omp target oacc_parallel map\\\\(from:array_so \\\\[len: 4\\\\]\\\\) firstprivate\\\\(array_li.[0-9]+\\\\) map\\\\(tofrom:\\\\(\\\\*array.[0-9]+\\\\) \\\\[len: D\\\\.[0-9]+\\\\]\\\\) map\\\\(firstprivate:array \\\\[pointer assign, bias: 0\\\\]\\\\) \\\\["
FAIL: gcc.dg/graphite/scop-19.c scan-tree-dump-times graphite "number of SCoPs: 0" 1
FAIL: gcc.dg/ipa/ipa-icf-38.c scan-ltrans-tree-dump-not optimized "Function bar"
FAIL: gcc-dg-lto-modref-3-01.exe scan-wpa-ipa-dump modref "parm 1 flags: nodirectescape"
FAIL: gcc-dg-lto-modref-4-01.exe scan-wpa-ipa-dump modref "parm 1 flags: nodirectescape"
FAIL: gcc.dg/lto/modref-3 c_lto_modref-3_0.o-c_lto_modref-3_1.o execute -O2 -flto-partition=max -fdump-ipa-modref -fno-ipa-sra -fno-ipa-cp -flto
FAIL: gcc.dg/lto/modref-4 c_lto_modref-4_0.o-c_lto_modref-4_1.o execute -O2 -flto-partition=max -fdump-ipa-modref -fno-ipa-sra -flto
FAIL: gcc.dg/lto/pr94157 c_lto_pr94157_0.o assemble,  -O0 -fipa-vrp -flto -Wa,--noexecstack -Wa,--noexecstack -Wa,--execstack  -Wa,--execstack -Wa,--execstack -Wa,--execstack -Wa,--execstack -Wa,--execstack -Wa,--execstack -Wa,--execstack -Wa,--execstack -Wa,--execstack -Wa,--execstack -Wa,--execstack -Wa,--execstack -Wa,--execstack 
UNRESOLVED: gcc.dg/lto/pr94157 c_lto_pr94157_0.o-c_lto_pr94157_0.o execute  -O0 -fipa-vrp -flto -Wa,--noexecstack -Wa,--noexecstack -Wa,--execstack  -Wa,--execstack -Wa,--execstack -Wa,--execstack -Wa,--execstack -Wa,--execstack -Wa,--execstack -Wa,--execstack -Wa,--execstack -Wa,--execstack -Wa,--execstack -Wa,--execstack -Wa,--execstack -Wa,--execstack 
UNRESOLVED: gcc.dg/lto/pr94157 c_lto_pr94157_0.o-c_lto_pr94157_0.o link  -O0 -fipa-vrp -flto -Wa,--noexecstack -Wa,--noexecstack -Wa,--execstack  -Wa,--execstack -Wa,--execstack -Wa,--execstack -Wa,--execstack -Wa,--execstack -Wa,--execstack -Wa,--execstack -Wa,--execstack -Wa,--execstack -Wa,--execstack -Wa,--execstack -Wa,--execstack -Wa,--execstack 
FAIL: gcc.dg/torture/builtin-self.c   -O0   scan-assembler-not \\tcall
FAIL: gcc.dg/torture/pr71522.c   -O1  execution test
FAIL: gcc.dg/torture/pr71522.c   -O2  execution test
FAIL: gcc.dg/torture/pr71522.c   -O2 -flto  execution test
FAIL: gcc.dg/torture/pr71522.c   -O2 -flto -flto-partition=none  execution test
FAIL: gcc.dg/torture/pr71522.c   -O3 -g  execution test
FAIL: gcc.dg/torture/pr71522.c   -Os  execution test
WARNING: gcc.dg/torture/pr82291.c   -O2 -flto -flto-partition=none  (test for excess errors) program timed out.
FAIL: gcc.dg/torture/pr82291.c   -O2 -flto -flto-partition=none  (test for excess errors)
FAIL: gcc.dg/tree-ssa/builtin-sprintf-warn-1.c  (test for warnings, line 119)
FAIL: gcc.dg/tree-ssa/builtin-sprintf-warn-1.c  (test for warnings, line 121)
FAIL: gcc.dg/tree-ssa/builtin-sprintf-warn-1.c  (test for warnings, line 125)
FAIL: gcc.dg/tree-ssa/builtin-sprintf-warn-1.c  (test for warnings, line 292)
FAIL: gcc.dg/tree-ssa/builtin-sprintf-warn-1.c (test for excess errors)
FAIL: gcc.dg/tree-ssa/builtin-sprintf-warn-11.c  (test for warnings, line 210)
FAIL: gcc.dg/tree-ssa/builtin-sprintf-warn-11.c (test for excess errors)
FAIL: gcc.dg/tree-ssa/scev-3.c scan-tree-dump-times ivopts "&a" 1
FAIL: gcc.dg/tree-ssa/scev-5.c scan-tree-dump-times ivopts "&a" 1
XPASS: gcc.dg/vect/vect-reduc-in-order-1.c -flto -ffat-lto-objects execution test
XPASS: gcc.dg/vect/vect-reduc-in-order-1.c execution test
XPASS: gcc.dg/vect/vect-reduc-in-order-2.c -flto -ffat-lto-objects execution test
XPASS: gcc.dg/vect/vect-reduc-in-order-2.c execution test
XPASS: gcc.dg/vect/vect-reduc-in-order-3.c -flto -ffat-lto-objects execution test
XPASS: gcc.dg/vect/vect-reduc-in-order-3.c execution test
XPASS: gcc.dg/vect/vect-reduc-in-order-4.c -flto -ffat-lto-objects execution test
XPASS: gcc.dg/vect/vect-reduc-in-order-4.c execution test
FAIL: compiler driver --help=target option(s): "^ +-.*[^:.]\$" absent from output: "  -mneeded                    Emit GNU_PROPERTY_X86_ISA_1_NEEDED GNU property"
FAIL: gcc.target/i386/avx2-shiftqihi-constant-2.c (test for excess errors)
UNRESOLVED: gcc.target/i386/avx2-shiftqihi-constant-2.c compilation failed to produce executable
FAIL: gcc.target/i386/avx512bw-shiftqihi-constant-2.c (test for excess errors)
UNRESOLVED: gcc.target/i386/avx512bw-shiftqihi-constant-2.c compilation failed to produce executable
FAIL: gcc.target/i386/pad-3.c scan-assembler-not nop
FAIL: gcc.target/i386/pr15184-1.c scan-assembler-times movb[ \\\\t]+%al 4
FAIL: gcc.target/i386/pr15184-2.c scan-assembler-times movb[ \\\\t]+%al 2
FAIL: gcc.target/i386/pr36502.c scan-assembler-not esp
FAIL: gcc.target/i386/pr54855-3.c scan-assembler-not movsd
FAIL: gcc.target/i386/pr54855-7.c scan-assembler-not movss
FAIL: gcc.target/i386/pr66334.c scan-assembler movl[ \\\\t].+, %ebx
FAIL: gcc.target/i386/pr71245-1.c scan-assembler-not (fistp|fild)
FAIL: gcc.target/i386/pr71245-2.c scan-assembler-not movlps
FAIL: gcc.target/i386/pr78035.c scan-assembler-times cmp 2
FAIL: gcc.target/i386/pr81736-5.c scan-assembler-not %[re]bp
XPASS: gcc.target/i386/pr84101.c scan-tree-dump-not slp2 "optimized: basic block"
FAIL: gcc.target/i386/pr84278.c scan-assembler-not \\\\(%.sp\\\\)
FAIL: gcc.target/i386/pr85667-6.c scan-assembler-times flds[^\\n\\r]* 1
FAIL: gcc.target/i386/pr92651.c scan-assembler-times sub 2
FAIL: gcc.target/i386/pr95443-1.c (test for excess errors)
UNRESOLVED: gcc.target/i386/pr95443-1.c compilation failed to produce executable
FAIL: gcc.target/i386/pr97873-1.c scan-assembler pabsq
FAIL: gcc.target/i386/ret-thunk-22.c scan-assembler call[ \\\\t]*___x86.get_pc_thunk.cx
FAIL: gcc.target/i386/ret-thunk-23.c scan-assembler call[ \\\\t]*___x86.get_pc_thunk.cx
FAIL: gcc.target/i386/ret-thunk-24.c scan-assembler call[ \\\\t]*___x86.get_pc_thunk.cx
FAIL: gcc.target/i386/vect8-ret.c scan-assembler-times movq 1

		=== gcc Summary for unix/-m32 ===

# of expected passes		141471
# of unexpected failures	88
# of unexpected successes	12
# of expected failures		828
# of unresolved testcases	6
# of unsupported tests		5183

Running target unix/-m64
WARNING: gcc.c-torture/compile/20040309-1.c   -O0  (test for excess errors) program timed out.
FAIL: gcc.c-torture/compile/20040309-1.c   -O0  (test for excess errors)
WARNING: gcc.c-torture/compile/pr42196-2.c   -O0  (test for excess errors) program timed out.
FAIL: gcc.c-torture/compile/pr42196-2.c   -O0  (test for excess errors)
FAIL: gcc.c-torture/compile/pr97576.c   -O0  (test for excess errors)
FAIL: gcc.c-torture/compile/pr97576.c   -O1  (test for excess errors)
FAIL: gcc.c-torture/compile/pr97576.c   -O2  (test for excess errors)
FAIL: gcc.c-torture/compile/pr97576.c   -O2 -flto  (test for excess errors)
FAIL: gcc.c-torture/compile/pr97576.c   -O2 -flto -flto-partition=none  (test for excess errors)
FAIL: gcc.c-torture/compile/pr97576.c   -O3 -g  (test for excess errors)
FAIL: gcc.c-torture/compile/pr97576.c   -Os  (test for excess errors)
XPASS: gcc.dg/analyzer/pr94851-1.c bogus leak (test for bogus messages, line 43)
FAIL: gcc.dg/analyzer/strndup-1.c (test for excess errors)
FAIL: gcc.dg/atomic/c11-atomic-exec-5.c   -O0  execution test
WARNING: gcc.dg/atomic/c11-atomic-exec-5.c   -O1  execution test program timed out.
FAIL: gcc.dg/atomic/c11-atomic-exec-5.c   -O1  execution test
WARNING: gcc.dg/atomic/c11-atomic-exec-5.c   -O2  execution test program timed out.
FAIL: gcc.dg/atomic/c11-atomic-exec-5.c   -O2  execution test
FAIL: gcc.dg/atomic/c11-atomic-exec-5.c   -O2 -flto  execution test
FAIL: gcc.dg/atomic/c11-atomic-exec-5.c   -O2 -flto -flto-partition=none  execution test
FAIL: gcc.dg/atomic/c11-atomic-exec-5.c   -O3 -fomit-frame-pointer -funroll-loops -fpeel-loops -ftracer -finline-functions  execution test
FAIL: gcc.dg/atomic/c11-atomic-exec-5.c   -O3 -g  execution test
FAIL: gcc.dg/atomic/c11-atomic-exec-5.c   -Os  execution test
FAIL: gcc.dg/atomic/pr65345-4.c   -O2 -flto  (internal compiler error)
FAIL: gcc.dg/atomic/pr65345-4.c   -O2 -flto  (test for excess errors)
FAIL: gcc.dg/atomic/pr65345-4.c   -O2 -flto -flto-partition=none  (internal compiler error)
FAIL: gcc.dg/atomic/pr65345-4.c   -O2 -flto -flto-partition=none  (test for excess errors)
WARNING: Could not compile gcc.dg/compat/struct-layout-1 generator
WARNING: Could not compile gcc.dg/compat/struct-layout-1 generator
WARNING: Could not compile gcc.dg/compat/struct-layout-1 generator
FAIL: gcc.dg/debug/dwarf2/inline4.c scan-assembler DW_TAG_inlined_subroutine[^\\\\(]*\\\\([^\\\\)]*\\\\)[^\\\\(]*\\\\(DIE \\\\(0x[0-9a-f]*\\\\) DW_TAG_formal_parameter[^\\\\(]*\\\\(DIE \\\\(0x[0-9a-f]*\\\\) DW_TAG_variable
FAIL: gcc.dg/debug/dwarf2/inline5.c scan-assembler-not \\\\(DIE \\\\(0x([0-9a-f]*)\\\\) DW_TAG_lexical_block\\\\)[^#/!@;\\\\|]*[#/!@;\\\\|]+ +[^(].*DW_TAG_lexical_block\\\\)[^#/!@;\\\\|x]*x\\\\1[^#/!@;\\\\|]*[#/!@;\\\\|] +DW_AT_abstract_origin
FAIL: gcc.dg/20021029-1.c scan-assembler-symbol-section symbol ar (found _ar.0) has section ^\\\\.(const|rodata)|\\\\[RO\\\\] (no section detected)
FAIL: gcc.dg/array-quals-1.c scan-assembler-symbol-section symbol ^_?a\$ (found _a) has section ^\\\\.(const|rodata)|\\\\[RO\\\\] (no section detected)
FAIL: gcc.dg/array-quals-1.c scan-assembler-symbol-section symbol ^_?a1\$ (found _a1) has section ^\\\\.(const|rodata)|\\\\[RO\\\\] (no section detected)
FAIL: gcc.dg/array-quals-1.c scan-assembler-symbol-section symbol ^_?b\$ (found _b) has section ^\\\\.(const|rodata)|\\\\[RO\\\\] (no section detected)
FAIL: gcc.dg/array-quals-1.c scan-assembler-symbol-section symbol ^_?b1\$ (found _b1) has section ^\\\\.(const|rodata)|\\\\[RO\\\\] (no section detected)
FAIL: gcc.dg/array-quals-1.c scan-assembler-symbol-section symbol ^_?c\$ (found _c) has section ^\\\\.(const|rodata)|\\\\[RO\\\\] (no section detected)
FAIL: gcc.dg/array-quals-1.c scan-assembler-symbol-section symbol ^_?c1\$ (found _c1) has section ^\\\\.(const|rodata)|\\\\[RO\\\\] (no section detected)
FAIL: gcc.dg/array-quals-1.c scan-assembler-symbol-section symbol ^_?d\$ (found _d) has section ^\\\\.(const|rodata)|\\\\[RO\\\\] (no section detected)
FAIL: gcc.dg/array-quals-1.c scan-assembler-symbol-section symbol ^_?d1\$ (found _d1) has section ^\\\\.(const|rodata)|\\\\[RO\\\\] (no section detected)
FAIL: gcc.dg/array-quals-1.c scan-assembler-symbol-section symbol ^_?e\$ (found _e) has section ^\\\\.(const|rodata)|\\\\[RO\\\\] (no section detected)
FAIL: gcc.dg/array-quals-1.c scan-assembler-symbol-section symbol ^_?e1\$ (found _e1) has section ^\\\\.(const|rodata)|\\\\[RO\\\\] (no section detected)
FAIL: gcc.dg/array-quals-1.c scan-assembler-symbol-section symbol ^_?p\$ (found _p) has section ^\\\\.(const|rodata)|\\\\[RW\\\\] (no section detected)
FAIL: gcc.dg/array-quals-1.c scan-assembler-symbol-section symbol ^_?p1\$ (found _p1) has section ^\\\\.(const|rodata)|\\\\[RW\\\\] (no section detected)
FAIL: gcc.dg/array-quals-1.c scan-assembler-symbol-section symbol ^_?q\$ (found _q) has section ^\\\\.(const|rodata)|\\\\[RW\\\\] (no section detected)
FAIL: gcc.dg/array-quals-1.c scan-assembler-symbol-section symbol ^_?q1\$ (found _q1) has section ^\\\\.(const|rodata)|\\\\[RW\\\\] (no section detected)
FAIL: gcc.dg/array-quals-1.c scan-assembler-symbol-section symbol ^_?r\$ (found _r) has section ^\\\\.(const|rodata)|\\\\[RW\\\\] (no section detected)
FAIL: gcc.dg/array-quals-1.c scan-assembler-symbol-section symbol ^_?r1\$ (found _r1) has section ^\\\\.(const|rodata)|\\\\[RW\\\\] (no section detected)
FAIL: gcc.dg/array-quals-1.c scan-assembler-symbol-section symbol ^_?s\$ (found _s) has section ^\\\\.(const|rodata)|\\\\[RW\\\\] (no section detected)
FAIL: gcc.dg/array-quals-1.c scan-assembler-symbol-section symbol ^_?s1\$ (found _s1) has section ^\\\\.(const|rodata)|\\\\[RW\\\\] (no section detected)
FAIL: gcc.dg/array-quals-1.c scan-assembler-symbol-section symbol ^_?t\$ (found _t) has section ^\\\\.(const|rodata)|\\\\[RW\\\\] (no section detected)
FAIL: gcc.dg/array-quals-1.c scan-assembler-symbol-section symbol ^_?t1\$ (found _t1) has section ^\\\\.(const|rodata)|\\\\[RW\\\\] (no section detected)
FAIL: gcc.dg/attr-weakref-1.c execution test
FAIL: gcc.dg/darwin-sections.c scan-assembler-symbol-section symbol ^_a\$ (symbol not found) has section \\\\.data
FAIL: gcc.dg/darwin-sections.c scan-assembler-symbol-section symbol ^_b\$ (symbol not found) has section \\\\.data
WARNING: gcc.dg/multiple-overflow-warn-3.c  (test for bogus messages, line 8) program timed out.
FAIL: gcc.dg/stack-layout-dynamic-1.c (test for excess errors)
UNRESOLVED: gcc.dg/stack-layout-dynamic-1.c scan-assembler-not cfi_def_cfa_register
FAIL: gcc.dg/strcmpopt_8.c scan-tree-dump-not forwprop1 "strncmp"
FAIL: gcc.dg/strlenopt-82.c scan-tree-dump-times optimized "call_in_true_branch_not_eliminated_" 0
FAIL: gcc.dg/graphite/scop-19.c scan-tree-dump-times graphite "number of SCoPs: 0" 1
FAIL: gcc.dg/ipa/ipa-icf-38.c scan-ltrans-tree-dump-not optimized "Function bar"
FAIL: gcc-dg-lto-modref-3-01.exe scan-wpa-ipa-dump modref "parm 1 flags: nodirectescape"
FAIL: gcc-dg-lto-modref-4-01.exe scan-wpa-ipa-dump modref "parm 1 flags: nodirectescape"
FAIL: gcc.dg/lto/modref-3 c_lto_modref-3_0.o-c_lto_modref-3_1.o execute -O2 -flto-partition=max -fdump-ipa-modref -fno-ipa-sra -fno-ipa-cp -flto
FAIL: gcc.dg/lto/modref-4 c_lto_modref-4_0.o-c_lto_modref-4_1.o execute -O2 -flto-partition=max -fdump-ipa-modref -fno-ipa-sra -flto
FAIL: gcc.dg/lto/pr94157 c_lto_pr94157_0.o assemble,  -O0 -fipa-vrp -flto -Wa,--noexecstack -Wa,--noexecstack -Wa,--execstack  -Wa,--execstack -Wa,--execstack -Wa,--execstack -Wa,--execstack -Wa,--execstack -Wa,--execstack -Wa,--execstack -Wa,--execstack -Wa,--execstack -Wa,--execstack -Wa,--execstack -Wa,--execstack -Wa,--execstack 
UNRESOLVED: gcc.dg/lto/pr94157 c_lto_pr94157_0.o-c_lto_pr94157_0.o execute  -O0 -fipa-vrp -flto -Wa,--noexecstack -Wa,--noexecstack -Wa,--execstack  -Wa,--execstack -Wa,--execstack -Wa,--execstack -Wa,--execstack -Wa,--execstack -Wa,--execstack -Wa,--execstack -Wa,--execstack -Wa,--execstack -Wa,--execstack -Wa,--execstack -Wa,--execstack -Wa,--execstack 
UNRESOLVED: gcc.dg/lto/pr94157 c_lto_pr94157_0.o-c_lto_pr94157_0.o link  -O0 -fipa-vrp -flto -Wa,--noexecstack -Wa,--noexecstack -Wa,--execstack  -Wa,--execstack -Wa,--execstack -Wa,--execstack -Wa,--execstack -Wa,--execstack -Wa,--execstack -Wa,--execstack -Wa,--execstack -Wa,--execstack -Wa,--execstack -Wa,--execstack -Wa,--execstack -Wa,--execstack 
WARNING: gcc.dg/noncompile/init-2.c   -O1   (test for errors, line 1) program timed out.
WARNING: gcc.dg/pch/static-2.c   -O2  -I. -Dwithout_PCH (test for excess errors) program timed out.
FAIL: gcc.dg/pch/static-2.c   -O2  -I. -Dwithout_PCH (test for excess errors)
FAIL: gcc.dg/rtl/x86_64/final.c (internal compiler error)
FAIL: gcc.dg/rtl/x86_64/final.c (test for excess errors)
UNRESOLVED: gcc.dg/rtl/x86_64/final.c scan-assembler .cfi_endproc
UNRESOLVED: gcc.dg/rtl/x86_64/final.c scan-assembler .cfi_startproc
UNRESOLVED: gcc.dg/rtl/x86_64/final.c scan-assembler ret
UNRESOLVED: gcc.dg/rtl/x86_64/final.c scan-assembler test_1:
WARNING: gcc.dg/torture/float64-basic.c   -O1  (test for excess errors) program timed out.
FAIL: gcc.dg/torture/float64-basic.c   -O1  (test for excess errors)
XPASS: gcc.dg/torture/fp-int-convert-timode-3.c   -O0  execution test
XPASS: gcc.dg/torture/fp-int-convert-timode-3.c   -O1  execution test
XPASS: gcc.dg/torture/fp-int-convert-timode-3.c   -O2  execution test
XPASS: gcc.dg/torture/fp-int-convert-timode-3.c   -O2 -flto  execution test
XPASS: gcc.dg/torture/fp-int-convert-timode-3.c   -O2 -flto -flto-partition=none  execution test
XPASS: gcc.dg/torture/fp-int-convert-timode-3.c   -O3 -g  execution test
XPASS: gcc.dg/torture/fp-int-convert-timode-3.c   -Os  execution test
XPASS: gcc.dg/torture/fp-int-convert-timode-4.c   -O0  execution test
XPASS: gcc.dg/torture/fp-int-convert-timode-4.c   -O1  execution test
XPASS: gcc.dg/torture/fp-int-convert-timode-4.c   -O2  execution test
XPASS: gcc.dg/torture/fp-int-convert-timode-4.c   -O2 -flto  execution test
XPASS: gcc.dg/torture/fp-int-convert-timode-4.c   -O2 -flto -flto-partition=none  execution test
XPASS: gcc.dg/torture/fp-int-convert-timode-4.c   -O3 -g  execution test
XPASS: gcc.dg/torture/fp-int-convert-timode-4.c   -Os  execution test
XPASS: gcc.dg/tree-ssa/builtin-snprintf-6.c scan-tree-dump-times optimized "Function test_assign_aggregate" 1
XPASS: gcc.dg/tree-ssa/pr91091-2.c scan-tree-dump-times fre1 " = [^;]*x;" 1
XPASS: gcc.dg/tree-ssa/pr91091-2.c scan-tree-dump-times fre1 "x = " 1
XPASS: gcc.dg/tree-ssa/ssa-fre-77.c scan-tree-dump fre1 "return 1;"
FAIL: compiler driver --help=target option(s): "^ +-.*[^:.]\$" absent from output: "  -mneeded                    Emit GNU_PROPERTY_X86_ISA_1_NEEDED GNU property"
FAIL: gcc.target/i386/avx2-shiftqihi-constant-2.c (test for excess errors)
UNRESOLVED: gcc.target/i386/avx2-shiftqihi-constant-2.c compilation failed to produce executable
FAIL: gcc.target/i386/avx512bw-pr88465.c scan-assembler-times kxnor[dq][ \\t] 2
FAIL: gcc.target/i386/avx512bw-shiftqihi-constant-2.c (test for excess errors)
UNRESOLVED: gcc.target/i386/avx512bw-shiftqihi-constant-2.c compilation failed to produce executable
FAIL: gcc.target/i386/avx512dq-pr88465.c scan-assembler-times kxnorb[ \\t] 1
FAIL: gcc.target/i386/avx512f-pr88465.c scan-assembler-times kxnorw[ \\t] 1
FAIL: gcc.target/i386/pr34256.c scan-assembler-times mov 5
FAIL: gcc.target/i386/pr71321.c scan-assembler-not lea.*0
FAIL: gcc.target/i386/pr78035.c scan-assembler-times cmp 2
FAIL: gcc.target/i386/pr85667-10.c scan-assembler-times movq[ \\t]*%r8, .* 1
FAIL: gcc.target/i386/pr85667-10.c scan-assembler-times movq[ \\t]*%r9, .* 1
FAIL: gcc.target/i386/pr85667-10.c scan-assembler-times movq[ \\t]*%rcx, .* 1
FAIL: gcc.target/i386/pr85667-10.c scan-assembler-times movq[ \\t]*%rdx, .* 1
FAIL: gcc.target/i386/pr85667-10.c scan-assembler-times movq[^\\n\\r]*, %rax 1
FAIL: gcc.target/i386/pr92651.c scan-assembler-times sub 2
FAIL: gcc.target/i386/pr94650.c scan-assembler-not movabs
FAIL: gcc.target/i386/pr94650.c scan-assembler-times shr 3
FAIL: gcc.target/i386/pr95443-1.c (test for excess errors)
UNRESOLVED: gcc.target/i386/pr95443-1.c compilation failed to produce executable
FAIL: gcc.target/i386/stackalign/pr88483-1.c -mno-stackrealign  scan-assembler-not and[lq]?[^\\\\n]*-[0-9]+,[^\\\\n]*sp
FAIL: gcc.target/i386/stackalign/pr88483-1.c -mstackrealign  scan-assembler-not and[lq]?[^\\\\n]*-[0-9]+,[^\\\\n]*sp
FAIL: gcc.target/i386/stackalign/pr88483-2.c -mno-stackrealign  scan-assembler-not (sub|add)(l|q)[\\\\t ]*\\\\\$[0-9]*,[\\\\t ]*%[re]?sp
FAIL: gcc.target/i386/stackalign/pr88483-2.c -mno-stackrealign  scan-assembler-not and[lq]?[^\\\\n]*-[0-9]+,[^\\\\n]*sp
FAIL: gcc.target/i386/stackalign/pr88483-2.c -mstackrealign  scan-assembler-not (sub|add)(l|q)[\\\\t ]*\\\\\$[0-9]*,[\\\\t ]*%[re]?sp
FAIL: gcc.target/i386/stackalign/pr88483-2.c -mstackrealign  scan-assembler-not and[lq]?[^\\\\n]*-[0-9]+,[^\\\\n]*sp

		=== gcc Summary for unix/-m64 ===

# of expected passes		143629
# of unexpected failures	86
# of unexpected successes	19
# of expected failures		828
# of unresolved testcases	10
# of unsupported tests		4858

		=== gcc Summary ===

# of expected passes		285100
# of unexpected failures	174
# of unexpected successes	31
# of expected failures		1656
# of unresolved testcases	16
# of unsupported tests		10041
/scratch/10-5-leo/gcc-master/gcc/xgcc  version 11.0.0 20201202 (experimental) [master revision r11-5644-g018248ef6d03] (GCC) 

		=== gdc tests ===


Running target unix/-m32
WARNING: gdc.dg/gdc127.d   (test for excess errors) program timed out.
WARNING: gdc.dg/gdc251.d   (test for excess errors) program timed out.

		=== gdc Summary for unix/-m32 ===

# of expected passes		3639
# of unsupported tests		1075

Running target unix/-m64

		=== gdc Summary for unix/-m64 ===

# of expected passes		3639
# of unsupported tests		1075

		=== gdc Summary ===

# of expected passes		7278
# of unsupported tests		2150
/scratch/10-5-leo/gcc-master/gcc/testsuite/gdc/../../gdc  version 11.0.0 20201202 (experimental) [master revision r11-5644-g018248ef6d03] (GCC) 

		=== gfortran tests ===


Running target unix/-m32
WARNING: gfortran.dg/deallocate_error_4.f90   -O   (test for errors, line 7) program timed out.

		=== gfortran Summary for unix/-m32 ===

# of expected passes		55476
# of expected failures		240
# of unsupported tests		214

Running target unix/-m64

		=== gfortran Summary for unix/-m64 ===

# of expected passes		55725
# of expected failures		238
# of unsupported tests		99

		=== gfortran Summary ===

# of expected passes		111201
# of expected failures		478
# of unsupported tests		313
/scratch/10-5-leo/gcc-master/gcc/gfortran  version 11.0.0 20201202 (experimental) [master revision r11-5644-g018248ef6d03] (GCC) 

		=== gnat tests ===


Running target unix/-m32
FAIL: gnat.dg/bias1.adb scan-assembler DW_AT_GNU_bias
FAIL: gnat.dg/opt86a.adb scan-tree-dump-times optimized ">>" 4
FAIL: gnat.dg/opt86b.adb scan-tree-dump-not optimized "> 29"
FAIL: gnat.dg/opt86c.adb scan-tree-dump-not optimized "> 26"

		=== gnat Summary for unix/-m32 ===

# of expected passes		3326
# of unexpected failures	4
# of expected failures		23
# of unsupported tests		13

Running target unix/-m64
FAIL: gnat.dg/bias1.adb scan-assembler DW_AT_GNU_bias
FAIL: gnat.dg/opt86a.adb scan-tree-dump-times optimized ">>" 4
FAIL: gnat.dg/opt86b.adb scan-tree-dump-not optimized "> 29"
FAIL: gnat.dg/opt86c.adb scan-tree-dump-not optimized "> 26"
WARNING: gnat.dg/sso/s11.adb   -O3 -finline-functions  (test for excess errors) program timed out.

		=== gnat Summary for unix/-m64 ===

# of expected passes		3324
# of unexpected failures	4
# of expected failures		23
# of unsupported tests		13

		=== gnat Summary ===

# of expected passes		6650
# of unexpected failures	8
# of expected failures		46
# of unsupported tests		26
/scratch/10-5-leo/gcc-master/gcc/gnatmake version 11.0.0 20201202 (experimental) [master revision r11-5644-g018248ef6d03]

		=== obj-c++ tests ===


Running target unix/-m32

		=== obj-c++ Summary for unix/-m32 ===

# of expected passes		3179
# of expected failures		2
# of unsupported tests		63

Running target unix/-m64

		=== obj-c++ Summary for unix/-m64 ===

# of expected passes		3149
# of expected failures		19
# of unsupported tests		66

		=== obj-c++ Summary ===

# of expected passes		6328
# of expected failures		21
# of unsupported tests		129
/scratch/10-5-leo/gcc-master/gcc/xg++  version 11.0.0 20201202 (experimental) [master revision r11-5644-g018248ef6d03] (GCC) 

		=== objc tests ===


Running target unix/-m32
WARNING: Could not compile objc.dg/gnu-encoding/struct-layout-encoding-1 generator
WARNING: Could not compile objc.dg/gnu-encoding/struct-layout-encoding-1 generator
WARNING: Could not compile objc.dg/gnu-encoding/struct-layout-encoding-1 generator

		=== objc Summary for unix/-m32 ===

# of expected passes		5662
# of unsupported tests		79

Running target unix/-m64
WARNING: Could not compile objc.dg/gnu-encoding/struct-layout-encoding-1 generator
WARNING: Could not compile objc.dg/gnu-encoding/struct-layout-encoding-1 generator
WARNING: Could not compile objc.dg/gnu-encoding/struct-layout-encoding-1 generator

		=== objc Summary for unix/-m64 ===

# of expected passes		5634
# of expected failures		6
# of unsupported tests		84

		=== objc Summary ===

# of expected passes		11296
# of expected failures		6
# of unsupported tests		163
/scratch/10-5-leo/gcc-master/gcc/xgcc  version 11.0.0 20201202 (experimental) [master revision r11-5644-g018248ef6d03] (GCC) 

		=== libatomic tests ===


Running target unix/-m32

		=== libatomic Summary for unix/-m32 ===

# of expected passes		44
# of unsupported tests		5

Running target unix/-m64

		=== libatomic Summary for unix/-m64 ===

# of expected passes		54

		=== libatomic Summary ===

# of expected passes		98
# of unsupported tests		5
		=== libgomp tests ===


Running target unix/-m32
FAIL: libgomp.c/../libgomp.c-c++-common/pr96390.c (test for excess errors)
UNRESOLVED: libgomp.c/../libgomp.c-c++-common/pr96390.c compilation failed to produce executable
FAIL: libgomp.c/../libgomp.c-c++-common/pr96390.c scan-tree-dump-times omplower "__attribute__..omp declare target" 1
WARNING: program timed out
FAIL: libgomp.c/pr80853.c (test for excess errors)
FAIL: libgomp.c++/../libgomp.c-c++-common/pr96390.c (test for excess errors)
UNRESOLVED: libgomp.c++/../libgomp.c-c++-common/pr96390.c compilation failed to produce executable
FAIL: libgomp.c++/../libgomp.c-c++-common/pr96390.c scan-tree-dump-times omplower "__attribute__..omp declare target" 1
WARNING: program timed out.
FAIL: libgomp.c++/task-reduction-8.C execution test

		=== libgomp Summary for unix/-m32 ===

# of expected passes		8020
# of unexpected failures	6
# of expected failures		6
# of unresolved testcases	2
# of unsupported tests		610

Running target unix/-m64
FAIL: libgomp.c/../libgomp.c-c++-common/pr96390.c (test for excess errors)
UNRESOLVED: libgomp.c/../libgomp.c-c++-common/pr96390.c compilation failed to produce executable
FAIL: libgomp.c/../libgomp.c-c++-common/pr96390.c scan-tree-dump-times omplower "__attribute__..omp declare target" 1
FAIL: libgomp.c/pr95620.c (test for excess errors)
FAIL: libgomp.c++/../libgomp.c-c++-common/pr96390.c (test for excess errors)
UNRESOLVED: libgomp.c++/../libgomp.c-c++-common/pr96390.c compilation failed to produce executable
FAIL: libgomp.c++/../libgomp.c-c++-common/pr96390.c scan-tree-dump-times omplower "__attribute__..omp declare target" 1
WARNING: program timed out.
FAIL: libgomp.c++/task-reduction-10.C execution test
WARNING: program timed out.
FAIL: libgomp.c++/task-reduction-8.C execution test

		=== libgomp Summary for unix/-m64 ===

# of expected passes		8020
# of unexpected failures	7
# of expected failures		6
# of unresolved testcases	2
# of unsupported tests		609

		=== libgomp Summary ===

# of expected passes		16040
# of unexpected failures	13
# of expected failures		12
# of unresolved testcases	4
# of unsupported tests		1219
		=== libitm tests ===


Running target unix/-m32

		=== libitm Summary for unix/-m32 ===

# of expected passes		40
# of expected failures		3
# of unsupported tests		2

Running target unix/-m64

		=== libitm Summary for unix/-m64 ===

# of expected passes		40
# of expected failures		3
# of unsupported tests		2

		=== libitm Summary ===

# of expected passes		80
# of expected failures		6
# of unsupported tests		4
		=== libstdc++ tests ===


Running target unix/-m32
FAIL: 27_io/basic_filebuf/open/char/2.cc execution test
WARNING: 30_threads/condition_variable/54185.cc execution test program timed out.
FAIL: 30_threads/condition_variable/54185.cc execution test
WARNING: 30_threads/future/members/93456.cc execution test program timed out.
FAIL: 30_threads/future/members/93456.cc execution test
FAIL: 30_threads/recursive_timed_mutex/native_handle/1.cc (test for excess errors)
UNRESOLVED: 30_threads/recursive_timed_mutex/native_handle/1.cc compilation failed to produce executable
FAIL: 30_threads/recursive_timed_mutex/native_handle/typesizes.cc (test for excess errors)
UNRESOLVED: 30_threads/recursive_timed_mutex/native_handle/typesizes.cc compilation failed to produce executable
FAIL: 30_threads/recursive_timed_mutex/requirements/typedefs.cc (test for excess errors)
WARNING: 30_threads/semaphore/try_acquire_until.cc execution test program timed out.
FAIL: 30_threads/semaphore/try_acquire_until.cc execution test
FAIL: 30_threads/timed_mutex/native_handle/1.cc (test for excess errors)
UNRESOLVED: 30_threads/timed_mutex/native_handle/1.cc compilation failed to produce executable
FAIL: 30_threads/timed_mutex/native_handle/typesizes.cc (test for excess errors)
UNRESOLVED: 30_threads/timed_mutex/native_handle/typesizes.cc compilation failed to produce executable
FAIL: 30_threads/timed_mutex/requirements/typedefs.cc (test for excess errors)
FAIL: experimental/net/internet/resolver/ops/reverse.cc execution test
FAIL: ext/mt_allocator/deallocate_global_thread-1.cc execution test
FAIL: ext/mt_allocator/deallocate_global_thread-3.cc execution test
FAIL: ext/stdio_filebuf/char/10063-2.cc execution test
FAIL: ext/stdio_filebuf/char/81751.cc execution test

		=== libstdc++ Summary for unix/-m32 ===

# of expected passes		13673
# of unexpected failures	15
# of expected failures		104
# of unresolved testcases	4
# of unsupported tests		753

Running target unix/-m64
FAIL: 27_io/basic_filebuf/open/char/2.cc execution test
WARNING: 30_threads/condition_variable/54185.cc execution test program timed out.
FAIL: 30_threads/condition_variable/54185.cc execution test
WARNING: 30_threads/future/members/93456.cc execution test program timed out.
FAIL: 30_threads/future/members/93456.cc execution test
FAIL: 30_threads/recursive_timed_mutex/native_handle/1.cc (test for excess errors)
UNRESOLVED: 30_threads/recursive_timed_mutex/native_handle/1.cc compilation failed to produce executable
FAIL: 30_threads/recursive_timed_mutex/native_handle/typesizes.cc (test for excess errors)
UNRESOLVED: 30_threads/recursive_timed_mutex/native_handle/typesizes.cc compilation failed to produce executable
FAIL: 30_threads/recursive_timed_mutex/requirements/typedefs.cc (test for excess errors)
FAIL: 30_threads/timed_mutex/native_handle/1.cc (test for excess errors)
UNRESOLVED: 30_threads/timed_mutex/native_handle/1.cc compilation failed to produce executable
FAIL: 30_threads/timed_mutex/native_handle/typesizes.cc (test for excess errors)
UNRESOLVED: 30_threads/timed_mutex/native_handle/typesizes.cc compilation failed to produce executable
FAIL: 30_threads/timed_mutex/requirements/typedefs.cc (test for excess errors)
FAIL: experimental/net/internet/resolver/ops/reverse.cc execution test
FAIL: ext/mt_allocator/deallocate_global_thread-1.cc execution test
FAIL: ext/mt_allocator/deallocate_global_thread-3.cc execution test
FAIL: ext/stdio_filebuf/char/10063-2.cc execution test
FAIL: ext/stdio_filebuf/char/81751.cc execution test

		=== libstdc++ Summary for unix/-m64 ===

# of expected passes		13668
# of unexpected failures	14
# of expected failures		104
# of unresolved testcases	4
# of unsupported tests		756

		=== libstdc++ Summary ===

# of expected passes		27341
# of unexpected failures	29
# of expected failures		208
# of unresolved testcases	8
# of unsupported tests		1509

Compiler version: 11.0.0 20201202 (experimental) [master revision r11-5644-g018248ef6d03] (GCC) 
Platform: i686-apple-darwin9
configure flags: --prefix=/opt/iains/i686-apple-darwin9/gcc-11-0-0 --target=i686-apple-darwin9 --host=i686-apple-darwin9 --build=i686-apple-darwin9 --with-ld=/Developer/usr/bin/ld --with-as=/Developer/usr/bin/as --with-sysroot=/Developer/SDKs/MacOSX10.5.sdk --enable-languages=all CC='i686-apple-darwin-gcc --sysroot=/Developer/SDKs/MacOSX10.5.sdk' CXX='i686-apple-darwin-g++ --sysroot=/Developer/SDKs/MacOSX10.5.sdk'



More information about the Gcc-testresults mailing list