Results for 11.0.0 20201204 (experimental) [master revision 53a0eb0b7ddd3388db58fead5e8e828c0abde840] (GCC) testsuite on sparcv9-sun-solaris2.11
Rainer Orth
ro@CeBiTec.Uni-Bielefeld.DE
Sun Dec 6 04:02:56 GMT 2020
LAST_UPDATED: Fri Dec 4 10:14:37 UTC 2020 (revision 53a0eb0b7ddd3388db58fead5e8e828c0abde840)
=== acats tests ===
=== acats Summary ===
# of expected passes 2328
# of unexpected failures 0
Native configuration is sparcv9-sun-solaris2.11
=== g++ tests ===
Running target unix
FAIL: g++.dg/template/pr98116.C -std=c++17 (internal compiler error)
FAIL: g++.dg/template/pr98116.C -std=c++17 (test for excess errors)
FAIL: g++.dg/template/pr98116.C -std=c++2a (internal compiler error)
FAIL: g++.dg/template/pr98116.C -std=c++2a (test for excess errors)
FAIL: g++.dg/gcov/pr16855-priority.C -std=gnu++14 gcov: 1 failures in line counts, 0 in branch percentages, 0 in return percentages, 0 in intermediate format
FAIL: g++.dg/gcov/pr16855-priority.C -std=gnu++14 line 22: is #####:should be 1
FAIL: g++.dg/gcov/pr16855-priority.C -std=gnu++17 gcov: 1 failures in line counts, 0 in branch percentages, 0 in return percentages, 0 in intermediate format
FAIL: g++.dg/gcov/pr16855-priority.C -std=gnu++17 line 22: is #####:should be 1
FAIL: g++.dg/gcov/pr16855-priority.C -std=gnu++2a gcov: 1 failures in line counts, 0 in branch percentages, 0 in return percentages, 0 in intermediate format
FAIL: g++.dg/gcov/pr16855-priority.C -std=gnu++2a line 22: is #####:should be 1
FAIL: g++.dg/gcov/pr16855-priority.C -std=gnu++98 gcov: 1 failures in line counts, 0 in branch percentages, 0 in return percentages, 0 in intermediate format
FAIL: g++.dg/gcov/pr16855-priority.C -std=gnu++98 line 22: is #####:should be 1
FAIL: g++.dg/gcov/pr16855.C -std=gnu++14 gcov: 1 failures in line counts, 0 in branch percentages, 0 in return percentages, 0 in intermediate format
FAIL: g++.dg/gcov/pr16855.C -std=gnu++14 line 24: is #####:should be 1
FAIL: g++.dg/gcov/pr16855.C -std=gnu++17 gcov: 1 failures in line counts, 0 in branch percentages, 0 in return percentages, 0 in intermediate format
FAIL: g++.dg/gcov/pr16855.C -std=gnu++17 line 24: is #####:should be 1
FAIL: g++.dg/gcov/pr16855.C -std=gnu++2a gcov: 1 failures in line counts, 0 in branch percentages, 0 in return percentages, 0 in intermediate format
FAIL: g++.dg/gcov/pr16855.C -std=gnu++2a line 24: is #####:should be 1
FAIL: g++.dg/gcov/pr16855.C -std=gnu++98 gcov: 1 failures in line counts, 0 in branch percentages, 0 in return percentages, 0 in intermediate format
FAIL: g++.dg/gcov/pr16855.C -std=gnu++98 line 24: is #####:should be 1
FAIL: g++.dg/lto/pr89335 cp_lto_pr89335_0.o assemble, -O2 -flto -Wsuggest-final-methods
FAIL: g++.dg/torture/pr79671.C -O1 execution test
=== g++ Summary for unix ===
# of expected passes 191150
# of unexpected failures 22
# of expected failures 965
# of unsupported tests 9075
Running target unix/-m32
FAIL: g++.dg/asan/default-options-1.C -O0 execution test
FAIL: g++.dg/asan/default-options-1.C -O1 execution test
FAIL: g++.dg/asan/default-options-1.C -O2 execution test
FAIL: g++.dg/asan/default-options-1.C -O2 -flto execution test
FAIL: g++.dg/asan/default-options-1.C -O2 -flto -flto-partition=none execution test
FAIL: g++.dg/asan/default-options-1.C -O3 -g execution test
FAIL: g++.dg/asan/default-options-1.C -Os execution test
FAIL: g++.dg/cpp1y/lambda-generic-variadic20.C -std=c++14 (internal compiler error)
FAIL: g++.dg/cpp1y/lambda-generic-variadic20.C -std=c++14 (test for excess errors)
FAIL: g++.dg/cpp1y/lambda-generic-variadic20.C -std=c++17 (internal compiler error)
FAIL: g++.dg/cpp1y/lambda-generic-variadic20.C -std=c++17 (test for excess errors)
FAIL: g++.dg/cpp1y/lambda-generic-variadic20.C -std=c++2a (internal compiler error)
FAIL: g++.dg/cpp1y/lambda-generic-variadic20.C -std=c++2a (test for excess errors)
FAIL: g++.dg/gcov/pr16855-priority.C -std=gnu++14 gcov: 1 failures in line counts, 0 in branch percentages, 0 in return percentages, 0 in intermediate format
FAIL: g++.dg/gcov/pr16855-priority.C -std=gnu++14 line 22: is #####:should be 1
FAIL: g++.dg/gcov/pr16855-priority.C -std=gnu++17 gcov: 1 failures in line counts, 0 in branch percentages, 0 in return percentages, 0 in intermediate format
FAIL: g++.dg/gcov/pr16855-priority.C -std=gnu++17 line 22: is #####:should be 1
FAIL: g++.dg/gcov/pr16855-priority.C -std=gnu++2a gcov: 1 failures in line counts, 0 in branch percentages, 0 in return percentages, 0 in intermediate format
FAIL: g++.dg/gcov/pr16855-priority.C -std=gnu++2a line 22: is #####:should be 1
FAIL: g++.dg/gcov/pr16855-priority.C -std=gnu++98 gcov: 1 failures in line counts, 0 in branch percentages, 0 in return percentages, 0 in intermediate format
FAIL: g++.dg/gcov/pr16855-priority.C -std=gnu++98 line 22: is #####:should be 1
FAIL: g++.dg/gcov/pr16855.C -std=gnu++14 gcov: 1 failures in line counts, 0 in branch percentages, 0 in return percentages, 0 in intermediate format
FAIL: g++.dg/gcov/pr16855.C -std=gnu++14 line 24: is #####:should be 1
FAIL: g++.dg/gcov/pr16855.C -std=gnu++17 gcov: 1 failures in line counts, 0 in branch percentages, 0 in return percentages, 0 in intermediate format
FAIL: g++.dg/gcov/pr16855.C -std=gnu++17 line 24: is #####:should be 1
FAIL: g++.dg/gcov/pr16855.C -std=gnu++2a gcov: 1 failures in line counts, 0 in branch percentages, 0 in return percentages, 0 in intermediate format
FAIL: g++.dg/gcov/pr16855.C -std=gnu++2a line 24: is #####:should be 1
FAIL: g++.dg/gcov/pr16855.C -std=gnu++98 gcov: 1 failures in line counts, 0 in branch percentages, 0 in return percentages, 0 in intermediate format
FAIL: g++.dg/gcov/pr16855.C -std=gnu++98 line 24: is #####:should be 1
FAIL: g++.dg/lto/pr89335 cp_lto_pr89335_0.o assemble, -O2 -flto -Wsuggest-final-methods
FAIL: g++.dg/torture/pr79671.C -O1 execution test
=== g++ Summary for unix/-m32 ===
# of expected passes 190379
# of unexpected failures 31
# of expected failures 961
# of unsupported tests 9387
=== g++ Summary ===
# of expected passes 381529
# of unexpected failures 53
# of expected failures 1926
# of unsupported tests 18462
/var/gcc/regression/master/11-gcc-gas-64/build/gcc/xg++ version 11.0.0 20201204 (experimental) [master revision 53a0eb0b7ddd3388db58fead5e8e828c0abde840] (GCC)
=== gcc tests ===
Running target unix
XPASS: gcc.dg/analyzer/pr94851-1.c bogus leak (test for bogus messages, line 43)
XPASS: gcc.dg/analyzer/unknown-fns-4.c (test for warnings, line 13)
FAIL: gcc.dg/atomic/pr65345-4.c -O2 -flto (internal compiler error)
FAIL: gcc.dg/atomic/pr65345-4.c -O2 -flto (test for excess errors)
FAIL: gcc.dg/atomic/pr65345-4.c -O2 -flto -flto-partition=none (internal compiler error)
FAIL: gcc.dg/atomic/pr65345-4.c -O2 -flto -flto-partition=none (test for excess errors)
FAIL: gcc.dg/gomp/simd-2.c scan-tree-dump-times vect "vectorized [1-9][0-9]* loops in function" 5
FAIL: gcc.dg/gomp/simd-3.c scan-tree-dump-times vect "vectorized [1-9][0-9]* loops in function" 5
FAIL: gcc.dg/ipa/ipa-icf-38.c scan-ltrans-tree-dump-not optimized "Function bar"
FAIL: gcc-dg-lto-modref-3-01.exe scan-wpa-ipa-dump modref "parm 1 flags: nodirectescape"
FAIL: gcc-dg-lto-modref-4-01.exe scan-wpa-ipa-dump modref "parm 1 flags: nodirectescape"
FAIL: gcc.dg/lto/modref-3 c_lto_modref-3_0.o-c_lto_modref-3_1.o execute -O2 -flto-partition=max -fdump-ipa-modref -fno-ipa-sra -fno-ipa-cp -flto
FAIL: gcc.dg/lto/modref-4 c_lto_modref-4_0.o-c_lto_modref-4_1.o execute -O2 -flto-partition=max -fdump-ipa-modref -fno-ipa-sra -flto
FAIL: gcc.dg/lto/save-temps c_lto_save-temps_0.o-c_lto_save-temps_0.o link, -O -flto -save-temps
FAIL: gcc.dg/vect/bb-slp-21.c -flto -ffat-lto-objects scan-tree-dump-times slp2 "optimized: basic block" 1
FAIL: gcc.dg/vect/bb-slp-21.c scan-tree-dump-times slp2 "optimized: basic block" 1
FAIL: gcc.dg/vect/bb-slp-22.c -flto -ffat-lto-objects scan-tree-dump-times slp2 "optimized: basic block" 1
FAIL: gcc.dg/vect/bb-slp-22.c scan-tree-dump-times slp2 "optimized: basic block" 1
XPASS: gcc.dg/vect/bb-slp-32.c -flto -ffat-lto-objects scan-tree-dump slp2 "vectorization is not profitable"
XPASS: gcc.dg/vect/bb-slp-32.c scan-tree-dump slp2 "vectorization is not profitable"
FAIL: gcc.dg/vect/bb-slp-46.c -flto -ffat-lto-objects scan-tree-dump-times optimized " \\\\+ " 3
FAIL: gcc.dg/vect/bb-slp-46.c scan-tree-dump-times optimized " \\\\+ " 3
FAIL: gcc.dg/vect/bb-slp-69.c -flto -ffat-lto-objects scan-tree-dump slp2 "transform load"
FAIL: gcc.dg/vect/bb-slp-69.c scan-tree-dump slp2 "transform load"
FAIL: gcc.dg/vect/bb-slp-7.c -flto -ffat-lto-objects scan-tree-dump-times slp2 "optimized: basic block" 1
FAIL: gcc.dg/vect/bb-slp-7.c scan-tree-dump-times slp2 "optimized: basic block" 1
XPASS: gcc.dg/vect/bb-slp-9.c -flto -ffat-lto-objects scan-tree-dump-times slp2 "optimized: basic block" 1
XPASS: gcc.dg/vect/bb-slp-9.c scan-tree-dump-times slp2 "optimized: basic block" 1
FAIL: gcc.dg/vect/bb-slp-subgroups-3.c -flto -ffat-lto-objects scan-tree-dump-times slp2 "optimized: basic block" 2
FAIL: gcc.dg/vect/bb-slp-subgroups-3.c scan-tree-dump-times slp2 "optimized: basic block" 2
FAIL: gcc.dg/vect/pr97428.c -flto -ffat-lto-objects scan-tree-dump vect "Detected interleaving load of size 8"
FAIL: gcc.dg/vect/pr97428.c -flto -ffat-lto-objects scan-tree-dump vect "Detected interleaving store of size 16"
FAIL: gcc.dg/vect/pr97428.c -flto -ffat-lto-objects scan-tree-dump-times vect "vectorizing stmts using SLP" 2
FAIL: gcc.dg/vect/pr97428.c scan-tree-dump vect "Detected interleaving load of size 8"
FAIL: gcc.dg/vect/pr97428.c scan-tree-dump vect "Detected interleaving store of size 16"
FAIL: gcc.dg/vect/pr97428.c scan-tree-dump-times vect "vectorizing stmts using SLP" 2
FAIL: gcc.dg/vect/pr97678.c -flto -ffat-lto-objects scan-tree-dump vect "vectorizing stmts using SLP"
FAIL: gcc.dg/vect/pr97678.c scan-tree-dump vect "vectorizing stmts using SLP"
FAIL: gcc.dg/vect/slp-43.c -flto -ffat-lto-objects scan-tree-dump-times vect "vectorized 1 loops" 2
FAIL: gcc.dg/vect/slp-43.c scan-tree-dump-times vect "vectorized 1 loops" 2
FAIL: gcc.dg/vect/slp-45.c -flto -ffat-lto-objects scan-tree-dump-times vect "vectorized 1 loops" 13
FAIL: gcc.dg/vect/slp-45.c scan-tree-dump-times vect "vectorized 1 loops" 13
FAIL: gcc.dg/vect/slp-47.c -flto -ffat-lto-objects scan-tree-dump-times vect "vectorizing stmts using SLP" 2
FAIL: gcc.dg/vect/slp-47.c scan-tree-dump-times vect "vectorizing stmts using SLP" 2
FAIL: gcc.dg/vect/slp-48.c -flto -ffat-lto-objects scan-tree-dump-times vect "vectorizing stmts using SLP" 2
FAIL: gcc.dg/vect/slp-48.c scan-tree-dump-times vect "vectorizing stmts using SLP" 2
FAIL: gcc.dg/vect/vect-alias-check.c -flto -ffat-lto-objects scan-tree-dump-times vect "vectorized 1 loops" 1
FAIL: gcc.dg/vect/vect-alias-check.c scan-tree-dump-times vect "vectorized 1 loops" 1
FAIL: gcc.dg/vect/vect-complex-5.c -flto -ffat-lto-objects scan-tree-dump-times vect "vectorizing stmts using SLP" 2
FAIL: gcc.dg/vect/vect-complex-5.c scan-tree-dump-times vect "vectorizing stmts using SLP" 2
FAIL: gcc.dg/vect/vect-cost-model-1.c -flto -ffat-lto-objects scan-tree-dump vect "LOOP VECTORIZED"
FAIL: gcc.dg/vect/vect-cost-model-1.c scan-tree-dump vect "LOOP VECTORIZED"
FAIL: gcc.dg/vect/vect-cost-model-3.c -flto -ffat-lto-objects scan-tree-dump vect "LOOP VECTORIZED"
FAIL: gcc.dg/vect/vect-cost-model-3.c scan-tree-dump vect "LOOP VECTORIZED"
FAIL: gcc.dg/vect/vect-cost-model-5.c -flto -ffat-lto-objects scan-tree-dump vect "LOOP VECTORIZED"
FAIL: gcc.dg/vect/vect-cost-model-5.c scan-tree-dump vect "LOOP VECTORIZED"
FAIL: gcc.dg/vect/vect-live-5.c -flto -ffat-lto-objects scan-tree-dump-times vect "vectorized 1 loops" 1
FAIL: gcc.dg/vect/vect-live-5.c scan-tree-dump-times vect "vectorized 1 loops" 1
FAIL: gcc.dg/vect/vect-live-6.c -flto -ffat-lto-objects scan-tree-dump vect "vectorized 1 loops"
FAIL: gcc.dg/vect/vect-live-6.c scan-tree-dump vect "vectorized 1 loops"
FAIL: outputs lto st mult dumpdir empty dumpbase named: dir/outputs-1.ltrans0.ltrans_args
FAIL: outputs lto st mult dumpdir named: dir/outputs-ltrans0.ltrans_args
FAIL: outputs lto st mult empty dumpbase namedb: dir/outputs.ltrans0.ltrans_args
FAIL: outputs lto st mult empty dumpbase unnamed: a.ltrans0.ltrans_args
FAIL: outputs lto st mult namedb: dir/outputs.ltrans0.ltrans_args
FAIL: outputs lto st mult unnamed: a.ltrans0.ltrans_args
FAIL: outputs lto st sing dumpdir empty dumpbase named: dir/outputs-0.ltrans0.ltrans_args
FAIL: outputs lto st sing dumpdir named: dir/outputs-ltrans0.ltrans_args
FAIL: outputs lto st sing empty dumpbase namedb: dir/outputs.ltrans0.ltrans_args
FAIL: outputs lto st sing empty dumpbase unnamed: a.ltrans0.ltrans_args
FAIL: outputs lto st sing namedb: dir/outputs.ltrans0.ltrans_args
FAIL: outputs lto st sing unnamed: a.ltrans0.ltrans_args
=== gcc Summary for unix ===
# of expected passes 129384
# of unexpected failures 66
# of unexpected successes 6
# of expected failures 882
# of unsupported tests 3109
Running target unix/-m32
XPASS: gcc.dg/analyzer/pr94851-1.c bogus leak (test for bogus messages, line 43)
XPASS: gcc.dg/analyzer/unknown-fns-4.c (test for warnings, line 13)
FAIL: gcc.dg/atomic/pr65345-4.c -O2 -flto (internal compiler error)
FAIL: gcc.dg/atomic/pr65345-4.c -O2 -flto (test for excess errors)
FAIL: gcc.dg/atomic/pr65345-4.c -O2 -flto -flto-partition=none (internal compiler error)
FAIL: gcc.dg/atomic/pr65345-4.c -O2 -flto -flto-partition=none (test for excess errors)
XPASS: gcc.dg/Walloca-2.c (test for bogus messages, line 16)
XPASS: gcc.dg/pr78973.c pr79073 (test for warnings, line 12)
FAIL: gcc.dg/pr84877.c execution test
FAIL: gcc.dg/gomp/simd-2.c scan-tree-dump-times vect "vectorized [1-9][0-9]* loops in function" 5
FAIL: gcc.dg/gomp/simd-3.c scan-tree-dump-times vect "vectorized [1-9][0-9]* loops in function" 5
FAIL: gcc.dg/ipa/iinline-attr.c scan-ipa-dump inline "hooray[^\\\\n]*inline copy in test"
FAIL: gcc.dg/ipa/ipa-icf-38.c scan-ltrans-tree-dump-not optimized "Function bar"
FAIL: gcc-dg-lto-modref-3-01.exe scan-wpa-ipa-dump modref "parm 1 flags: nodirectescape"
FAIL: gcc-dg-lto-modref-4-01.exe scan-wpa-ipa-dump modref "parm 1 flags: nodirectescape"
FAIL: gcc.dg/lto/modref-3 c_lto_modref-3_0.o-c_lto_modref-3_1.o execute -O2 -flto-partition=max -fdump-ipa-modref -fno-ipa-sra -fno-ipa-cp -flto
FAIL: gcc.dg/lto/modref-4 c_lto_modref-4_0.o-c_lto_modref-4_1.o execute -O2 -flto-partition=max -fdump-ipa-modref -fno-ipa-sra -flto
FAIL: gcc.dg/simulate-thread/atomic-other-int.c -O2 -g thread simulation test
FAIL: gcc.dg/simulate-thread/atomic-other-int.c -O3 -g thread simulation test
FAIL: gcc.dg/simulate-thread/speculative-store-4.c -O0 -g thread simulation test
FAIL: gcc.dg/simulate-thread/speculative-store-4.c -O2 -g thread simulation test
FAIL: gcc.dg/simulate-thread/speculative-store-4.c -O3 -g thread simulation test
FAIL: gcc.dg/simulate-thread/speculative-store.c -O0 -g thread simulation test
FAIL: gcc.dg/vect/bb-slp-21.c -flto -ffat-lto-objects scan-tree-dump-times slp2 "optimized: basic block" 1
FAIL: gcc.dg/vect/bb-slp-21.c scan-tree-dump-times slp2 "optimized: basic block" 1
FAIL: gcc.dg/vect/bb-slp-22.c -flto -ffat-lto-objects scan-tree-dump-times slp2 "optimized: basic block" 1
FAIL: gcc.dg/vect/bb-slp-22.c scan-tree-dump-times slp2 "optimized: basic block" 1
XPASS: gcc.dg/vect/bb-slp-32.c -flto -ffat-lto-objects scan-tree-dump slp2 "vectorization is not profitable"
XPASS: gcc.dg/vect/bb-slp-32.c scan-tree-dump slp2 "vectorization is not profitable"
FAIL: gcc.dg/vect/bb-slp-46.c -flto -ffat-lto-objects scan-tree-dump-times optimized " \\\\+ " 3
FAIL: gcc.dg/vect/bb-slp-46.c scan-tree-dump-times optimized " \\\\+ " 3
FAIL: gcc.dg/vect/bb-slp-69.c -flto -ffat-lto-objects scan-tree-dump slp2 "transform load"
FAIL: gcc.dg/vect/bb-slp-69.c scan-tree-dump slp2 "transform load"
FAIL: gcc.dg/vect/bb-slp-7.c -flto -ffat-lto-objects scan-tree-dump-times slp2 "optimized: basic block" 1
FAIL: gcc.dg/vect/bb-slp-7.c scan-tree-dump-times slp2 "optimized: basic block" 1
XPASS: gcc.dg/vect/bb-slp-9.c -flto -ffat-lto-objects scan-tree-dump-times slp2 "optimized: basic block" 1
XPASS: gcc.dg/vect/bb-slp-9.c scan-tree-dump-times slp2 "optimized: basic block" 1
FAIL: gcc.dg/vect/bb-slp-subgroups-3.c -flto -ffat-lto-objects scan-tree-dump-times slp2 "optimized: basic block" 2
FAIL: gcc.dg/vect/bb-slp-subgroups-3.c scan-tree-dump-times slp2 "optimized: basic block" 2
FAIL: gcc.dg/vect/pr97428.c -flto -ffat-lto-objects scan-tree-dump vect "Detected interleaving load of size 8"
FAIL: gcc.dg/vect/pr97428.c -flto -ffat-lto-objects scan-tree-dump vect "Detected interleaving store of size 16"
FAIL: gcc.dg/vect/pr97428.c -flto -ffat-lto-objects scan-tree-dump-times vect "vectorizing stmts using SLP" 2
FAIL: gcc.dg/vect/pr97428.c scan-tree-dump vect "Detected interleaving load of size 8"
FAIL: gcc.dg/vect/pr97428.c scan-tree-dump vect "Detected interleaving store of size 16"
FAIL: gcc.dg/vect/pr97428.c scan-tree-dump-times vect "vectorizing stmts using SLP" 2
FAIL: gcc.dg/vect/pr97678.c -flto -ffat-lto-objects scan-tree-dump vect "vectorizing stmts using SLP"
FAIL: gcc.dg/vect/pr97678.c scan-tree-dump vect "vectorizing stmts using SLP"
FAIL: gcc.dg/vect/slp-43.c -flto -ffat-lto-objects scan-tree-dump-times vect "vectorized 1 loops" 2
FAIL: gcc.dg/vect/slp-43.c scan-tree-dump-times vect "vectorized 1 loops" 2
FAIL: gcc.dg/vect/slp-45.c -flto -ffat-lto-objects scan-tree-dump-times vect "vectorized 1 loops" 13
FAIL: gcc.dg/vect/slp-45.c scan-tree-dump-times vect "vectorized 1 loops" 13
FAIL: gcc.dg/vect/slp-47.c -flto -ffat-lto-objects scan-tree-dump-times vect "vectorizing stmts using SLP" 2
FAIL: gcc.dg/vect/slp-47.c scan-tree-dump-times vect "vectorizing stmts using SLP" 2
FAIL: gcc.dg/vect/slp-48.c -flto -ffat-lto-objects scan-tree-dump-times vect "vectorizing stmts using SLP" 2
FAIL: gcc.dg/vect/slp-48.c scan-tree-dump-times vect "vectorizing stmts using SLP" 2
FAIL: gcc.dg/vect/vect-alias-check.c -flto -ffat-lto-objects scan-tree-dump-times vect "vectorized 1 loops" 1
FAIL: gcc.dg/vect/vect-alias-check.c scan-tree-dump-times vect "vectorized 1 loops" 1
FAIL: gcc.dg/vect/vect-complex-5.c -flto -ffat-lto-objects scan-tree-dump-times vect "vectorizing stmts using SLP" 2
FAIL: gcc.dg/vect/vect-complex-5.c scan-tree-dump-times vect "vectorizing stmts using SLP" 2
FAIL: gcc.dg/vect/vect-cost-model-1.c -flto -ffat-lto-objects scan-tree-dump vect "LOOP VECTORIZED"
FAIL: gcc.dg/vect/vect-cost-model-1.c scan-tree-dump vect "LOOP VECTORIZED"
FAIL: gcc.dg/vect/vect-cost-model-3.c -flto -ffat-lto-objects scan-tree-dump vect "LOOP VECTORIZED"
FAIL: gcc.dg/vect/vect-cost-model-3.c scan-tree-dump vect "LOOP VECTORIZED"
FAIL: gcc.dg/vect/vect-cost-model-5.c -flto -ffat-lto-objects scan-tree-dump vect "LOOP VECTORIZED"
FAIL: gcc.dg/vect/vect-cost-model-5.c scan-tree-dump vect "LOOP VECTORIZED"
FAIL: gcc.dg/vect/vect-live-5.c -flto -ffat-lto-objects scan-tree-dump-times vect "vectorized 1 loops" 1
FAIL: gcc.dg/vect/vect-live-5.c scan-tree-dump-times vect "vectorized 1 loops" 1
FAIL: gcc.dg/vect/vect-live-6.c -flto -ffat-lto-objects scan-tree-dump vect "vectorized 1 loops"
FAIL: gcc.dg/vect/vect-live-6.c scan-tree-dump vect "vectorized 1 loops"
FAIL: outputs lto st mult dumpdir empty dumpbase named: dir/outputs-1.ltrans0.ltrans_args
FAIL: outputs lto st mult dumpdir named: dir/outputs-ltrans0.ltrans_args
FAIL: outputs lto st mult empty dumpbase namedb: dir/outputs.ltrans0.ltrans_args
FAIL: outputs lto st mult empty dumpbase unnamed: a.ltrans0.ltrans_args
FAIL: outputs lto st mult namedb: dir/outputs.ltrans0.ltrans_args
FAIL: outputs lto st mult unnamed: a.ltrans0.ltrans_args
FAIL: outputs lto st sing dumpdir empty dumpbase named: dir/outputs-0.ltrans0.ltrans_args
FAIL: outputs lto st sing dumpdir named: dir/outputs-ltrans0.ltrans_args
FAIL: outputs lto st sing empty dumpbase namedb: dir/outputs.ltrans0.ltrans_args
FAIL: outputs lto st sing empty dumpbase unnamed: a.ltrans0.ltrans_args
FAIL: outputs lto st sing namedb: dir/outputs.ltrans0.ltrans_args
FAIL: outputs lto st sing unnamed: a.ltrans0.ltrans_args
=== gcc Summary for unix/-m32 ===
# of expected passes 129762
# of unexpected failures 73
# of unexpected successes 8
# of expected failures 893
# of unsupported tests 3785
=== gcc Summary ===
# of expected passes 259146
# of unexpected failures 139
# of unexpected successes 14
# of expected failures 1775
# of unsupported tests 6894
/var/gcc/regression/master/11-gcc-gas-64/build/gcc/xgcc version 11.0.0 20201204 (experimental) [master revision 53a0eb0b7ddd3388db58fead5e8e828c0abde840] (GCC)
=== gdc tests ===
Running target unix
FAIL: gdc.dg/torture/pr96153.d -O1 execution test
FAIL: gdc.dg/torture/pr96153.d -O1 -frelease execution test
FAIL: gdc.dg/torture/pr96153.d -O1 -frelease -g execution test
FAIL: gdc.dg/torture/pr96153.d -O1 -g execution test
FAIL: gdc.dg/torture/pr96153.d -O2 execution test
FAIL: gdc.dg/torture/pr96153.d -O2 -frelease execution test
FAIL: gdc.dg/torture/pr96153.d -O2 -frelease -g execution test
FAIL: gdc.dg/torture/pr96153.d -O2 -g execution test
FAIL: gdc.test/runnable/foreach5.d execution test
FAIL: gdc.test/runnable/foreach5.d -shared-libphobos execution test
FAIL: gdc.test/runnable/inline.d execution test
FAIL: gdc.test/runnable/inline.d -shared-libphobos execution test
FAIL: gdc.test/runnable/test42.d execution test
FAIL: gdc.test/runnable/test42.d -shared-libphobos execution test
UNRESOLVED: gdc.test/runnable/traits_getPointerBitmap.d compilation failed to produce executable
UNRESOLVED: gdc.test/runnable/traits_getPointerBitmap.d -shared-libphobos compilation failed to produce executable
=== gdc Summary for unix ===
# of expected passes 9751
# of unexpected failures 14
# of unresolved testcases 2
# of unsupported tests 331
Running target unix/-m32
=== gdc Summary for unix/-m32 ===
# of expected passes 9768
# of unsupported tests 331
=== gdc Summary ===
# of expected passes 19519
# of unexpected failures 14
# of unresolved testcases 2
# of unsupported tests 662
/var/gcc/regression/master/11-gcc-gas-64/build/gcc/gdc version 11.0.0 20201204 (experimental) [master revision 53a0eb0b7ddd3388db58fead5e8e828c0abde840] (GCC)
=== gfortran tests ===
Running target unix
FAIL: gfortran.dg/pr93337.f90 -O (test for errors, line 8)
FAIL: gfortran.dg/pr93337.f90 -O (test for errors, line 9)
FAIL: gfortran.dg/pr93337.f90 -O (internal compiler error)
FAIL: gfortran.dg/pr93337.f90 -O (test for excess errors)
UNRESOLVED: gfortran.dg/pr96711.f90 -O0 scan-tree-dump-times original "_gfortran_stop_numeric" 2
FAIL: gfortran.dg/pr96711.f90 -O0 (internal compiler error)
FAIL: gfortran.dg/pr96711.f90 -O0 (test for excess errors)
UNRESOLVED: gfortran.dg/pr96711.f90 -O0 compilation failed to produce executable
UNRESOLVED: gfortran.dg/pr96711.f90 -O1 scan-tree-dump-times original "_gfortran_stop_numeric" 2
FAIL: gfortran.dg/pr96711.f90 -O1 (internal compiler error)
FAIL: gfortran.dg/pr96711.f90 -O1 (test for excess errors)
UNRESOLVED: gfortran.dg/pr96711.f90 -O1 compilation failed to produce executable
UNRESOLVED: gfortran.dg/pr96711.f90 -O2 scan-tree-dump-times original "_gfortran_stop_numeric" 2
FAIL: gfortran.dg/pr96711.f90 -O2 (internal compiler error)
FAIL: gfortran.dg/pr96711.f90 -O2 (test for excess errors)
UNRESOLVED: gfortran.dg/pr96711.f90 -O2 compilation failed to produce executable
UNRESOLVED: gfortran.dg/pr96711.f90 -O3 -fomit-frame-pointer -funroll-loops -fpeel-loops -ftracer -finline-functions scan-tree-dump-times original "_gfortran_stop_numeric" 2
FAIL: gfortran.dg/pr96711.f90 -O3 -fomit-frame-pointer -funroll-loops -fpeel-loops -ftracer -finline-functions (internal compiler error)
FAIL: gfortran.dg/pr96711.f90 -O3 -fomit-frame-pointer -funroll-loops -fpeel-loops -ftracer -finline-functions (test for excess errors)
UNRESOLVED: gfortran.dg/pr96711.f90 -O3 -fomit-frame-pointer -funroll-loops -fpeel-loops -ftracer -finline-functions compilation failed to produce executable
UNRESOLVED: gfortran.dg/pr96711.f90 -O3 -g scan-tree-dump-times original "_gfortran_stop_numeric" 2
FAIL: gfortran.dg/pr96711.f90 -O3 -g (internal compiler error)
FAIL: gfortran.dg/pr96711.f90 -O3 -g (test for excess errors)
UNRESOLVED: gfortran.dg/pr96711.f90 -O3 -g compilation failed to produce executable
UNRESOLVED: gfortran.dg/pr96711.f90 -Os scan-tree-dump-times original "_gfortran_stop_numeric" 2
FAIL: gfortran.dg/pr96711.f90 -Os (internal compiler error)
FAIL: gfortran.dg/pr96711.f90 -Os (test for excess errors)
UNRESOLVED: gfortran.dg/pr96711.f90 -Os compilation failed to produce executable
=== gfortran Summary for unix ===
# of expected passes 55596
# of unexpected failures 16
# of expected failures 232
# of unresolved testcases 12
# of unsupported tests 156
Running target unix/-m32
FAIL: gfortran.dg/pr93337.f90 -O (test for errors, line 8)
FAIL: gfortran.dg/pr93337.f90 -O (test for errors, line 9)
FAIL: gfortran.dg/pr93337.f90 -O (internal compiler error)
FAIL: gfortran.dg/pr93337.f90 -O (test for excess errors)
=== gfortran Summary for unix/-m32 ===
# of expected passes 55347
# of unexpected failures 4
# of expected failures 234
# of unsupported tests 289
=== gfortran Summary ===
# of expected passes 110943
# of unexpected failures 20
# of expected failures 466
# of unresolved testcases 12
# of unsupported tests 445
/var/gcc/regression/master/11-gcc-gas-64/build/gcc/gfortran version 11.0.0 20201204 (experimental) [master revision 53a0eb0b7ddd3388db58fead5e8e828c0abde840] (GCC)
=== gnat tests ===
Running target unix
FAIL: gnat.dg/opt86a.adb scan-tree-dump-times optimized ">>" 4
FAIL: gnat.dg/opt86b.adb scan-tree-dump-not optimized "> 29"
FAIL: gnat.dg/opt86c.adb scan-tree-dump-not optimized "> 26"
=== gnat Summary for unix ===
# of expected passes 3292
# of unexpected failures 3
# of expected failures 23
# of unsupported tests 31
Running target unix/-m32
FAIL: gnat.dg/opt86a.adb scan-tree-dump-times optimized ">>" 4
FAIL: gnat.dg/opt86b.adb scan-tree-dump-not optimized "> 29"
FAIL: gnat.dg/opt86c.adb scan-tree-dump-not optimized "> 26"
=== gnat Summary for unix/-m32 ===
# of expected passes 3294
# of unexpected failures 3
# of expected failures 23
# of unsupported tests 31
=== gnat Summary ===
# of expected passes 6586
# of unexpected failures 6
# of expected failures 46
# of unsupported tests 62
/var/gcc/regression/master/11-gcc-gas-64/build/gcc/gnatmake version 11.0.0 20201204 (experimental) [master revision 53a0eb0b7ddd3388db58fead5e8e828c0abde840]
=== go tests ===
Running target unix
FAIL: ./index0-out.go execution, -O0 -g -fno-var-tracking-assignments
WARNING: go.test/test/cmplxdivide.go program timed out.
FAIL: go.test/test/cmplxdivide.go
FAIL: issue4458.go -O (test for errors, line 19)
FAIL: issue4458.go -O (test for excess errors)
=== go Summary for unix ===
# of expected passes 7470
# of unexpected failures 4
# of untested testcases 11
# of unsupported tests 9
Running target unix/-m32
FAIL: ./index0-out.go execution, -O0 -g -fno-var-tracking-assignments
WARNING: go.test/test/cmplxdivide.go program timed out.
FAIL: go.test/test/cmplxdivide.go
FAIL: go.test/test/fixedbugs/issue4562.go execution, -O2 -g
FAIL: go.test/test/nil.go execution, -O2 -g
FAIL: issue4458.go -O (test for errors, line 19)
FAIL: issue4458.go -O (test for excess errors)
=== go Summary for unix/-m32 ===
# of expected passes 7588
# of unexpected failures 6
# of untested testcases 11
# of unsupported tests 9
=== go Summary ===
# of expected passes 15058
# of unexpected failures 10
# of untested testcases 22
# of unsupported tests 18
=== obj-c++ tests ===
Running target unix/-m32
=== obj-c++ Summary for unix/-m32 ===
# of expected passes 1489
# of expected failures 2
# of unsupported tests 77
Running target unix
=== obj-c++ Summary for unix ===
# of expected passes 1481
# of expected failures 10
# of unsupported tests 77
=== obj-c++ Summary ===
# of expected passes 2970
# of expected failures 12
# of unsupported tests 154
/var/gcc/regression/master/11-gcc-gas-64/build/gcc/xg++ version 11.0.0 20201204 (experimental) [master revision 53a0eb0b7ddd3388db58fead5e8e828c0abde840] (GCC)
=== objc tests ===
Running target unix
=== objc Summary for unix ===
# of expected passes 2825
# of unsupported tests 68
Running target unix/-m32
=== objc Summary for unix/-m32 ===
# of expected passes 2825
# of unsupported tests 68
=== objc Summary ===
# of expected passes 5650
# of unsupported tests 136
/var/gcc/regression/master/11-gcc-gas-64/build/gcc/xgcc version 11.0.0 20201204 (experimental) [master revision 53a0eb0b7ddd3388db58fead5e8e828c0abde840] (GCC)
=== gotools tests ===
FAIL: TestScript
FAIL: go test cmd/go
FAIL: TestAbort
FAIL: TestArenaCollision
FAIL: TestMemmoveAtomicity
FAIL: TestPanicInlined
FAIL: go test runtime
=== gotools Summary ===
# of expected passes 307
# of unexpected failures 7
# of untested testcases 110
/var/gcc/regression/master/11-gcc-gas-64/build/./gcc/gccgo version 11.0.0 20201204 (experimental) [master revision 53a0eb0b7ddd3388db58fead5e8e828c0abde840] (GCC)
=== libatomic tests ===
Running target unix/-m32
=== libatomic Summary for unix/-m32 ===
# of expected passes 44
# of unsupported tests 5
Running target unix
=== libatomic Summary for unix ===
# of expected passes 54
=== libatomic Summary ===
# of expected passes 98
# of unsupported tests 5
=== libffi tests ===
Running target unix/-m32
=== libffi Summary for unix/-m32 ===
# of expected passes 2214
Running target unix
=== libffi Summary for unix ===
# of expected passes 2214
=== libffi Summary ===
# of expected passes 4428
=== libgo tests ===
Running target unix
FAIL: encoding/json
FAIL: runtime
FAIL: runtime/pprof
FAIL: sync/atomic
=== libgo Summary for unix ===
# of expected passes 172
# of unexpected failures 4
Running target unix/-m32
FAIL: net/http/pprof
FAIL: runtime
FAIL: runtime/pprof
FAIL: sync/atomic
=== libgo Summary for unix/-m32 ===
# of expected passes 172
# of unexpected failures 4
=== libgo Summary ===
# of expected passes 344
# of unexpected failures 8
/var/gcc/regression/master/11-gcc-gas-64/build/./gcc/gccgo version 11.0.0 20201204 (experimental) [master revision 53a0eb0b7ddd3388db58fead5e8e828c0abde840] (GCC)
=== libgomp tests ===
Running target unix
=== libgomp Summary for unix ===
# of expected passes 8007
# of expected failures 6
# of unsupported tests 612
Running target unix/-m32
=== libgomp Summary for unix/-m32 ===
# of expected passes 8007
# of expected failures 6
# of unsupported tests 612
=== libgomp Summary ===
# of expected passes 16014
# of expected failures 12
# of unsupported tests 1224
=== libitm tests ===
Running target unix/-m32
=== libitm Summary for unix/-m32 ===
# of expected passes 42
# of expected failures 3
# of unsupported tests 1
Running target unix
=== libitm Summary for unix ===
# of expected passes 42
# of expected failures 3
# of unsupported tests 1
=== libitm Summary ===
# of expected passes 84
# of expected failures 6
# of unsupported tests 2
=== libphobos tests ===
Running target unix
FAIL: libphobos.phobos_shared/std/datetime/systime.d execution test
FAIL: libphobos.phobos_shared/std/datetime/timezone.d execution test
FAIL: libphobos.phobos_shared/std/digest/murmurhash.d execution test
FAIL: libphobos.phobos_shared/std/format.d execution test
FAIL: libphobos.phobos_shared/std/internal/math/errorfunction.d execution test
FAIL: libphobos.phobos_shared/std/internal/math/gammafunction.d execution test
FAIL: libphobos.phobos_shared/std/math.d execution test
FAIL: libphobos.phobos_shared/std/numeric.d execution test
FAIL: libphobos.phobos_shared/std/parallelism.d execution test
FAIL: libphobos.phobos_shared/std/regex/internal/kickstart.d execution test
FAIL: libphobos.phobos_shared/std/regex/internal/tests.d execution test
FAIL: libphobos.phobos_shared/std/regex/package.d execution test
FAIL: libphobos.shared/finalize.d -shared-libphobos -ldl execution test
FAIL: libphobos.shared/load.d -shared-libphobos -ldl execution test
FAIL: libphobos.shared/load_13414.d -shared-libphobos -ldl execution test
=== libphobos Summary for unix ===
# of expected passes 409
# of unexpected failures 15
Running target unix/-m32
FAIL: libphobos.phobos_shared/std/datetime/systime.d execution test
FAIL: libphobos.phobos_shared/std/datetime/timezone.d execution test
FAIL: libphobos.phobos_shared/std/digest/murmurhash.d execution test
FAIL: libphobos.phobos_shared/std/experimental/allocator/building_blocks/region.d execution test
FAIL: libphobos.phobos_shared/std/experimental/logger/filelogger.d execution test
FAIL: libphobos.phobos_shared/std/experimental/logger/multilogger.d execution test
FAIL: libphobos.phobos_shared/std/format.d execution test
FAIL: libphobos.phobos_shared/std/internal/math/errorfunction.d execution test
FAIL: libphobos.phobos_shared/std/internal/math/gammafunction.d execution test
FAIL: libphobos.phobos_shared/std/math.d execution test
WARNING: libphobos.phobos_shared/std/net/curl.d execution test program timed out.
FAIL: libphobos.phobos_shared/std/net/curl.d execution test
FAIL: libphobos.phobos_shared/std/net/isemail.d execution test
FAIL: libphobos.phobos_shared/std/numeric.d execution test
FAIL: libphobos.phobos_shared/std/parallelism.d execution test
FAIL: libphobos.phobos_shared/std/regex/internal/kickstart.d execution test
FAIL: libphobos.phobos_shared/std/regex/internal/tests.d execution test
FAIL: libphobos.phobos_shared/std/regex/package.d execution test
FAIL: libphobos.phobos_shared/std/stdio.d execution test
FAIL: libphobos.phobos_shared/std/variant.d execution test
FAIL: libphobos.shared/finalize.d -shared-libphobos -ldl execution test
FAIL: libphobos.shared/load.d -shared-libphobos -ldl execution test
FAIL: libphobos.shared/load_13414.d -shared-libphobos -ldl execution test
=== libphobos Summary for unix/-m32 ===
# of expected passes 402
# of unexpected failures 22
=== libphobos Summary ===
# of expected passes 811
# of unexpected failures 37
=== libstdc++ tests ===
Running target unix
=== libstdc++ Summary for unix ===
# of expected passes 14548
# of expected failures 104
# of unsupported tests 733
Running target unix/-m32
=== libstdc++ Summary for unix/-m32 ===
# of expected passes 14552
# of expected failures 104
# of unsupported tests 731
=== libstdc++ Summary ===
# of expected passes 29100
# of expected failures 208
# of unsupported tests 1464
Compiler version: 11.0.0 20201204 (experimental) [master revision 53a0eb0b7ddd3388db58fead5e8e828c0abde840] (GCC)
Platform: sparcv9-sun-solaris2.11
configure flags: --prefix=/vol/gcc --target=sparcv9-sun-solaris2.11 --enable-objc-gc --with-target-bdw-gc-include=/vol/gcc/include --with-target-bdw-gc-lib=/vol/gcc/lib/sparcv9,sparcv8plus=/vol/gcc/lib --with-as=/vol/gcc/bin/sparcv9/gas-2.35 --with-gnu-as --with-gmp-include=/vol/gcc/include --with-gmp-lib=/vol/gcc/lib/sparcv9 --with-mpfr-include=/vol/gcc/include --with-mpfr-lib=/vol/gcc/lib/sparcv9 --with-mpc-include=/vol/gcc/include --with-mpc-lib=/vol/gcc/lib/sparcv9 --enable-languages=all,ada,obj-c++,go --with-isl-include=/vol/gcc/include --with-isl-lib=/vol/gcc/lib/sparcv9 --with-zstd-include=/vol/gcc/include --with-zstd-lib=/vol/gcc/lib/sparcv9 --build=sparcv9-sun-solaris2.11 --host=sparcv9-sun-solaris2.11
BOOT_CFLAGS=-g -O2
More information about the Gcc-testresults
mailing list