Results for 11.0.0 20201204 (experimental) [master revision b8dd0ef74dd:6f51f472f04:9715663f7db7ac57121c9a60dd0078787e274f66] (Debian 20201204-1) testsuite on aarch64-unknown-linux-gnu

Matthias Klose doko@debian.org
Sat Dec 5 18:02:07 GMT 2020


LAST_UPDATED: Fri Dec  4 08:30:59 UTC 2020 (revision b8dd0ef74dd:6f51f472f04:9715663f7db7ac57121c9a60dd0078787e274f66)

Native configuration is aarch64-unknown-linux-gnu

		=== libatomic tests ===


Running target unix

		=== libatomic Summary ===

# of expected passes		54
		=== libffi tests ===


Running target unix

		=== libffi Summary ===

# of expected passes		2214
		=== libgo tests ===


Running target unix
FAIL: os

		=== libgo Summary ===

# of expected passes		175
# of unexpected failures	1
/build/gcc-snapshot-16863k/gcc-snapshot-20201204/build/./gcc/gccgo version 11.0.0 20201204 (experimental) [master revision b8dd0ef74dd:6f51f472f04:9715663f7db7ac57121c9a60dd0078787e274f66] (Debian 20201204-1)

		=== libgomp tests ===


Running target unix
FAIL: libgomp.oacc-c/../libgomp.oacc-c-c++-common/declare-vla-kernels-decompose-ice-1.c -DACC_DEVICE_TYPE_host=1 -DACC_MEM_SHARED=1 -foffload=disable  -O2  (test for excess errors)
FAIL: libgomp.oacc-c++/../libgomp.oacc-c-c++-common/declare-vla-kernels-decompose-ice-1.c -DACC_DEVICE_TYPE_host=1 -DACC_MEM_SHARED=1 -foffload=disable  -O2  (test for excess errors)

		=== libgomp Summary ===

# of expected passes		8009
# of unexpected failures	2
# of expected failures		6
# of unsupported tests		610
		=== libitm tests ===


Running target unix

		=== libitm Summary ===

# of expected passes		42
# of expected failures		3
# of unsupported tests		1
		=== libphobos tests ===


Running target unix
FAIL: libphobos.phobos/std/datetime/timezone.d execution test
FAIL: libphobos.phobos/std/internal/math/errorfunction.d execution test
FAIL: libphobos.phobos/std/internal/math/gammafunction.d execution test
FAIL: libphobos.phobos/std/math.d execution test
FAIL: libphobos.phobos/std/numeric.d execution test
FAIL: libphobos.phobos_shared/std/datetime/timezone.d execution test
FAIL: libphobos.phobos_shared/std/internal/math/errorfunction.d execution test
FAIL: libphobos.phobos_shared/std/internal/math/gammafunction.d execution test
FAIL: libphobos.phobos_shared/std/math.d execution test
FAIL: libphobos.phobos_shared/std/numeric.d execution test

		=== libphobos Summary ===

# of expected passes		742
# of unexpected failures	10
# of unsupported tests		2
		=== libstdc++ tests ===


Running target unix
FAIL: 22_locale/numpunct/members/char/3.cc execution test
FAIL: 22_locale/time_get/get_time/char/2.cc execution test
FAIL: 22_locale/time_get/get_time/char/wrapped_env.cc execution test
FAIL: 22_locale/time_get/get_time/char/wrapped_locale.cc execution test
FAIL: 22_locale/time_get/get_time/wchar_t/2.cc execution test
FAIL: 22_locale/time_get/get_time/wchar_t/wrapped_env.cc execution test
FAIL: 22_locale/time_get/get_time/wchar_t/wrapped_locale.cc execution test

		=== libstdc++ Summary ===

# of expected passes		15268
# of unexpected failures	7
# of expected failures		104
# of unsupported tests		372
		=== acats tests ===

		=== acats Summary ===
# of expected passes		2328
# of unexpected failures	0

		=== g++ tests ===


Running target unix
FAIL: g++.dg/cpp0x/constexpr-52830.C  -std=c++14 (test for excess errors)
FAIL: g++.dg/cpp0x/constexpr-52830.C  -std=c++17 (test for excess errors)
FAIL: g++.dg/cpp0x/constexpr-52830.C  -std=c++2a (test for excess errors)
FAIL: g++.dg/cpp0x/vt-88982.C  -std=c++14 (test for excess errors)
FAIL: g++.dg/cpp0x/vt-88982.C  -std=c++17 (test for excess errors)
FAIL: g++.dg/cpp0x/vt-88982.C  -std=c++2a (test for excess errors)
FAIL: g++.dg/cpp1y/auto-fn61.C  -std=c++14 (test for excess errors)
FAIL: g++.dg/cpp1y/auto-fn61.C  -std=c++17 (test for excess errors)
FAIL: g++.dg/cpp1y/auto-fn61.C  -std=c++2a (test for excess errors)
FAIL: g++.dg/cpp1z/class-deduction76.C  -std=c++17 (test for excess errors)
FAIL: g++.dg/cpp1z/class-deduction76.C  -std=c++2a (test for excess errors)
FAIL: g++.dg/cpp1z/constexpr-lambda26.C  -std=c++17 (test for excess errors)
FAIL: g++.dg/cpp1z/constexpr-lambda26.C  -std=c++2a (test for excess errors)
FAIL: g++.dg/cpp2a/nontype-class39.C  -std=c++2a (test for excess errors)
FAIL: g++.dg/template/pr98116.C  -std=c++2a (internal compiler error)
FAIL: g++.dg/template/pr98116.C  -std=c++2a (test for excess errors)
FAIL: c-c++-common/goacc/kernels-decompose-ice-1.c  -std=c++98 (test for excess errors)
FAIL: c-c++-common/goacc/kernels-decompose-ice-1.c  -std=c++14 (test for excess errors)
FAIL: c-c++-common/goacc/kernels-decompose-ice-1.c  -std=c++17 (test for excess errors)
FAIL: c-c++-common/goacc/kernels-decompose-ice-1.c  -std=c++2a (test for excess errors)
FAIL: c-c++-common/goacc/kernels-decompose-ice-2.c  -std=c++98 (test for excess errors)
FAIL: c-c++-common/goacc/kernels-decompose-ice-2.c  -std=c++14 (test for excess errors)
FAIL: c-c++-common/goacc/kernels-decompose-ice-2.c  -std=c++17 (test for excess errors)
FAIL: c-c++-common/goacc/kernels-decompose-ice-2.c  -std=c++2a (test for excess errors)

		=== g++ Summary ===

# of expected passes		307721
# of unexpected failures	24
# of expected failures		2172
# of unsupported tests		9391
/build/gcc-snapshot-16863k/gcc-snapshot-20201204/build/gcc/xg++  version 11.0.0 20201204 (experimental) [master revision b8dd0ef74dd:6f51f472f04:9715663f7db7ac57121c9a60dd0078787e274f66] (Debian 20201204-1) 

		=== gcc tests ===


Running target unix
FAIL: gcc.c-torture/execute/alias-2.c   -O1  execution test
FAIL: gcc.c-torture/execute/alias-2.c   -O2  execution test
FAIL: gcc.c-torture/execute/alias-2.c   -O3 -g  execution test
FAIL: gcc.c-torture/execute/alias-2.c   -Os  execution test
FAIL: gcc.c-torture/execute/alias-2.c   -O2 -flto -fno-use-linker-plugin -flto-partition=none  execution test
XPASS: gcc.dg/analyzer/pr94851-1.c bogus leak (test for bogus messages, line 43)
FAIL: gcc.dg/atomic/pr65345-4.c   -O2 -flto -fno-use-linker-plugin -flto-partition=none  (internal compiler error)
FAIL: gcc.dg/atomic/pr65345-4.c   -O2 -flto -fno-use-linker-plugin -flto-partition=none  (test for excess errors)
FAIL: gcc.dg/atomic/pr65345-4.c   -O2 -flto -fuse-linker-plugin -fno-fat-lto-objects  (internal compiler error)
FAIL: gcc.dg/atomic/pr65345-4.c   -O2 -flto -fuse-linker-plugin -fno-fat-lto-objects  (test for excess errors)
FAIL: gcc.dg/Wstringop-overflow-47.c note (test for warnings, line 29)
FAIL: gcc.dg/Wstringop-overflow-47.c  (test for warnings, line 32)
FAIL: gcc.dg/Wstringop-overflow-47.c  (test for warnings, line 37)
FAIL: gcc.dg/pr98099.c (test for excess errors)
FAIL: c-c++-common/goacc/kernels-decompose-ice-1.c (test for excess errors)
FAIL: c-c++-common/goacc/kernels-decompose-ice-2.c (test for excess errors)
FAIL: gcc.dg/gomp/pr89104.c (test for excess errors)
XPASS: gcc.dg/guality/example.c   -O0  execution test
XPASS: gcc.dg/guality/example.c   -O1  -DPREVENT_OPTIMIZATION  execution test
XPASS: gcc.dg/guality/example.c  -Og -DPREVENT_OPTIMIZATION  execution test
XPASS: gcc.dg/guality/guality.c   -O0  execution test
XPASS: gcc.dg/guality/guality.c   -O1  -DPREVENT_OPTIMIZATION  execution test
XPASS: gcc.dg/guality/guality.c   -O2  -DPREVENT_OPTIMIZATION  execution test
XPASS: gcc.dg/guality/guality.c   -O3 -g  -DPREVENT_OPTIMIZATION  execution test
XPASS: gcc.dg/guality/guality.c   -Os  -DPREVENT_OPTIMIZATION  execution test
XPASS: gcc.dg/guality/guality.c  -Og -DPREVENT_OPTIMIZATION  execution test
XPASS: gcc.dg/guality/guality.c   -O2 -flto -fno-use-linker-plugin -flto-partition=none  -DPREVENT_OPTIMIZATION execution test
XPASS: gcc.dg/guality/guality.c   -O2 -flto -fuse-linker-plugin -fno-fat-lto-objects  -DPREVENT_OPTIMIZATION execution test
XPASS: gcc.dg/guality/inline-params.c   -O2  -DPREVENT_OPTIMIZATION  execution test
XPASS: gcc.dg/guality/inline-params.c   -O3 -g  -DPREVENT_OPTIMIZATION  execution test
XPASS: gcc.dg/guality/inline-params.c   -Os  -DPREVENT_OPTIMIZATION  execution test
XPASS: gcc.dg/guality/inline-params.c   -O2 -flto -fno-use-linker-plugin -flto-partition=none  -DPREVENT_OPTIMIZATION execution test
XPASS: gcc.dg/guality/inline-params.c   -O2 -flto -fuse-linker-plugin -fno-fat-lto-objects  -DPREVENT_OPTIMIZATION execution test
FAIL: gcc.dg/guality/loop-1.c   -O3 -fomit-frame-pointer -funroll-loops -fpeel-loops -ftracer -finline-functions  -DPREVENT_OPTIMIZATION  line 20 i == 1
FAIL: gcc.dg/guality/pr36728-1.c   -O2 -flto -fuse-linker-plugin -fno-fat-lto-objects  -DPREVENT_OPTIMIZATION line 16 y == 2
FAIL: gcc.dg/guality/pr36728-2.c   -O3 -g  -DPREVENT_OPTIMIZATION  line 16 arg1 == 1
FAIL: gcc.dg/guality/pr36728-2.c   -O3 -g  -DPREVENT_OPTIMIZATION  line 16 arg2 == 2
FAIL: gcc.dg/guality/pr36728-2.c   -O3 -g  -DPREVENT_OPTIMIZATION  line 16 arg3 == 3
FAIL: gcc.dg/guality/pr36728-2.c   -O3 -g  -DPREVENT_OPTIMIZATION  line 16 arg4 == 4
FAIL: gcc.dg/guality/pr36728-2.c   -O3 -g  -DPREVENT_OPTIMIZATION  line 16 arg5 == 5
FAIL: gcc.dg/guality/pr36728-2.c   -O3 -g  -DPREVENT_OPTIMIZATION  line 16 arg6 == 6
FAIL: gcc.dg/guality/pr36728-2.c   -O3 -g  -DPREVENT_OPTIMIZATION  line 16 arg7 == 30
FAIL: gcc.dg/guality/pr36728-2.c   -O3 -g  -DPREVENT_OPTIMIZATION  line 18 arg1 == 1
FAIL: gcc.dg/guality/pr36728-2.c   -O3 -g  -DPREVENT_OPTIMIZATION  line 18 arg2 == 2
FAIL: gcc.dg/guality/pr36728-2.c   -O3 -g  -DPREVENT_OPTIMIZATION  line 18 arg3 == 3
FAIL: gcc.dg/guality/pr36728-2.c   -O3 -g  -DPREVENT_OPTIMIZATION  line 18 arg4 == 4
FAIL: gcc.dg/guality/pr36728-2.c   -O3 -g  -DPREVENT_OPTIMIZATION  line 18 arg5 == 5
FAIL: gcc.dg/guality/pr36728-2.c   -O3 -g  -DPREVENT_OPTIMIZATION  line 18 arg6 == 6
FAIL: gcc.dg/guality/pr36728-2.c   -O3 -g  -DPREVENT_OPTIMIZATION  line 18 arg7 == 30
FAIL: gcc.dg/guality/pr36728-2.c   -O2 -flto -fuse-linker-plugin -fno-fat-lto-objects  -DPREVENT_OPTIMIZATION line 16 arg1 == 1
FAIL: gcc.dg/guality/pr36728-2.c   -O2 -flto -fuse-linker-plugin -fno-fat-lto-objects  -DPREVENT_OPTIMIZATION line 16 arg2 == 2
FAIL: gcc.dg/guality/pr36728-2.c   -O2 -flto -fuse-linker-plugin -fno-fat-lto-objects  -DPREVENT_OPTIMIZATION line 16 arg3 == 3
FAIL: gcc.dg/guality/pr36728-2.c   -O2 -flto -fuse-linker-plugin -fno-fat-lto-objects  -DPREVENT_OPTIMIZATION line 16 arg4 == 4
FAIL: gcc.dg/guality/pr36728-2.c   -O2 -flto -fuse-linker-plugin -fno-fat-lto-objects  -DPREVENT_OPTIMIZATION line 16 arg5 == 5
FAIL: gcc.dg/guality/pr36728-2.c   -O2 -flto -fuse-linker-plugin -fno-fat-lto-objects  -DPREVENT_OPTIMIZATION line 16 arg6 == 6
FAIL: gcc.dg/guality/pr36728-2.c   -O2 -flto -fuse-linker-plugin -fno-fat-lto-objects  -DPREVENT_OPTIMIZATION line 16 arg7 == 30
FAIL: gcc.dg/guality/pr36728-2.c   -O2 -flto -fuse-linker-plugin -fno-fat-lto-objects  -DPREVENT_OPTIMIZATION line 16 y == 2
FAIL: gcc.dg/guality/pr36728-2.c   -O2 -flto -fuse-linker-plugin -fno-fat-lto-objects  -DPREVENT_OPTIMIZATION line 18 arg1 == 1
FAIL: gcc.dg/guality/pr36728-2.c   -O2 -flto -fuse-linker-plugin -fno-fat-lto-objects  -DPREVENT_OPTIMIZATION line 18 arg2 == 2
FAIL: gcc.dg/guality/pr36728-2.c   -O2 -flto -fuse-linker-plugin -fno-fat-lto-objects  -DPREVENT_OPTIMIZATION line 18 arg3 == 3
FAIL: gcc.dg/guality/pr36728-2.c   -O2 -flto -fuse-linker-plugin -fno-fat-lto-objects  -DPREVENT_OPTIMIZATION line 18 arg4 == 4
FAIL: gcc.dg/guality/pr36728-2.c   -O2 -flto -fuse-linker-plugin -fno-fat-lto-objects  -DPREVENT_OPTIMIZATION line 18 arg5 == 5
FAIL: gcc.dg/guality/pr36728-2.c   -O2 -flto -fuse-linker-plugin -fno-fat-lto-objects  -DPREVENT_OPTIMIZATION line 18 arg6 == 6
FAIL: gcc.dg/guality/pr36728-2.c   -O2 -flto -fuse-linker-plugin -fno-fat-lto-objects  -DPREVENT_OPTIMIZATION line 18 arg7 == 30
FAIL: gcc.dg/guality/pr36728-3.c   -O3 -g  -DPREVENT_OPTIMIZATION  line 14 y == 2
XPASS: gcc.dg/guality/pr41353-1.c   -O0  line 28 j == 28 + 37
FAIL: gcc.dg/guality/pr41447-1.c   -O2  -DPREVENT_OPTIMIZATION  execution test
FAIL: gcc.dg/guality/pr41447-1.c   -O3 -g  -DPREVENT_OPTIMIZATION  execution test
FAIL: gcc.dg/guality/pr41447-1.c   -Os  -DPREVENT_OPTIMIZATION  execution test
FAIL: gcc.dg/guality/pr41447-1.c   -O2 -flto -fno-use-linker-plugin -flto-partition=none  -DPREVENT_OPTIMIZATION execution test
FAIL: gcc.dg/guality/pr54200.c   -O1  -DPREVENT_OPTIMIZATION  line 20 z == 3
FAIL: gcc.dg/guality/pr54200.c   -O2  -DPREVENT_OPTIMIZATION  line 20 z == 3
FAIL: gcc.dg/guality/pr54200.c   -O3 -g  -DPREVENT_OPTIMIZATION  line 20 z == 3
FAIL: gcc.dg/guality/pr54200.c   -Os  -DPREVENT_OPTIMIZATION  line 20 z == 3
FAIL: gcc.dg/guality/pr54200.c   -O2 -flto -fno-use-linker-plugin -flto-partition=none  -DPREVENT_OPTIMIZATION line 20 z == 3
FAIL: gcc.dg/guality/pr54519-1.c   -O2 -flto -fno-use-linker-plugin -flto-partition=none  -DPREVENT_OPTIMIZATION line 20 y == 25
FAIL: gcc.dg/guality/pr54519-1.c   -O2 -flto -fno-use-linker-plugin -flto-partition=none  -DPREVENT_OPTIMIZATION line 20 z == 6
FAIL: gcc.dg/guality/pr54519-1.c   -O2 -flto -fno-use-linker-plugin -flto-partition=none  -DPREVENT_OPTIMIZATION line 23 y == 117
FAIL: gcc.dg/guality/pr54519-1.c   -O2 -flto -fno-use-linker-plugin -flto-partition=none  -DPREVENT_OPTIMIZATION line 23 z == 8
FAIL: gcc.dg/guality/pr54519-1.c   -O2 -flto -fuse-linker-plugin -fno-fat-lto-objects  -DPREVENT_OPTIMIZATION line 20 y == 25
FAIL: gcc.dg/guality/pr54519-1.c   -O2 -flto -fuse-linker-plugin -fno-fat-lto-objects  -DPREVENT_OPTIMIZATION line 20 z == 6
FAIL: gcc.dg/guality/pr54519-1.c   -O2 -flto -fuse-linker-plugin -fno-fat-lto-objects  -DPREVENT_OPTIMIZATION line 23 y == 117
FAIL: gcc.dg/guality/pr54519-1.c   -O2 -flto -fuse-linker-plugin -fno-fat-lto-objects  -DPREVENT_OPTIMIZATION line 23 z == 8
FAIL: gcc.dg/guality/pr54519-2.c   -O2 -flto -fno-use-linker-plugin -flto-partition=none  -DPREVENT_OPTIMIZATION line 17 y == 25
FAIL: gcc.dg/guality/pr54519-2.c   -O2 -flto -fuse-linker-plugin -fno-fat-lto-objects  -DPREVENT_OPTIMIZATION line 17 y == 25
FAIL: gcc.dg/guality/pr54519-3.c   -O2 -flto -fno-use-linker-plugin -flto-partition=none  -DPREVENT_OPTIMIZATION line 20 y == 25
FAIL: gcc.dg/guality/pr54519-3.c   -O2 -flto -fno-use-linker-plugin -flto-partition=none  -DPREVENT_OPTIMIZATION line 20 z == 6
FAIL: gcc.dg/guality/pr54519-3.c   -O2 -flto -fno-use-linker-plugin -flto-partition=none  -DPREVENT_OPTIMIZATION line 23 y == 117
FAIL: gcc.dg/guality/pr54519-3.c   -O2 -flto -fno-use-linker-plugin -flto-partition=none  -DPREVENT_OPTIMIZATION line 23 z == 8
FAIL: gcc.dg/guality/pr54519-3.c   -O2 -flto -fuse-linker-plugin -fno-fat-lto-objects  -DPREVENT_OPTIMIZATION line 20 y == 25
FAIL: gcc.dg/guality/pr54519-3.c   -O2 -flto -fuse-linker-plugin -fno-fat-lto-objects  -DPREVENT_OPTIMIZATION line 20 z == 6
FAIL: gcc.dg/guality/pr54519-3.c   -O2 -flto -fuse-linker-plugin -fno-fat-lto-objects  -DPREVENT_OPTIMIZATION line 23 y == 117
FAIL: gcc.dg/guality/pr54519-3.c   -O2 -flto -fuse-linker-plugin -fno-fat-lto-objects  -DPREVENT_OPTIMIZATION line 23 z == 8
FAIL: gcc.dg/guality/pr54519-4.c   -O2 -flto -fno-use-linker-plugin -flto-partition=none  -DPREVENT_OPTIMIZATION line 17 y == 25
FAIL: gcc.dg/guality/pr54519-4.c   -O2 -flto -fuse-linker-plugin -fno-fat-lto-objects  -DPREVENT_OPTIMIZATION line 17 y == 25
FAIL: gcc.dg/guality/pr54519-5.c   -O2 -flto -fno-use-linker-plugin -flto-partition=none  -DPREVENT_OPTIMIZATION line 17 y == 25
FAIL: gcc.dg/guality/pr54519-5.c   -O2 -flto -fuse-linker-plugin -fno-fat-lto-objects  -DPREVENT_OPTIMIZATION line 17 y == 25
FAIL: gcc.dg/guality/pr54519-6.c   -Os  -DPREVENT_OPTIMIZATION  line 11 x == 2
FAIL: gcc.dg/guality/pr54693-2.c   -Os  -DPREVENT_OPTIMIZATION  line 21 z == 30 - 3 * i
FAIL: gcc.dg/guality/pr54693-2.c   -O2 -flto -fuse-linker-plugin -fno-fat-lto-objects  -DPREVENT_OPTIMIZATION line 21 z == 30 - 3 * i
XPASS: gcc.dg/guality/pr54970.c   -O0  line 15 a[0] == 1
XPASS: gcc.dg/guality/pr54970.c   -O0  line 20 a[0] == 1
XPASS: gcc.dg/guality/pr54970.c   -O0  line 25 a[0] == 1
XPASS: gcc.dg/guality/pr54970.c   -O0  line 31 a[0] == 4
XPASS: gcc.dg/guality/pr54970.c   -O0  line 36 a[0] == 4
XPASS: gcc.dg/guality/pr54970.c   -O0  line 45 a[0] == 4
XPASS: gcc.dg/guality/pr54970.c   -O0  line 45 p[-2] == 4
XPASS: gcc.dg/guality/pr54970.c   -O0  line 45 q[-1] == 4
XPASS: gcc.dg/guality/pr54970.c  -Og -DPREVENT_OPTIMIZATION  line 15 a[0] == 1
XPASS: gcc.dg/guality/pr54970.c  -Og -DPREVENT_OPTIMIZATION  line 20 a[0] == 1
XPASS: gcc.dg/guality/pr54970.c  -Og -DPREVENT_OPTIMIZATION  line 25 a[0] == 1
XPASS: gcc.dg/guality/pr54970.c  -Og -DPREVENT_OPTIMIZATION  line 31 a[0] == 4
XPASS: gcc.dg/guality/pr54970.c  -Og -DPREVENT_OPTIMIZATION  line 36 a[0] == 4
XPASS: gcc.dg/guality/pr54970.c  -Og -DPREVENT_OPTIMIZATION  line 45 a[0] == 4
XPASS: gcc.dg/guality/pr54970.c  -Og -DPREVENT_OPTIMIZATION  line 45 p[-2] == 4
XPASS: gcc.dg/guality/pr54970.c  -Og -DPREVENT_OPTIMIZATION  line 45 q[-1] == 4
FAIL: gcc.dg/guality/pr56154-1.c  -Og -DPREVENT_OPTIMIZATION  line pr56154-1.c:20 x.a == 6
XPASS: gcc.dg/guality/pr59776.c   -O0  line pr59776.c:17 s2.g == 6.0
XPASS: gcc.dg/guality/pr59776.c   -O0  line pr59776.c:20 s2.g == 6.0
FAIL: gcc.dg/guality/pr59776.c  -Og -DPREVENT_OPTIMIZATION  line pr59776.c:17 s1.f == 5.0
FAIL: gcc.dg/guality/pr59776.c  -Og -DPREVENT_OPTIMIZATION  line pr59776.c:17 s1.g == 6.0
FAIL: gcc.dg/guality/pr59776.c  -Og -DPREVENT_OPTIMIZATION  line pr59776.c:17 s2.f == 0.0
FAIL: gcc.dg/guality/pr59776.c  -Og -DPREVENT_OPTIMIZATION  line pr59776.c:20 s1.f == 5.0
FAIL: gcc.dg/guality/pr59776.c  -Og -DPREVENT_OPTIMIZATION  line pr59776.c:20 s1.g == 6.0
FAIL: gcc.dg/guality/pr59776.c  -Og -DPREVENT_OPTIMIZATION  line pr59776.c:20 s2.f == 5.0
FAIL: gcc.dg/guality/pr68860-1.c   -O2  -DPREVENT_OPTIMIZATION  line 14 y == 2
FAIL: gcc.dg/guality/pr68860-1.c   -O3 -g  -DPREVENT_OPTIMIZATION  line 14 y == 2
FAIL: gcc.dg/guality/pr68860-2.c   -O3 -g  -DPREVENT_OPTIMIZATION  line 14 y == 2
FAIL: gcc.dg/guality/pr90074.c   -O2 -flto -fuse-linker-plugin -fno-fat-lto-objects  -DPREVENT_OPTIMIZATION line 28 i + 1 == 8
FAIL: gcc.dg/guality/pr90074.c   -O2 -flto -fuse-linker-plugin -fno-fat-lto-objects  -DPREVENT_OPTIMIZATION line 28 c + 1 == 2
FAIL: gcc.dg/guality/pr90716.c   -O2 -flto -fuse-linker-plugin -fno-fat-lto-objects  -DPREVENT_OPTIMIZATION line 23 j + 1 == 9
FAIL: gcc.dg/guality/sra-1.c  -Og -DPREVENT_OPTIMIZATION  line 43 a.i == 4
FAIL: gcc.dg/guality/sra-1.c  -Og -DPREVENT_OPTIMIZATION  line 43 a.j == 14
FAIL: gcc.dg/guality/sra-1.c   -O2 -flto -fuse-linker-plugin -fno-fat-lto-objects  -DPREVENT_OPTIMIZATION line 21 a.j == 14
FAIL: gcc.dg/guality/sra-1.c   -O2 -flto -fuse-linker-plugin -fno-fat-lto-objects  -DPREVENT_OPTIMIZATION line 32 a[1] == 14
FAIL: gcc.dg/guality/sra-1.c   -O2 -flto -fuse-linker-plugin -fno-fat-lto-objects  -DPREVENT_OPTIMIZATION line 43 a.j == 14
FAIL: gcc.dg/tree-ssa/if-to-switch-1.c scan-tree-dump iftoswitch "Condition chain with [^\\n\\r]* BBs transformed into a switch statement."
FAIL: gcc.target/aarch64/insv_1.c scan-assembler bfi\\tx[0-9]+, x[0-9]+, 0, 8
FAIL: gcc.target/aarch64/insv_1.c scan-assembler bfi\\tx[0-9]+, x[0-9]+, 16, 5
UNRESOLVED: gcc.target/aarch64/pr70044.c scan-lto-assembler (mov|add)\\tx29, sp
FAIL: gcc.target/aarch64/advsimd-intrinsics/bf16_get-be.c   -O0  (test for excess errors)
FAIL: gcc.target/aarch64/advsimd-intrinsics/bf16_get-be.c   -O1  (test for excess errors)
UNRESOLVED: gcc.target/aarch64/advsimd-intrinsics/bf16_get-be.c   -O1   check-function-bodies test_vget_low_bf16
UNRESOLVED: gcc.target/aarch64/advsimd-intrinsics/bf16_get-be.c   -O1   check-function-bodies test_vget_high_bf16
FAIL: gcc.target/aarch64/advsimd-intrinsics/bf16_get-be.c   -O2  (test for excess errors)
UNRESOLVED: gcc.target/aarch64/advsimd-intrinsics/bf16_get-be.c   -O2   check-function-bodies test_vget_low_bf16
UNRESOLVED: gcc.target/aarch64/advsimd-intrinsics/bf16_get-be.c   -O2   check-function-bodies test_vget_high_bf16
FAIL: gcc.target/aarch64/advsimd-intrinsics/bf16_get-be.c   -O3 -g  (test for excess errors)
UNRESOLVED: gcc.target/aarch64/advsimd-intrinsics/bf16_get-be.c   -O3 -g   check-function-bodies test_vget_low_bf16
UNRESOLVED: gcc.target/aarch64/advsimd-intrinsics/bf16_get-be.c   -O3 -g   check-function-bodies test_vget_high_bf16
FAIL: gcc.target/aarch64/advsimd-intrinsics/bf16_get-be.c   -Os  (test for excess errors)
UNRESOLVED: gcc.target/aarch64/advsimd-intrinsics/bf16_get-be.c   -Os   check-function-bodies test_vget_low_bf16
UNRESOLVED: gcc.target/aarch64/advsimd-intrinsics/bf16_get-be.c   -Os   check-function-bodies test_vget_high_bf16
FAIL: gcc.target/aarch64/advsimd-intrinsics/bf16_get-be.c   -Og -g  (test for excess errors)
UNRESOLVED: gcc.target/aarch64/advsimd-intrinsics/bf16_get-be.c   -Og -g   check-function-bodies test_vget_low_bf16
UNRESOLVED: gcc.target/aarch64/advsimd-intrinsics/bf16_get-be.c   -Og -g   check-function-bodies test_vget_high_bf16
FAIL: gcc.target/aarch64/advsimd-intrinsics/bf16_get-be.c   -O2 -flto -fno-use-linker-plugin -flto-partition=none  (test for excess errors)
UNRESOLVED: gcc.target/aarch64/advsimd-intrinsics/bf16_get-be.c   -O2 -flto -fno-use-linker-plugin -flto-partition=none   check-function-bodies test_vget_low_bf16
UNRESOLVED: gcc.target/aarch64/advsimd-intrinsics/bf16_get-be.c   -O2 -flto -fno-use-linker-plugin -flto-partition=none   check-function-bodies test_vget_high_bf16
FAIL: gcc.target/aarch64/advsimd-intrinsics/bfdot-2.c   -O0  (test for excess errors)
FAIL: gcc.target/aarch64/advsimd-intrinsics/bfdot-2.c   -O1  (test for excess errors)
UNRESOLVED: gcc.target/aarch64/advsimd-intrinsics/bfdot-2.c   -O1   check-function-bodies ufoo
UNRESOLVED: gcc.target/aarch64/advsimd-intrinsics/bfdot-2.c   -O1   check-function-bodies ufooq
UNRESOLVED: gcc.target/aarch64/advsimd-intrinsics/bfdot-2.c   -O1   check-function-bodies ufoo_lane
UNRESOLVED: gcc.target/aarch64/advsimd-intrinsics/bfdot-2.c   -O1   check-function-bodies ufooq_laneq
UNRESOLVED: gcc.target/aarch64/advsimd-intrinsics/bfdot-2.c   -O1   check-function-bodies ufoo_laneq
UNRESOLVED: gcc.target/aarch64/advsimd-intrinsics/bfdot-2.c   -O1   check-function-bodies ufooq_lane
UNRESOLVED: gcc.target/aarch64/advsimd-intrinsics/bfdot-2.c   -O1   check-function-bodies ufoo_untied
UNRESOLVED: gcc.target/aarch64/advsimd-intrinsics/bfdot-2.c   -O1   check-function-bodies ufooq_lane_untied
FAIL: gcc.target/aarch64/advsimd-intrinsics/bfdot-2.c   -O2  (test for excess errors)
UNRESOLVED: gcc.target/aarch64/advsimd-intrinsics/bfdot-2.c   -O2   check-function-bodies ufoo
UNRESOLVED: gcc.target/aarch64/advsimd-intrinsics/bfdot-2.c   -O2   check-function-bodies ufooq
UNRESOLVED: gcc.target/aarch64/advsimd-intrinsics/bfdot-2.c   -O2   check-function-bodies ufoo_lane
UNRESOLVED: gcc.target/aarch64/advsimd-intrinsics/bfdot-2.c   -O2   check-function-bodies ufooq_laneq
UNRESOLVED: gcc.target/aarch64/advsimd-intrinsics/bfdot-2.c   -O2   check-function-bodies ufoo_laneq
UNRESOLVED: gcc.target/aarch64/advsimd-intrinsics/bfdot-2.c   -O2   check-function-bodies ufooq_lane
UNRESOLVED: gcc.target/aarch64/advsimd-intrinsics/bfdot-2.c   -O2   check-function-bodies ufoo_untied
UNRESOLVED: gcc.target/aarch64/advsimd-intrinsics/bfdot-2.c   -O2   check-function-bodies ufooq_lane_untied
FAIL: gcc.target/aarch64/advsimd-intrinsics/bfdot-2.c   -O3 -g  (test for excess errors)
UNRESOLVED: gcc.target/aarch64/advsimd-intrinsics/bfdot-2.c   -O3 -g   check-function-bodies ufoo
UNRESOLVED: gcc.target/aarch64/advsimd-intrinsics/bfdot-2.c   -O3 -g   check-function-bodies ufooq
UNRESOLVED: gcc.target/aarch64/advsimd-intrinsics/bfdot-2.c   -O3 -g   check-function-bodies ufoo_lane
UNRESOLVED: gcc.target/aarch64/advsimd-intrinsics/bfdot-2.c   -O3 -g   check-function-bodies ufooq_laneq
UNRESOLVED: gcc.target/aarch64/advsimd-intrinsics/bfdot-2.c   -O3 -g   check-function-bodies ufoo_laneq
UNRESOLVED: gcc.target/aarch64/advsimd-intrinsics/bfdot-2.c   -O3 -g   check-function-bodies ufooq_lane
UNRESOLVED: gcc.target/aarch64/advsimd-intrinsics/bfdot-2.c   -O3 -g   check-function-bodies ufoo_untied
UNRESOLVED: gcc.target/aarch64/advsimd-intrinsics/bfdot-2.c   -O3 -g   check-function-bodies ufooq_lane_untied
FAIL: gcc.target/aarch64/advsimd-intrinsics/bfdot-2.c   -Os  (test for excess errors)
UNRESOLVED: gcc.target/aarch64/advsimd-intrinsics/bfdot-2.c   -Os   check-function-bodies ufoo
UNRESOLVED: gcc.target/aarch64/advsimd-intrinsics/bfdot-2.c   -Os   check-function-bodies ufooq
UNRESOLVED: gcc.target/aarch64/advsimd-intrinsics/bfdot-2.c   -Os   check-function-bodies ufoo_lane
UNRESOLVED: gcc.target/aarch64/advsimd-intrinsics/bfdot-2.c   -Os   check-function-bodies ufooq_laneq
UNRESOLVED: gcc.target/aarch64/advsimd-intrinsics/bfdot-2.c   -Os   check-function-bodies ufoo_laneq
UNRESOLVED: gcc.target/aarch64/advsimd-intrinsics/bfdot-2.c   -Os   check-function-bodies ufooq_lane
UNRESOLVED: gcc.target/aarch64/advsimd-intrinsics/bfdot-2.c   -Os   check-function-bodies ufoo_untied
UNRESOLVED: gcc.target/aarch64/advsimd-intrinsics/bfdot-2.c   -Os   check-function-bodies ufooq_lane_untied
FAIL: gcc.target/aarch64/advsimd-intrinsics/bfdot-2.c   -Og -g  (test for excess errors)
UNRESOLVED: gcc.target/aarch64/advsimd-intrinsics/bfdot-2.c   -Og -g   check-function-bodies ufoo
UNRESOLVED: gcc.target/aarch64/advsimd-intrinsics/bfdot-2.c   -Og -g   check-function-bodies ufooq
UNRESOLVED: gcc.target/aarch64/advsimd-intrinsics/bfdot-2.c   -Og -g   check-function-bodies ufoo_lane
UNRESOLVED: gcc.target/aarch64/advsimd-intrinsics/bfdot-2.c   -Og -g   check-function-bodies ufooq_laneq
UNRESOLVED: gcc.target/aarch64/advsimd-intrinsics/bfdot-2.c   -Og -g   check-function-bodies ufoo_laneq
UNRESOLVED: gcc.target/aarch64/advsimd-intrinsics/bfdot-2.c   -Og -g   check-function-bodies ufooq_lane
UNRESOLVED: gcc.target/aarch64/advsimd-intrinsics/bfdot-2.c   -Og -g   check-function-bodies ufoo_untied
UNRESOLVED: gcc.target/aarch64/advsimd-intrinsics/bfdot-2.c   -Og -g   check-function-bodies ufooq_lane_untied
FAIL: gcc.target/aarch64/advsimd-intrinsics/bfdot-2.c   -O2 -flto -fno-use-linker-plugin -flto-partition=none  (test for excess errors)
UNRESOLVED: gcc.target/aarch64/advsimd-intrinsics/bfdot-2.c   -O2 -flto -fno-use-linker-plugin -flto-partition=none   check-function-bodies ufoo
UNRESOLVED: gcc.target/aarch64/advsimd-intrinsics/bfdot-2.c   -O2 -flto -fno-use-linker-plugin -flto-partition=none   check-function-bodies ufooq
UNRESOLVED: gcc.target/aarch64/advsimd-intrinsics/bfdot-2.c   -O2 -flto -fno-use-linker-plugin -flto-partition=none   check-function-bodies ufoo_lane
UNRESOLVED: gcc.target/aarch64/advsimd-intrinsics/bfdot-2.c   -O2 -flto -fno-use-linker-plugin -flto-partition=none   check-function-bodies ufooq_laneq
UNRESOLVED: gcc.target/aarch64/advsimd-intrinsics/bfdot-2.c   -O2 -flto -fno-use-linker-plugin -flto-partition=none   check-function-bodies ufoo_laneq
UNRESOLVED: gcc.target/aarch64/advsimd-intrinsics/bfdot-2.c   -O2 -flto -fno-use-linker-plugin -flto-partition=none   check-function-bodies ufooq_lane
UNRESOLVED: gcc.target/aarch64/advsimd-intrinsics/bfdot-2.c   -O2 -flto -fno-use-linker-plugin -flto-partition=none   check-function-bodies ufoo_untied
UNRESOLVED: gcc.target/aarch64/advsimd-intrinsics/bfdot-2.c   -O2 -flto -fno-use-linker-plugin -flto-partition=none   check-function-bodies ufooq_lane_untied
FAIL: gcc.target/aarch64/advsimd-intrinsics/vdot-3-2.c   -O0  (test for excess errors)
FAIL: gcc.target/aarch64/advsimd-intrinsics/vdot-3-2.c   -O1  (test for excess errors)
UNRESOLVED: gcc.target/aarch64/advsimd-intrinsics/vdot-3-2.c   -O1   check-function-bodies ufoo
UNRESOLVED: gcc.target/aarch64/advsimd-intrinsics/vdot-3-2.c   -O1   check-function-bodies ufooq
UNRESOLVED: gcc.target/aarch64/advsimd-intrinsics/vdot-3-2.c   -O1   check-function-bodies ufoo_lane
UNRESOLVED: gcc.target/aarch64/advsimd-intrinsics/vdot-3-2.c   -O1   check-function-bodies ufoo_laneq
UNRESOLVED: gcc.target/aarch64/advsimd-intrinsics/vdot-3-2.c   -O1   check-function-bodies ufooq_lane
UNRESOLVED: gcc.target/aarch64/advsimd-intrinsics/vdot-3-2.c   -O1   check-function-bodies ufooq_laneq
UNRESOLVED: gcc.target/aarch64/advsimd-intrinsics/vdot-3-2.c   -O1   check-function-bodies sfoo_lane
UNRESOLVED: gcc.target/aarch64/advsimd-intrinsics/vdot-3-2.c   -O1   check-function-bodies sfoo_laneq
UNRESOLVED: gcc.target/aarch64/advsimd-intrinsics/vdot-3-2.c   -O1   check-function-bodies sfooq_lane
UNRESOLVED: gcc.target/aarch64/advsimd-intrinsics/vdot-3-2.c   -O1   check-function-bodies sfooq_laneq
UNRESOLVED: gcc.target/aarch64/advsimd-intrinsics/vdot-3-2.c   -O1   check-function-bodies ufoo_untied
UNRESOLVED: gcc.target/aarch64/advsimd-intrinsics/vdot-3-2.c   -O1   check-function-bodies ufooq_laneq_untied
FAIL: gcc.target/aarch64/advsimd-intrinsics/vdot-3-2.c   -O2  (test for excess errors)
UNRESOLVED: gcc.target/aarch64/advsimd-intrinsics/vdot-3-2.c   -O2   check-function-bodies ufoo
UNRESOLVED: gcc.target/aarch64/advsimd-intrinsics/vdot-3-2.c   -O2   check-function-bodies ufooq
UNRESOLVED: gcc.target/aarch64/advsimd-intrinsics/vdot-3-2.c   -O2   check-function-bodies ufoo_lane
UNRESOLVED: gcc.target/aarch64/advsimd-intrinsics/vdot-3-2.c   -O2   check-function-bodies ufoo_laneq
UNRESOLVED: gcc.target/aarch64/advsimd-intrinsics/vdot-3-2.c   -O2   check-function-bodies ufooq_lane
UNRESOLVED: gcc.target/aarch64/advsimd-intrinsics/vdot-3-2.c   -O2   check-function-bodies ufooq_laneq
UNRESOLVED: gcc.target/aarch64/advsimd-intrinsics/vdot-3-2.c   -O2   check-function-bodies sfoo_lane
UNRESOLVED: gcc.target/aarch64/advsimd-intrinsics/vdot-3-2.c   -O2   check-function-bodies sfoo_laneq
UNRESOLVED: gcc.target/aarch64/advsimd-intrinsics/vdot-3-2.c   -O2   check-function-bodies sfooq_lane
UNRESOLVED: gcc.target/aarch64/advsimd-intrinsics/vdot-3-2.c   -O2   check-function-bodies sfooq_laneq
UNRESOLVED: gcc.target/aarch64/advsimd-intrinsics/vdot-3-2.c   -O2   check-function-bodies ufoo_untied
UNRESOLVED: gcc.target/aarch64/advsimd-intrinsics/vdot-3-2.c   -O2   check-function-bodies ufooq_laneq_untied
FAIL: gcc.target/aarch64/advsimd-intrinsics/vdot-3-2.c   -O3 -g  (test for excess errors)
UNRESOLVED: gcc.target/aarch64/advsimd-intrinsics/vdot-3-2.c   -O3 -g   check-function-bodies ufoo
UNRESOLVED: gcc.target/aarch64/advsimd-intrinsics/vdot-3-2.c   -O3 -g   check-function-bodies ufooq
UNRESOLVED: gcc.target/aarch64/advsimd-intrinsics/vdot-3-2.c   -O3 -g   check-function-bodies ufoo_lane
UNRESOLVED: gcc.target/aarch64/advsimd-intrinsics/vdot-3-2.c   -O3 -g   check-function-bodies ufoo_laneq
UNRESOLVED: gcc.target/aarch64/advsimd-intrinsics/vdot-3-2.c   -O3 -g   check-function-bodies ufooq_lane
UNRESOLVED: gcc.target/aarch64/advsimd-intrinsics/vdot-3-2.c   -O3 -g   check-function-bodies ufooq_laneq
UNRESOLVED: gcc.target/aarch64/advsimd-intrinsics/vdot-3-2.c   -O3 -g   check-function-bodies sfoo_lane
UNRESOLVED: gcc.target/aarch64/advsimd-intrinsics/vdot-3-2.c   -O3 -g   check-function-bodies sfoo_laneq
UNRESOLVED: gcc.target/aarch64/advsimd-intrinsics/vdot-3-2.c   -O3 -g   check-function-bodies sfooq_lane
UNRESOLVED: gcc.target/aarch64/advsimd-intrinsics/vdot-3-2.c   -O3 -g   check-function-bodies sfooq_laneq
UNRESOLVED: gcc.target/aarch64/advsimd-intrinsics/vdot-3-2.c   -O3 -g   check-function-bodies ufoo_untied
UNRESOLVED: gcc.target/aarch64/advsimd-intrinsics/vdot-3-2.c   -O3 -g   check-function-bodies ufooq_laneq_untied
FAIL: gcc.target/aarch64/advsimd-intrinsics/vdot-3-2.c   -Os  (test for excess errors)
UNRESOLVED: gcc.target/aarch64/advsimd-intrinsics/vdot-3-2.c   -Os   check-function-bodies ufoo
UNRESOLVED: gcc.target/aarch64/advsimd-intrinsics/vdot-3-2.c   -Os   check-function-bodies ufooq
UNRESOLVED: gcc.target/aarch64/advsimd-intrinsics/vdot-3-2.c   -Os   check-function-bodies ufoo_lane
UNRESOLVED: gcc.target/aarch64/advsimd-intrinsics/vdot-3-2.c   -Os   check-function-bodies ufoo_laneq
UNRESOLVED: gcc.target/aarch64/advsimd-intrinsics/vdot-3-2.c   -Os   check-function-bodies ufooq_lane
UNRESOLVED: gcc.target/aarch64/advsimd-intrinsics/vdot-3-2.c   -Os   check-function-bodies ufooq_laneq
UNRESOLVED: gcc.target/aarch64/advsimd-intrinsics/vdot-3-2.c   -Os   check-function-bodies sfoo_lane
UNRESOLVED: gcc.target/aarch64/advsimd-intrinsics/vdot-3-2.c   -Os   check-function-bodies sfoo_laneq
UNRESOLVED: gcc.target/aarch64/advsimd-intrinsics/vdot-3-2.c   -Os   check-function-bodies sfooq_lane
UNRESOLVED: gcc.target/aarch64/advsimd-intrinsics/vdot-3-2.c   -Os   check-function-bodies sfooq_laneq
UNRESOLVED: gcc.target/aarch64/advsimd-intrinsics/vdot-3-2.c   -Os   check-function-bodies ufoo_untied
UNRESOLVED: gcc.target/aarch64/advsimd-intrinsics/vdot-3-2.c   -Os   check-function-bodies ufooq_laneq_untied
FAIL: gcc.target/aarch64/advsimd-intrinsics/vdot-3-2.c   -Og -g  (test for excess errors)
UNRESOLVED: gcc.target/aarch64/advsimd-intrinsics/vdot-3-2.c   -Og -g   check-function-bodies ufoo
UNRESOLVED: gcc.target/aarch64/advsimd-intrinsics/vdot-3-2.c   -Og -g   check-function-bodies ufooq
UNRESOLVED: gcc.target/aarch64/advsimd-intrinsics/vdot-3-2.c   -Og -g   check-function-bodies ufoo_lane
UNRESOLVED: gcc.target/aarch64/advsimd-intrinsics/vdot-3-2.c   -Og -g   check-function-bodies ufoo_laneq
UNRESOLVED: gcc.target/aarch64/advsimd-intrinsics/vdot-3-2.c   -Og -g   check-function-bodies ufooq_lane
UNRESOLVED: gcc.target/aarch64/advsimd-intrinsics/vdot-3-2.c   -Og -g   check-function-bodies ufooq_laneq
UNRESOLVED: gcc.target/aarch64/advsimd-intrinsics/vdot-3-2.c   -Og -g   check-function-bodies sfoo_lane
UNRESOLVED: gcc.target/aarch64/advsimd-intrinsics/vdot-3-2.c   -Og -g   check-function-bodies sfoo_laneq
UNRESOLVED: gcc.target/aarch64/advsimd-intrinsics/vdot-3-2.c   -Og -g   check-function-bodies sfooq_lane
UNRESOLVED: gcc.target/aarch64/advsimd-intrinsics/vdot-3-2.c   -Og -g   check-function-bodies sfooq_laneq
UNRESOLVED: gcc.target/aarch64/advsimd-intrinsics/vdot-3-2.c   -Og -g   check-function-bodies ufoo_untied
UNRESOLVED: gcc.target/aarch64/advsimd-intrinsics/vdot-3-2.c   -Og -g   check-function-bodies ufooq_laneq_untied
FAIL: gcc.target/aarch64/advsimd-intrinsics/vdot-3-2.c   -O2 -flto -fno-use-linker-plugin -flto-partition=none  (test for excess errors)
UNRESOLVED: gcc.target/aarch64/advsimd-intrinsics/vdot-3-2.c   -O2 -flto -fno-use-linker-plugin -flto-partition=none   check-function-bodies ufoo
UNRESOLVED: gcc.target/aarch64/advsimd-intrinsics/vdot-3-2.c   -O2 -flto -fno-use-linker-plugin -flto-partition=none   check-function-bodies ufooq
UNRESOLVED: gcc.target/aarch64/advsimd-intrinsics/vdot-3-2.c   -O2 -flto -fno-use-linker-plugin -flto-partition=none   check-function-bodies ufoo_lane
UNRESOLVED: gcc.target/aarch64/advsimd-intrinsics/vdot-3-2.c   -O2 -flto -fno-use-linker-plugin -flto-partition=none   check-function-bodies ufoo_laneq
UNRESOLVED: gcc.target/aarch64/advsimd-intrinsics/vdot-3-2.c   -O2 -flto -fno-use-linker-plugin -flto-partition=none   check-function-bodies ufooq_lane
UNRESOLVED: gcc.target/aarch64/advsimd-intrinsics/vdot-3-2.c   -O2 -flto -fno-use-linker-plugin -flto-partition=none   check-function-bodies ufooq_laneq
UNRESOLVED: gcc.target/aarch64/advsimd-intrinsics/vdot-3-2.c   -O2 -flto -fno-use-linker-plugin -flto-partition=none   check-function-bodies sfoo_lane
UNRESOLVED: gcc.target/aarch64/advsimd-intrinsics/vdot-3-2.c   -O2 -flto -fno-use-linker-plugin -flto-partition=none   check-function-bodies sfoo_laneq
UNRESOLVED: gcc.target/aarch64/advsimd-intrinsics/vdot-3-2.c   -O2 -flto -fno-use-linker-plugin -flto-partition=none   check-function-bodies sfooq_lane
UNRESOLVED: gcc.target/aarch64/advsimd-intrinsics/vdot-3-2.c   -O2 -flto -fno-use-linker-plugin -flto-partition=none   check-function-bodies sfooq_laneq
UNRESOLVED: gcc.target/aarch64/advsimd-intrinsics/vdot-3-2.c   -O2 -flto -fno-use-linker-plugin -flto-partition=none   check-function-bodies ufoo_untied
UNRESOLVED: gcc.target/aarch64/advsimd-intrinsics/vdot-3-2.c   -O2 -flto -fno-use-linker-plugin -flto-partition=none   check-function-bodies ufooq_laneq_untied
FAIL: gcc.target/aarch64/sve/slp_perm_1.c -march=armv8.2-a+sve  scan-assembler-times \\\\trevb\\\\tz[0-9]+\\\\.d, p[0-7]/m, z[0-9]+\\\\.d\\\\n 1
FAIL: gcc.target/aarch64/sve/slp_perm_2.c -march=armv8.2-a+sve  scan-assembler-times \\\\trevb\\\\tz[0-9]+\\\\.s, p[0-7]/m, z[0-9]+\\\\.s\\\\n 1
FAIL: gcc.target/aarch64/sve/slp_perm_3.c -march=armv8.2-a+sve  scan-assembler-times \\\\trevb\\\\tz[0-9]+\\\\.h, p[0-7]/m, z[0-9]+\\\\.h\\\\n 1
FAIL: gcc.target/aarch64/sve/slp_perm_6.c -march=armv8.2-a+sve  scan-assembler-times \\\\ttbl\\\\tz[0-9]+\\\\.b, z[0-9]+\\\\.b, z[0-9]+\\\\.b\\\\n 1
FAIL: gcc.target/aarch64/sve/vcond_3.c -march=armv8.2-a+sve  scan-assembler-times \\\\tmov\\\\tz[0-9]+\\\\.b, p[0-7]/z, #-128\\\\n 1
FAIL: gcc.target/aarch64/sve/vcond_3.c -march=armv8.2-a+sve  scan-assembler-times \\\\tmov\\\\tz[0-9]+\\\\.b, p[0-7]/z, #2\\\\n 1
FAIL: gcc.target/aarch64/sve/vcond_3.c -march=armv8.2-a+sve  scan-assembler-times \\\\tmov\\\\tz[0-9]+\\\\.[hsd], p[0-7]/z, #-32768\\\\n 3
FAIL: gcc.target/aarch64/sve/vcond_3.c -march=armv8.2-a+sve  scan-assembler-times \\\\tmov\\\\tz[0-9]+\\\\.[hsd], p[0-7]/z, #2\\\\n 3
FAIL: gcc.target/aarch64/sve/vcond_3.c -march=armv8.2-a+sve  scan-assembler-times \\\\tmov\\\\tz[0-9]+\\\\.[hsd], p[0-7]/z, #256\\\\n 3

		=== gcc Summary ===

# of expected passes		260938
# of unexpected failures	137
# of unexpected successes	36
# of expected failures		2105
# of unresolved testcases	133
# of unsupported tests		4389
/build/gcc-snapshot-16863k/gcc-snapshot-20201204/build/gcc/xgcc  version 11.0.0 20201204 (experimental) [master revision b8dd0ef74dd:6f51f472f04:9715663f7db7ac57121c9a60dd0078787e274f66] (Debian 20201204-1) 

		=== gdc tests ===


Running target unix

		=== gdc Summary ===

# of expected passes		10358
# of unsupported tests		22
/build/gcc-snapshot-16863k/gcc-snapshot-20201204/build/gcc/gdc  version 11.0.0 20201204 (experimental) [master revision b8dd0ef74dd:6f51f472f04:9715663f7db7ac57121c9a60dd0078787e274f66] (Debian 20201204-1) 

		=== gfortran tests ===


Running target unix
FAIL: gfortran.dg/elemental_dependency_4.f90   -O0  (test for excess errors)
UNRESOLVED: gfortran.dg/elemental_dependency_4.f90   -O0  compilation failed to produce executable
FAIL: gfortran.dg/internal_dummy_2.f08   -O0  (test for excess errors)
UNRESOLVED: gfortran.dg/internal_dummy_2.f08   -O0  compilation failed to produce executable
FAIL: gfortran.dg/internal_dummy_2.f08   -O1  (test for excess errors)
UNRESOLVED: gfortran.dg/internal_dummy_2.f08   -O1  compilation failed to produce executable
FAIL: gfortran.dg/internal_dummy_2.f08   -O2  (test for excess errors)
UNRESOLVED: gfortran.dg/internal_dummy_2.f08   -O2  compilation failed to produce executable
FAIL: gfortran.dg/internal_dummy_2.f08   -O3 -fomit-frame-pointer -funroll-loops -fpeel-loops -ftracer -finline-functions  (test for excess errors)
UNRESOLVED: gfortran.dg/internal_dummy_2.f08   -O3 -fomit-frame-pointer -funroll-loops -fpeel-loops -ftracer -finline-functions  compilation failed to produce executable
FAIL: gfortran.dg/internal_dummy_2.f08   -O3 -g  (test for excess errors)
UNRESOLVED: gfortran.dg/internal_dummy_2.f08   -O3 -g  compilation failed to produce executable
FAIL: gfortran.dg/internal_dummy_2.f08   -Os  (test for excess errors)
UNRESOLVED: gfortran.dg/internal_dummy_2.f08   -Os  compilation failed to produce executable
FAIL: gfortran.dg/internal_dummy_3.f08   -O0  (test for excess errors)
UNRESOLVED: gfortran.dg/internal_dummy_3.f08   -O0  compilation failed to produce executable
FAIL: gfortran.dg/internal_dummy_3.f08   -O1  (test for excess errors)
UNRESOLVED: gfortran.dg/internal_dummy_3.f08   -O1  compilation failed to produce executable
FAIL: gfortran.dg/internal_dummy_3.f08   -O2  (test for excess errors)
UNRESOLVED: gfortran.dg/internal_dummy_3.f08   -O2  compilation failed to produce executable
FAIL: gfortran.dg/internal_dummy_3.f08   -O3 -fomit-frame-pointer -funroll-loops -fpeel-loops -ftracer -finline-functions  (test for excess errors)
UNRESOLVED: gfortran.dg/internal_dummy_3.f08   -O3 -fomit-frame-pointer -funroll-loops -fpeel-loops -ftracer -finline-functions  compilation failed to produce executable
FAIL: gfortran.dg/internal_dummy_3.f08   -O3 -g  (test for excess errors)
UNRESOLVED: gfortran.dg/internal_dummy_3.f08   -O3 -g  compilation failed to produce executable
FAIL: gfortran.dg/internal_dummy_3.f08   -Os  (test for excess errors)
UNRESOLVED: gfortran.dg/internal_dummy_3.f08   -Os  compilation failed to produce executable
FAIL: gfortran.dg/internal_dummy_4.f08   -O0  (test for excess errors)
UNRESOLVED: gfortran.dg/internal_dummy_4.f08   -O0  compilation failed to produce executable
FAIL: gfortran.dg/pointer_check_1.f90   -O0  (test for excess errors)
UNRESOLVED: gfortran.dg/pointer_check_1.f90   -O0  compilation failed to produce executable
FAIL: gfortran.dg/pointer_check_2.f90   -O0  (test for excess errors)
UNRESOLVED: gfortran.dg/pointer_check_2.f90   -O0  compilation failed to produce executable
FAIL: gfortran.dg/pointer_check_3.f90   -O0  (test for excess errors)
UNRESOLVED: gfortran.dg/pointer_check_3.f90   -O0  compilation failed to produce executable
FAIL: gfortran.dg/pointer_check_4.f90   -O0  (test for excess errors)
UNRESOLVED: gfortran.dg/pointer_check_4.f90   -O0  compilation failed to produce executable
FAIL: gfortran.dg/pointer_check_5.f90   -O0  (test for excess errors)
UNRESOLVED: gfortran.dg/pointer_check_5.f90   -O0  compilation failed to produce executable
FAIL: gfortran.dg/pr78719_1.f90   -O0  (test for excess errors)
UNRESOLVED: gfortran.dg/pr78719_1.f90   -O0  compilation failed to produce executable
FAIL: gfortran.dg/pr96711.f90   -O0  (internal compiler error)
FAIL: gfortran.dg/pr96711.f90   -O0  (test for excess errors)
UNRESOLVED: gfortran.dg/pr96711.f90   -O0  compilation failed to produce executable
UNRESOLVED: gfortran.dg/pr96711.f90   -O0   scan-tree-dump-times original "_gfortran_stop_numeric" 2
FAIL: gfortran.dg/pr96711.f90   -O1  (internal compiler error)
FAIL: gfortran.dg/pr96711.f90   -O1  (test for excess errors)
UNRESOLVED: gfortran.dg/pr96711.f90   -O1  compilation failed to produce executable
UNRESOLVED: gfortran.dg/pr96711.f90   -O1   scan-tree-dump-times original "_gfortran_stop_numeric" 2
FAIL: gfortran.dg/pr96711.f90   -O2  (internal compiler error)
FAIL: gfortran.dg/pr96711.f90   -O2  (test for excess errors)
UNRESOLVED: gfortran.dg/pr96711.f90   -O2  compilation failed to produce executable
UNRESOLVED: gfortran.dg/pr96711.f90   -O2   scan-tree-dump-times original "_gfortran_stop_numeric" 2
FAIL: gfortran.dg/pr96711.f90   -O3 -fomit-frame-pointer -funroll-loops -fpeel-loops -ftracer -finline-functions  (internal compiler error)
FAIL: gfortran.dg/pr96711.f90   -O3 -fomit-frame-pointer -funroll-loops -fpeel-loops -ftracer -finline-functions  (test for excess errors)
UNRESOLVED: gfortran.dg/pr96711.f90   -O3 -fomit-frame-pointer -funroll-loops -fpeel-loops -ftracer -finline-functions  compilation failed to produce executable
UNRESOLVED: gfortran.dg/pr96711.f90   -O3 -fomit-frame-pointer -funroll-loops -fpeel-loops -ftracer -finline-functions   scan-tree-dump-times original "_gfortran_stop_numeric" 2
FAIL: gfortran.dg/pr96711.f90   -O3 -g  (internal compiler error)
FAIL: gfortran.dg/pr96711.f90   -O3 -g  (test for excess errors)
UNRESOLVED: gfortran.dg/pr96711.f90   -O3 -g  compilation failed to produce executable
UNRESOLVED: gfortran.dg/pr96711.f90   -O3 -g   scan-tree-dump-times original "_gfortran_stop_numeric" 2
FAIL: gfortran.dg/pr96711.f90   -Os  (internal compiler error)
FAIL: gfortran.dg/pr96711.f90   -Os  (test for excess errors)
UNRESOLVED: gfortran.dg/pr96711.f90   -Os  compilation failed to produce executable
UNRESOLVED: gfortran.dg/pr96711.f90   -Os   scan-tree-dump-times original "_gfortran_stop_numeric" 2
FAIL: gfortran.dg/proc_ptr_18.f90   -O0  (test for excess errors)
UNRESOLVED: gfortran.dg/proc_ptr_18.f90   -O0  compilation failed to produce executable
FAIL: gfortran.dg/proc_ptr_19.f90   -O0  (test for excess errors)
UNRESOLVED: gfortran.dg/proc_ptr_19.f90   -O0  compilation failed to produce executable
FAIL: gfortran.dg/proc_ptr_20.f90   -O0  (test for excess errors)
UNRESOLVED: gfortran.dg/proc_ptr_20.f90   -O0  compilation failed to produce executable
FAIL: gfortran.dg/proc_ptr_21.f90   -O0  (test for excess errors)
UNRESOLVED: gfortran.dg/proc_ptr_21.f90   -O0  compilation failed to produce executable
FAIL: gfortran.dg/proc_ptr_23.f90   -O0  (test for excess errors)
UNRESOLVED: gfortran.dg/proc_ptr_23.f90   -O0  compilation failed to produce executable
FAIL: gfortran.dg/proc_ptr_25.f90   -O0  (test for excess errors)
UNRESOLVED: gfortran.dg/proc_ptr_25.f90   -O0  compilation failed to produce executable
FAIL: gfortran.dg/proc_ptr_47.f90   -O0  (test for excess errors)
UNRESOLVED: gfortran.dg/proc_ptr_47.f90   -O0  compilation failed to produce executable
FAIL: gfortran.dg/proc_ptr_48.f90   -O0  (test for excess errors)
UNRESOLVED: gfortran.dg/proc_ptr_48.f90   -O0  compilation failed to produce executable
FAIL: gfortran.dg/proc_ptr_5.f90   -O0  (test for excess errors)
UNRESOLVED: gfortran.dg/proc_ptr_5.f90   -O0  compilation failed to produce executable
FAIL: gfortran.dg/proc_ptr_7.f90   -O0  (test for excess errors)
UNRESOLVED: gfortran.dg/proc_ptr_7.f90   -O0  compilation failed to produce executable
FAIL: gfortran.dg/proc_ptr_comp_1.f90   -O0  (test for excess errors)
UNRESOLVED: gfortran.dg/proc_ptr_comp_1.f90   -O0  compilation failed to produce executable
FAIL: gfortran.dg/proc_ptr_comp_11.f90   -O0  (test for excess errors)
UNRESOLVED: gfortran.dg/proc_ptr_comp_11.f90   -O0  compilation failed to produce executable
FAIL: gfortran.dg/proc_ptr_comp_13.f90   -O0  (test for excess errors)
UNRESOLVED: gfortran.dg/proc_ptr_comp_13.f90   -O0  compilation failed to produce executable
FAIL: gfortran.dg/proc_ptr_comp_14.f90   -O0  (test for excess errors)
UNRESOLVED: gfortran.dg/proc_ptr_comp_14.f90   -O0  compilation failed to produce executable
FAIL: gfortran.dg/proc_ptr_comp_18.f90   -O0  (test for excess errors)
UNRESOLVED: gfortran.dg/proc_ptr_comp_18.f90   -O0  compilation failed to produce executable
FAIL: gfortran.dg/proc_ptr_comp_19.f90   -O0  (test for excess errors)
UNRESOLVED: gfortran.dg/proc_ptr_comp_19.f90   -O0  compilation failed to produce executable
FAIL: gfortran.dg/proc_ptr_comp_2.f90   -O0  (test for excess errors)
UNRESOLVED: gfortran.dg/proc_ptr_comp_2.f90   -O0  compilation failed to produce executable
FAIL: gfortran.dg/proc_ptr_comp_29.f90   -O0  (test for excess errors)
UNRESOLVED: gfortran.dg/proc_ptr_comp_29.f90   -O0  compilation failed to produce executable
FAIL: gfortran.dg/proc_ptr_comp_34.f90   -O0  (test for excess errors)
UNRESOLVED: gfortran.dg/proc_ptr_comp_34.f90   -O0  compilation failed to produce executable
FAIL: gfortran.dg/proc_ptr_comp_5.f90   -O0  (test for excess errors)
UNRESOLVED: gfortran.dg/proc_ptr_comp_5.f90   -O0  compilation failed to produce executable
FAIL: gfortran.dg/proc_ptr_comp_8.f90   -O0  (test for excess errors)
UNRESOLVED: gfortran.dg/proc_ptr_comp_8.f90   -O0  compilation failed to produce executable
FAIL: gfortran.dg/proc_ptr_comp_9.f90   -O0  (test for excess errors)
UNRESOLVED: gfortran.dg/proc_ptr_comp_9.f90   -O0  compilation failed to produce executable
FAIL: gfortran.dg/proc_ptr_comp_pass_3.f90   -O0  (test for excess errors)
UNRESOLVED: gfortran.dg/proc_ptr_comp_pass_3.f90   -O0  compilation failed to produce executable
FAIL: gfortran.dg/proc_ptr_result_7.f90   -O0  (test for excess errors)
UNRESOLVED: gfortran.dg/proc_ptr_result_7.f90   -O0  compilation failed to produce executable
FAIL: gfortran.dg/structure_constructor_11.f90   -O0  (test for excess errors)
UNRESOLVED: gfortran.dg/structure_constructor_11.f90   -O0  compilation failed to produce executable
FAIL: gfortran.dg/structure_constructor_11.f90   -O1  (test for excess errors)
UNRESOLVED: gfortran.dg/structure_constructor_11.f90   -O1  compilation failed to produce executable
FAIL: gfortran.dg/structure_constructor_11.f90   -O2  (test for excess errors)
UNRESOLVED: gfortran.dg/structure_constructor_11.f90   -O2  compilation failed to produce executable
FAIL: gfortran.dg/structure_constructor_11.f90   -O3 -fomit-frame-pointer -funroll-loops -fpeel-loops -ftracer -finline-functions  (test for excess errors)
UNRESOLVED: gfortran.dg/structure_constructor_11.f90   -O3 -fomit-frame-pointer -funroll-loops -fpeel-loops -ftracer -finline-functions  compilation failed to produce executable
FAIL: gfortran.dg/structure_constructor_11.f90   -O3 -g  (test for excess errors)
UNRESOLVED: gfortran.dg/structure_constructor_11.f90   -O3 -g  compilation failed to produce executable
FAIL: gfortran.dg/structure_constructor_11.f90   -Os  (test for excess errors)
UNRESOLVED: gfortran.dg/structure_constructor_11.f90   -Os  compilation failed to produce executable
FAIL: gfortran.dg/unlimited_polymorphic_19.f90   -O0  (test for excess errors)
UNRESOLVED: gfortran.dg/unlimited_polymorphic_19.f90   -O0  compilation failed to produce executable
FAIL: gfortran.dg/ieee/ieee_6.f90   -O0  execution test
FAIL: gfortran.dg/ieee/ieee_6.f90   -O1  execution test
FAIL: gfortran.dg/ieee/ieee_6.f90   -O2  execution test
FAIL: gfortran.dg/ieee/ieee_6.f90   -O3 -fomit-frame-pointer -funroll-loops -fpeel-loops -ftracer -finline-functions  execution test
FAIL: gfortran.dg/ieee/ieee_6.f90   -O3 -g  execution test
FAIL: gfortran.dg/ieee/ieee_6.f90   -Os  execution test
XPASS: gfortran.dg/ieee/ieee_8.f90   -O0  execution test
XPASS: gfortran.dg/ieee/ieee_8.f90   -O1  execution test
XPASS: gfortran.dg/ieee/ieee_8.f90   -O2  execution test
XPASS: gfortran.dg/ieee/ieee_8.f90   -O3 -fomit-frame-pointer -funroll-loops -fpeel-loops -ftracer -finline-functions  execution test
XPASS: gfortran.dg/ieee/ieee_8.f90   -O3 -g  execution test
XPASS: gfortran.dg/ieee/ieee_8.f90   -Os  execution test

		=== gfortran Summary ===

# of expected passes		55046
# of unexpected failures	69
# of unexpected successes	6
# of expected failures		232
# of unresolved testcases	63
# of unsupported tests		94
/build/gcc-snapshot-16863k/gcc-snapshot-20201204/build/gcc/gfortran  version 11.0.0 20201204 (experimental) [master revision b8dd0ef74dd:6f51f472f04:9715663f7db7ac57121c9a60dd0078787e274f66] (Debian 20201204-1) 

		=== gnat tests ===


Running target unix
FAIL: gnat.dg/align_max.adb (test for excess errors)
UNRESOLVED: gnat.dg/align_max.adb compilation failed to produce executable
FAIL: gnat.dg/opt39.adb scan-tree-dump-not optimized "tmp"
FAIL: gnat.dg/opt86a.adb scan-tree-dump-times optimized ">>" 4
FAIL: gnat.dg/opt86b.adb scan-tree-dump-not optimized "> 29"
FAIL: gnat.dg/opt86c.adb scan-tree-dump-not optimized "> 26"

		=== gnat Summary ===

# of expected passes		3303
# of unexpected failures	5
# of expected failures		23
# of unresolved testcases	1
# of unsupported tests		23
/build/gcc-snapshot-16863k/gcc-snapshot-20201204/build/gcc/gnatmake version 11.0.0 20201204 (experimental) [master revision b8dd0ef74dd:6f51f472f04:9715663f7db7ac57121c9a60dd0078787e274f66]

		=== go tests ===


Running target unix
FAIL: ./index0-out.go execution,  -O0 -g -fno-var-tracking-assignments 

		=== go Summary ===

# of expected passes		7475
# of unexpected failures	1
# of untested testcases		10
# of unsupported tests		9
/build/gcc-snapshot-16863k/gcc-snapshot-20201204/build/gcc/gccgo  version 11.0.0 20201204 (experimental) [master revision b8dd0ef74dd:6f51f472f04:9715663f7db7ac57121c9a60dd0078787e274f66] (Debian 20201204-1) 

		=== jit tests ===


Running target unix

		=== jit Summary ===

# of expected passes		10929
# of unsupported tests		2
		=== obj-c++ tests ===


Running target unix

		=== obj-c++ Summary ===

# of expected passes		1481
# of expected failures		10
# of unsupported tests		77
/build/gcc-snapshot-16863k/gcc-snapshot-20201204/build/gcc/xg++  version 11.0.0 20201204 (experimental) [master revision b8dd0ef74dd:6f51f472f04:9715663f7db7ac57121c9a60dd0078787e274f66] (Debian 20201204-1) 

		=== objc tests ===


Running target unix

		=== objc Summary ===

# of expected passes		2823
# of unsupported tests		69
/build/gcc-snapshot-16863k/gcc-snapshot-20201204/build/gcc/xgcc  version 11.0.0 20201204 (experimental) [master revision b8dd0ef74dd:6f51f472f04:9715663f7db7ac57121c9a60dd0078787e274f66] (Debian 20201204-1) 

		=== gotools tests ===


		=== gotools Summary ===
# of expected passes		376
# of untested testcases		123
/build/gcc-snapshot-16863k/gcc-snapshot-20201204/build/./gcc/gccgo version 11.0.0 20201204 (experimental) [master revision b8dd0ef74dd:6f51f472f04:9715663f7db7ac57121c9a60dd0078787e274f66] (Debian 20201204-1)

Compiler version: 11.0.0 20201204 (experimental) [master revision b8dd0ef74dd:6f51f472f04:9715663f7db7ac57121c9a60dd0078787e274f66] (Debian 20201204-1) 
Platform: aarch64-unknown-linux-gnu
configure flags: -v --with-pkgversion='Debian 20201204-1' --with-bugurl=file:///usr/share/doc/gcc-snapshot/README.Bugs --enable-languages=c,ada,c++,go,d,fortran,objc,obj-c++ --prefix=/usr/lib/gcc-snapshot --with-gcc-major-version-only --program-prefix= --enable-shared --enable-linker-build-id --disable-nls --enable-bootstrap --enable-clocale=gnu --enable-libstdcxx-debug --enable-libstdcxx-time=yes --with-default-libstdcxx-abi=new --enable-gnu-unique-object --disable-libquadmath --disable-libquadmath-support --enable-plugin --with-system-zlib --enable-libphobos-checking=release --with-target-system-zlib=auto --enable-objc-gc=auto --enable-multiarch --enable-fix-cortex-a53-843419 --disable-werror --enable-checking=yes,extra,rtl --build=aarch64-linux-gnu --host=aarch64-linux-gnu --target=aarch64-linux-gnu
BOOT_CFLAGS=


Build Dependencies:
Desired=Unknown/Install/Remove/Purge/Hold
| Status=Not/Inst/Conf-files/Unpacked/halF-conf/Half-inst/trig-aWait/Trig-pend
|/ Err?=(none)/Reinst-required (Status,Err: uppercase=bad)
||/ Name                       Version        Architecture Description
+++-==========================-==============-============-===============================================================================
ii  binutils                   2.35.1-3       arm64        GNU assembler, linker and binary utilities
ii  binutils-aarch64-linux-gnu 2.35.1-3       arm64        GNU binary utilities, for aarch64-linux-gnu target
ii  binutils-common:arm64      2.35.1-3       arm64        Common files for the GNU assembler, linker and binary utilities
ii  g++-10                     10.2.0-23      arm64        GNU C++ compiler
ii  libc6:arm64                2.31-5         arm64        GNU C Library: Shared libraries
ii  libgmp-dev:arm64           2:6.2.1+dfsg-1 arm64        Multiprecision arithmetic library developers tools
ii  libisl-dev:arm64           0.23-1         arm64        manipulating sets and relations of integer points bounded by linear constraints
ii  libmpc-dev:arm64           1.2.0-1        arm64        multiple precision complex floating-point library development package
ii  libmpfr-dev:arm64          4.1.0-3        arm64        multiple precision floating-point computation developers tools


sys-auxv-header:
  Check for the sys/auxv.h header file.

gdc-dynamic-link-phobos:
  Dynamically link the phobos library.

ia64-disable-selective-scheduling:

libstdc++-pythondir:

pr97504-mipsen:

arm-multilib-defaults:
  Set MULTILIB_DEFAULTS for ARM multilib builds

gcc-ice-dump:
  For ICEs, dump the preprocessed source file to stderr
  when in a distro build environment.

gcc-ice-apport:
  Report an ICE to apport (if apport is available
  and the environment variable GCC_NOAPPORT is not set)

skip-bootstrap-multilib:
  Skip non-default multilib and libstdc++-v3 debug builds in bootstrap builds

libffi-ro-eh_frame_sect:
  PR libffi/47248, force a read only eh frame section.

libffi-mips:
  Backport Mips go closure support, taken from libffi issue #197.

gcc-multiarch:
  - Remaining multiarch patches, not yet submitted upstream.
  - Add MULTIARCH_DIRNAME definitions for multilib configurations,
  which are used for the non-multilib builds.

config-ml:
  - Disable some biarch libraries for biarch builds.
  - Fix multilib builds on kernels which don't support all multilibs.

gcc-multilib-multiarch:
  Don't auto-detect multilib osdirnames.

libgomp-kfreebsd-testsuite:
  Disable lock-2.c test on kfreebsd-*

go-testsuite:
  Skip Go testcase on AArch64 which hangs on the buildds.

Counting all warnings,
there are 0 warnings in stage3 of this bootstrap.

Number of warnings per file:

Number of warning types:


More information about the Gcc-testresults mailing list