Results for 9.3.1 20201204 [releases/gcc-9 revision 7de6338ecabd5f803c11a7eb9997378a44fdfec5] (GCC) testsuite on i386-pc-solaris2.11

Rainer Orth ro@CeBiTec.Uni-Bielefeld.DE
Sat Dec 5 12:44:48 GMT 2020


LAST_UPDATED: Fri Dec  4 10:28:57 UTC 2020 (revision 7de6338ecabd5f803c11a7eb9997378a44fdfec5)

		=== acats tests ===

		=== acats Summary ===
# of expected passes		2320
# of unexpected failures	0
Native configuration is i386-pc-solaris2.11

		=== g++ tests ===


Running target unix
FAIL: c-c++-common/asan/swapcontext-test-1.c   -O0  execution test
FAIL: c-c++-common/asan/swapcontext-test-1.c   -O1  execution test
FAIL: c-c++-common/asan/swapcontext-test-1.c   -O2  execution test
FAIL: c-c++-common/asan/swapcontext-test-1.c   -O2 -flto  execution test
FAIL: c-c++-common/asan/swapcontext-test-1.c   -O2 -flto -flto-partition=none  execution test
FAIL: c-c++-common/asan/swapcontext-test-1.c   -O3 -fomit-frame-pointer -funroll-loops -fpeel-loops -ftracer -finline-functions  execution test
FAIL: c-c++-common/asan/swapcontext-test-1.c   -O3 -g  execution test
FAIL: c-c++-common/asan/swapcontext-test-1.c   -Os  execution test
FAIL: g++.dg/asan/default-options-1.C   -O0  execution test
FAIL: g++.dg/asan/default-options-1.C   -O1  execution test
FAIL: g++.dg/asan/default-options-1.C   -O2  execution test
FAIL: g++.dg/asan/default-options-1.C   -O2 -flto  execution test
FAIL: g++.dg/asan/default-options-1.C   -O2 -flto -flto-partition=none  execution test
FAIL: g++.dg/asan/default-options-1.C   -O3 -g  execution test
FAIL: g++.dg/asan/default-options-1.C   -Os  execution test
FAIL: g++.dg/gcov/pr16855-priority.C  -std=gnu++14  gcov: 1 failures in line counts, 0 in branch percentages, 0 in return percentages, 0 in intermediate format
FAIL: g++.dg/gcov/pr16855-priority.C  -std=gnu++14  line 22: is #####:should be 1
FAIL: g++.dg/gcov/pr16855-priority.C  -std=gnu++17  gcov: 1 failures in line counts, 0 in branch percentages, 0 in return percentages, 0 in intermediate format
FAIL: g++.dg/gcov/pr16855-priority.C  -std=gnu++17  line 22: is #####:should be 1
FAIL: g++.dg/gcov/pr16855-priority.C  -std=gnu++98  gcov: 1 failures in line counts, 0 in branch percentages, 0 in return percentages, 0 in intermediate format
FAIL: g++.dg/gcov/pr16855-priority.C  -std=gnu++98  line 22: is #####:should be 1
FAIL: g++.dg/gcov/pr16855.C  -std=gnu++14  gcov: 1 failures in line counts, 0 in branch percentages, 0 in return percentages, 0 in intermediate format
FAIL: g++.dg/gcov/pr16855.C  -std=gnu++14  line 24: is #####:should be 1
FAIL: g++.dg/gcov/pr16855.C  -std=gnu++17  gcov: 1 failures in line counts, 0 in branch percentages, 0 in return percentages, 0 in intermediate format
FAIL: g++.dg/gcov/pr16855.C  -std=gnu++17  line 24: is #####:should be 1
FAIL: g++.dg/gcov/pr16855.C  -std=gnu++98  gcov: 1 failures in line counts, 0 in branch percentages, 0 in return percentages, 0 in intermediate format
FAIL: g++.dg/gcov/pr16855.C  -std=gnu++98  line 24: is #####:should be 1
FAIL: g++.dg/lto/pr89335 cp_lto_pr89335_0.o assemble, -O2 -flto -Wsuggest-final-methods

		=== g++ Summary for unix ===

# of expected passes		131932
# of unexpected failures	28
# of expected failures		534
# of unsupported tests		6259

Running target unix/-m64
FAIL: g++.dg/pr80481.C  -std=gnu++14  scan-assembler-not vmovaps
FAIL: g++.dg/pr80481.C  -std=gnu++17  scan-assembler-not vmovaps
FAIL: g++.dg/pr80481.C  -std=gnu++98  scan-assembler-not vmovaps
FAIL: g++.dg/gcov/pr16855-priority.C  -std=gnu++14  gcov: 1 failures in line counts, 0 in branch percentages, 0 in return percentages, 0 in intermediate format
FAIL: g++.dg/gcov/pr16855-priority.C  -std=gnu++14  line 22: is #####:should be 1
FAIL: g++.dg/gcov/pr16855-priority.C  -std=gnu++17  gcov: 1 failures in line counts, 0 in branch percentages, 0 in return percentages, 0 in intermediate format
FAIL: g++.dg/gcov/pr16855-priority.C  -std=gnu++17  line 22: is #####:should be 1
FAIL: g++.dg/gcov/pr16855-priority.C  -std=gnu++98  gcov: 1 failures in line counts, 0 in branch percentages, 0 in return percentages, 0 in intermediate format
FAIL: g++.dg/gcov/pr16855-priority.C  -std=gnu++98  line 22: is #####:should be 1
FAIL: g++.dg/gcov/pr16855.C  -std=gnu++14  gcov: 1 failures in line counts, 0 in branch percentages, 0 in return percentages, 0 in intermediate format
FAIL: g++.dg/gcov/pr16855.C  -std=gnu++14  line 24: is #####:should be 1
FAIL: g++.dg/gcov/pr16855.C  -std=gnu++17  gcov: 1 failures in line counts, 0 in branch percentages, 0 in return percentages, 0 in intermediate format
FAIL: g++.dg/gcov/pr16855.C  -std=gnu++17  line 24: is #####:should be 1
FAIL: g++.dg/gcov/pr16855.C  -std=gnu++98  gcov: 1 failures in line counts, 0 in branch percentages, 0 in return percentages, 0 in intermediate format
FAIL: g++.dg/gcov/pr16855.C  -std=gnu++98  line 24: is #####:should be 1
FAIL: g++.dg/lto/pr89335 cp_lto_pr89335_0.o assemble, -O2 -flto -Wsuggest-final-methods

		=== g++ Summary for unix/-m64 ===

# of expected passes		131714
# of unexpected failures	16
# of expected failures		537
# of unsupported tests		6195

		=== g++ Summary ===

# of expected passes		263646
# of unexpected failures	44
# of expected failures		1071
# of unsupported tests		12454
/var/gcc/regression/gcc-9-branch/11-gcc-gas/build/gcc/xg++  version 9.3.1 20201204 [releases/gcc-9 revision 7de6338ecabd5f803c11a7eb9997378a44fdfec5] (GCC) 

		=== gcc tests ===


Running target unix
FAIL: c-c++-common/asan/swapcontext-test-1.c   -O0  execution test
FAIL: c-c++-common/asan/swapcontext-test-1.c   -O1  execution test
FAIL: c-c++-common/asan/swapcontext-test-1.c   -O2  execution test
FAIL: c-c++-common/asan/swapcontext-test-1.c   -O2 -flto  execution test
FAIL: c-c++-common/asan/swapcontext-test-1.c   -O2 -flto -flto-partition=none  execution test
FAIL: c-c++-common/asan/swapcontext-test-1.c   -O3 -fomit-frame-pointer -funroll-loops -fpeel-loops -ftracer -finline-functions  execution test
FAIL: c-c++-common/asan/swapcontext-test-1.c   -O3 -g  execution test
FAIL: c-c++-common/asan/swapcontext-test-1.c   -Os  execution test
FAIL: gcc.dg/ipa/ipa-icf-38.c scan-ltrans-tree-dump-not optimized "Function bar"
FAIL: gcc.target/i386/pr57193.c scan-assembler-times movdqa 2
FAIL: gcc.target/i386/pr90178.c scan-assembler-times xorl[\\\\t ]*\\\\%eax,[\\\\t ]*%eax 1

		=== gcc Summary for unix ===

# of expected passes		136539
# of unexpected failures	11
# of expected failures		541
# of unsupported tests		2877

Running target unix/-m64
FAIL: gcc.dg/ipa/ipa-icf-38.c scan-ltrans-tree-dump-not optimized "Function bar"
FAIL: gcc.target/i386/pr57193.c scan-assembler-times movdqa 2
FAIL: gcc.target/i386/pr90178.c scan-assembler-times xorl[\\\\t ]*\\\\%eax,[\\\\t ]*%eax 1

		=== gcc Summary for unix/-m64 ===

# of expected passes		136855
# of unexpected failures	3
# of expected failures		535
# of unsupported tests		2372

		=== gcc Summary ===

# of expected passes		273394
# of unexpected failures	14
# of expected failures		1076
# of unsupported tests		5249
/var/gcc/regression/gcc-9-branch/11-gcc-gas/build/gcc/xgcc  version 9.3.1 20201204 [releases/gcc-9 revision 7de6338ecabd5f803c11a7eb9997378a44fdfec5] (GCC) 

		=== gdc tests ===


Running target unix
UNRESOLVED: gdc.test/runnable/dhry.d   compilation failed to produce executable
UNRESOLVED: gdc.test/runnable/dhry.d -shared-libphobos   compilation failed to produce executable
WARNING: gdc.test/runnable/test17338.d -shared-libphobos   (test for excess errors) program timed out.
UNRESOLVED: gdc.test/runnable/test17338.d -shared-libphobos   compilation failed to produce executable

		=== gdc Summary for unix ===

# of expected passes		29637
# of unresolved testcases	3

Running target unix/-m64
UNRESOLVED: gdc.test/runnable/dhry.d   compilation failed to produce executable
UNRESOLVED: gdc.test/runnable/dhry.d -shared-libphobos   compilation failed to produce executable
WARNING: gdc.test/runnable/test17338.d   (test for excess errors) program timed out.
UNRESOLVED: gdc.test/runnable/test17338.d   compilation failed to produce executable
WARNING: gdc.test/runnable/test17338.d -shared-libphobos   (test for excess errors) program timed out.
UNRESOLVED: gdc.test/runnable/test17338.d -shared-libphobos   compilation failed to produce executable

		=== gdc Summary for unix/-m64 ===

# of expected passes		29636
# of unresolved testcases	4

		=== gdc Summary ===

# of expected passes		59273
# of unresolved testcases	7
/var/gcc/regression/gcc-9-branch/11-gcc-gas/build/gcc/gdc  version 9.3.1 20201204 [releases/gcc-9 revision 7de6338ecabd5f803c11a7eb9997378a44fdfec5] (GCC) 

		=== gfortran tests ===


Running target unix
FAIL: gfortran.dg/default_format_1.f90   -O0  execution test
FAIL: gfortran.dg/default_format_1.f90   -O1  execution test
FAIL: gfortran.dg/default_format_1.f90   -O2  execution test
FAIL: gfortran.dg/default_format_1.f90   -O3 -fomit-frame-pointer -funroll-loops -fpeel-loops -ftracer -finline-functions  execution test
FAIL: gfortran.dg/default_format_1.f90   -O3 -g  execution test
FAIL: gfortran.dg/default_format_1.f90   -Os  execution test
FAIL: gfortran.dg/fmt_g0_1.f08   -O0  execution test
FAIL: gfortran.dg/fmt_g0_1.f08   -O1  execution test
FAIL: gfortran.dg/fmt_g0_1.f08   -O2  execution test
FAIL: gfortran.dg/fmt_g0_1.f08   -O3 -fomit-frame-pointer -funroll-loops -fpeel-loops -ftracer -finline-functions  execution test
FAIL: gfortran.dg/fmt_g0_1.f08   -O3 -g  execution test
FAIL: gfortran.dg/fmt_g0_1.f08   -Os  execution test
FAIL: gfortran.dg/round_4.f90   -O0  execution test
FAIL: gfortran.dg/round_4.f90   -O1  execution test
FAIL: gfortran.dg/round_4.f90   -O2  execution test
FAIL: gfortran.dg/round_4.f90   -O3 -fomit-frame-pointer -funroll-loops -fpeel-loops -ftracer -finline-functions  execution test
FAIL: gfortran.dg/round_4.f90   -O3 -g  execution test
FAIL: gfortran.dg/round_4.f90   -Os  execution test

		=== gfortran Summary for unix ===

# of expected passes		50882
# of unexpected failures	18
# of expected failures		187
# of unsupported tests		205

Running target unix/-m64

		=== gfortran Summary for unix/-m64 ===

# of expected passes		51129
# of expected failures		187
# of unsupported tests		96

		=== gfortran Summary ===

# of expected passes		102011
# of unexpected failures	18
# of expected failures		374
# of unsupported tests		301
/var/gcc/regression/gcc-9-branch/11-gcc-gas/build/gcc/gfortran  version 9.3.1 20201204 [releases/gcc-9 revision 7de6338ecabd5f803c11a7eb9997378a44fdfec5] (GCC) 

		=== gnat tests ===


Running target unix

		=== gnat Summary for unix ===

# of expected passes		2998
# of expected failures		23
# of unsupported tests		8

Running target unix/-m64

		=== gnat Summary for unix/-m64 ===

# of expected passes		2998
# of expected failures		23
# of unsupported tests		8

		=== gnat Summary ===

# of expected passes		5996
# of expected failures		46
# of unsupported tests		16
/var/gcc/regression/gcc-9-branch/11-gcc-gas/build/gcc/gnatmake version 9.3.1 20201204 [releases/gcc-9 revision 7de6338ecabd5f803c11a7eb9997378a44fdfec5]

		=== go tests ===


Running target unix
FAIL: ./index0-out.go execution,  -O0 -g -fno-var-tracking-assignments 

		=== go Summary for unix ===

# of expected passes		7460
# of unexpected failures	1
# of expected failures		1
# of untested testcases		10
# of unsupported tests		2

Running target unix/-m64
FAIL: ./index0-out.go execution,  -O0 -g -fno-var-tracking-assignments 

		=== go Summary for unix/-m64 ===

# of expected passes		7341
# of unexpected failures	1
# of expected failures		1
# of untested testcases		10
# of unsupported tests		1

		=== go Summary ===

# of expected passes		14801
# of unexpected failures	2
# of expected failures		2
# of untested testcases		20
# of unsupported tests		3
		=== obj-c++ tests ===


Running target unix

		=== obj-c++ Summary for unix ===

# of expected passes		1466
# of expected failures		2
# of unsupported tests		77

Running target unix/-m64

		=== obj-c++ Summary for unix/-m64 ===

# of expected passes		1458
# of expected failures		10
# of unsupported tests		77

		=== obj-c++ Summary ===

# of expected passes		2924
# of expected failures		12
# of unsupported tests		154
/var/gcc/regression/gcc-9-branch/11-gcc-gas/build/gcc/xg++  version 9.3.1 20201204 [releases/gcc-9 revision 7de6338ecabd5f803c11a7eb9997378a44fdfec5] (GCC) 

		=== objc tests ===


Running target unix

		=== objc Summary for unix ===

# of expected passes		2798
# of expected failures		6
# of unsupported tests		68

Running target unix/-m64

		=== objc Summary for unix/-m64 ===

# of expected passes		2798
# of expected failures		6
# of unsupported tests		68

		=== objc Summary ===

# of expected passes		5596
# of expected failures		12
# of unsupported tests		136
/var/gcc/regression/gcc-9-branch/11-gcc-gas/build/gcc/xgcc  version 9.3.1 20201204 [releases/gcc-9 revision 7de6338ecabd5f803c11a7eb9997378a44fdfec5] (GCC) 

		=== gotools tests ===

FAIL: TestScript
FAIL: go test cmd/go
FAIL: TestAbort
FAIL: TestCgoCrashHandler
FAIL: TestCgoSignalDeadlock
FAIL: TestG0StackOverflow
FAIL: TestSelectStackAdjust
FAIL: go test runtime

		=== gotools Summary ===
# of expected passes		407
# of unexpected failures	8
# of untested testcases		190
/var/gcc/regression/gcc-9-branch/11-gcc-gas/build/./gcc/gccgo version 9.3.1 20201204 [releases/gcc-9 revision 7de6338ecabd5f803c11a7eb9997378a44fdfec5] (GCC)

		=== libatomic tests ===


Running target unix

		=== libatomic Summary for unix ===

# of expected passes		44
# of unsupported tests		5

Running target unix/-m64

		=== libatomic Summary for unix/-m64 ===

# of expected passes		54

		=== libatomic Summary ===

# of expected passes		98
# of unsupported tests		5
		=== libffi tests ===


Running target unix

		=== libffi Summary for unix ===

# of expected passes		2799

Running target unix/-m64

		=== libffi Summary for unix/-m64 ===

# of expected passes		2214

		=== libffi Summary ===

# of expected passes		5013
		=== libgo tests ===


Running target unix
FAIL: go/build
FAIL: runtime

		=== libgo Summary for unix ===

# of expected passes		183
# of unexpected failures	2

Running target unix/-m64
FAIL: go/build
FAIL: runtime

		=== libgo Summary for unix/-m64 ===

# of expected passes		183
# of unexpected failures	2

		=== libgo Summary ===

# of expected passes		366
# of unexpected failures	4
/var/gcc/regression/gcc-9-branch/11-gcc-gas/build/./gcc/gccgo version 9.3.1 20201204 [releases/gcc-9 revision 7de6338ecabd5f803c11a7eb9997378a44fdfec5] (GCC)

		=== libgomp tests ===


Running target unix

		=== libgomp Summary for unix ===

# of expected passes		6519
# of expected failures		4
# of unsupported tests		395

Running target unix/-m64

		=== libgomp Summary for unix/-m64 ===

# of expected passes		6519
# of expected failures		4
# of unsupported tests		395

		=== libgomp Summary ===

# of expected passes		13038
# of expected failures		8
# of unsupported tests		790
		=== libitm tests ===


Running target unix

		=== libitm Summary for unix ===

# of expected passes		42
# of expected failures		3
# of unsupported tests		1

Running target unix/-m64

		=== libitm Summary for unix/-m64 ===

# of expected passes		42
# of expected failures		3
# of unsupported tests		1

		=== libitm Summary ===

# of expected passes		84
# of expected failures		6
# of unsupported tests		2
		=== libphobos tests ===


Running target unix
FAIL: libphobos.phobos_shared/std/datetime/systime.d execution test
FAIL: libphobos.phobos_shared/std/datetime/timezone.d execution test
FAIL: libphobos.phobos_shared/std/format.d execution test
FAIL: libphobos.phobos_shared/std/math.d execution test
FAIL: libphobos.phobos_shared/std/parallelism.d execution test
FAIL: libphobos.shared/finalize.d -shared-libphobos -ldl execution test
FAIL: libphobos.shared/linkD.c lib.so -ldl -pthread execution test
FAIL: libphobos.shared/load.d -shared-libphobos -ldl execution test
FAIL: libphobos.shared/load_13414.d -shared-libphobos -ldl execution test

		=== libphobos Summary for unix ===

# of expected passes		415
# of unexpected failures	9

Running target unix/-m64
FAIL: libphobos.phobos_shared/std/datetime/systime.d execution test
FAIL: libphobos.phobos_shared/std/datetime/timezone.d execution test
FAIL: libphobos.phobos_shared/std/format.d execution test
FAIL: libphobos.phobos_shared/std/math.d execution test
FAIL: libphobos.phobos_shared/std/parallelism.d execution test
FAIL: libphobos.shared/finalize.d -shared-libphobos -ldl execution test
FAIL: libphobos.shared/linkD.c lib.so -ldl -pthread execution test
FAIL: libphobos.shared/load.d -shared-libphobos -ldl execution test
FAIL: libphobos.shared/load_13414.d -shared-libphobos -ldl execution test

		=== libphobos Summary for unix/-m64 ===

# of expected passes		415
# of unexpected failures	9

		=== libphobos Summary ===

# of expected passes		830
# of unexpected failures	18
		=== libstdc++ tests ===


Running target unix
FAIL: ext/random/k_distribution/operators/serialize.cc execution test
FAIL: libstdc++-prettyprinters/80276.cc whatis p4
FAIL: libstdc++-prettyprinters/80276.cc whatis p4

		=== libstdc++ Summary for unix ===

# of expected passes		12892
# of unexpected failures	3
# of expected failures		80
# of unsupported tests		701

Running target unix/-m64
FAIL: libstdc++-prettyprinters/80276.cc whatis p4
FAIL: libstdc++-prettyprinters/80276.cc whatis p4

		=== libstdc++ Summary for unix/-m64 ===

# of expected passes		12887
# of unexpected failures	2
# of expected failures		78
# of unsupported tests		705

		=== libstdc++ Summary ===

# of expected passes		25779
# of unexpected failures	5
# of expected failures		158
# of unsupported tests		1406

Compiler version: 9.3.1 20201204 [releases/gcc-9 revision 7de6338ecabd5f803c11a7eb9997378a44fdfec5] (GCC) 
Platform: i386-pc-solaris2.11
configure flags: --prefix=/vol/gcc --target=i386-pc-solaris2.11 --enable-objc-gc --with-target-bdw-gc-include=/vol/gcc/include --with-target-bdw-gc-lib=/vol/gcc/lib,amd64=/vol/gcc/lib/amd64 --with-as=/vol/gcc/bin/gas-2.35 --with-gnu-as --with-gmp-include=/vol/gcc/include --with-gmp-lib=/vol/gcc/lib --with-mpfr-include=/vol/gcc/include --with-mpfr-lib=/vol/gcc/lib --with-mpc-include=/vol/gcc/include --with-mpc-lib=/vol/gcc/lib --enable-languages=all,ada,obj-c++,go --with-isl-include=/vol/gcc/include --with-isl-lib=/vol/gcc/lib --with-zstd-include=/vol/gcc/include --with-zstd-lib=/vol/gcc/lib --build=i386-pc-solaris2.11 --host=i386-pc-solaris2.11
BOOT_CFLAGS=-g -O2


More information about the Gcc-testresults mailing list