Results for 11.0.0 (DEFMODE=arm DEFCPU=cortex-a9 DEFFPU=default TESTFLAGS=) [r11-5754] (GCC) testsuite on arm-none-linux-gnueabi

Christophe LYON christophe.lyon@st.com
Sat Dec 5 02:52:18 GMT 2020


LAST_UPDATED: Sat Dec  5 00:32:31 UTC 2020 (revision r11-5754-gc5fd8a9157c440c2039e7c7015f012800d1e524d) TARGET=arm-none-linux-gnueabi CPU=cortex-a9 FPU=default MODE=arm

Target is arm-none-linux-gnueabi
Host   is arm-none-linux-gnueabi

		=== libatomic tests ===


Running target qemu

		=== libatomic Summary ===

# of expected passes		44
# of unsupported tests		5
Host   is arm-none-linux-gnueabi

		=== libitm tests ===


Running target qemu

		=== libitm Summary ===

# of expected passes		42
# of expected failures		3
# of unsupported tests		1
Host   is arm-none-linux-gnueabi

		=== libstdc++ tests ===


Running target qemu
WARNING: 30_threads/condition_variable/54185.cc execution test (CHILDKILLED 30094 SIGINT interrupt) program timed out.
FAIL: experimental/net/internet/resolver/ops/lookup.cc execution test

		=== libstdc++ Summary ===

# of expected passes		13791
# of unexpected failures	1
# of expected failures		104
# of untested testcases		1
# of unsupported tests		724
Host   is x86_64-pc-linux-gnu

		=== gcc tests ===


Running target qemu
FAIL: gcc.dg/analyzer/malloc-vs-local-1b.c  (test for bogus messages, line 170)
XPASS: gcc.dg/analyzer/pr94851-1.c bogus leak (test for bogus messages, line 43)
WARNING: skipping asan tests due to ulimit -v
WARNING: skipping asan tests due to ulimit -v
WARNING: skipping asan tests due to ulimit -v
WARNING: skipping asan tests due to ulimit -v
WARNING: skipping asan tests due to ulimit -v
WARNING: skipping asan tests due to ulimit -v
WARNING: skipping asan tests due to ulimit -v
WARNING: skipping asan tests due to ulimit -v
WARNING: skipping asan tests due to ulimit -v
WARNING: skipping asan tests due to ulimit -v
FAIL: gcc.dg/atomic/pr65345-4.c   -O2 -flto -fno-use-linker-plugin -flto-partition=none  (internal compiler error)
FAIL: gcc.dg/atomic/pr65345-4.c   -O2 -flto -fno-use-linker-plugin -flto-partition=none  (test for excess errors)
FAIL: gcc.dg/atomic/pr65345-4.c   -O2 -flto -fuse-linker-plugin -fno-fat-lto-objects  (internal compiler error)
FAIL: gcc.dg/atomic/pr65345-4.c   -O2 -flto -fuse-linker-plugin -fno-fat-lto-objects  (test for excess errors)
XPASS: gcc.dg/Walloca-2.c  (test for bogus messages, line 16)
FAIL: gcc.dg/ira-shrinkwrap-prep-1.c scan-rtl-dump pro_and_epilogue "Performing shrink-wrapping"
XPASS: gcc.dg/pr78973.c pr79073 (test for warnings, line 12)
FAIL: gcc.dg/strlenopt-73.c scan-tree-dump-times optimized "_not_eliminated_" 0
FAIL: gcc.dg/strlenopt-73.c scan-tree-dump-times optimized "strlen" 0
FAIL: gcc.dg/fixed-point/composite-type.c (test for excess errors)
FAIL: gcc.dg/fixed-point/struct-union.c (test for excess errors)
FAIL: gcc.dg/gomp/simd-2.c scan-tree-dump-times vect "vectorized [1-9][0-9]* loops in function" 5
FAIL: gcc.dg/gomp/simd-3.c scan-tree-dump-times vect "vectorized [1-9][0-9]* loops in function" 5
FAIL: gcc.dg/tree-ssa/gen-vect-26.c scan-tree-dump-times vect "Alignment of access forced using peeling" 1
FAIL: gcc.dg/tree-ssa/gen-vect-26.c scan-tree-dump-times vect "Vectorizing an unaligned access" 0
FAIL: gcc.dg/tree-ssa/gen-vect-28.c scan-tree-dump-times vect "Alignment of access forced using peeling" 1
FAIL: gcc.dg/tree-ssa/gen-vect-28.c scan-tree-dump-times vect "Vectorizing an unaligned access" 0
FAIL: gcc.dg/tree-ssa/scev-3.c scan-tree-dump-times ivopts "&a" 1
FAIL: gcc.dg/tree-ssa/scev-5.c scan-tree-dump-times ivopts "&a" 1
FAIL: gcc.dg/vect/pr97428.c -flto -ffat-lto-objects  scan-tree-dump vect "Detected interleaving load of size 8"
FAIL: gcc.dg/vect/pr97428.c -flto -ffat-lto-objects  scan-tree-dump vect "Detected interleaving store of size 16"
FAIL: gcc.dg/vect/pr97428.c -flto -ffat-lto-objects  scan-tree-dump-times vect "vectorizing stmts using SLP" 2
FAIL: gcc.dg/vect/pr97428.c scan-tree-dump vect "Detected interleaving load of size 8"
FAIL: gcc.dg/vect/pr97428.c scan-tree-dump vect "Detected interleaving store of size 16"
FAIL: gcc.dg/vect/pr97428.c scan-tree-dump-times vect "vectorizing stmts using SLP" 2
UNRESOLVED: gcc.target/aarch64/advsimd-intrinsics/vld1x2.c   -O0  compilation failed to produce executable
UNRESOLVED: gcc.target/aarch64/advsimd-intrinsics/vld1x2.c   -O1  compilation failed to produce executable
UNRESOLVED: gcc.target/aarch64/advsimd-intrinsics/vld1x2.c   -O2  compilation failed to produce executable
UNRESOLVED: gcc.target/aarch64/advsimd-intrinsics/vld1x2.c   -O2 -flto -fno-use-linker-plugin -flto-partition=none  compilation failed to produce executable
UNRESOLVED: gcc.target/aarch64/advsimd-intrinsics/vld1x2.c   -O2 -flto -fuse-linker-plugin -fno-fat-lto-objects  compilation failed to produce executable
UNRESOLVED: gcc.target/aarch64/advsimd-intrinsics/vld1x2.c   -O3 -fomit-frame-pointer -funroll-loops -fpeel-loops -ftracer -finline-functions  compilation failed to produce executable
UNRESOLVED: gcc.target/aarch64/advsimd-intrinsics/vld1x2.c   -O3 -g  compilation failed to produce executable
UNRESOLVED: gcc.target/aarch64/advsimd-intrinsics/vld1x2.c   -Og -g  compilation failed to produce executable
UNRESOLVED: gcc.target/aarch64/advsimd-intrinsics/vld1x2.c   -Os  compilation failed to produce executable
UNRESOLVED: gcc.target/aarch64/advsimd-intrinsics/vld1x3.c   -O0  compilation failed to produce executable
UNRESOLVED: gcc.target/aarch64/advsimd-intrinsics/vld1x3.c   -O1  compilation failed to produce executable
UNRESOLVED: gcc.target/aarch64/advsimd-intrinsics/vld1x3.c   -O2  compilation failed to produce executable
UNRESOLVED: gcc.target/aarch64/advsimd-intrinsics/vld1x3.c   -O2 -flto -fno-use-linker-plugin -flto-partition=none  compilation failed to produce executable
UNRESOLVED: gcc.target/aarch64/advsimd-intrinsics/vld1x3.c   -O2 -flto -fuse-linker-plugin -fno-fat-lto-objects  compilation failed to produce executable
UNRESOLVED: gcc.target/aarch64/advsimd-intrinsics/vld1x3.c   -O3 -fomit-frame-pointer -funroll-loops -fpeel-loops -ftracer -finline-functions  compilation failed to produce executable
UNRESOLVED: gcc.target/aarch64/advsimd-intrinsics/vld1x3.c   -O3 -g  compilation failed to produce executable
UNRESOLVED: gcc.target/aarch64/advsimd-intrinsics/vld1x3.c   -Og -g  compilation failed to produce executable
UNRESOLVED: gcc.target/aarch64/advsimd-intrinsics/vld1x3.c   -Os  compilation failed to produce executable
UNRESOLVED: gcc.target/aarch64/advsimd-intrinsics/vld1x4.c   -O0  compilation failed to produce executable
UNRESOLVED: gcc.target/aarch64/advsimd-intrinsics/vld1x4.c   -O1  compilation failed to produce executable
UNRESOLVED: gcc.target/aarch64/advsimd-intrinsics/vld1x4.c   -O2  compilation failed to produce executable
UNRESOLVED: gcc.target/aarch64/advsimd-intrinsics/vld1x4.c   -O2 -flto -fno-use-linker-plugin -flto-partition=none  compilation failed to produce executable
UNRESOLVED: gcc.target/aarch64/advsimd-intrinsics/vld1x4.c   -O2 -flto -fuse-linker-plugin -fno-fat-lto-objects  compilation failed to produce executable
UNRESOLVED: gcc.target/aarch64/advsimd-intrinsics/vld1x4.c   -O3 -fomit-frame-pointer -funroll-loops -fpeel-loops -ftracer -finline-functions  compilation failed to produce executable
UNRESOLVED: gcc.target/aarch64/advsimd-intrinsics/vld1x4.c   -O3 -g  compilation failed to produce executable
UNRESOLVED: gcc.target/aarch64/advsimd-intrinsics/vld1x4.c   -Og -g  compilation failed to produce executable
UNRESOLVED: gcc.target/aarch64/advsimd-intrinsics/vld1x4.c   -Os  compilation failed to produce executable
UNRESOLVED: gcc.target/aarch64/advsimd-intrinsics/vst1x2.c   -O0  compilation failed to produce executable
UNRESOLVED: gcc.target/aarch64/advsimd-intrinsics/vst1x2.c   -O1  compilation failed to produce executable
UNRESOLVED: gcc.target/aarch64/advsimd-intrinsics/vst1x2.c   -O2  compilation failed to produce executable
UNRESOLVED: gcc.target/aarch64/advsimd-intrinsics/vst1x2.c   -O2 -flto -fno-use-linker-plugin -flto-partition=none  compilation failed to produce executable
UNRESOLVED: gcc.target/aarch64/advsimd-intrinsics/vst1x2.c   -O2 -flto -fuse-linker-plugin -fno-fat-lto-objects  compilation failed to produce executable
UNRESOLVED: gcc.target/aarch64/advsimd-intrinsics/vst1x2.c   -O3 -fomit-frame-pointer -funroll-loops -fpeel-loops -ftracer -finline-functions  compilation failed to produce executable
UNRESOLVED: gcc.target/aarch64/advsimd-intrinsics/vst1x2.c   -O3 -g  compilation failed to produce executable
UNRESOLVED: gcc.target/aarch64/advsimd-intrinsics/vst1x2.c   -Og -g  compilation failed to produce executable
UNRESOLVED: gcc.target/aarch64/advsimd-intrinsics/vst1x2.c   -Os  compilation failed to produce executable
UNRESOLVED: gcc.target/aarch64/advsimd-intrinsics/vst1x3.c   -O0  compilation failed to produce executable
UNRESOLVED: gcc.target/aarch64/advsimd-intrinsics/vst1x3.c   -O1  compilation failed to produce executable
UNRESOLVED: gcc.target/aarch64/advsimd-intrinsics/vst1x3.c   -O2  compilation failed to produce executable
UNRESOLVED: gcc.target/aarch64/advsimd-intrinsics/vst1x3.c   -O2 -flto -fno-use-linker-plugin -flto-partition=none  compilation failed to produce executable
UNRESOLVED: gcc.target/aarch64/advsimd-intrinsics/vst1x3.c   -O2 -flto -fuse-linker-plugin -fno-fat-lto-objects  compilation failed to produce executable
UNRESOLVED: gcc.target/aarch64/advsimd-intrinsics/vst1x3.c   -O3 -fomit-frame-pointer -funroll-loops -fpeel-loops -ftracer -finline-functions  compilation failed to produce executable
UNRESOLVED: gcc.target/aarch64/advsimd-intrinsics/vst1x3.c   -O3 -g  compilation failed to produce executable
UNRESOLVED: gcc.target/aarch64/advsimd-intrinsics/vst1x3.c   -Og -g  compilation failed to produce executable
UNRESOLVED: gcc.target/aarch64/advsimd-intrinsics/vst1x3.c   -Os  compilation failed to produce executable
UNRESOLVED: gcc.target/aarch64/advsimd-intrinsics/vst1x4.c   -O0  compilation failed to produce executable
UNRESOLVED: gcc.target/aarch64/advsimd-intrinsics/vst1x4.c   -O1  compilation failed to produce executable
UNRESOLVED: gcc.target/aarch64/advsimd-intrinsics/vst1x4.c   -O2  compilation failed to produce executable
UNRESOLVED: gcc.target/aarch64/advsimd-intrinsics/vst1x4.c   -O2 -flto -fno-use-linker-plugin -flto-partition=none  compilation failed to produce executable
UNRESOLVED: gcc.target/aarch64/advsimd-intrinsics/vst1x4.c   -O2 -flto -fuse-linker-plugin -fno-fat-lto-objects  compilation failed to produce executable
UNRESOLVED: gcc.target/aarch64/advsimd-intrinsics/vst1x4.c   -O3 -fomit-frame-pointer -funroll-loops -fpeel-loops -ftracer -finline-functions  compilation failed to produce executable
UNRESOLVED: gcc.target/aarch64/advsimd-intrinsics/vst1x4.c   -O3 -g  compilation failed to produce executable
UNRESOLVED: gcc.target/aarch64/advsimd-intrinsics/vst1x4.c   -Og -g  compilation failed to produce executable
UNRESOLVED: gcc.target/aarch64/advsimd-intrinsics/vst1x4.c   -Os  compilation failed to produce executable
FAIL: gcc.target/arm/addr-modes-float.c scan-assembler vst3.8\\t{d[02468], d[02468], d[02468]}, \\\\[r[0-9]+\\\\]!
FAIL: gcc.target/arm/armv8_1m-fp16-move-1.c check-function-bodies r_w
FAIL: gcc.target/arm/armv8_1m-fp16-move-1.c check-function-bodies w_r
FAIL: gcc.target/arm/armv8_1m-fp16-move-1.c check-function-bodies w_w
FAIL: gcc.target/arm/armv8_1m-fp32-move-1.c check-function-bodies r_w
FAIL: gcc.target/arm/armv8_1m-fp32-move-1.c check-function-bodies w_r
FAIL: gcc.target/arm/armv8_1m-fp32-move-1.c check-function-bodies w_w
FAIL: gcc.target/arm/armv8_1m-fp64-move-1.c check-function-bodies r_w
FAIL: gcc.target/arm/armv8_1m-fp64-move-1.c check-function-bodies w_r
FAIL: gcc.target/arm/armv8_1m-fp64-move-1.c check-function-bodies w_w
FAIL: gcc.target/arm/armv8_2-fp16-scalar-2.c scan-assembler-times vmov.f16\\\\ts[0-9]+, #1\\\\.0e\\\\+0 4
FAIL: gcc.target/arm/bf16_reinterpret.c (test for excess errors)
UNRESOLVED: gcc.target/arm/bf16_reinterpret.c scan-assembler \\\\tvrshl.s64\\\\td[0-9]+, d[0-9]+, d[0-9]+\\\\n
UNRESOLVED: gcc.target/arm/bf16_reinterpret.c scan-assembler \\\\tvrshl.u64\\\\td[0-9]+, d[0-9]+, d[0-9]+\\\\n
UNRESOLVED: gcc.target/arm/bf16_reinterpret.c scan-assembler \\\\tvsli.64\\\\td[0-9]+, d[0-9]+, #3\\\\n
UNRESOLVED: gcc.target/arm/bf16_reinterpret.c scan-assembler \\\\tvsli.64\\\\tq[0-9]+, q[0-9]+, #3\\\\n
UNRESOLVED: gcc.target/arm/bf16_reinterpret.c scan-assembler \\\\tvsub.f32\\\\td[0-9]+, d[0-9]+, d[0-9]+\\\\n
UNRESOLVED: gcc.target/arm/bf16_reinterpret.c scan-assembler \\\\tvsub.f32\\\\tq[0-9]+, q[0-9]+, q[0-9]+\\\\n
UNRESOLVED: gcc.target/arm/bf16_reinterpret.c scan-assembler \\\\tvzip.16\\\\td[0-9]+, d[0-9]+\\\\n
UNRESOLVED: gcc.target/arm/bf16_reinterpret.c scan-assembler \\\\tvzip.16\\\\tq[0-9]+, q[0-9]+\\\\n
UNRESOLVED: gcc.target/arm/bf16_reinterpret.c scan-assembler \\\\tvzip.8\\\\td[0-9]+, d[0-9]+\\\\n
UNRESOLVED: gcc.target/arm/bf16_reinterpret.c scan-assembler \\\\tvzip.8\\\\tq[0-9]+, q[0-9]+\\\\n
UNRESOLVED: gcc.target/arm/bf16_reinterpret.c scan-assembler-times \\\\tvadd.i16\\\\td[0-9]+, d[0-9]+, d[0-9]+\\\\n 2
UNRESOLVED: gcc.target/arm/bf16_reinterpret.c scan-assembler-times \\\\tvadd.i16\\\\tq[0-9]+, q[0-9]+, q[0-9]+\\\\n 2
UNRESOLVED: gcc.target/arm/bf16_reinterpret.c scan-assembler-times \\\\tvadd.i32\\\\td[0-9]+, d[0-9]+, d[0-9]+\\\\n 2
UNRESOLVED: gcc.target/arm/bf16_reinterpret.c scan-assembler-times \\\\tvadd.i32\\\\tq[0-9]+, q[0-9]+, q[0-9]+\\\\n 2
UNRESOLVED: gcc.target/arm/bf16_reinterpret.c scan-assembler-times \\\\tvadd.i64\\\\tq[0-9]+, q[0-9]+, q[0-9]+\\\\n 2
UNRESOLVED: gcc.target/arm/bf16_reinterpret.c scan-assembler-times \\\\tvadd.i8\\\\td[0-9]+, d[0-9]+, d[0-9]+\\\\n 2
UNRESOLVED: gcc.target/arm/bf16_reinterpret.c scan-assembler-times \\\\tvadd.i8\\\\tq[0-9]+, q[0-9]+, q[0-9]+\\\\n 2
UNRESOLVED: gcc.target/arm/bf16_reinterpret.c scan-assembler-times \\\\tvdot.bf16\\\\td[0-9]+, d[0-9]+, d[0-9]+\\\\n 13
UNRESOLVED: gcc.target/arm/bf16_reinterpret.c scan-assembler-times \\\\tvdot.bf16\\\\tq[0-9]+, q[0-9]+, q[0-9]+\\\\n 14
FAIL: gcc.target/arm/bfloat16_scalar_1_1.c check-function-bodies stacktest1
FAIL: gcc.target/arm/bfloat16_scalar_typecheck.c  (test for errors, line 100)
FAIL: gcc.target/arm/bfloat16_scalar_typecheck.c  (test for errors, line 101)
FAIL: gcc.target/arm/bfloat16_scalar_typecheck.c  (test for errors, line 102)
FAIL: gcc.target/arm/bfloat16_scalar_typecheck.c  (test for errors, line 103)
FAIL: gcc.target/arm/bfloat16_scalar_typecheck.c  (test for errors, line 105)
FAIL: gcc.target/arm/bfloat16_scalar_typecheck.c  (test for errors, line 106)
FAIL: gcc.target/arm/bfloat16_scalar_typecheck.c  (test for errors, line 107)
FAIL: gcc.target/arm/bfloat16_scalar_typecheck.c  (test for errors, line 108)
FAIL: gcc.target/arm/bfloat16_scalar_typecheck.c  (test for errors, line 109)
FAIL: gcc.target/arm/bfloat16_scalar_typecheck.c  (test for errors, line 152)
FAIL: gcc.target/arm/bfloat16_scalar_typecheck.c  (test for errors, line 153)
FAIL: gcc.target/arm/bfloat16_scalar_typecheck.c  (test for errors, line 154)
FAIL: gcc.target/arm/bfloat16_scalar_typecheck.c  (test for errors, line 155)
FAIL: gcc.target/arm/bfloat16_scalar_typecheck.c  (test for errors, line 156)
FAIL: gcc.target/arm/bfloat16_scalar_typecheck.c  (test for errors, line 157)
FAIL: gcc.target/arm/bfloat16_scalar_typecheck.c  (test for errors, line 158)
FAIL: gcc.target/arm/bfloat16_scalar_typecheck.c  (test for errors, line 159)
FAIL: gcc.target/arm/bfloat16_scalar_typecheck.c  (test for errors, line 160)
FAIL: gcc.target/arm/bfloat16_scalar_typecheck.c  (test for errors, line 161)
FAIL: gcc.target/arm/bfloat16_scalar_typecheck.c  (test for errors, line 181)
FAIL: gcc.target/arm/bfloat16_scalar_typecheck.c  (test for errors, line 182)
FAIL: gcc.target/arm/bfloat16_scalar_typecheck.c  (test for errors, line 183)
FAIL: gcc.target/arm/bfloat16_scalar_typecheck.c  (test for errors, line 184)
FAIL: gcc.target/arm/bfloat16_scalar_typecheck.c  (test for errors, line 185)
FAIL: gcc.target/arm/bfloat16_scalar_typecheck.c  (test for errors, line 186)
FAIL: gcc.target/arm/bfloat16_scalar_typecheck.c  (test for errors, line 188)
FAIL: gcc.target/arm/bfloat16_scalar_typecheck.c  (test for errors, line 189)
FAIL: gcc.target/arm/bfloat16_scalar_typecheck.c  (test for errors, line 19)
FAIL: gcc.target/arm/bfloat16_scalar_typecheck.c  (test for errors, line 191)
FAIL: gcc.target/arm/bfloat16_scalar_typecheck.c  (test for errors, line 192)
FAIL: gcc.target/arm/bfloat16_scalar_typecheck.c  (test for errors, line 193)
FAIL: gcc.target/arm/bfloat16_scalar_typecheck.c  (test for errors, line 194)
FAIL: gcc.target/arm/bfloat16_scalar_typecheck.c  (test for errors, line 198)
FAIL: gcc.target/arm/bfloat16_scalar_typecheck.c  (test for errors, line 199)
FAIL: gcc.target/arm/bfloat16_scalar_typecheck.c  (test for errors, line 20)
FAIL: gcc.target/arm/bfloat16_scalar_typecheck.c  (test for errors, line 200)
FAIL: gcc.target/arm/bfloat16_scalar_typecheck.c  (test for errors, line 201)
FAIL: gcc.target/arm/bfloat16_scalar_typecheck.c  (test for errors, line 202)
FAIL: gcc.target/arm/bfloat16_scalar_typecheck.c  (test for errors, line 203)
FAIL: gcc.target/arm/bfloat16_scalar_typecheck.c  (test for errors, line 204)
FAIL: gcc.target/arm/bfloat16_scalar_typecheck.c  (test for errors, line 205)
FAIL: gcc.target/arm/bfloat16_scalar_typecheck.c  (test for errors, line 206)
FAIL: gcc.target/arm/bfloat16_scalar_typecheck.c  (test for errors, line 207)
FAIL: gcc.target/arm/bfloat16_scalar_typecheck.c  (test for errors, line 208)
FAIL: gcc.target/arm/bfloat16_scalar_typecheck.c  (test for errors, line 212)
FAIL: gcc.target/arm/bfloat16_scalar_typecheck.c  (test for errors, line 213)
FAIL: gcc.target/arm/bfloat16_scalar_typecheck.c  (test for errors, line 214)
FAIL: gcc.target/arm/bfloat16_scalar_typecheck.c  (test for errors, line 215)
FAIL: gcc.target/arm/bfloat16_scalar_typecheck.c  (test for errors, line 29)
FAIL: gcc.target/arm/bfloat16_scalar_typecheck.c  (test for errors, line 30)
FAIL: gcc.target/arm/bfloat16_scalar_typecheck.c  (test for errors, line 31)
FAIL: gcc.target/arm/bfloat16_scalar_typecheck.c  (test for errors, line 32)
FAIL: gcc.target/arm/bfloat16_scalar_typecheck.c  (test for errors, line 33)
FAIL: gcc.target/arm/bfloat16_scalar_typecheck.c  (test for errors, line 34)
FAIL: gcc.target/arm/bfloat16_scalar_typecheck.c  (test for errors, line 35)
FAIL: gcc.target/arm/bfloat16_scalar_typecheck.c  (test for errors, line 37)
FAIL: gcc.target/arm/bfloat16_scalar_typecheck.c  (test for errors, line 38)
FAIL: gcc.target/arm/bfloat16_scalar_typecheck.c  (test for errors, line 39)
FAIL: gcc.target/arm/bfloat16_scalar_typecheck.c  (test for errors, line 40)
FAIL: gcc.target/arm/bfloat16_scalar_typecheck.c  (test for errors, line 41)
FAIL: gcc.target/arm/bfloat16_scalar_typecheck.c  (test for errors, line 43)
FAIL: gcc.target/arm/bfloat16_scalar_typecheck.c  (test for errors, line 45)
FAIL: gcc.target/arm/bfloat16_scalar_typecheck.c  (test for errors, line 46)
FAIL: gcc.target/arm/bfloat16_scalar_typecheck.c  (test for errors, line 47)
FAIL: gcc.target/arm/bfloat16_scalar_typecheck.c  (test for errors, line 48)
FAIL: gcc.target/arm/bfloat16_scalar_typecheck.c  (test for errors, line 49)
FAIL: gcc.target/arm/bfloat16_scalar_typecheck.c  (test for errors, line 50)
FAIL: gcc.target/arm/bfloat16_scalar_typecheck.c  (test for errors, line 51)
FAIL: gcc.target/arm/bfloat16_scalar_typecheck.c  (test for errors, line 53)
FAIL: gcc.target/arm/bfloat16_scalar_typecheck.c  (test for errors, line 54)
FAIL: gcc.target/arm/bfloat16_scalar_typecheck.c  (test for errors, line 55)
FAIL: gcc.target/arm/bfloat16_scalar_typecheck.c  (test for errors, line 56)
FAIL: gcc.target/arm/bfloat16_scalar_typecheck.c  (test for errors, line 57)
FAIL: gcc.target/arm/bfloat16_scalar_typecheck.c  (test for errors, line 62)
FAIL: gcc.target/arm/bfloat16_scalar_typecheck.c  (test for errors, line 63)
FAIL: gcc.target/arm/bfloat16_scalar_typecheck.c  (test for errors, line 64)
FAIL: gcc.target/arm/bfloat16_scalar_typecheck.c  (test for errors, line 65)
FAIL: gcc.target/arm/bfloat16_scalar_typecheck.c  (test for errors, line 66)
FAIL: gcc.target/arm/bfloat16_scalar_typecheck.c  (test for errors, line 67)
FAIL: gcc.target/arm/bfloat16_scalar_typecheck.c  (test for errors, line 68)
FAIL: gcc.target/arm/bfloat16_scalar_typecheck.c  (test for errors, line 70)
FAIL: gcc.target/arm/bfloat16_scalar_typecheck.c  (test for errors, line 71)
FAIL: gcc.target/arm/bfloat16_scalar_typecheck.c  (test for errors, line 72)
FAIL: gcc.target/arm/bfloat16_scalar_typecheck.c  (test for errors, line 73)
FAIL: gcc.target/arm/bfloat16_scalar_typecheck.c  (test for errors, line 74)
FAIL: gcc.target/arm/bfloat16_scalar_typecheck.c  (test for errors, line 81)
FAIL: gcc.target/arm/bfloat16_scalar_typecheck.c  (test for errors, line 82)
FAIL: gcc.target/arm/bfloat16_scalar_typecheck.c  (test for errors, line 83)
FAIL: gcc.target/arm/bfloat16_scalar_typecheck.c  (test for errors, line 84)
FAIL: gcc.target/arm/bfloat16_scalar_typecheck.c  (test for errors, line 85)
FAIL: gcc.target/arm/bfloat16_scalar_typecheck.c  (test for errors, line 87)
FAIL: gcc.target/arm/bfloat16_scalar_typecheck.c  (test for errors, line 88)
FAIL: gcc.target/arm/bfloat16_scalar_typecheck.c  (test for errors, line 89)
FAIL: gcc.target/arm/bfloat16_scalar_typecheck.c  (test for errors, line 90)
FAIL: gcc.target/arm/bfloat16_scalar_typecheck.c  (test for errors, line 91)
FAIL: gcc.target/arm/bfloat16_scalar_typecheck.c  (test for errors, line 95)
FAIL: gcc.target/arm/bfloat16_scalar_typecheck.c  (test for errors, line 97)
FAIL: gcc.target/arm/bfloat16_scalar_typecheck.c  (test for errors, line 98)
FAIL: gcc.target/arm/bfloat16_scalar_typecheck.c  (test for errors, line 99)
FAIL: gcc.target/arm/bfloat16_scalar_typecheck.c (test for excess errors)
FAIL: gcc.target/arm/bfloat16_simd_1_1.c check-function-bodies stacktest1
FAIL: gcc.target/arm/bfloat16_simd_1_1.c check-function-bodies stacktest2
FAIL: gcc.target/arm/bfloat16_simd_1_1.c check-function-bodies stacktest3
FAIL: gcc.target/arm/bfloat16_simd_2_1.c (test for excess errors)
UNRESOLVED: gcc.target/arm/bfloat16_simd_2_1.c check-function-bodies stacktest1
UNRESOLVED: gcc.target/arm/bfloat16_simd_2_1.c check-function-bodies stacktest2
UNRESOLVED: gcc.target/arm/bfloat16_simd_2_1.c check-function-bodies stacktest3
FAIL: gcc.target/arm/bfloat16_simd_3_1.c (test for excess errors)
UNRESOLVED: gcc.target/arm/bfloat16_simd_3_1.c check-function-bodies stacktest1
UNRESOLVED: gcc.target/arm/bfloat16_simd_3_1.c check-function-bodies stacktest2
UNRESOLVED: gcc.target/arm/bfloat16_simd_3_1.c check-function-bodies stacktest3
FAIL: gcc.target/arm/bfloat16_vector_typecheck_1.c  (test for errors, line 101)
FAIL: gcc.target/arm/bfloat16_vector_typecheck_1.c  (test for errors, line 102)
FAIL: gcc.target/arm/bfloat16_vector_typecheck_1.c  (test for errors, line 103)
FAIL: gcc.target/arm/bfloat16_vector_typecheck_1.c  (test for errors, line 104)
FAIL: gcc.target/arm/bfloat16_vector_typecheck_1.c  (test for errors, line 110)
FAIL: gcc.target/arm/bfloat16_vector_typecheck_1.c  (test for errors, line 111)
FAIL: gcc.target/arm/bfloat16_vector_typecheck_1.c  (test for errors, line 112)
FAIL: gcc.target/arm/bfloat16_vector_typecheck_1.c  (test for errors, line 113)
FAIL: gcc.target/arm/bfloat16_vector_typecheck_1.c  (test for errors, line 114)
FAIL: gcc.target/arm/bfloat16_vector_typecheck_1.c  (test for errors, line 115)
FAIL: gcc.target/arm/bfloat16_vector_typecheck_1.c  (test for errors, line 116)
FAIL: gcc.target/arm/bfloat16_vector_typecheck_1.c  (test for errors, line 117)
FAIL: gcc.target/arm/bfloat16_vector_typecheck_1.c  (test for errors, line 119)
FAIL: gcc.target/arm/bfloat16_vector_typecheck_1.c  (test for errors, line 120)
FAIL: gcc.target/arm/bfloat16_vector_typecheck_1.c  (test for errors, line 121)
FAIL: gcc.target/arm/bfloat16_vector_typecheck_1.c  (test for errors, line 122)
FAIL: gcc.target/arm/bfloat16_vector_typecheck_1.c  (test for errors, line 123)
FAIL: gcc.target/arm/bfloat16_vector_typecheck_1.c  (test for errors, line 124)
FAIL: gcc.target/arm/bfloat16_vector_typecheck_1.c  (test for errors, line 131)
FAIL: gcc.target/arm/bfloat16_vector_typecheck_1.c  (test for errors, line 132)
FAIL: gcc.target/arm/bfloat16_vector_typecheck_1.c  (test for errors, line 133)
FAIL: gcc.target/arm/bfloat16_vector_typecheck_1.c  (test for errors, line 134)
FAIL: gcc.target/arm/bfloat16_vector_typecheck_1.c  (test for errors, line 135)
FAIL: gcc.target/arm/bfloat16_vector_typecheck_1.c  (test for errors, line 136)
FAIL: gcc.target/arm/bfloat16_vector_typecheck_1.c  (test for errors, line 138)
FAIL: gcc.target/arm/bfloat16_vector_typecheck_1.c  (test for errors, line 139)
FAIL: gcc.target/arm/bfloat16_vector_typecheck_1.c  (test for errors, line 145)
FAIL: gcc.target/arm/bfloat16_vector_typecheck_1.c  (test for errors, line 146)
FAIL: gcc.target/arm/bfloat16_vector_typecheck_1.c  (test for errors, line 151)
FAIL: gcc.target/arm/bfloat16_vector_typecheck_1.c  (test for errors, line 194)
FAIL: gcc.target/arm/bfloat16_vector_typecheck_1.c  (test for errors, line 195)
FAIL: gcc.target/arm/bfloat16_vector_typecheck_1.c  (test for errors, line 196)
FAIL: gcc.target/arm/bfloat16_vector_typecheck_1.c  (test for errors, line 197)
FAIL: gcc.target/arm/bfloat16_vector_typecheck_1.c  (test for errors, line 198)
FAIL: gcc.target/arm/bfloat16_vector_typecheck_1.c  (test for errors, line 199)
FAIL: gcc.target/arm/bfloat16_vector_typecheck_1.c  (test for errors, line 200)
FAIL: gcc.target/arm/bfloat16_vector_typecheck_1.c  (test for errors, line 201)
FAIL: gcc.target/arm/bfloat16_vector_typecheck_1.c  (test for errors, line 202)
FAIL: gcc.target/arm/bfloat16_vector_typecheck_1.c  (test for errors, line 203)
FAIL: gcc.target/arm/bfloat16_vector_typecheck_1.c  (test for errors, line 223)
FAIL: gcc.target/arm/bfloat16_vector_typecheck_1.c  (test for errors, line 224)
FAIL: gcc.target/arm/bfloat16_vector_typecheck_1.c  (test for errors, line 225)
FAIL: gcc.target/arm/bfloat16_vector_typecheck_1.c  (test for errors, line 226)
FAIL: gcc.target/arm/bfloat16_vector_typecheck_1.c  (test for errors, line 227)
FAIL: gcc.target/arm/bfloat16_vector_typecheck_1.c  (test for errors, line 228)
FAIL: gcc.target/arm/bfloat16_vector_typecheck_1.c  (test for errors, line 229)
FAIL: gcc.target/arm/bfloat16_vector_typecheck_1.c  (test for errors, line 230)
FAIL: gcc.target/arm/bfloat16_vector_typecheck_1.c  (test for errors, line 232)
FAIL: gcc.target/arm/bfloat16_vector_typecheck_1.c  (test for errors, line 233)
FAIL: gcc.target/arm/bfloat16_vector_typecheck_1.c  (test for errors, line 235)
FAIL: gcc.target/arm/bfloat16_vector_typecheck_1.c  (test for errors, line 236)
FAIL: gcc.target/arm/bfloat16_vector_typecheck_1.c  (test for errors, line 237)
FAIL: gcc.target/arm/bfloat16_vector_typecheck_1.c  (test for errors, line 238)
FAIL: gcc.target/arm/bfloat16_vector_typecheck_1.c  (test for errors, line 242)
FAIL: gcc.target/arm/bfloat16_vector_typecheck_1.c  (test for errors, line 243)
FAIL: gcc.target/arm/bfloat16_vector_typecheck_1.c  (test for errors, line 244)
FAIL: gcc.target/arm/bfloat16_vector_typecheck_1.c  (test for errors, line 245)
FAIL: gcc.target/arm/bfloat16_vector_typecheck_1.c  (test for errors, line 246)
FAIL: gcc.target/arm/bfloat16_vector_typecheck_1.c  (test for errors, line 247)
FAIL: gcc.target/arm/bfloat16_vector_typecheck_1.c  (test for errors, line 248)
FAIL: gcc.target/arm/bfloat16_vector_typecheck_1.c  (test for errors, line 249)
FAIL: gcc.target/arm/bfloat16_vector_typecheck_1.c  (test for errors, line 250)
FAIL: gcc.target/arm/bfloat16_vector_typecheck_1.c  (test for errors, line 251)
FAIL: gcc.target/arm/bfloat16_vector_typecheck_1.c  (test for errors, line 252)
FAIL: gcc.target/arm/bfloat16_vector_typecheck_1.c  (test for errors, line 256)
FAIL: gcc.target/arm/bfloat16_vector_typecheck_1.c  (test for errors, line 257)
FAIL: gcc.target/arm/bfloat16_vector_typecheck_1.c  (test for errors, line 258)
FAIL: gcc.target/arm/bfloat16_vector_typecheck_1.c  (test for errors, line 259)
FAIL: gcc.target/arm/bfloat16_vector_typecheck_1.c  (test for errors, line 39)
FAIL: gcc.target/arm/bfloat16_vector_typecheck_1.c  (test for errors, line 40)
FAIL: gcc.target/arm/bfloat16_vector_typecheck_1.c  (test for errors, line 41)
FAIL: gcc.target/arm/bfloat16_vector_typecheck_1.c  (test for errors, line 42)
FAIL: gcc.target/arm/bfloat16_vector_typecheck_1.c  (test for errors, line 43)
FAIL: gcc.target/arm/bfloat16_vector_typecheck_1.c  (test for errors, line 44)
FAIL: gcc.target/arm/bfloat16_vector_typecheck_1.c  (test for errors, line 46)
FAIL: gcc.target/arm/bfloat16_vector_typecheck_1.c  (test for errors, line 47)
FAIL: gcc.target/arm/bfloat16_vector_typecheck_1.c  (test for errors, line 48)
FAIL: gcc.target/arm/bfloat16_vector_typecheck_1.c  (test for errors, line 49)
FAIL: gcc.target/arm/bfloat16_vector_typecheck_1.c  (test for errors, line 50)
FAIL: gcc.target/arm/bfloat16_vector_typecheck_1.c  (test for errors, line 51)
FAIL: gcc.target/arm/bfloat16_vector_typecheck_1.c  (test for errors, line 56)
FAIL: gcc.target/arm/bfloat16_vector_typecheck_1.c  (test for errors, line 57)
FAIL: gcc.target/arm/bfloat16_vector_typecheck_1.c  (test for errors, line 58)
FAIL: gcc.target/arm/bfloat16_vector_typecheck_1.c  (test for errors, line 59)
FAIL: gcc.target/arm/bfloat16_vector_typecheck_1.c  (test for errors, line 60)
FAIL: gcc.target/arm/bfloat16_vector_typecheck_1.c  (test for errors, line 61)
FAIL: gcc.target/arm/bfloat16_vector_typecheck_1.c  (test for errors, line 62)
FAIL: gcc.target/arm/bfloat16_vector_typecheck_1.c  (test for errors, line 64)
FAIL: gcc.target/arm/bfloat16_vector_typecheck_1.c  (test for errors, line 65)
FAIL: gcc.target/arm/bfloat16_vector_typecheck_1.c  (test for errors, line 66)
FAIL: gcc.target/arm/bfloat16_vector_typecheck_1.c  (test for errors, line 67)
FAIL: gcc.target/arm/bfloat16_vector_typecheck_1.c  (test for errors, line 68)
FAIL: gcc.target/arm/bfloat16_vector_typecheck_1.c  (test for errors, line 69)
FAIL: gcc.target/arm/bfloat16_vector_typecheck_1.c  (test for errors, line 74)
FAIL: gcc.target/arm/bfloat16_vector_typecheck_1.c  (test for errors, line 75)
FAIL: gcc.target/arm/bfloat16_vector_typecheck_1.c  (test for errors, line 76)
FAIL: gcc.target/arm/bfloat16_vector_typecheck_1.c  (test for errors, line 77)
FAIL: gcc.target/arm/bfloat16_vector_typecheck_1.c  (test for errors, line 78)
FAIL: gcc.target/arm/bfloat16_vector_typecheck_1.c  (test for errors, line 79)
FAIL: gcc.target/arm/bfloat16_vector_typecheck_1.c  (test for errors, line 80)
FAIL: gcc.target/arm/bfloat16_vector_typecheck_1.c  (test for errors, line 81)
FAIL: gcc.target/arm/bfloat16_vector_typecheck_1.c  (test for errors, line 83)
FAIL: gcc.target/arm/bfloat16_vector_typecheck_1.c  (test for errors, line 84)
FAIL: gcc.target/arm/bfloat16_vector_typecheck_1.c  (test for errors, line 85)
FAIL: gcc.target/arm/bfloat16_vector_typecheck_1.c  (test for errors, line 86)
FAIL: gcc.target/arm/bfloat16_vector_typecheck_1.c  (test for errors, line 87)
FAIL: gcc.target/arm/bfloat16_vector_typecheck_1.c  (test for errors, line 88)
FAIL: gcc.target/arm/bfloat16_vector_typecheck_1.c  (test for errors, line 93)
FAIL: gcc.target/arm/bfloat16_vector_typecheck_1.c  (test for errors, line 94)
FAIL: gcc.target/arm/bfloat16_vector_typecheck_1.c  (test for errors, line 95)
FAIL: gcc.target/arm/bfloat16_vector_typecheck_1.c  (test for errors, line 96)
FAIL: gcc.target/arm/bfloat16_vector_typecheck_1.c  (test for errors, line 97)
FAIL: gcc.target/arm/bfloat16_vector_typecheck_1.c  (test for errors, line 98)
FAIL: gcc.target/arm/bfloat16_vector_typecheck_1.c (test for excess errors)
FAIL: gcc.target/arm/bfloat16_vector_typecheck_2.c  (test for errors, line 103)
FAIL: gcc.target/arm/bfloat16_vector_typecheck_2.c  (test for errors, line 104)
FAIL: gcc.target/arm/bfloat16_vector_typecheck_2.c  (test for errors, line 105)
FAIL: gcc.target/arm/bfloat16_vector_typecheck_2.c  (test for errors, line 106)
FAIL: gcc.target/arm/bfloat16_vector_typecheck_2.c  (test for errors, line 107)
FAIL: gcc.target/arm/bfloat16_vector_typecheck_2.c  (test for errors, line 108)
FAIL: gcc.target/arm/bfloat16_vector_typecheck_2.c  (test for errors, line 109)
FAIL: gcc.target/arm/bfloat16_vector_typecheck_2.c  (test for errors, line 111)
FAIL: gcc.target/arm/bfloat16_vector_typecheck_2.c  (test for errors, line 112)
FAIL: gcc.target/arm/bfloat16_vector_typecheck_2.c  (test for errors, line 113)
FAIL: gcc.target/arm/bfloat16_vector_typecheck_2.c  (test for errors, line 114)
FAIL: gcc.target/arm/bfloat16_vector_typecheck_2.c  (test for errors, line 115)
FAIL: gcc.target/arm/bfloat16_vector_typecheck_2.c  (test for errors, line 116)
FAIL: gcc.target/arm/bfloat16_vector_typecheck_2.c  (test for errors, line 123)
FAIL: gcc.target/arm/bfloat16_vector_typecheck_2.c  (test for errors, line 124)
FAIL: gcc.target/arm/bfloat16_vector_typecheck_2.c  (test for errors, line 125)
FAIL: gcc.target/arm/bfloat16_vector_typecheck_2.c  (test for errors, line 126)
FAIL: gcc.target/arm/bfloat16_vector_typecheck_2.c  (test for errors, line 127)
FAIL: gcc.target/arm/bfloat16_vector_typecheck_2.c  (test for errors, line 128)
FAIL: gcc.target/arm/bfloat16_vector_typecheck_2.c  (test for errors, line 183)
FAIL: gcc.target/arm/bfloat16_vector_typecheck_2.c  (test for errors, line 184)
FAIL: gcc.target/arm/bfloat16_vector_typecheck_2.c  (test for errors, line 185)
FAIL: gcc.target/arm/bfloat16_vector_typecheck_2.c  (test for errors, line 186)
FAIL: gcc.target/arm/bfloat16_vector_typecheck_2.c  (test for errors, line 187)
FAIL: gcc.target/arm/bfloat16_vector_typecheck_2.c  (test for errors, line 188)
FAIL: gcc.target/arm/bfloat16_vector_typecheck_2.c  (test for errors, line 189)
FAIL: gcc.target/arm/bfloat16_vector_typecheck_2.c  (test for errors, line 190)
FAIL: gcc.target/arm/bfloat16_vector_typecheck_2.c  (test for errors, line 191)
FAIL: gcc.target/arm/bfloat16_vector_typecheck_2.c  (test for errors, line 192)
FAIL: gcc.target/arm/bfloat16_vector_typecheck_2.c  (test for errors, line 212)
FAIL: gcc.target/arm/bfloat16_vector_typecheck_2.c  (test for errors, line 213)
FAIL: gcc.target/arm/bfloat16_vector_typecheck_2.c  (test for errors, line 214)
FAIL: gcc.target/arm/bfloat16_vector_typecheck_2.c  (test for errors, line 215)
FAIL: gcc.target/arm/bfloat16_vector_typecheck_2.c  (test for errors, line 216)
FAIL: gcc.target/arm/bfloat16_vector_typecheck_2.c  (test for errors, line 217)
FAIL: gcc.target/arm/bfloat16_vector_typecheck_2.c  (test for errors, line 218)
FAIL: gcc.target/arm/bfloat16_vector_typecheck_2.c  (test for errors, line 219)
FAIL: gcc.target/arm/bfloat16_vector_typecheck_2.c  (test for errors, line 221)
FAIL: gcc.target/arm/bfloat16_vector_typecheck_2.c  (test for errors, line 222)
FAIL: gcc.target/arm/bfloat16_vector_typecheck_2.c  (test for errors, line 224)
FAIL: gcc.target/arm/bfloat16_vector_typecheck_2.c  (test for errors, line 225)
FAIL: gcc.target/arm/bfloat16_vector_typecheck_2.c  (test for errors, line 226)
FAIL: gcc.target/arm/bfloat16_vector_typecheck_2.c  (test for errors, line 227)
FAIL: gcc.target/arm/bfloat16_vector_typecheck_2.c  (test for errors, line 231)
FAIL: gcc.target/arm/bfloat16_vector_typecheck_2.c  (test for errors, line 232)
FAIL: gcc.target/arm/bfloat16_vector_typecheck_2.c  (test for errors, line 233)
FAIL: gcc.target/arm/bfloat16_vector_typecheck_2.c  (test for errors, line 234)
FAIL: gcc.target/arm/bfloat16_vector_typecheck_2.c  (test for errors, line 235)
FAIL: gcc.target/arm/bfloat16_vector_typecheck_2.c  (test for errors, line 236)
FAIL: gcc.target/arm/bfloat16_vector_typecheck_2.c  (test for errors, line 237)
FAIL: gcc.target/arm/bfloat16_vector_typecheck_2.c  (test for errors, line 238)
FAIL: gcc.target/arm/bfloat16_vector_typecheck_2.c  (test for errors, line 239)
FAIL: gcc.target/arm/bfloat16_vector_typecheck_2.c  (test for errors, line 240)
FAIL: gcc.target/arm/bfloat16_vector_typecheck_2.c  (test for errors, line 241)
FAIL: gcc.target/arm/bfloat16_vector_typecheck_2.c  (test for errors, line 245)
FAIL: gcc.target/arm/bfloat16_vector_typecheck_2.c  (test for errors, line 246)
FAIL: gcc.target/arm/bfloat16_vector_typecheck_2.c  (test for errors, line 247)
FAIL: gcc.target/arm/bfloat16_vector_typecheck_2.c  (test for errors, line 248)
FAIL: gcc.target/arm/bfloat16_vector_typecheck_2.c  (test for errors, line 27)
FAIL: gcc.target/arm/bfloat16_vector_typecheck_2.c  (test for errors, line 27)
FAIL: gcc.target/arm/bfloat16_vector_typecheck_2.c  (test for errors, line 37)
FAIL: gcc.target/arm/bfloat16_vector_typecheck_2.c  (test for errors, line 38)
FAIL: gcc.target/arm/bfloat16_vector_typecheck_2.c  (test for errors, line 39)
FAIL: gcc.target/arm/bfloat16_vector_typecheck_2.c  (test for errors, line 40)
FAIL: gcc.target/arm/bfloat16_vector_typecheck_2.c  (test for errors, line 41)
FAIL: gcc.target/arm/bfloat16_vector_typecheck_2.c  (test for errors, line 43)
FAIL: gcc.target/arm/bfloat16_vector_typecheck_2.c  (test for errors, line 44)
FAIL: gcc.target/arm/bfloat16_vector_typecheck_2.c  (test for errors, line 45)
FAIL: gcc.target/arm/bfloat16_vector_typecheck_2.c  (test for errors, line 46)
FAIL: gcc.target/arm/bfloat16_vector_typecheck_2.c  (test for errors, line 47)
FAIL: gcc.target/arm/bfloat16_vector_typecheck_2.c  (test for errors, line 52)
FAIL: gcc.target/arm/bfloat16_vector_typecheck_2.c  (test for errors, line 53)
FAIL: gcc.target/arm/bfloat16_vector_typecheck_2.c  (test for errors, line 54)
FAIL: gcc.target/arm/bfloat16_vector_typecheck_2.c  (test for errors, line 55)
FAIL: gcc.target/arm/bfloat16_vector_typecheck_2.c  (test for errors, line 56)
FAIL: gcc.target/arm/bfloat16_vector_typecheck_2.c  (test for errors, line 57)
FAIL: gcc.target/arm/bfloat16_vector_typecheck_2.c  (test for errors, line 58)
FAIL: gcc.target/arm/bfloat16_vector_typecheck_2.c  (test for errors, line 60)
FAIL: gcc.target/arm/bfloat16_vector_typecheck_2.c  (test for errors, line 61)
FAIL: gcc.target/arm/bfloat16_vector_typecheck_2.c  (test for errors, line 62)
FAIL: gcc.target/arm/bfloat16_vector_typecheck_2.c  (test for errors, line 63)
FAIL: gcc.target/arm/bfloat16_vector_typecheck_2.c  (test for errors, line 64)
FAIL: gcc.target/arm/bfloat16_vector_typecheck_2.c  (test for errors, line 69)
FAIL: gcc.target/arm/bfloat16_vector_typecheck_2.c  (test for errors, line 70)
FAIL: gcc.target/arm/bfloat16_vector_typecheck_2.c  (test for errors, line 71)
FAIL: gcc.target/arm/bfloat16_vector_typecheck_2.c  (test for errors, line 72)
FAIL: gcc.target/arm/bfloat16_vector_typecheck_2.c  (test for errors, line 73)
FAIL: gcc.target/arm/bfloat16_vector_typecheck_2.c  (test for errors, line 74)
FAIL: gcc.target/arm/bfloat16_vector_typecheck_2.c  (test for errors, line 75)
FAIL: gcc.target/arm/bfloat16_vector_typecheck_2.c  (test for errors, line 77)
FAIL: gcc.target/arm/bfloat16_vector_typecheck_2.c  (test for errors, line 78)
FAIL: gcc.target/arm/bfloat16_vector_typecheck_2.c  (test for errors, line 79)
FAIL: gcc.target/arm/bfloat16_vector_typecheck_2.c  (test for errors, line 80)
FAIL: gcc.target/arm/bfloat16_vector_typecheck_2.c  (test for errors, line 81)
FAIL: gcc.target/arm/bfloat16_vector_typecheck_2.c  (test for errors, line 86)
FAIL: gcc.target/arm/bfloat16_vector_typecheck_2.c  (test for errors, line 87)
FAIL: gcc.target/arm/bfloat16_vector_typecheck_2.c  (test for errors, line 88)
FAIL: gcc.target/arm/bfloat16_vector_typecheck_2.c  (test for errors, line 89)
FAIL: gcc.target/arm/bfloat16_vector_typecheck_2.c  (test for errors, line 90)
FAIL: gcc.target/arm/bfloat16_vector_typecheck_2.c  (test for errors, line 91)
FAIL: gcc.target/arm/bfloat16_vector_typecheck_2.c  (test for errors, line 94)
FAIL: gcc.target/arm/bfloat16_vector_typecheck_2.c  (test for errors, line 95)
FAIL: gcc.target/arm/bfloat16_vector_typecheck_2.c  (test for errors, line 96)
FAIL: gcc.target/arm/bfloat16_vector_typecheck_2.c  (test for errors, line 97)
FAIL: gcc.target/arm/bfloat16_vector_typecheck_2.c (test for excess errors)
FAIL: gcc.target/arm/ivopts.c object-size text <= 20
FAIL: gcc.target/arm/pr43920-2.c scan-assembler-times pop 2
FAIL: gcc.target/arm/mve/intrinsics/mve_vector_float2.c scan-assembler-times vmov\\\\tq[0-7], q[0-7] 2
FAIL: gcc.target/arm/mve/intrinsics/mve_vector_int.c scan-assembler vmov\\\\tq[0-7], q[0-7]
FAIL: gcc.target/arm/mve/intrinsics/mve_vector_int.c scan-assembler vmov\\\\tq[0-7], q[0-7]
FAIL: gcc.target/arm/mve/intrinsics/mve_vector_int.c scan-assembler vmov\\\\tq[0-7], q[0-7]
FAIL: gcc.target/arm/mve/intrinsics/mve_vector_int.c scan-assembler vmov\\\\tq[0-7], q[0-7]
FAIL: gcc.target/arm/mve/intrinsics/mve_vector_uint.c scan-assembler vmov\\\\tq[0-7], q[0-7]
FAIL: gcc.target/arm/mve/intrinsics/mve_vector_uint.c scan-assembler vmov\\\\tq[0-7], q[0-7]
FAIL: gcc.target/arm/mve/intrinsics/mve_vector_uint.c scan-assembler vmov\\\\tq[0-7], q[0-7]
FAIL: gcc.target/arm/mve/intrinsics/mve_vector_uint.c scan-assembler vmov\\\\tq[0-7], q[0-7]
FAIL: gcc.target/arm/mve/intrinsics/mve_vector_uint1.c scan-assembler vmov\\\\tq[0-7], q[0-7]
FAIL: gcc.target/arm/mve/intrinsics/mve_vector_uint1.c scan-assembler vmov\\\\tq[0-7], q[0-7]
FAIL: gcc.target/arm/mve/intrinsics/mve_vector_uint1.c scan-assembler vmov\\\\tq[0-7], q[0-7]
FAIL: gcc.target/arm/mve/intrinsics/mve_vector_uint1.c scan-assembler vmov\\\\tq[0-7], q[0-7]
FAIL: gcc.target/arm/mve/intrinsics/mve_vector_uint2.c scan-assembler vmov\\\\tq[0-7], q[0-7]
FAIL: gcc.target/arm/mve/intrinsics/mve_vector_uint2.c scan-assembler vmov\\\\tq[0-7], q[0-7]
FAIL: gcc.target/arm/mve/intrinsics/mve_vector_uint2.c scan-assembler vmov\\\\tq[0-7], q[0-7]
FAIL: gcc.target/arm/mve/intrinsics/mve_vector_uint2.c scan-assembler vmov\\\\tq[0-7], q[0-7]
FAIL: gcc.target/arm/mve/intrinsics/vgetq_lane_s64.c scan-assembler vmov\\\\tr0, r1, d0
FAIL: gcc.target/arm/mve/intrinsics/vgetq_lane_s64.c scan-assembler vmov\\\\tr0, r1, d0
FAIL: gcc.target/arm/mve/intrinsics/vgetq_lane_u64.c scan-assembler vmov\\\\tr0, r1, d0
FAIL: gcc.target/arm/mve/intrinsics/vgetq_lane_u64.c scan-assembler vmov\\\\tr0, r1, d0
FAIL: gcc.target/arm/mve/intrinsics/vsetq_lane_s64.c scan-assembler vmov\\\\td0, r[1-9]*[0-9], r[1-9]*[0-9]
FAIL: gcc.target/arm/mve/intrinsics/vsetq_lane_u64.c scan-assembler vmov\\\\td0, r[1-9]*[0-9], r[1-9]*[0-9]
FAIL: gcc.target/arm/simd/bf16_ma_1.c check-function-bodies test_vfmabq_f32
FAIL: gcc.target/arm/simd/bf16_ma_1.c check-function-bodies test_vfmabq_lane_f32
FAIL: gcc.target/arm/simd/bf16_ma_1.c check-function-bodies test_vfmabq_laneq_f32
FAIL: gcc.target/arm/simd/bf16_ma_1.c check-function-bodies test_vfmatq_f32
FAIL: gcc.target/arm/simd/bf16_ma_1.c check-function-bodies test_vfmatq_lane_f32
FAIL: gcc.target/arm/simd/bf16_ma_1.c check-function-bodies test_vfmatq_laneq_f32
FAIL: gcc.target/arm/simd/bf16_mmla_1.c check-function-bodies test_vmmlaq_f32
FAIL: gcc.target/arm/simd/bf16_vldn_1.c (test for excess errors)
UNRESOLVED: gcc.target/arm/simd/bf16_vldn_1.c check-function-bodies test_vld2_bf16
UNRESOLVED: gcc.target/arm/simd/bf16_vldn_1.c check-function-bodies test_vld2_dup_bf16
UNRESOLVED: gcc.target/arm/simd/bf16_vldn_1.c check-function-bodies test_vld2q_bf16
UNRESOLVED: gcc.target/arm/simd/bf16_vldn_1.c check-function-bodies test_vld2q_dup_bf16
UNRESOLVED: gcc.target/arm/simd/bf16_vldn_1.c check-function-bodies test_vld3_bf16
UNRESOLVED: gcc.target/arm/simd/bf16_vldn_1.c check-function-bodies test_vld3_dup_bf16
UNRESOLVED: gcc.target/arm/simd/bf16_vldn_1.c check-function-bodies test_vld3q_bf16
UNRESOLVED: gcc.target/arm/simd/bf16_vldn_1.c check-function-bodies test_vld3q_dup_bf16
UNRESOLVED: gcc.target/arm/simd/bf16_vldn_1.c check-function-bodies test_vld4_bf16
UNRESOLVED: gcc.target/arm/simd/bf16_vldn_1.c check-function-bodies test_vld4_dup_bf16
UNRESOLVED: gcc.target/arm/simd/bf16_vldn_1.c check-function-bodies test_vld4q_bf16
UNRESOLVED: gcc.target/arm/simd/bf16_vldn_1.c check-function-bodies test_vld4q_dup_bf16
FAIL: gcc.target/arm/simd/bf16_vstn_1.c (test for excess errors)
UNRESOLVED: gcc.target/arm/simd/bf16_vstn_1.c check-function-bodies test_vst2_bf16
UNRESOLVED: gcc.target/arm/simd/bf16_vstn_1.c check-function-bodies test_vst2q_bf16
UNRESOLVED: gcc.target/arm/simd/bf16_vstn_1.c check-function-bodies test_vst3_bf16
UNRESOLVED: gcc.target/arm/simd/bf16_vstn_1.c check-function-bodies test_vst3q_bf16
UNRESOLVED: gcc.target/arm/simd/bf16_vstn_1.c check-function-bodies test_vst4_bf16
UNRESOLVED: gcc.target/arm/simd/bf16_vstn_1.c check-function-bodies test_vst4q_bf16
FAIL: gcc.target/arm/simd/vdot-2-1.c check-function-bodies sfoo_lane
FAIL: gcc.target/arm/simd/vdot-2-1.c check-function-bodies sfooq_lane
FAIL: gcc.target/arm/simd/vdot-2-1.c check-function-bodies usfoo
FAIL: gcc.target/arm/simd/vdot-2-1.c check-function-bodies usfoo_lane
FAIL: gcc.target/arm/simd/vdot-2-1.c check-function-bodies usfoo_lane_untied
FAIL: gcc.target/arm/simd/vdot-2-1.c check-function-bodies usfoo_untied
FAIL: gcc.target/arm/simd/vdot-2-1.c check-function-bodies usfooq_lane
FAIL: gcc.target/arm/simd/vdot-2-2.c check-function-bodies sfoo_lane
FAIL: gcc.target/arm/simd/vdot-2-2.c check-function-bodies sfooq_lane
FAIL: gcc.target/arm/simd/vdot-2-2.c check-function-bodies usfoo
FAIL: gcc.target/arm/simd/vdot-2-2.c check-function-bodies usfoo_lane
FAIL: gcc.target/arm/simd/vdot-2-2.c check-function-bodies usfoo_lane_untied
FAIL: gcc.target/arm/simd/vdot-2-2.c check-function-bodies usfoo_untied
FAIL: gcc.target/arm/simd/vdot-2-2.c check-function-bodies usfooq_lane
FAIL: gcc.target/arm/simd/vld1_bf16_1.c (test for excess errors)
UNRESOLVED: gcc.target/arm/simd/vld1_bf16_1.c check-function-bodies test_vld1_bf16
UNRESOLVED: gcc.target/arm/simd/vld1_bf16_1.c check-function-bodies test_vld1q_bf16
FAIL: gcc.target/arm/simd/vldn_lane_bf16_1.c (test for excess errors)
UNRESOLVED: gcc.target/arm/simd/vldn_lane_bf16_1.c check-function-bodies test_vld2_lane_bf16
UNRESOLVED: gcc.target/arm/simd/vldn_lane_bf16_1.c check-function-bodies test_vld2q_lane_bf16
UNRESOLVED: gcc.target/arm/simd/vldn_lane_bf16_1.c check-function-bodies test_vld3_lane_bf16
UNRESOLVED: gcc.target/arm/simd/vldn_lane_bf16_1.c check-function-bodies test_vld3q_lane_bf16
UNRESOLVED: gcc.target/arm/simd/vldn_lane_bf16_1.c check-function-bodies test_vld4_lane_bf16
UNRESOLVED: gcc.target/arm/simd/vldn_lane_bf16_1.c check-function-bodies test_vld4q_lane_bf16
FAIL: gcc.target/arm/simd/vmmla_1.c (test for excess errors)
UNRESOLVED: gcc.target/arm/simd/vmmla_1.c scan-assembler-times \\\\tvsmmla.s8\\\\tq[0-9]+, q[0-9]+, q[0-9]+ 1
UNRESOLVED: gcc.target/arm/simd/vmmla_1.c scan-assembler-times \\\\tvummla.u8\\\\tq[0-9]+, q[0-9]+, q[0-9]+ 1
UNRESOLVED: gcc.target/arm/simd/vmmla_1.c scan-assembler-times \\\\tvusmmla.s8\\\\tq[0-9]+, q[0-9]+, q[0-9]+ 1
FAIL: gcc.target/arm/simd/vst1_bf16_1.c (test for excess errors)
UNRESOLVED: gcc.target/arm/simd/vst1_bf16_1.c check-function-bodies test_vst1_bf16
UNRESOLVED: gcc.target/arm/simd/vst1_bf16_1.c check-function-bodies test_vst1q_bf16
FAIL: gcc.target/arm/simd/vstn_lane_bf16_1.c (test for excess errors)
UNRESOLVED: gcc.target/arm/simd/vstn_lane_bf16_1.c check-function-bodies test_vst2_lane_bf16
UNRESOLVED: gcc.target/arm/simd/vstn_lane_bf16_1.c check-function-bodies test_vst2q_lane_bf16
UNRESOLVED: gcc.target/arm/simd/vstn_lane_bf16_1.c check-function-bodies test_vst3_lane_bf16
UNRESOLVED: gcc.target/arm/simd/vstn_lane_bf16_1.c check-function-bodies test_vst3q_lane_bf16
UNRESOLVED: gcc.target/arm/simd/vstn_lane_bf16_1.c check-function-bodies test_vst4_lane_bf16
UNRESOLVED: gcc.target/arm/simd/vstn_lane_bf16_1.c check-function-bodies test_vst4q_lane_bf16

		=== gcc Summary ===

# of expected passes		143460
# of unexpected failures	414
# of unexpected successes	3
# of expected failures		780
# of unresolved testcases	116
# of unsupported tests		6844
/tmp/9100183_2.tmpdir/aci-gcc-fsf/builds/gcc-fsf-gccsrc/obj-arm-none-linux-gnueabi/gcc3/gcc/xgcc  version 11.0.0  (DEFMODE=arm DEFCPU=cortex-a9 DEFFPU=default TESTFLAGS=) [r11-5754] (GCC) 

Host   is x86_64-pc-linux-gnu

		=== gfortran tests ===


Running target qemu
WARNING: skipping asan tests due to ulimit -v
WARNING: skipping asan tests due to ulimit -v
WARNING: skipping asan tests due to ulimit -v
FAIL: gfortran.dg/elemental_dependency_4.f90   -O0  (test for excess errors)
UNRESOLVED: gfortran.dg/elemental_dependency_4.f90   -O0  compilation failed to produce executable
FAIL: gfortran.dg/internal_dummy_2.f08   -O0  (test for excess errors)
UNRESOLVED: gfortran.dg/internal_dummy_2.f08   -O0  compilation failed to produce executable
FAIL: gfortran.dg/internal_dummy_2.f08   -O1  (test for excess errors)
UNRESOLVED: gfortran.dg/internal_dummy_2.f08   -O1  compilation failed to produce executable
FAIL: gfortran.dg/internal_dummy_2.f08   -O2  (test for excess errors)
UNRESOLVED: gfortran.dg/internal_dummy_2.f08   -O2  compilation failed to produce executable
FAIL: gfortran.dg/internal_dummy_2.f08   -O3 -fomit-frame-pointer -funroll-loops -fpeel-loops -ftracer -finline-functions  (test for excess errors)
UNRESOLVED: gfortran.dg/internal_dummy_2.f08   -O3 -fomit-frame-pointer -funroll-loops -fpeel-loops -ftracer -finline-functions  compilation failed to produce executable
FAIL: gfortran.dg/internal_dummy_2.f08   -O3 -g  (test for excess errors)
UNRESOLVED: gfortran.dg/internal_dummy_2.f08   -O3 -g  compilation failed to produce executable
FAIL: gfortran.dg/internal_dummy_2.f08   -Os  (test for excess errors)
UNRESOLVED: gfortran.dg/internal_dummy_2.f08   -Os  compilation failed to produce executable
FAIL: gfortran.dg/internal_dummy_3.f08   -O0  (test for excess errors)
UNRESOLVED: gfortran.dg/internal_dummy_3.f08   -O0  compilation failed to produce executable
FAIL: gfortran.dg/internal_dummy_3.f08   -O1  (test for excess errors)
UNRESOLVED: gfortran.dg/internal_dummy_3.f08   -O1  compilation failed to produce executable
FAIL: gfortran.dg/internal_dummy_3.f08   -O2  (test for excess errors)
UNRESOLVED: gfortran.dg/internal_dummy_3.f08   -O2  compilation failed to produce executable
FAIL: gfortran.dg/internal_dummy_3.f08   -O3 -fomit-frame-pointer -funroll-loops -fpeel-loops -ftracer -finline-functions  (test for excess errors)
UNRESOLVED: gfortran.dg/internal_dummy_3.f08   -O3 -fomit-frame-pointer -funroll-loops -fpeel-loops -ftracer -finline-functions  compilation failed to produce executable
FAIL: gfortran.dg/internal_dummy_3.f08   -O3 -g  (test for excess errors)
UNRESOLVED: gfortran.dg/internal_dummy_3.f08   -O3 -g  compilation failed to produce executable
FAIL: gfortran.dg/internal_dummy_3.f08   -Os  (test for excess errors)
UNRESOLVED: gfortran.dg/internal_dummy_3.f08   -Os  compilation failed to produce executable
FAIL: gfortran.dg/internal_dummy_4.f08   -O0  (test for excess errors)
UNRESOLVED: gfortran.dg/internal_dummy_4.f08   -O0  compilation failed to produce executable
FAIL: gfortran.dg/pointer_check_1.f90   -O0  (test for excess errors)
UNRESOLVED: gfortran.dg/pointer_check_1.f90   -O0  compilation failed to produce executable
FAIL: gfortran.dg/pointer_check_2.f90   -O0  (test for excess errors)
UNRESOLVED: gfortran.dg/pointer_check_2.f90   -O0  compilation failed to produce executable
FAIL: gfortran.dg/pointer_check_3.f90   -O0  (test for excess errors)
UNRESOLVED: gfortran.dg/pointer_check_3.f90   -O0  compilation failed to produce executable
FAIL: gfortran.dg/pointer_check_4.f90   -O0  (test for excess errors)
UNRESOLVED: gfortran.dg/pointer_check_4.f90   -O0  compilation failed to produce executable
FAIL: gfortran.dg/pointer_check_5.f90   -O0  (test for excess errors)
UNRESOLVED: gfortran.dg/pointer_check_5.f90   -O0  compilation failed to produce executable
FAIL: gfortran.dg/pr78719_1.f90   -O0  (test for excess errors)
UNRESOLVED: gfortran.dg/pr78719_1.f90   -O0  compilation failed to produce executable
FAIL: gfortran.dg/proc_ptr_18.f90   -O0  (test for excess errors)
UNRESOLVED: gfortran.dg/proc_ptr_18.f90   -O0  compilation failed to produce executable
FAIL: gfortran.dg/proc_ptr_19.f90   -O0  (test for excess errors)
UNRESOLVED: gfortran.dg/proc_ptr_19.f90   -O0  compilation failed to produce executable
FAIL: gfortran.dg/proc_ptr_20.f90   -O0  (test for excess errors)
UNRESOLVED: gfortran.dg/proc_ptr_20.f90   -O0  compilation failed to produce executable
FAIL: gfortran.dg/proc_ptr_21.f90   -O0  (test for excess errors)
UNRESOLVED: gfortran.dg/proc_ptr_21.f90   -O0  compilation failed to produce executable
FAIL: gfortran.dg/proc_ptr_23.f90   -O0  (test for excess errors)
UNRESOLVED: gfortran.dg/proc_ptr_23.f90   -O0  compilation failed to produce executable
FAIL: gfortran.dg/proc_ptr_25.f90   -O0  (test for excess errors)
UNRESOLVED: gfortran.dg/proc_ptr_25.f90   -O0  compilation failed to produce executable
FAIL: gfortran.dg/proc_ptr_47.f90   -O0  (test for excess errors)
UNRESOLVED: gfortran.dg/proc_ptr_47.f90   -O0  compilation failed to produce executable
FAIL: gfortran.dg/proc_ptr_48.f90   -O0  (test for excess errors)
UNRESOLVED: gfortran.dg/proc_ptr_48.f90   -O0  compilation failed to produce executable
FAIL: gfortran.dg/proc_ptr_5.f90   -O0  (test for excess errors)
UNRESOLVED: gfortran.dg/proc_ptr_5.f90   -O0  compilation failed to produce executable
FAIL: gfortran.dg/proc_ptr_7.f90   -O0  (test for excess errors)
UNRESOLVED: gfortran.dg/proc_ptr_7.f90   -O0  compilation failed to produce executable
FAIL: gfortran.dg/proc_ptr_comp_1.f90   -O0  (test for excess errors)
UNRESOLVED: gfortran.dg/proc_ptr_comp_1.f90   -O0  compilation failed to produce executable
FAIL: gfortran.dg/proc_ptr_comp_11.f90   -O0  (test for excess errors)
UNRESOLVED: gfortran.dg/proc_ptr_comp_11.f90   -O0  compilation failed to produce executable
FAIL: gfortran.dg/proc_ptr_comp_13.f90   -O0  (test for excess errors)
UNRESOLVED: gfortran.dg/proc_ptr_comp_13.f90   -O0  compilation failed to produce executable
FAIL: gfortran.dg/proc_ptr_comp_14.f90   -O0  (test for excess errors)
UNRESOLVED: gfortran.dg/proc_ptr_comp_14.f90   -O0  compilation failed to produce executable
FAIL: gfortran.dg/proc_ptr_comp_18.f90   -O0  (test for excess errors)
UNRESOLVED: gfortran.dg/proc_ptr_comp_18.f90   -O0  compilation failed to produce executable
FAIL: gfortran.dg/proc_ptr_comp_19.f90   -O0  (test for excess errors)
UNRESOLVED: gfortran.dg/proc_ptr_comp_19.f90   -O0  compilation failed to produce executable
FAIL: gfortran.dg/proc_ptr_comp_2.f90   -O0  (test for excess errors)
UNRESOLVED: gfortran.dg/proc_ptr_comp_2.f90   -O0  compilation failed to produce executable
FAIL: gfortran.dg/proc_ptr_comp_29.f90   -O0  (test for excess errors)
UNRESOLVED: gfortran.dg/proc_ptr_comp_29.f90   -O0  compilation failed to produce executable
FAIL: gfortran.dg/proc_ptr_comp_34.f90   -O0  (test for excess errors)
UNRESOLVED: gfortran.dg/proc_ptr_comp_34.f90   -O0  compilation failed to produce executable
FAIL: gfortran.dg/proc_ptr_comp_5.f90   -O0  (test for excess errors)
UNRESOLVED: gfortran.dg/proc_ptr_comp_5.f90   -O0  compilation failed to produce executable
FAIL: gfortran.dg/proc_ptr_comp_8.f90   -O0  (test for excess errors)
UNRESOLVED: gfortran.dg/proc_ptr_comp_8.f90   -O0  compilation failed to produce executable
FAIL: gfortran.dg/proc_ptr_comp_9.f90   -O0  (test for excess errors)
UNRESOLVED: gfortran.dg/proc_ptr_comp_9.f90   -O0  compilation failed to produce executable
FAIL: gfortran.dg/proc_ptr_comp_pass_3.f90   -O0  (test for excess errors)
UNRESOLVED: gfortran.dg/proc_ptr_comp_pass_3.f90   -O0  compilation failed to produce executable
FAIL: gfortran.dg/proc_ptr_result_7.f90   -O0  (test for excess errors)
UNRESOLVED: gfortran.dg/proc_ptr_result_7.f90   -O0  compilation failed to produce executable
FAIL: gfortran.dg/structure_constructor_11.f90   -O0  (test for excess errors)
UNRESOLVED: gfortran.dg/structure_constructor_11.f90   -O0  compilation failed to produce executable
FAIL: gfortran.dg/structure_constructor_11.f90   -O1  (test for excess errors)
UNRESOLVED: gfortran.dg/structure_constructor_11.f90   -O1  compilation failed to produce executable
FAIL: gfortran.dg/structure_constructor_11.f90   -O2  (test for excess errors)
UNRESOLVED: gfortran.dg/structure_constructor_11.f90   -O2  compilation failed to produce executable
FAIL: gfortran.dg/structure_constructor_11.f90   -O3 -fomit-frame-pointer -funroll-loops -fpeel-loops -ftracer -finline-functions  (test for excess errors)
UNRESOLVED: gfortran.dg/structure_constructor_11.f90   -O3 -fomit-frame-pointer -funroll-loops -fpeel-loops -ftracer -finline-functions  compilation failed to produce executable
FAIL: gfortran.dg/structure_constructor_11.f90   -O3 -g  (test for excess errors)
UNRESOLVED: gfortran.dg/structure_constructor_11.f90   -O3 -g  compilation failed to produce executable
FAIL: gfortran.dg/structure_constructor_11.f90   -Os  (test for excess errors)
UNRESOLVED: gfortran.dg/structure_constructor_11.f90   -Os  compilation failed to produce executable
FAIL: gfortran.dg/unlimited_polymorphic_19.f90   -O0  (test for excess errors)
UNRESOLVED: gfortran.dg/unlimited_polymorphic_19.f90   -O0  compilation failed to produce executable
FAIL: gfortran.dg/ieee/ieee_1.F90   -O0  execution test
FAIL: gfortran.dg/ieee/ieee_1.F90   -O1  execution test
FAIL: gfortran.dg/ieee/ieee_1.F90   -O2  execution test
FAIL: gfortran.dg/ieee/ieee_1.F90   -O3 -fomit-frame-pointer -funroll-loops -fpeel-loops -ftracer -finline-functions  execution test
FAIL: gfortran.dg/ieee/ieee_1.F90   -O3 -g  execution test
FAIL: gfortran.dg/ieee/ieee_1.F90   -Os  execution test
FAIL: gfortran.dg/ieee/ieee_2.f90   -O0  execution test
FAIL: gfortran.dg/ieee/ieee_2.f90   -O1  execution test
FAIL: gfortran.dg/ieee/ieee_2.f90   -O2  execution test
FAIL: gfortran.dg/ieee/ieee_2.f90   -O3 -fomit-frame-pointer -funroll-loops -fpeel-loops -ftracer -finline-functions  execution test
FAIL: gfortran.dg/ieee/ieee_2.f90   -O3 -g  execution test
FAIL: gfortran.dg/ieee/ieee_2.f90   -Os  execution test
FAIL: gfortran.dg/ieee/ieee_6.f90   -O0  execution test
FAIL: gfortran.dg/ieee/ieee_6.f90   -O1  execution test
FAIL: gfortran.dg/ieee/ieee_6.f90   -O2  execution test
FAIL: gfortran.dg/ieee/ieee_6.f90   -O3 -fomit-frame-pointer -funroll-loops -fpeel-loops -ftracer -finline-functions  execution test
FAIL: gfortran.dg/ieee/ieee_6.f90   -O3 -g  execution test
FAIL: gfortran.dg/ieee/ieee_6.f90   -Os  execution test
XPASS: gfortran.dg/ieee/ieee_8.f90   -O0  execution test
XPASS: gfortran.dg/ieee/ieee_8.f90   -O1  execution test
XPASS: gfortran.dg/ieee/ieee_8.f90   -O2  execution test
XPASS: gfortran.dg/ieee/ieee_8.f90   -O3 -fomit-frame-pointer -funroll-loops -fpeel-loops -ftracer -finline-functions  execution test
XPASS: gfortran.dg/ieee/ieee_8.f90   -O3 -g  execution test
XPASS: gfortran.dg/ieee/ieee_8.f90   -Os  execution test
FAIL: gfortran.dg/ieee/ieee_9.f90   -O0  (test for excess errors)
UNRESOLVED: gfortran.dg/ieee/ieee_9.f90   -O0  compilation failed to produce executable
FAIL: gfortran.dg/ieee/ieee_9.f90   -O1  (test for excess errors)
UNRESOLVED: gfortran.dg/ieee/ieee_9.f90   -O1  compilation failed to produce executable
FAIL: gfortran.dg/ieee/ieee_9.f90   -O2  (test for excess errors)
UNRESOLVED: gfortran.dg/ieee/ieee_9.f90   -O2  compilation failed to produce executable
FAIL: gfortran.dg/ieee/ieee_9.f90   -O3 -fomit-frame-pointer -funroll-loops -fpeel-loops -ftracer -finline-functions  (test for excess errors)
UNRESOLVED: gfortran.dg/ieee/ieee_9.f90   -O3 -fomit-frame-pointer -funroll-loops -fpeel-loops -ftracer -finline-functions  compilation failed to produce executable
FAIL: gfortran.dg/ieee/ieee_9.f90   -O3 -g  (test for excess errors)
UNRESOLVED: gfortran.dg/ieee/ieee_9.f90   -O3 -g  compilation failed to produce executable
FAIL: gfortran.dg/ieee/ieee_9.f90   -Os  (test for excess errors)
UNRESOLVED: gfortran.dg/ieee/ieee_9.f90   -Os  compilation failed to produce executable
FAIL: gfortran.dg/ieee/large_2.f90   -O0  execution test
FAIL: gfortran.dg/ieee/large_2.f90   -O1  execution test
FAIL: gfortran.dg/ieee/large_2.f90   -O2  execution test
FAIL: gfortran.dg/ieee/large_2.f90   -O3 -fomit-frame-pointer -funroll-loops -fpeel-loops -ftracer -finline-functions  execution test
FAIL: gfortran.dg/ieee/large_2.f90   -O3 -g  execution test
FAIL: gfortran.dg/ieee/large_2.f90   -Os  execution test
FAIL: gfortran.dg/ieee/large_3.F90   -O0  execution test
FAIL: gfortran.dg/ieee/large_3.F90   -O1  execution test
FAIL: gfortran.dg/ieee/large_3.F90   -O2  execution test
FAIL: gfortran.dg/ieee/large_3.F90   -O3 -fomit-frame-pointer -funroll-loops -fpeel-loops -ftracer -finline-functions  execution test
FAIL: gfortran.dg/ieee/large_3.F90   -O3 -g  execution test
FAIL: gfortran.dg/ieee/large_3.F90   -Os  execution test
FAIL: gfortran.dg/ieee/rounding_1.f90   -O0  execution test
FAIL: gfortran.dg/ieee/rounding_1.f90   -O1  execution test
FAIL: gfortran.dg/ieee/rounding_1.f90   -O2  execution test
FAIL: gfortran.dg/ieee/rounding_1.f90   -O3 -fomit-frame-pointer -funroll-loops -fpeel-loops -ftracer -finline-functions  execution test
FAIL: gfortran.dg/ieee/rounding_1.f90   -O3 -g  execution test
FAIL: gfortran.dg/ieee/rounding_1.f90   -Os  execution test

		=== gfortran Summary ===

# of expected passes		54233
# of unexpected failures	93
# of unexpected successes	6
# of expected failures		224
# of unresolved testcases	57
# of unsupported tests		411
/tmp/9100183_2.tmpdir/aci-gcc-fsf/builds/gcc-fsf-gccsrc/obj-arm-none-linux-gnueabi/gcc3/gcc/gfortran  version 11.0.0  (DEFMODE=arm DEFCPU=cortex-a9 DEFFPU=default TESTFLAGS=) [r11-5754] (GCC) 

Host   is x86_64-pc-linux-gnu

		=== g++ tests ===


Running target qemu
WARNING: skipping asan tests due to ulimit -v
WARNING: skipping asan tests due to ulimit -v
WARNING: skipping asan tests due to ulimit -v
WARNING: skipping asan tests due to ulimit -v
WARNING: skipping asan tests due to ulimit -v
WARNING: skipping asan tests due to ulimit -v
WARNING: skipping asan tests due to ulimit -v
FAIL: g++.dg/lto/pr65276 cp_lto_pr65276_0.o-cp_lto_pr65276_1.o link, -flto -O0 -std=c++11
FAIL: g++.target/arm/../../gcc.target/arm/mve/intrinsics/mve_vector_float2.c scan-assembler-times vmov\\\\tq[0-7], q[0-7] 2
FAIL: g++.target/arm/../../gcc.target/arm/mve/intrinsics/mve_vector_int.c scan-assembler vmov\\\\tq[0-7], q[0-7]
FAIL: g++.target/arm/../../gcc.target/arm/mve/intrinsics/mve_vector_int.c scan-assembler vmov\\\\tq[0-7], q[0-7]
FAIL: g++.target/arm/../../gcc.target/arm/mve/intrinsics/mve_vector_int.c scan-assembler vmov\\\\tq[0-7], q[0-7]
FAIL: g++.target/arm/../../gcc.target/arm/mve/intrinsics/mve_vector_int.c scan-assembler vmov\\\\tq[0-7], q[0-7]
FAIL: g++.target/arm/../../gcc.target/arm/mve/intrinsics/mve_vector_uint.c scan-assembler vmov\\\\tq[0-7], q[0-7]
FAIL: g++.target/arm/../../gcc.target/arm/mve/intrinsics/mve_vector_uint.c scan-assembler vmov\\\\tq[0-7], q[0-7]
FAIL: g++.target/arm/../../gcc.target/arm/mve/intrinsics/mve_vector_uint.c scan-assembler vmov\\\\tq[0-7], q[0-7]
FAIL: g++.target/arm/../../gcc.target/arm/mve/intrinsics/mve_vector_uint.c scan-assembler vmov\\\\tq[0-7], q[0-7]
FAIL: g++.target/arm/../../gcc.target/arm/mve/intrinsics/mve_vector_uint1.c scan-assembler vmov\\\\tq[0-7], q[0-7]
FAIL: g++.target/arm/../../gcc.target/arm/mve/intrinsics/mve_vector_uint1.c scan-assembler vmov\\\\tq[0-7], q[0-7]
FAIL: g++.target/arm/../../gcc.target/arm/mve/intrinsics/mve_vector_uint1.c scan-assembler vmov\\\\tq[0-7], q[0-7]
FAIL: g++.target/arm/../../gcc.target/arm/mve/intrinsics/mve_vector_uint1.c scan-assembler vmov\\\\tq[0-7], q[0-7]
FAIL: g++.target/arm/../../gcc.target/arm/mve/intrinsics/mve_vector_uint2.c scan-assembler vmov\\\\tq[0-7], q[0-7]
FAIL: g++.target/arm/../../gcc.target/arm/mve/intrinsics/mve_vector_uint2.c scan-assembler vmov\\\\tq[0-7], q[0-7]
FAIL: g++.target/arm/../../gcc.target/arm/mve/intrinsics/mve_vector_uint2.c scan-assembler vmov\\\\tq[0-7], q[0-7]
FAIL: g++.target/arm/../../gcc.target/arm/mve/intrinsics/mve_vector_uint2.c scan-assembler vmov\\\\tq[0-7], q[0-7]
FAIL: g++.target/arm/../../gcc.target/arm/mve/intrinsics/vgetq_lane_s64.c scan-assembler vmov\\\\tr0, r1, d0
FAIL: g++.target/arm/../../gcc.target/arm/mve/intrinsics/vgetq_lane_s64.c scan-assembler vmov\\\\tr0, r1, d0
FAIL: g++.target/arm/../../gcc.target/arm/mve/intrinsics/vgetq_lane_u64.c scan-assembler vmov\\\\tr0, r1, d0
FAIL: g++.target/arm/../../gcc.target/arm/mve/intrinsics/vgetq_lane_u64.c scan-assembler vmov\\\\tr0, r1, d0
FAIL: g++.target/arm/../../gcc.target/arm/mve/intrinsics/vsetq_lane_s64.c scan-assembler vmov\\\\td0, r[1-9]*[0-9], r[1-9]*[0-9]
FAIL: g++.target/arm/../../gcc.target/arm/mve/intrinsics/vsetq_lane_u64.c scan-assembler vmov\\\\td0, r[1-9]*[0-9], r[1-9]*[0-9]

		=== g++ Summary ===

# of expected passes		197395
# of unexpected failures	24
# of expected failures		978
# of unsupported tests		9072
/tmp/9100183_2.tmpdir/aci-gcc-fsf/builds/gcc-fsf-gccsrc/obj-arm-none-linux-gnueabi/gcc3/gcc/xg++  version 11.0.0  (DEFMODE=arm DEFCPU=cortex-a9 DEFFPU=default TESTFLAGS=) [r11-5754] (GCC) 


Compiler version: 11.0.0 (DEFMODE=arm DEFCPU=cortex-a9 DEFFPU=default TESTFLAGS=) [r11-5754] (GCC) 
Platform: arm-none-linux-gnueabi
configure flags: --target=arm-none-linux-gnueabi --prefix=/tmp/9100183_2.tmpdir/aci-gcc-fsf/builds/gcc-fsf-gccsrc/tools --with-sysroot=/tmp/9100183_2.tmpdir/aci-gcc-fsf/builds/gcc-fsf-gccsrc/sysroot-arm-none-linux-gnueabi --disable-nls --disable-libgomp --disable-libmudflap --disable-libcilkrts --enable-checking --enable-languages=c,c++,fortran --with-float=soft --enable-build-with-cxx --with-mode=arm --with-cpu=cortex-a9


More information about the Gcc-testresults mailing list