Results for 11.0.0 (DEFMODE=arm DEFCPU=arm10tdmi DEFFPU=vfp TESTFLAGS=) [r11-5754] (GCC) testsuite on arm-none-linux-gnueabihf

Christophe LYON christophe.lyon@st.com
Sat Dec 5 02:50:52 GMT 2020


LAST_UPDATED: Sat Dec  5 00:32:29 UTC 2020 (revision r11-5754-gc5fd8a9157c440c2039e7c7015f012800d1e524d) TARGET=arm-none-linux-gnueabihf CPU=arm10tdmi FPU=vfp MODE=arm

Target is arm-none-linux-gnueabihf
Host   is arm-none-linux-gnueabihf

		=== libatomic tests ===


Running target qemu

		=== libatomic Summary ===

# of expected passes		44
# of unsupported tests		5
Host   is arm-none-linux-gnueabihf

		=== libitm tests ===


Running target qemu
FAIL: libitm.c/alloc-1.c (test for excess errors)
UNRESOLVED: libitm.c/alloc-1.c compilation failed to produce executable
FAIL: libitm.c/cancel.c (test for excess errors)
UNRESOLVED: libitm.c/cancel.c compilation failed to produce executable
FAIL: libitm.c/clone-1.c (test for excess errors)
UNRESOLVED: libitm.c/clone-1.c compilation failed to produce executable
FAIL: libitm.c/dropref-2.c (test for excess errors)
UNRESOLVED: libitm.c/dropref-2.c compilation failed to produce executable
FAIL: libitm.c/dropref.c (test for excess errors)
UNRESOLVED: libitm.c/dropref.c compilation failed to produce executable
FAIL: libitm.c/memcpy-1.c (test for excess errors)
UNRESOLVED: libitm.c/memcpy-1.c compilation failed to produce executable
FAIL: libitm.c/memset-1.c (test for excess errors)
UNRESOLVED: libitm.c/memset-1.c compilation failed to produce executable
FAIL: libitm.c/notx.c (test for excess errors)
UNRESOLVED: libitm.c/notx.c compilation failed to produce executable
FAIL: libitm.c/priv-1.c (test for excess errors)
UNRESOLVED: libitm.c/priv-1.c compilation failed to produce executable
FAIL: libitm.c/reentrant.c (test for excess errors)
UNRESOLVED: libitm.c/reentrant.c compilation failed to produce executable
FAIL: libitm.c/simple-1.c (test for excess errors)
UNRESOLVED: libitm.c/simple-1.c compilation failed to produce executable
FAIL: libitm.c/simple-2.c (test for excess errors)
UNRESOLVED: libitm.c/simple-2.c compilation failed to produce executable
FAIL: libitm.c/stackundo.c (test for excess errors)
UNRESOLVED: libitm.c/stackundo.c compilation failed to produce executable
FAIL: libitm.c/txrelease.c (test for excess errors)
UNRESOLVED: libitm.c/txrelease.c compilation failed to produce executable
FAIL: libitm.c++/dropref.C (test for excess errors)
UNRESOLVED: libitm.c++/dropref.C compilation failed to produce executable
FAIL: libitm.c++/eh-1.C (test for excess errors)
UNRESOLVED: libitm.c++/eh-1.C compilation failed to produce executable
FAIL: libitm.c++/eh-2.C (test for excess errors)
UNRESOLVED: libitm.c++/eh-2.C compilation failed to produce executable
FAIL: libitm.c++/eh-3.C (test for excess errors)
UNRESOLVED: libitm.c++/eh-3.C compilation failed to produce executable
FAIL: libitm.c++/eh-4.C (test for excess errors)
UNRESOLVED: libitm.c++/eh-4.C compilation failed to produce executable
FAIL: libitm.c++/eh-5.C (test for excess errors)
UNRESOLVED: libitm.c++/eh-5.C compilation failed to produce executable
FAIL: libitm.c++/libstdc++-safeexc.C (test for excess errors)
UNRESOLVED: libitm.c++/libstdc++-safeexc.C compilation failed to produce executable
FAIL: libitm.c++/newdelete.C (test for excess errors)
UNRESOLVED: libitm.c++/newdelete.C compilation failed to produce executable

		=== libitm Summary ===

# of expected passes		1
# of unexpected failures	22
# of unresolved testcases	22
# of unsupported tests		1
Host   is arm-none-linux-gnueabihf

		=== libstdc++ tests ===


Running target qemu
FAIL: 29_atomics/atomic_float/wait_notify.cc (test for excess errors)
UNRESOLVED: 29_atomics/atomic_float/wait_notify.cc compilation failed to produce executable
FAIL: 29_atomics/atomic_integral/wait_notify.cc (test for excess errors)
UNRESOLVED: 29_atomics/atomic_integral/wait_notify.cc compilation failed to produce executable
FAIL: 29_atomics/atomic_ref/wait_notify.cc (test for excess errors)
UNRESOLVED: 29_atomics/atomic_ref/wait_notify.cc compilation failed to produce executable
WARNING: 30_threads/condition_variable/54185.cc execution test (CHILDKILLED 7239 SIGINT interrupt) program timed out.

		=== libstdc++ Summary ===

# of expected passes		13732
# of unexpected failures	3
# of expected failures		104
# of untested testcases		1
# of unresolved testcases	3
# of unsupported tests		738
Host   is x86_64-pc-linux-gnu

		=== gcc tests ===


Running target qemu
FAIL: gcc.dg/analyzer/malloc-vs-local-1b.c  (test for bogus messages, line 170)
XPASS: gcc.dg/analyzer/pr94851-1.c bogus leak (test for bogus messages, line 43)
FAIL: gcc.dg/atomic/pr65345-4.c   -O2 -flto -fno-use-linker-plugin -flto-partition=none  (internal compiler error)
FAIL: gcc.dg/atomic/pr65345-4.c   -O2 -flto -fno-use-linker-plugin -flto-partition=none  (test for excess errors)
FAIL: gcc.dg/atomic/pr65345-4.c   -O2 -flto -fuse-linker-plugin -fno-fat-lto-objects  (internal compiler error)
FAIL: gcc.dg/atomic/pr65345-4.c   -O2 -flto -fuse-linker-plugin -fno-fat-lto-objects  (test for excess errors)
XPASS: gcc.dg/Walloca-2.c  (test for bogus messages, line 16)
FAIL: gcc.dg/ira-shrinkwrap-prep-1.c scan-rtl-dump pro_and_epilogue "Performing shrink-wrapping"
XPASS: gcc.dg/pr78973.c pr79073 (test for warnings, line 12)
FAIL: gcc.dg/fixed-point/composite-type.c (test for excess errors)
FAIL: gcc.dg/fixed-point/struct-union.c (test for excess errors)
FAIL: gcc.dg/gomp/simd-2.c scan-tree-dump-times vect "vectorized [1-9][0-9]* loops in function" 5
FAIL: gcc.dg/gomp/simd-3.c scan-tree-dump-times vect "vectorized [1-9][0-9]* loops in function" 5
FAIL: gcc.dg/vect/bb-slp-44.c -flto -ffat-lto-objects execution test
FAIL: gcc.dg/vect/bb-slp-44.c execution test
FAIL: gcc.dg/vect/pr96783-1.c -flto -ffat-lto-objects execution test
FAIL: gcc.dg/vect/pr96783-1.c execution test
FAIL: gcc.dg/vect/pr96783-2.c -flto -ffat-lto-objects execution test
FAIL: gcc.dg/vect/pr96783-2.c execution test
FAIL: gcc.dg/vect/pr97428.c -flto -ffat-lto-objects  scan-tree-dump vect "Detected interleaving load of size 8"
FAIL: gcc.dg/vect/pr97428.c -flto -ffat-lto-objects  scan-tree-dump vect "Detected interleaving store of size 16"
FAIL: gcc.dg/vect/pr97428.c -flto -ffat-lto-objects  scan-tree-dump-times vect "vectorizing stmts using SLP" 2
FAIL: gcc.dg/vect/pr97428.c scan-tree-dump vect "Detected interleaving load of size 8"
FAIL: gcc.dg/vect/pr97428.c scan-tree-dump vect "Detected interleaving store of size 16"
FAIL: gcc.dg/vect/pr97428.c scan-tree-dump-times vect "vectorizing stmts using SLP" 2
FAIL: gcc.dg/vect/pr97558-2.c -flto -ffat-lto-objects execution test
FAIL: gcc.dg/vect/pr97558-2.c execution test
XPASS: gcc.dg/vect/vect-cond-1.c -flto -ffat-lto-objects  scan-tree-dump-times vect "OUTER LOOP VECTORIZED" 1
XPASS: gcc.dg/vect/vect-cond-1.c scan-tree-dump-times vect "OUTER LOOP VECTORIZED" 1
FAIL: gcc.dg/vect/vect-cond-13.c -flto -ffat-lto-objects execution test
FAIL: gcc.dg/vect/vect-cond-13.c execution test
XPASS: gcc.dg/vect/vect-cond-3.c -flto -ffat-lto-objects  scan-tree-dump-times vect "OUTER LOOP VECTORIZED" 1
XPASS: gcc.dg/vect/vect-cond-3.c scan-tree-dump-times vect "OUTER LOOP VECTORIZED" 1
XPASS: gcc.dg/vect/vect-cond-4.c -flto -ffat-lto-objects  scan-tree-dump-times vect "OUTER LOOP VECTORIZED" 1
XPASS: gcc.dg/vect/vect-cond-4.c scan-tree-dump-times vect "OUTER LOOP VECTORIZED" 1
UNRESOLVED: gcc.target/aarch64/advsimd-intrinsics/vld1x2.c   -O0  compilation failed to produce executable
UNRESOLVED: gcc.target/aarch64/advsimd-intrinsics/vld1x2.c   -O1  compilation failed to produce executable
UNRESOLVED: gcc.target/aarch64/advsimd-intrinsics/vld1x2.c   -O2  compilation failed to produce executable
UNRESOLVED: gcc.target/aarch64/advsimd-intrinsics/vld1x2.c   -O2 -flto -fno-use-linker-plugin -flto-partition=none  compilation failed to produce executable
UNRESOLVED: gcc.target/aarch64/advsimd-intrinsics/vld1x2.c   -O2 -flto -fuse-linker-plugin -fno-fat-lto-objects  compilation failed to produce executable
UNRESOLVED: gcc.target/aarch64/advsimd-intrinsics/vld1x2.c   -O3 -fomit-frame-pointer -funroll-loops -fpeel-loops -ftracer -finline-functions  compilation failed to produce executable
UNRESOLVED: gcc.target/aarch64/advsimd-intrinsics/vld1x2.c   -O3 -g  compilation failed to produce executable
UNRESOLVED: gcc.target/aarch64/advsimd-intrinsics/vld1x2.c   -Og -g  compilation failed to produce executable
UNRESOLVED: gcc.target/aarch64/advsimd-intrinsics/vld1x2.c   -Os  compilation failed to produce executable
UNRESOLVED: gcc.target/aarch64/advsimd-intrinsics/vld1x3.c   -O0  compilation failed to produce executable
UNRESOLVED: gcc.target/aarch64/advsimd-intrinsics/vld1x3.c   -O1  compilation failed to produce executable
UNRESOLVED: gcc.target/aarch64/advsimd-intrinsics/vld1x3.c   -O2  compilation failed to produce executable
UNRESOLVED: gcc.target/aarch64/advsimd-intrinsics/vld1x3.c   -O2 -flto -fno-use-linker-plugin -flto-partition=none  compilation failed to produce executable
UNRESOLVED: gcc.target/aarch64/advsimd-intrinsics/vld1x3.c   -O2 -flto -fuse-linker-plugin -fno-fat-lto-objects  compilation failed to produce executable
UNRESOLVED: gcc.target/aarch64/advsimd-intrinsics/vld1x3.c   -O3 -fomit-frame-pointer -funroll-loops -fpeel-loops -ftracer -finline-functions  compilation failed to produce executable
UNRESOLVED: gcc.target/aarch64/advsimd-intrinsics/vld1x3.c   -O3 -g  compilation failed to produce executable
UNRESOLVED: gcc.target/aarch64/advsimd-intrinsics/vld1x3.c   -Og -g  compilation failed to produce executable
UNRESOLVED: gcc.target/aarch64/advsimd-intrinsics/vld1x3.c   -Os  compilation failed to produce executable
UNRESOLVED: gcc.target/aarch64/advsimd-intrinsics/vld1x4.c   -O0  compilation failed to produce executable
UNRESOLVED: gcc.target/aarch64/advsimd-intrinsics/vld1x4.c   -O1  compilation failed to produce executable
UNRESOLVED: gcc.target/aarch64/advsimd-intrinsics/vld1x4.c   -O2  compilation failed to produce executable
UNRESOLVED: gcc.target/aarch64/advsimd-intrinsics/vld1x4.c   -O2 -flto -fno-use-linker-plugin -flto-partition=none  compilation failed to produce executable
UNRESOLVED: gcc.target/aarch64/advsimd-intrinsics/vld1x4.c   -O2 -flto -fuse-linker-plugin -fno-fat-lto-objects  compilation failed to produce executable
UNRESOLVED: gcc.target/aarch64/advsimd-intrinsics/vld1x4.c   -O3 -fomit-frame-pointer -funroll-loops -fpeel-loops -ftracer -finline-functions  compilation failed to produce executable
UNRESOLVED: gcc.target/aarch64/advsimd-intrinsics/vld1x4.c   -O3 -g  compilation failed to produce executable
UNRESOLVED: gcc.target/aarch64/advsimd-intrinsics/vld1x4.c   -Og -g  compilation failed to produce executable
UNRESOLVED: gcc.target/aarch64/advsimd-intrinsics/vld1x4.c   -Os  compilation failed to produce executable
UNRESOLVED: gcc.target/aarch64/advsimd-intrinsics/vst1x2.c   -O0  compilation failed to produce executable
UNRESOLVED: gcc.target/aarch64/advsimd-intrinsics/vst1x2.c   -O1  compilation failed to produce executable
UNRESOLVED: gcc.target/aarch64/advsimd-intrinsics/vst1x2.c   -O2  compilation failed to produce executable
UNRESOLVED: gcc.target/aarch64/advsimd-intrinsics/vst1x2.c   -O2 -flto -fno-use-linker-plugin -flto-partition=none  compilation failed to produce executable
UNRESOLVED: gcc.target/aarch64/advsimd-intrinsics/vst1x2.c   -O2 -flto -fuse-linker-plugin -fno-fat-lto-objects  compilation failed to produce executable
UNRESOLVED: gcc.target/aarch64/advsimd-intrinsics/vst1x2.c   -O3 -fomit-frame-pointer -funroll-loops -fpeel-loops -ftracer -finline-functions  compilation failed to produce executable
UNRESOLVED: gcc.target/aarch64/advsimd-intrinsics/vst1x2.c   -O3 -g  compilation failed to produce executable
UNRESOLVED: gcc.target/aarch64/advsimd-intrinsics/vst1x2.c   -Og -g  compilation failed to produce executable
UNRESOLVED: gcc.target/aarch64/advsimd-intrinsics/vst1x2.c   -Os  compilation failed to produce executable
UNRESOLVED: gcc.target/aarch64/advsimd-intrinsics/vst1x3.c   -O0  compilation failed to produce executable
UNRESOLVED: gcc.target/aarch64/advsimd-intrinsics/vst1x3.c   -O1  compilation failed to produce executable
UNRESOLVED: gcc.target/aarch64/advsimd-intrinsics/vst1x3.c   -O2  compilation failed to produce executable
UNRESOLVED: gcc.target/aarch64/advsimd-intrinsics/vst1x3.c   -O2 -flto -fno-use-linker-plugin -flto-partition=none  compilation failed to produce executable
UNRESOLVED: gcc.target/aarch64/advsimd-intrinsics/vst1x3.c   -O2 -flto -fuse-linker-plugin -fno-fat-lto-objects  compilation failed to produce executable
UNRESOLVED: gcc.target/aarch64/advsimd-intrinsics/vst1x3.c   -O3 -fomit-frame-pointer -funroll-loops -fpeel-loops -ftracer -finline-functions  compilation failed to produce executable
UNRESOLVED: gcc.target/aarch64/advsimd-intrinsics/vst1x3.c   -O3 -g  compilation failed to produce executable
UNRESOLVED: gcc.target/aarch64/advsimd-intrinsics/vst1x3.c   -Og -g  compilation failed to produce executable
UNRESOLVED: gcc.target/aarch64/advsimd-intrinsics/vst1x3.c   -Os  compilation failed to produce executable
UNRESOLVED: gcc.target/aarch64/advsimd-intrinsics/vst1x4.c   -O0  compilation failed to produce executable
UNRESOLVED: gcc.target/aarch64/advsimd-intrinsics/vst1x4.c   -O1  compilation failed to produce executable
UNRESOLVED: gcc.target/aarch64/advsimd-intrinsics/vst1x4.c   -O2  compilation failed to produce executable
UNRESOLVED: gcc.target/aarch64/advsimd-intrinsics/vst1x4.c   -O2 -flto -fno-use-linker-plugin -flto-partition=none  compilation failed to produce executable
UNRESOLVED: gcc.target/aarch64/advsimd-intrinsics/vst1x4.c   -O2 -flto -fuse-linker-plugin -fno-fat-lto-objects  compilation failed to produce executable
UNRESOLVED: gcc.target/aarch64/advsimd-intrinsics/vst1x4.c   -O3 -fomit-frame-pointer -funroll-loops -fpeel-loops -ftracer -finline-functions  compilation failed to produce executable
UNRESOLVED: gcc.target/aarch64/advsimd-intrinsics/vst1x4.c   -O3 -g  compilation failed to produce executable
UNRESOLVED: gcc.target/aarch64/advsimd-intrinsics/vst1x4.c   -Og -g  compilation failed to produce executable
UNRESOLVED: gcc.target/aarch64/advsimd-intrinsics/vst1x4.c   -Os  compilation failed to produce executable
FAIL: gcc.target/arm/acle/saturation.c   -O0   scan-assembler-times ssat\\t...?, #8, ...? 1
FAIL: gcc.target/arm/acle/saturation.c   -O0   scan-assembler-times usat\\t...?, #24, ...? 1
FAIL: gcc.target/arm/acle/saturation.c   -O0   scan-assembler-times usat\\t...?, #3, ...? 1
FAIL: gcc.target/arm/acle/saturation.c   -O0  (test for excess errors)
FAIL: gcc.target/arm/acle/saturation.c   -O1   scan-assembler-times ssat\\t...?, #8, ...? 1
FAIL: gcc.target/arm/acle/saturation.c   -O1   scan-assembler-times usat\\t...?, #24, ...? 1
FAIL: gcc.target/arm/acle/saturation.c   -O1   scan-assembler-times usat\\t...?, #3, ...? 1
FAIL: gcc.target/arm/acle/saturation.c   -O1  (test for excess errors)
FAIL: gcc.target/arm/acle/saturation.c   -O2   scan-assembler-times ssat\\t...?, #8, ...? 1
FAIL: gcc.target/arm/acle/saturation.c   -O2   scan-assembler-times usat\\t...?, #24, ...? 1
FAIL: gcc.target/arm/acle/saturation.c   -O2   scan-assembler-times usat\\t...?, #3, ...? 1
FAIL: gcc.target/arm/acle/saturation.c   -O2  (test for excess errors)
FAIL: gcc.target/arm/acle/saturation.c   -O3 -g   scan-assembler-times ssat\\t...?, #8, ...? 1
FAIL: gcc.target/arm/acle/saturation.c   -O3 -g   scan-assembler-times usat\\t...?, #24, ...? 1
FAIL: gcc.target/arm/acle/saturation.c   -O3 -g   scan-assembler-times usat\\t...?, #3, ...? 1
FAIL: gcc.target/arm/acle/saturation.c   -O3 -g  (test for excess errors)
FAIL: gcc.target/arm/acle/saturation.c   -Os   scan-assembler-times ssat\\t...?, #8, ...? 1
FAIL: gcc.target/arm/acle/saturation.c   -Os   scan-assembler-times usat\\t...?, #24, ...? 1
FAIL: gcc.target/arm/acle/saturation.c   -Os   scan-assembler-times usat\\t...?, #3, ...? 1
FAIL: gcc.target/arm/acle/saturation.c   -Os  (test for excess errors)
FAIL: gcc.target/arm/acle/saturation.c  -O2 -flto -fno-use-linker-plugin -flto-partition=none -ffat-lto-objects  scan-assembler-times ssat\\t...?, #8, ...? 1
FAIL: gcc.target/arm/acle/saturation.c  -O2 -flto -fno-use-linker-plugin -flto-partition=none -ffat-lto-objects  scan-assembler-times usat\\t...?, #24, ...? 1
FAIL: gcc.target/arm/acle/saturation.c  -O2 -flto -fno-use-linker-plugin -flto-partition=none -ffat-lto-objects  scan-assembler-times usat\\t...?, #3, ...? 1
FAIL: gcc.target/arm/acle/saturation.c  -O2 -flto -fno-use-linker-plugin -flto-partition=none -ffat-lto-objects (test for excess errors)
FAIL: gcc.target/arm/acle/saturation.c  -O2 -flto -fuse-linker-plugin -fno-fat-lto-objects -ffat-lto-objects  scan-assembler-times ssat\\t...?, #8, ...? 1
FAIL: gcc.target/arm/acle/saturation.c  -O2 -flto -fuse-linker-plugin -fno-fat-lto-objects -ffat-lto-objects  scan-assembler-times usat\\t...?, #24, ...? 1
FAIL: gcc.target/arm/acle/saturation.c  -O2 -flto -fuse-linker-plugin -fno-fat-lto-objects -ffat-lto-objects  scan-assembler-times usat\\t...?, #3, ...? 1
FAIL: gcc.target/arm/acle/saturation.c  -O2 -flto -fuse-linker-plugin -fno-fat-lto-objects -ffat-lto-objects (test for excess errors)
FAIL: gcc.target/arm/addr-modes-float.c scan-assembler vst3.8\\t{d[02468], d[02468], d[02468]}, \\\\[r[0-9]+\\\\]!
FAIL: gcc.target/arm/bf16_dup.c (test for excess errors)
UNRESOLVED: gcc.target/arm/bf16_dup.c scan-assembler vdot.bf16\\\\td[0-9]+, d[0-9]+, d[0-9]+
UNRESOLVED: gcc.target/arm/bf16_dup.c scan-assembler vdup\\\\.16\\\\td[0-9]+, r[0-9]+
UNRESOLVED: gcc.target/arm/bf16_dup.c scan-assembler vdup\\\\.16\\\\tq[0-9]+, r[0-9]+
UNRESOLVED: gcc.target/arm/bf16_dup.c scan-assembler-times vdup\\\\.16\\\\td[0-9]+, d[0-9]+\\\\[1\\\\] 1
UNRESOLVED: gcc.target/arm/bf16_dup.c scan-assembler-times vdup\\\\.16\\\\tq[0-9]+, d[0-9]+\\\\[1\\\\] 1
FAIL: gcc.target/arm/bfloat16_simd_1_2.c (test for excess errors)
UNRESOLVED: gcc.target/arm/bfloat16_simd_1_2.c check-function-bodies stacktest1
UNRESOLVED: gcc.target/arm/bfloat16_simd_1_2.c check-function-bodies stacktest2
UNRESOLVED: gcc.target/arm/bfloat16_simd_1_2.c check-function-bodies stacktest3
FAIL: gcc.target/arm/bfloat16_simd_2_2.c (test for excess errors)
UNRESOLVED: gcc.target/arm/bfloat16_simd_2_2.c check-function-bodies stacktest1
UNRESOLVED: gcc.target/arm/bfloat16_simd_2_2.c check-function-bodies stacktest2
UNRESOLVED: gcc.target/arm/bfloat16_simd_2_2.c check-function-bodies stacktest3
FAIL: gcc.target/arm/bfloat16_simd_3_2.c (test for excess errors)
UNRESOLVED: gcc.target/arm/bfloat16_simd_3_2.c check-function-bodies stacktest1
UNRESOLVED: gcc.target/arm/bfloat16_simd_3_2.c check-function-bodies stacktest2
UNRESOLVED: gcc.target/arm/bfloat16_simd_3_2.c check-function-bodies stacktest3
FAIL: gcc.target/arm/memcpy-aligned-1.c scan-assembler-not ldr\\t
FAIL: gcc.target/arm/memcpy-aligned-1.c scan-assembler-times str\\t 1
FAIL: gcc.target/arm/pr42575.c scan-assembler-not mov
FAIL: gcc.target/arm/pr51968.c (test for excess errors)
FAIL: gcc.target/arm/reg_equal_test.c scan-rtl-dump expand "expr_list:REG_EQUAL \\\\(const_int -942519458"
FAIL: gcc.target/arm/simd/vmmla_1.c (test for excess errors)
FAIL: gcc.target/arm/simd/vmmla_1.c scan-assembler-times \\\\tvsmmla.s8\\\\tq[0-9]+, q[0-9]+, q[0-9]+ 1
FAIL: gcc.target/arm/simd/vmmla_1.c scan-assembler-times \\\\tvummla.u8\\\\tq[0-9]+, q[0-9]+, q[0-9]+ 1
FAIL: gcc.target/arm/simd/vmmla_1.c scan-assembler-times \\\\tvusmmla.s8\\\\tq[0-9]+, q[0-9]+, q[0-9]+ 1

		=== gcc Summary ===

# of expected passes		146482
# of unexpected failures	68
# of unexpected successes	9
# of expected failures		775
# of unresolved testcases	68
# of unsupported tests		6846
/tmp/9100200_14.tmpdir/aci-gcc-fsf/builds/gcc-fsf-gccsrc/obj-arm-none-linux-gnueabihf/gcc3/gcc/xgcc  version 11.0.0  (DEFMODE=arm DEFCPU=arm10tdmi DEFFPU=vfp TESTFLAGS=) [r11-5754] (GCC) 

Host   is x86_64-pc-linux-gnu

		=== gfortran tests ===


Running target qemu
FAIL: gfortran.dg/elemental_dependency_4.f90   -O0  (test for excess errors)
UNRESOLVED: gfortran.dg/elemental_dependency_4.f90   -O0  compilation failed to produce executable
FAIL: gfortran.dg/internal_dummy_2.f08   -O0  (test for excess errors)
UNRESOLVED: gfortran.dg/internal_dummy_2.f08   -O0  compilation failed to produce executable
FAIL: gfortran.dg/internal_dummy_2.f08   -O1  (test for excess errors)
UNRESOLVED: gfortran.dg/internal_dummy_2.f08   -O1  compilation failed to produce executable
FAIL: gfortran.dg/internal_dummy_2.f08   -O2  (test for excess errors)
UNRESOLVED: gfortran.dg/internal_dummy_2.f08   -O2  compilation failed to produce executable
FAIL: gfortran.dg/internal_dummy_2.f08   -O3 -fomit-frame-pointer -funroll-loops -fpeel-loops -ftracer -finline-functions  (test for excess errors)
UNRESOLVED: gfortran.dg/internal_dummy_2.f08   -O3 -fomit-frame-pointer -funroll-loops -fpeel-loops -ftracer -finline-functions  compilation failed to produce executable
FAIL: gfortran.dg/internal_dummy_2.f08   -O3 -g  (test for excess errors)
UNRESOLVED: gfortran.dg/internal_dummy_2.f08   -O3 -g  compilation failed to produce executable
FAIL: gfortran.dg/internal_dummy_2.f08   -Os  (test for excess errors)
UNRESOLVED: gfortran.dg/internal_dummy_2.f08   -Os  compilation failed to produce executable
FAIL: gfortran.dg/internal_dummy_3.f08   -O0  (test for excess errors)
UNRESOLVED: gfortran.dg/internal_dummy_3.f08   -O0  compilation failed to produce executable
FAIL: gfortran.dg/internal_dummy_3.f08   -O1  (test for excess errors)
UNRESOLVED: gfortran.dg/internal_dummy_3.f08   -O1  compilation failed to produce executable
FAIL: gfortran.dg/internal_dummy_3.f08   -O2  (test for excess errors)
UNRESOLVED: gfortran.dg/internal_dummy_3.f08   -O2  compilation failed to produce executable
FAIL: gfortran.dg/internal_dummy_3.f08   -O3 -fomit-frame-pointer -funroll-loops -fpeel-loops -ftracer -finline-functions  (test for excess errors)
UNRESOLVED: gfortran.dg/internal_dummy_3.f08   -O3 -fomit-frame-pointer -funroll-loops -fpeel-loops -ftracer -finline-functions  compilation failed to produce executable
FAIL: gfortran.dg/internal_dummy_3.f08   -O3 -g  (test for excess errors)
UNRESOLVED: gfortran.dg/internal_dummy_3.f08   -O3 -g  compilation failed to produce executable
FAIL: gfortran.dg/internal_dummy_3.f08   -Os  (test for excess errors)
UNRESOLVED: gfortran.dg/internal_dummy_3.f08   -Os  compilation failed to produce executable
FAIL: gfortran.dg/internal_dummy_4.f08   -O0  (test for excess errors)
UNRESOLVED: gfortran.dg/internal_dummy_4.f08   -O0  compilation failed to produce executable
FAIL: gfortran.dg/pointer_check_1.f90   -O0  (test for excess errors)
UNRESOLVED: gfortran.dg/pointer_check_1.f90   -O0  compilation failed to produce executable
FAIL: gfortran.dg/pointer_check_2.f90   -O0  (test for excess errors)
UNRESOLVED: gfortran.dg/pointer_check_2.f90   -O0  compilation failed to produce executable
FAIL: gfortran.dg/pointer_check_3.f90   -O0  (test for excess errors)
UNRESOLVED: gfortran.dg/pointer_check_3.f90   -O0  compilation failed to produce executable
FAIL: gfortran.dg/pointer_check_4.f90   -O0  (test for excess errors)
UNRESOLVED: gfortran.dg/pointer_check_4.f90   -O0  compilation failed to produce executable
FAIL: gfortran.dg/pointer_check_5.f90   -O0  (test for excess errors)
UNRESOLVED: gfortran.dg/pointer_check_5.f90   -O0  compilation failed to produce executable
FAIL: gfortran.dg/pr78719_1.f90   -O0  (test for excess errors)
UNRESOLVED: gfortran.dg/pr78719_1.f90   -O0  compilation failed to produce executable
FAIL: gfortran.dg/proc_ptr_18.f90   -O0  (test for excess errors)
UNRESOLVED: gfortran.dg/proc_ptr_18.f90   -O0  compilation failed to produce executable
FAIL: gfortran.dg/proc_ptr_19.f90   -O0  (test for excess errors)
UNRESOLVED: gfortran.dg/proc_ptr_19.f90   -O0  compilation failed to produce executable
FAIL: gfortran.dg/proc_ptr_20.f90   -O0  (test for excess errors)
UNRESOLVED: gfortran.dg/proc_ptr_20.f90   -O0  compilation failed to produce executable
FAIL: gfortran.dg/proc_ptr_21.f90   -O0  (test for excess errors)
UNRESOLVED: gfortran.dg/proc_ptr_21.f90   -O0  compilation failed to produce executable
FAIL: gfortran.dg/proc_ptr_23.f90   -O0  (test for excess errors)
UNRESOLVED: gfortran.dg/proc_ptr_23.f90   -O0  compilation failed to produce executable
FAIL: gfortran.dg/proc_ptr_25.f90   -O0  (test for excess errors)
UNRESOLVED: gfortran.dg/proc_ptr_25.f90   -O0  compilation failed to produce executable
FAIL: gfortran.dg/proc_ptr_47.f90   -O0  (test for excess errors)
UNRESOLVED: gfortran.dg/proc_ptr_47.f90   -O0  compilation failed to produce executable
FAIL: gfortran.dg/proc_ptr_48.f90   -O0  (test for excess errors)
UNRESOLVED: gfortran.dg/proc_ptr_48.f90   -O0  compilation failed to produce executable
FAIL: gfortran.dg/proc_ptr_5.f90   -O0  (test for excess errors)
UNRESOLVED: gfortran.dg/proc_ptr_5.f90   -O0  compilation failed to produce executable
FAIL: gfortran.dg/proc_ptr_7.f90   -O0  (test for excess errors)
UNRESOLVED: gfortran.dg/proc_ptr_7.f90   -O0  compilation failed to produce executable
FAIL: gfortran.dg/proc_ptr_comp_1.f90   -O0  (test for excess errors)
UNRESOLVED: gfortran.dg/proc_ptr_comp_1.f90   -O0  compilation failed to produce executable
FAIL: gfortran.dg/proc_ptr_comp_11.f90   -O0  (test for excess errors)
UNRESOLVED: gfortran.dg/proc_ptr_comp_11.f90   -O0  compilation failed to produce executable
FAIL: gfortran.dg/proc_ptr_comp_13.f90   -O0  (test for excess errors)
UNRESOLVED: gfortran.dg/proc_ptr_comp_13.f90   -O0  compilation failed to produce executable
FAIL: gfortran.dg/proc_ptr_comp_14.f90   -O0  (test for excess errors)
UNRESOLVED: gfortran.dg/proc_ptr_comp_14.f90   -O0  compilation failed to produce executable
FAIL: gfortran.dg/proc_ptr_comp_18.f90   -O0  (test for excess errors)
UNRESOLVED: gfortran.dg/proc_ptr_comp_18.f90   -O0  compilation failed to produce executable
FAIL: gfortran.dg/proc_ptr_comp_19.f90   -O0  (test for excess errors)
UNRESOLVED: gfortran.dg/proc_ptr_comp_19.f90   -O0  compilation failed to produce executable
FAIL: gfortran.dg/proc_ptr_comp_2.f90   -O0  (test for excess errors)
UNRESOLVED: gfortran.dg/proc_ptr_comp_2.f90   -O0  compilation failed to produce executable
FAIL: gfortran.dg/proc_ptr_comp_29.f90   -O0  (test for excess errors)
UNRESOLVED: gfortran.dg/proc_ptr_comp_29.f90   -O0  compilation failed to produce executable
FAIL: gfortran.dg/proc_ptr_comp_34.f90   -O0  (test for excess errors)
UNRESOLVED: gfortran.dg/proc_ptr_comp_34.f90   -O0  compilation failed to produce executable
FAIL: gfortran.dg/proc_ptr_comp_5.f90   -O0  (test for excess errors)
UNRESOLVED: gfortran.dg/proc_ptr_comp_5.f90   -O0  compilation failed to produce executable
FAIL: gfortran.dg/proc_ptr_comp_8.f90   -O0  (test for excess errors)
UNRESOLVED: gfortran.dg/proc_ptr_comp_8.f90   -O0  compilation failed to produce executable
FAIL: gfortran.dg/proc_ptr_comp_9.f90   -O0  (test for excess errors)
UNRESOLVED: gfortran.dg/proc_ptr_comp_9.f90   -O0  compilation failed to produce executable
FAIL: gfortran.dg/proc_ptr_comp_pass_3.f90   -O0  (test for excess errors)
UNRESOLVED: gfortran.dg/proc_ptr_comp_pass_3.f90   -O0  compilation failed to produce executable
FAIL: gfortran.dg/proc_ptr_result_7.f90   -O0  (test for excess errors)
UNRESOLVED: gfortran.dg/proc_ptr_result_7.f90   -O0  compilation failed to produce executable
FAIL: gfortran.dg/structure_constructor_11.f90   -O0  (test for excess errors)
UNRESOLVED: gfortran.dg/structure_constructor_11.f90   -O0  compilation failed to produce executable
FAIL: gfortran.dg/structure_constructor_11.f90   -O1  (test for excess errors)
UNRESOLVED: gfortran.dg/structure_constructor_11.f90   -O1  compilation failed to produce executable
FAIL: gfortran.dg/structure_constructor_11.f90   -O2  (test for excess errors)
UNRESOLVED: gfortran.dg/structure_constructor_11.f90   -O2  compilation failed to produce executable
FAIL: gfortran.dg/structure_constructor_11.f90   -O3 -fomit-frame-pointer -funroll-loops -fpeel-loops -ftracer -finline-functions  (test for excess errors)
UNRESOLVED: gfortran.dg/structure_constructor_11.f90   -O3 -fomit-frame-pointer -funroll-loops -fpeel-loops -ftracer -finline-functions  compilation failed to produce executable
FAIL: gfortran.dg/structure_constructor_11.f90   -O3 -g  (test for excess errors)
UNRESOLVED: gfortran.dg/structure_constructor_11.f90   -O3 -g  compilation failed to produce executable
FAIL: gfortran.dg/structure_constructor_11.f90   -Os  (test for excess errors)
UNRESOLVED: gfortran.dg/structure_constructor_11.f90   -Os  compilation failed to produce executable
FAIL: gfortran.dg/unlimited_polymorphic_19.f90   -O0  (test for excess errors)
UNRESOLVED: gfortran.dg/unlimited_polymorphic_19.f90   -O0  compilation failed to produce executable
FAIL: gfortran.dg/ieee/ieee_6.f90   -O0  execution test
FAIL: gfortran.dg/ieee/ieee_6.f90   -O1  execution test
FAIL: gfortran.dg/ieee/ieee_6.f90   -O2  execution test
FAIL: gfortran.dg/ieee/ieee_6.f90   -O3 -fomit-frame-pointer -funroll-loops -fpeel-loops -ftracer -finline-functions  execution test
FAIL: gfortran.dg/ieee/ieee_6.f90   -O3 -g  execution test
FAIL: gfortran.dg/ieee/ieee_6.f90   -Os  execution test
XPASS: gfortran.dg/ieee/ieee_8.f90   -O0  execution test
XPASS: gfortran.dg/ieee/ieee_8.f90   -O1  execution test
XPASS: gfortran.dg/ieee/ieee_8.f90   -O2  execution test
XPASS: gfortran.dg/ieee/ieee_8.f90   -O3 -fomit-frame-pointer -funroll-loops -fpeel-loops -ftracer -finline-functions  execution test
XPASS: gfortran.dg/ieee/ieee_8.f90   -O3 -g  execution test
XPASS: gfortran.dg/ieee/ieee_8.f90   -Os  execution test
FAIL: gfortran.dg/ieee/ieee_9.f90   -O0  (test for excess errors)
UNRESOLVED: gfortran.dg/ieee/ieee_9.f90   -O0  compilation failed to produce executable
FAIL: gfortran.dg/ieee/ieee_9.f90   -O1  (test for excess errors)
UNRESOLVED: gfortran.dg/ieee/ieee_9.f90   -O1  compilation failed to produce executable
FAIL: gfortran.dg/ieee/ieee_9.f90   -O2  (test for excess errors)
UNRESOLVED: gfortran.dg/ieee/ieee_9.f90   -O2  compilation failed to produce executable
FAIL: gfortran.dg/ieee/ieee_9.f90   -O3 -fomit-frame-pointer -funroll-loops -fpeel-loops -ftracer -finline-functions  (test for excess errors)
UNRESOLVED: gfortran.dg/ieee/ieee_9.f90   -O3 -fomit-frame-pointer -funroll-loops -fpeel-loops -ftracer -finline-functions  compilation failed to produce executable
FAIL: gfortran.dg/ieee/ieee_9.f90   -O3 -g  (test for excess errors)
UNRESOLVED: gfortran.dg/ieee/ieee_9.f90   -O3 -g  compilation failed to produce executable
FAIL: gfortran.dg/ieee/ieee_9.f90   -Os  (test for excess errors)
UNRESOLVED: gfortran.dg/ieee/ieee_9.f90   -Os  compilation failed to produce executable
FAIL: gfortran.dg/vect/pr85853.f90   -O0  execution test
FAIL: gfortran.dg/vect/pr85853.f90   -O1  execution test
FAIL: gfortran.dg/vect/pr85853.f90   -O2  execution test
FAIL: gfortran.dg/vect/pr85853.f90   -O3 -fomit-frame-pointer -funroll-loops -fpeel-loops -ftracer -finline-functions  execution test
FAIL: gfortran.dg/vect/pr85853.f90   -O3 -g  execution test
FAIL: gfortran.dg/vect/pr85853.f90   -Os  execution test
FAIL: gfortran.dg/vect/vect-alias-check-1.F90   -O0  execution test
FAIL: gfortran.dg/vect/vect-alias-check-1.F90   -O1  execution test
FAIL: gfortran.dg/vect/vect-alias-check-1.F90   -O2  execution test
FAIL: gfortran.dg/vect/vect-alias-check-1.F90   -O3 -fomit-frame-pointer -funroll-loops -fpeel-loops -ftracer -finline-functions  execution test
FAIL: gfortran.dg/vect/vect-alias-check-1.F90   -O3 -g  execution test
FAIL: gfortran.dg/vect/vect-alias-check-1.F90   -Os  execution test

		=== gfortran Summary ===

# of expected passes		54247
# of unexpected failures	75
# of unexpected successes	6
# of expected failures		224
# of unresolved testcases	57
# of unsupported tests		411
/tmp/9100200_14.tmpdir/aci-gcc-fsf/builds/gcc-fsf-gccsrc/obj-arm-none-linux-gnueabihf/gcc3/gcc/gfortran  version 11.0.0  (DEFMODE=arm DEFCPU=arm10tdmi DEFFPU=vfp TESTFLAGS=) [r11-5754] (GCC) 

Host   is x86_64-pc-linux-gnu

		=== g++ tests ===


Running target qemu
FAIL: g++.dg/inherit/thunk10.C  -std=gnu++14 (test for excess errors)
UNRESOLVED: g++.dg/inherit/thunk10.C  -std=gnu++14 compilation failed to produce executable
FAIL: g++.dg/inherit/thunk10.C  -std=gnu++17 (test for excess errors)
UNRESOLVED: g++.dg/inherit/thunk10.C  -std=gnu++17 compilation failed to produce executable
FAIL: g++.dg/inherit/thunk10.C  -std=gnu++2a (test for excess errors)
UNRESOLVED: g++.dg/inherit/thunk10.C  -std=gnu++2a compilation failed to produce executable
FAIL: g++.dg/inherit/thunk10.C  -std=gnu++98 (test for excess errors)
UNRESOLVED: g++.dg/inherit/thunk10.C  -std=gnu++98 compilation failed to produce executable
FAIL: g++.dg/lto/pr65276 cp_lto_pr65276_0.o-cp_lto_pr65276_1.o link, -flto -O0 -std=c++11

		=== g++ Summary ===

# of expected passes		197331
# of unexpected failures	5
# of expected failures		962
# of unresolved testcases	4
# of unsupported tests		9104
/tmp/9100200_14.tmpdir/aci-gcc-fsf/builds/gcc-fsf-gccsrc/obj-arm-none-linux-gnueabihf/gcc3/gcc/xg++  version 11.0.0  (DEFMODE=arm DEFCPU=arm10tdmi DEFFPU=vfp TESTFLAGS=) [r11-5754] (GCC) 


Compiler version: 11.0.0 (DEFMODE=arm DEFCPU=arm10tdmi DEFFPU=vfp TESTFLAGS=) [r11-5754] (GCC) 
Platform: arm-none-linux-gnueabihf
configure flags: --target=arm-none-linux-gnueabihf --prefix=/tmp/9100200_14.tmpdir/aci-gcc-fsf/builds/gcc-fsf-gccsrc/tools --with-sysroot=/tmp/9100200_14.tmpdir/aci-gcc-fsf/builds/gcc-fsf-gccsrc/sysroot-arm-none-linux-gnueabihf --disable-nls --disable-libgomp --disable-libmudflap --disable-libcilkrts --enable-checking --enable-languages=c,c++,fortran --with-float=hard --enable-build-with-cxx --with-mode=arm --with-cpu=arm10tdmi --with-fpu=vfp


More information about the Gcc-testresults mailing list