Results for 11.0.0 20201203 (experimental) [master revision 61371884fb6] (GCC) testsuite on m68k-unknown-linux-gnu

Andreas Schwab schwab@linux-m68k.org
Fri Dec 4 13:48:54 GMT 2020


LAST_UPDATED: Thu Dec  3 23:41:12 UTC 2020 (revision 61371884fb6)

Target is m68k-unknown-linux-gnu
Host   is x86_64-suse-linux-gnu

		=== g++ tests ===


Running target aranym
FAIL: g++.dg/cdce3.C  -std=gnu++98  scan-tree-dump cdce "cdce3.C:106: .* function call is shrink-wrapped into error conditions."
FAIL: g++.dg/cdce3.C  -std=gnu++14  scan-tree-dump cdce "cdce3.C:106: .* function call is shrink-wrapped into error conditions."
FAIL: g++.dg/cdce3.C  -std=gnu++17  scan-tree-dump cdce "cdce3.C:106: .* function call is shrink-wrapped into error conditions."
FAIL: g++.dg/cdce3.C  -std=gnu++2a  scan-tree-dump cdce "cdce3.C:106: .* function call is shrink-wrapped into error conditions."
FAIL: g++.dg/pr53037-1.C  -std=gnu++98  (test for warnings, line 38)
FAIL: g++.dg/pr53037-1.C  -std=gnu++98  (test for warnings, line 71)
FAIL: g++.dg/pr53037-1.C  -std=gnu++98 (test for excess errors)
FAIL: g++.dg/pr53037-1.C  -std=gnu++14  (test for warnings, line 38)
FAIL: g++.dg/pr53037-1.C  -std=gnu++14  (test for warnings, line 71)
FAIL: g++.dg/pr53037-1.C  -std=gnu++14 (test for excess errors)
FAIL: g++.dg/pr53037-1.C  -std=gnu++17  (test for warnings, line 38)
FAIL: g++.dg/pr53037-1.C  -std=gnu++17  (test for warnings, line 71)
FAIL: g++.dg/pr53037-1.C  -std=gnu++17 (test for excess errors)
FAIL: g++.dg/pr53037-1.C  -std=gnu++2a  (test for warnings, line 38)
FAIL: g++.dg/pr53037-1.C  -std=gnu++2a  (test for warnings, line 71)
FAIL: g++.dg/pr53037-1.C  -std=gnu++2a (test for excess errors)
FAIL: g++.dg/opt/store-merging-1.C  -std=gnu++98  scan-tree-dump store-merging "New sequence of [12] stores to replace old one of 2 stores"
FAIL: g++.dg/opt/store-merging-1.C  -std=gnu++14  scan-tree-dump store-merging "New sequence of [12] stores to replace old one of 2 stores"
FAIL: g++.dg/opt/store-merging-1.C  -std=gnu++17  scan-tree-dump store-merging "New sequence of [12] stores to replace old one of 2 stores"
FAIL: g++.dg/opt/store-merging-1.C  -std=gnu++2a  scan-tree-dump store-merging "New sequence of [12] stores to replace old one of 2 stores"
FAIL: g++.dg/warn/Wplacement-new-size-1.C  -std=gnu++98 (test for excess errors)
FAIL: g++.dg/warn/Wplacement-new-size-1.C  -std=gnu++14 (test for excess errors)
FAIL: g++.dg/warn/Wplacement-new-size-1.C  -std=gnu++17 (test for excess errors)
FAIL: g++.dg/warn/Wplacement-new-size-1.C  -std=gnu++2a (test for excess errors)
FAIL: g++.dg/warn/Wplacement-new-size-2.C  -std=gnu++98 (test for excess errors)
FAIL: g++.dg/warn/Wplacement-new-size-2.C  -std=gnu++14 (test for excess errors)
FAIL: g++.dg/warn/Wplacement-new-size-2.C  -std=gnu++17 (test for excess errors)
FAIL: g++.dg/warn/Wplacement-new-size-2.C  -std=gnu++2a (test for excess errors)
FAIL: g++.dg/warn/Wplacement-new-size-6.C  -std=gnu++98 (test for excess errors)
FAIL: g++.dg/warn/Wplacement-new-size-6.C  -std=gnu++14 (test for excess errors)
FAIL: g++.dg/warn/Wplacement-new-size-6.C  -std=gnu++17 (test for excess errors)
FAIL: g++.dg/warn/Wplacement-new-size-6.C  -std=gnu++2a (test for excess errors)
FAIL: c-c++-common/pr51628-3.c  -std=gnu++98  (test for warnings, line 15)
FAIL: c-c++-common/pr51628-3.c  -std=gnu++98  (test for warnings, line 23)
FAIL: c-c++-common/pr51628-3.c  -std=gnu++98  (test for warnings, line 26)
FAIL: c-c++-common/pr51628-3.c  -std=gnu++98  (test for warnings, line 29)
FAIL: c-c++-common/pr51628-3.c  -std=gnu++98  (test for warnings, line 31)
FAIL: c-c++-common/pr51628-3.c  -std=gnu++98  (test for warnings, line 33)
FAIL: c-c++-common/pr51628-3.c  -std=gnu++14  (test for warnings, line 15)
FAIL: c-c++-common/pr51628-3.c  -std=gnu++14  (test for warnings, line 23)
FAIL: c-c++-common/pr51628-3.c  -std=gnu++14  (test for warnings, line 26)
FAIL: c-c++-common/pr51628-3.c  -std=gnu++14  (test for warnings, line 29)
FAIL: c-c++-common/pr51628-3.c  -std=gnu++14  (test for warnings, line 31)
FAIL: c-c++-common/pr51628-3.c  -std=gnu++14  (test for warnings, line 33)
FAIL: c-c++-common/pr51628-3.c  -std=gnu++17  (test for warnings, line 15)
FAIL: c-c++-common/pr51628-3.c  -std=gnu++17  (test for warnings, line 23)
FAIL: c-c++-common/pr51628-3.c  -std=gnu++17  (test for warnings, line 26)
FAIL: c-c++-common/pr51628-3.c  -std=gnu++17  (test for warnings, line 29)
FAIL: c-c++-common/pr51628-3.c  -std=gnu++17  (test for warnings, line 31)
FAIL: c-c++-common/pr51628-3.c  -std=gnu++17  (test for warnings, line 33)
FAIL: c-c++-common/pr51628-3.c  -std=gnu++2a  (test for warnings, line 15)
FAIL: c-c++-common/pr51628-3.c  -std=gnu++2a  (test for warnings, line 23)
FAIL: c-c++-common/pr51628-3.c  -std=gnu++2a  (test for warnings, line 26)
FAIL: c-c++-common/pr51628-3.c  -std=gnu++2a  (test for warnings, line 29)
FAIL: c-c++-common/pr51628-3.c  -std=gnu++2a  (test for warnings, line 31)
FAIL: c-c++-common/pr51628-3.c  -std=gnu++2a  (test for warnings, line 33)
FAIL: c-c++-common/gomp/atomic-10.c  -std=gnu++98  scan-tree-dump-times ompexp "__atomic_fetch_add" 4
FAIL: c-c++-common/gomp/atomic-10.c  -std=gnu++14  scan-tree-dump-times ompexp "__atomic_fetch_add" 4
FAIL: c-c++-common/gomp/atomic-10.c  -std=gnu++17  scan-tree-dump-times ompexp "__atomic_fetch_add" 4
FAIL: c-c++-common/gomp/atomic-10.c  -std=gnu++2a  scan-tree-dump-times ompexp "__atomic_fetch_add" 4
FAIL: c-c++-common/gomp/atomic-3.c  -std=gnu++98  scan-tree-dump-times ompexp "xyzzy, 4" 1
FAIL: c-c++-common/gomp/atomic-3.c  -std=gnu++14  scan-tree-dump-times ompexp "xyzzy, 4" 1
FAIL: c-c++-common/gomp/atomic-3.c  -std=gnu++17  scan-tree-dump-times ompexp "xyzzy, 4" 1
FAIL: c-c++-common/gomp/atomic-3.c  -std=gnu++2a  scan-tree-dump-times ompexp "xyzzy, 4" 1
FAIL: c-c++-common/gomp/atomic-9.c  -std=gnu++98  scan-tree-dump-times ompexp "__atomic_fetch_add" 1
FAIL: c-c++-common/gomp/atomic-9.c  -std=gnu++14  scan-tree-dump-times ompexp "__atomic_fetch_add" 1
FAIL: c-c++-common/gomp/atomic-9.c  -std=gnu++17  scan-tree-dump-times ompexp "__atomic_fetch_add" 1
FAIL: c-c++-common/gomp/atomic-9.c  -std=gnu++2a  scan-tree-dump-times ompexp "__atomic_fetch_add" 1

		=== g++ Summary ===

# of expected passes		185360
# of unexpected failures	68
# of expected failures		962
# of unsupported tests		8955
/daten/aranym/gcc/gcc-20201204/Build/gcc/xg++  version 11.0.0 20201203 (experimental) [master revision 61371884fb6] (GCC) 

Host   is x86_64-suse-linux-gnu

		=== gcc tests ===


Running target aranym
FAIL: gcc.c-torture/compile/asmgoto-2.c   -O0  (test for excess errors)
FAIL: gcc.c-torture/compile/asmgoto-2.c   -O1  (test for excess errors)
FAIL: gcc.c-torture/compile/asmgoto-2.c   -O2  (test for excess errors)
FAIL: gcc.c-torture/compile/asmgoto-2.c   -O3 -g  (test for excess errors)
FAIL: gcc.c-torture/compile/asmgoto-2.c   -Os  (test for excess errors)
FAIL: gcc.c-torture/compile/asmgoto-2.c   -O2 -flto -fno-use-linker-plugin -flto-partition=none  (test for excess errors)
FAIL: gcc.c-torture/compile/asmgoto-5.c   -O0  (test for excess errors)
FAIL: gcc.c-torture/compile/asmgoto-5.c   -O1  (test for excess errors)
FAIL: gcc.c-torture/compile/asmgoto-5.c   -O2  (test for excess errors)
FAIL: gcc.c-torture/compile/asmgoto-5.c   -O3 -g  (test for excess errors)
FAIL: gcc.c-torture/compile/asmgoto-5.c   -Os  (test for excess errors)
FAIL: gcc.c-torture/compile/asmgoto-5.c   -O2 -flto -fno-use-linker-plugin -flto-partition=none  (test for excess errors)
FAIL: gcc.c-torture/execute/pr97073.c   -O2 -flto -fuse-linker-plugin -fno-fat-lto-objects  execution test
FAIL: gcc.dg/analyzer/data-model-1.c status quo (test for warnings, line 972)
FAIL: gcc.dg/analyzer/data-model-1.c (test for excess errors)
XPASS: gcc.dg/analyzer/pr94851-1.c bogus leak (test for bogus messages, line 43)
FAIL: gcc.dg/atomic/c11-atomic-exec-5.c   -O0  execution test
FAIL: gcc.dg/atomic/c11-atomic-exec-5.c   -O1  execution test
FAIL: gcc.dg/atomic/c11-atomic-exec-5.c   -O2  execution test
FAIL: gcc.dg/atomic/c11-atomic-exec-5.c   -O3 -fomit-frame-pointer -funroll-loops -fpeel-loops -ftracer -finline-functions  execution test
FAIL: gcc.dg/atomic/c11-atomic-exec-5.c   -O3 -g  execution test
FAIL: gcc.dg/atomic/c11-atomic-exec-5.c   -Os  execution test
FAIL: gcc.dg/atomic/c11-atomic-exec-5.c   -O2 -flto -fno-use-linker-plugin -flto-partition=none  execution test
FAIL: gcc.dg/atomic/c11-atomic-exec-5.c   -O2 -flto -fuse-linker-plugin -fno-fat-lto-objects  execution test
FAIL: gcc.dg/atomic/pr65345-4.c   -O2 -flto -fno-use-linker-plugin -flto-partition=none  (internal compiler error)
FAIL: gcc.dg/atomic/pr65345-4.c   -O2 -flto -fno-use-linker-plugin -flto-partition=none  (test for excess errors)
FAIL: gcc.dg/atomic/pr65345-4.c   -O2 -flto -fuse-linker-plugin -fno-fat-lto-objects  (internal compiler error)
FAIL: gcc.dg/atomic/pr65345-4.c   -O2 -flto -fuse-linker-plugin -fno-fat-lto-objects  (test for excess errors)
XPASS: gcc.dg/Walloca-2.c  (test for bogus messages, line 16)
FAIL: gcc.dg/Warray-bounds-48.c (test for excess errors)
FAIL: gcc.dg/Wstringop-overflow-25.c pr92814 (test for warnings, line 378)
XPASS: gcc.dg/Wstringop-overflow-43.c pr????? (test for warnings, line 172)
FAIL: gcc.dg/builtin-object-size-20.c scan-tree-dump-not optimized "fail"
FAIL: gcc.dg/ifcvt-4.c scan-rtl-dump ce1 "2 true changes made"
FAIL: gcc.dg/loop-9.c scan-rtl-dump loop2_invariant "Decided"
FAIL: gcc.dg/loop-9.c scan-rtl-dump loop2_invariant "without introducing a new temporary register"
FAIL: gcc.dg/memcmp-3.c (test for excess errors)
UNRESOLVED: gcc.dg/memcmp-3.c scan-tree-dump-not optimized "abort"
FAIL: gcc.dg/pr46647.c scan-tree-dump-not optimized "memset"
XPASS: gcc.dg/pr78973.c pr79073 (test for warnings, line 12)
FAIL: gcc.dg/pr84877.c execution test
FAIL: gcc.dg/pr97954.c (test for excess errors)
FAIL: gcc.dg/pr98099.c  (test for warnings, line 11)
FAIL: gcc.dg/pr98099.c (test for excess errors)
FAIL: gcc.dg/strlenopt-73.c scan-tree-dump-times optimized "strlen" 0
FAIL: gcc.dg/strlenopt-73.c scan-tree-dump-times optimized "_not_eliminated_" 0
UNRESOLVED: gcc.dg/superblock.c scan-rtl-dump-times sched2 "ADVANCING TO" 2
FAIL: c-c++-common/pr51628-3.c  -Wc++-compat   (test for warnings, line 15)
FAIL: c-c++-common/pr51628-3.c  -Wc++-compat   (test for warnings, line 23)
FAIL: c-c++-common/pr51628-3.c  -Wc++-compat   (test for warnings, line 26)
FAIL: c-c++-common/pr51628-3.c  -Wc++-compat   (test for warnings, line 29)
FAIL: c-c++-common/pr51628-3.c  -Wc++-compat   (test for warnings, line 31)
FAIL: c-c++-common/pr51628-3.c  -Wc++-compat   (test for warnings, line 33)
FAIL: c-c++-common/gomp/atomic-10.c scan-tree-dump-times ompexp "__atomic_fetch_add" 4
FAIL: c-c++-common/gomp/atomic-3.c scan-tree-dump-times ompexp "xyzzy, 4" 1
FAIL: c-c++-common/gomp/atomic-9.c scan-tree-dump-times ompexp "__atomic_fetch_add" 1
FAIL: gcc.dg/gomp/simd-2.c scan-tree-dump-times vect "vectorized [1-9][0-9]* loops in function" 5
FAIL: gcc.dg/gomp/simd-3.c scan-tree-dump-times vect "vectorized [1-9][0-9]* loops in function" 5
FAIL: gcc.dg/graphite/scop-21.c scan-tree-dump-times graphite "number of SCoPs: 1" 1
XPASS: gcc.dg/graphite/pr69728.c scan-tree-dump graphite "loop nest optimized"
XPASS: gcc.dg/guality/example.c   -O0  execution test
XPASS: gcc.dg/guality/example.c   -O1  -DPREVENT_OPTIMIZATION  execution test
XPASS: gcc.dg/guality/example.c  -Og -DPREVENT_OPTIMIZATION  execution test
XPASS: gcc.dg/guality/guality.c   -O0  execution test
XPASS: gcc.dg/guality/guality.c   -O1  -DPREVENT_OPTIMIZATION  execution test
XPASS: gcc.dg/guality/guality.c   -O2  -DPREVENT_OPTIMIZATION  execution test
XPASS: gcc.dg/guality/guality.c   -O3 -g  -DPREVENT_OPTIMIZATION  execution test
XPASS: gcc.dg/guality/guality.c   -Os  -DPREVENT_OPTIMIZATION  execution test
XPASS: gcc.dg/guality/guality.c  -Og -DPREVENT_OPTIMIZATION  execution test
XPASS: gcc.dg/guality/guality.c   -O2 -flto -fno-use-linker-plugin -flto-partition=none  -DPREVENT_OPTIMIZATION execution test
XPASS: gcc.dg/guality/guality.c   -O2 -flto -fuse-linker-plugin -fno-fat-lto-objects  -DPREVENT_OPTIMIZATION execution test
XPASS: gcc.dg/guality/inline-params.c   -O2  -DPREVENT_OPTIMIZATION  execution test
XPASS: gcc.dg/guality/inline-params.c   -O3 -g  -DPREVENT_OPTIMIZATION  execution test
XPASS: gcc.dg/guality/inline-params.c   -Os  -DPREVENT_OPTIMIZATION  execution test
XPASS: gcc.dg/guality/inline-params.c   -O2 -flto -fno-use-linker-plugin -flto-partition=none  -DPREVENT_OPTIMIZATION execution test
XPASS: gcc.dg/guality/inline-params.c   -O2 -flto -fuse-linker-plugin -fno-fat-lto-objects  -DPREVENT_OPTIMIZATION execution test
FAIL: gcc.dg/ipa/pr91088.c scan-ipa-dump cp "op0\\\\[offset: 32],\\\\(\\\\(short int\\\\) #\\\\),\\\\(\\\\(int\\\\) #\\\\),\\\\(1300 / #\\\\) == 19"
FAIL: gcc.dg/plugin/diagnostic-test-expressions-1.c -fplugin=./diagnostic_plugin_test_tree_expression_range.so  1 blank line(s) in output
FAIL: gcc.dg/plugin/diagnostic-test-expressions-1.c -fplugin=./diagnostic_plugin_test_tree_expression_range.so  expected multiline pattern lines 550-551 not found: "                            __builtin_types_compatible_p \\(long, int\\) \\+ f \\(i\\)\\);.*\\n                            ~~~~~~~~~~~~~~~~~~~~~~~~~~~~~~~~~~~~~~~~~\\^~~~~~~\\n"
FAIL: gcc.dg/plugin/diagnostic-test-expressions-1.c -fplugin=./diagnostic_plugin_test_tree_expression_range.so (test for excess errors)
FAIL: gcc.dg/torture/pr68264.c   -O1  execution test
FAIL: gcc.dg/torture/pr68264.c   -O2  execution test
FAIL: gcc.dg/torture/pr68264.c   -O3 -g  execution test
FAIL: gcc.dg/torture/pr68264.c   -O2 -flto -fno-use-linker-plugin -flto-partition=none  execution test
FAIL: gcc.dg/torture/pr68264.c   -O2 -flto -fuse-linker-plugin -fno-fat-lto-objects  execution test
FAIL: gcc.dg/torture/pr91323.c   -O1  execution test
FAIL: gcc.dg/torture/pr91323.c   -O2  execution test
FAIL: gcc.dg/torture/pr91323.c   -O3 -g  execution test
FAIL: gcc.dg/torture/pr91323.c   -Os  execution test
FAIL: gcc.dg/torture/pr91323.c   -O2 -flto -fno-use-linker-plugin -flto-partition=none  execution test
FAIL: gcc.dg/torture/pr91323.c   -O2 -flto -fuse-linker-plugin -fno-fat-lto-objects  execution test
FAIL: gcc.dg/tree-prof/stringop-2.c scan-tree-dump optimized "MEM <[a-z ]+> \\\\[\\\\(void .\\\\)&a\\\\] = 168430090"
UNRESOLVED: gcc.dg/tree-ssa/pr89430-1.c scan-tree-dump cselim "Conditional store replacement"
UNRESOLVED: gcc.dg/tree-ssa/pr89430-2.c scan-tree-dump cselim "Conditional store replacement"
UNRESOLVED: gcc.dg/tree-ssa/pr89430-3.c scan-tree-dump-not cselim "Conditional store replacement"
UNRESOLVED: gcc.dg/tree-ssa/pr89430-4.c scan-tree-dump-not cselim "Conditional store replacement"
UNRESOLVED: gcc.dg/tree-ssa/pr89430-5.c scan-tree-dump cselim "Conditional store replacement"
UNRESOLVED: gcc.dg/tree-ssa/pr89430-6.c scan-tree-dump cselim "Conditional store replacement"
UNRESOLVED: gcc.dg/tree-ssa/pr89430-7-comp-ref.c scan-tree-dump cselim "Conditional store replacement"
UNRESOLVED: gcc.dg/tree-ssa/pr89430-8-mem-ref-size.c scan-tree-dump cselim "Conditional store replacement"
XPASS: gcc.dg/tree-ssa/pr91091-2.c scan-tree-dump-times fre1 " = [^;]*x;" 1
FAIL: gcc.target/m68k/20100512-1.c scan-assembler-times __stack_chk_guard 4
FAIL: gcc.target/m68k/tls-gd-xgot.c scan-assembler #foo@TLSGD,%[ad][0-7]
FAIL: gcc.target/m68k/tls-ie-xgot.c scan-assembler #foo@TLSIE,%[ad][0-7]
FAIL: gcc.target/m68k/tls-ld-xgot-xtls.c scan-assembler #foo@TLSLDM,%[ad][0-7]
FAIL: gcc.target/m68k/tls-ld-xgot.c scan-assembler #foo@TLSLDM,%[ad][0-7]
FAIL: gcc.target/m68k/tls-ld-xgot.c scan-assembler lea \\\\(foo@TLSLDO,%a0\\\\)
FAIL: gcc.target/m68k/tls-ld.c scan-assembler lea \\\\(foo@TLSLDO,%a0\\\\)
FAIL: gcc.target/m68k/tls-le.c scan-assembler lea \\\\(foo@TLSLE,%a0\\\\)

		=== gcc Summary ===

# of expected passes		120636
# of unexpected failures	77
# of unexpected successes	22
# of expected failures		710
# of unresolved testcases	10
# of unsupported tests		2842
/daten/aranym/gcc/gcc-20201204/Build/gcc/xgcc  version 11.0.0 20201203 (experimental) [master revision 61371884fb6] (GCC) 

Host   is x86_64-suse-linux-gnu

		=== gfortran tests ===


Running target aranym
FAIL: gfortran.dg/common_14.f90   -O   (test for warnings, line 16)
FAIL: gfortran.dg/common_14.f90   -O   (test for warnings, line 22)
FAIL: gfortran.dg/common_14.f90   -O  (test for excess errors)
FAIL: gfortran.dg/common_16.f90   -O   (test for warnings, line 10)
FAIL: gfortran.dg/common_16.f90   -O  (test for excess errors)
FAIL: gfortran.dg/common_5.f   -O   (test for warnings, line 7)
FAIL: gfortran.dg/common_align_2.f90   -O0   (test for warnings, line 23)
FAIL: gfortran.dg/common_align_2.f90   -O0  execution test
FAIL: gfortran.dg/common_align_2.f90   -O1   (test for warnings, line 23)
FAIL: gfortran.dg/common_align_2.f90   -O1  execution test
FAIL: gfortran.dg/common_align_2.f90   -O2   (test for warnings, line 23)
FAIL: gfortran.dg/common_align_2.f90   -O2  execution test
FAIL: gfortran.dg/common_align_2.f90   -O3 -fomit-frame-pointer -funroll-loops -fpeel-loops -ftracer -finline-functions   (test for warnings, line 23)
FAIL: gfortran.dg/common_align_2.f90   -O3 -fomit-frame-pointer -funroll-loops -fpeel-loops -ftracer -finline-functions  execution test
FAIL: gfortran.dg/common_align_2.f90   -O3 -g   (test for warnings, line 23)
FAIL: gfortran.dg/common_align_2.f90   -O3 -g  execution test
FAIL: gfortran.dg/common_align_2.f90   -Os   (test for warnings, line 23)
FAIL: gfortran.dg/common_align_2.f90   -Os  execution test
FAIL: gfortran.dg/dec_parameter_1.f   -O3 -fomit-frame-pointer -funroll-loops -fpeel-loops -ftracer -finline-functions  execution test
FAIL: gfortran.dg/dec_parameter_1.f   -O3 -g  execution test
FAIL: gfortran.dg/dec_parameter_2.f90   -O3 -fomit-frame-pointer -funroll-loops -fpeel-loops -ftracer -finline-functions  execution test
FAIL: gfortran.dg/dec_parameter_2.f90   -O3 -g  execution test
FAIL: gfortran.dg/elemental_dependency_4.f90   -O0  (test for excess errors)
UNRESOLVED: gfortran.dg/elemental_dependency_4.f90   -O0  compilation failed to produce executable
FAIL: gfortran.dg/internal_dummy_2.f08   -O0  (test for excess errors)
UNRESOLVED: gfortran.dg/internal_dummy_2.f08   -O0  compilation failed to produce executable
FAIL: gfortran.dg/internal_dummy_2.f08   -O1  (test for excess errors)
UNRESOLVED: gfortran.dg/internal_dummy_2.f08   -O1  compilation failed to produce executable
FAIL: gfortran.dg/internal_dummy_2.f08   -O2  (test for excess errors)
UNRESOLVED: gfortran.dg/internal_dummy_2.f08   -O2  compilation failed to produce executable
FAIL: gfortran.dg/internal_dummy_2.f08   -O3 -fomit-frame-pointer -funroll-loops -fpeel-loops -ftracer -finline-functions  (test for excess errors)
UNRESOLVED: gfortran.dg/internal_dummy_2.f08   -O3 -fomit-frame-pointer -funroll-loops -fpeel-loops -ftracer -finline-functions  compilation failed to produce executable
FAIL: gfortran.dg/internal_dummy_2.f08   -O3 -g  (test for excess errors)
UNRESOLVED: gfortran.dg/internal_dummy_2.f08   -O3 -g  compilation failed to produce executable
FAIL: gfortran.dg/internal_dummy_2.f08   -Os  (test for excess errors)
UNRESOLVED: gfortran.dg/internal_dummy_2.f08   -Os  compilation failed to produce executable
FAIL: gfortran.dg/internal_dummy_3.f08   -O0  (test for excess errors)
UNRESOLVED: gfortran.dg/internal_dummy_3.f08   -O0  compilation failed to produce executable
FAIL: gfortran.dg/internal_dummy_3.f08   -O1  (test for excess errors)
UNRESOLVED: gfortran.dg/internal_dummy_3.f08   -O1  compilation failed to produce executable
FAIL: gfortran.dg/internal_dummy_3.f08   -O2  (test for excess errors)
UNRESOLVED: gfortran.dg/internal_dummy_3.f08   -O2  compilation failed to produce executable
FAIL: gfortran.dg/internal_dummy_3.f08   -O3 -fomit-frame-pointer -funroll-loops -fpeel-loops -ftracer -finline-functions  (test for excess errors)
UNRESOLVED: gfortran.dg/internal_dummy_3.f08   -O3 -fomit-frame-pointer -funroll-loops -fpeel-loops -ftracer -finline-functions  compilation failed to produce executable
FAIL: gfortran.dg/internal_dummy_3.f08   -O3 -g  (test for excess errors)
UNRESOLVED: gfortran.dg/internal_dummy_3.f08   -O3 -g  compilation failed to produce executable
FAIL: gfortran.dg/internal_dummy_3.f08   -Os  (test for excess errors)
UNRESOLVED: gfortran.dg/internal_dummy_3.f08   -Os  compilation failed to produce executable
FAIL: gfortran.dg/internal_dummy_4.f08   -O0  (test for excess errors)
UNRESOLVED: gfortran.dg/internal_dummy_4.f08   -O0  compilation failed to produce executable
WARNING: program timed out.
FAIL: gfortran.dg/matmul_15.f90   -O  execution test
FAIL: gfortran.dg/pointer_check_1.f90   -O0  (test for excess errors)
UNRESOLVED: gfortran.dg/pointer_check_1.f90   -O0  compilation failed to produce executable
FAIL: gfortran.dg/pointer_check_2.f90   -O0  (test for excess errors)
UNRESOLVED: gfortran.dg/pointer_check_2.f90   -O0  compilation failed to produce executable
FAIL: gfortran.dg/pointer_check_3.f90   -O0  (test for excess errors)
UNRESOLVED: gfortran.dg/pointer_check_3.f90   -O0  compilation failed to produce executable
FAIL: gfortran.dg/pointer_check_4.f90   -O0  (test for excess errors)
UNRESOLVED: gfortran.dg/pointer_check_4.f90   -O0  compilation failed to produce executable
FAIL: gfortran.dg/pointer_check_5.f90   -O0  (test for excess errors)
UNRESOLVED: gfortran.dg/pointer_check_5.f90   -O0  compilation failed to produce executable
FAIL: gfortran.dg/pr78719_1.f90   -O0  (test for excess errors)
UNRESOLVED: gfortran.dg/pr78719_1.f90   -O0  compilation failed to produce executable
FAIL: gfortran.dg/pr95690.f90   -O   (test for errors, line 6)
FAIL: gfortran.dg/pr95690.f90   -O  (test for excess errors)
FAIL: gfortran.dg/proc_ptr_18.f90   -O0  (test for excess errors)
UNRESOLVED: gfortran.dg/proc_ptr_18.f90   -O0  compilation failed to produce executable
FAIL: gfortran.dg/proc_ptr_19.f90   -O0  (test for excess errors)
UNRESOLVED: gfortran.dg/proc_ptr_19.f90   -O0  compilation failed to produce executable
FAIL: gfortran.dg/proc_ptr_20.f90   -O0  (test for excess errors)
UNRESOLVED: gfortran.dg/proc_ptr_20.f90   -O0  compilation failed to produce executable
FAIL: gfortran.dg/proc_ptr_21.f90   -O0  (test for excess errors)
UNRESOLVED: gfortran.dg/proc_ptr_21.f90   -O0  compilation failed to produce executable
FAIL: gfortran.dg/proc_ptr_23.f90   -O0  (test for excess errors)
UNRESOLVED: gfortran.dg/proc_ptr_23.f90   -O0  compilation failed to produce executable
FAIL: gfortran.dg/proc_ptr_25.f90   -O0  (test for excess errors)
UNRESOLVED: gfortran.dg/proc_ptr_25.f90   -O0  compilation failed to produce executable
FAIL: gfortran.dg/proc_ptr_47.f90   -O0  (test for excess errors)
UNRESOLVED: gfortran.dg/proc_ptr_47.f90   -O0  compilation failed to produce executable
FAIL: gfortran.dg/proc_ptr_48.f90   -O0  (test for excess errors)
UNRESOLVED: gfortran.dg/proc_ptr_48.f90   -O0  compilation failed to produce executable
FAIL: gfortran.dg/proc_ptr_5.f90   -O0  (test for excess errors)
UNRESOLVED: gfortran.dg/proc_ptr_5.f90   -O0  compilation failed to produce executable
FAIL: gfortran.dg/proc_ptr_7.f90   -O0  (test for excess errors)
UNRESOLVED: gfortran.dg/proc_ptr_7.f90   -O0  compilation failed to produce executable
FAIL: gfortran.dg/proc_ptr_comp_1.f90   -O0  (test for excess errors)
UNRESOLVED: gfortran.dg/proc_ptr_comp_1.f90   -O0  compilation failed to produce executable
FAIL: gfortran.dg/proc_ptr_comp_11.f90   -O0  (test for excess errors)
UNRESOLVED: gfortran.dg/proc_ptr_comp_11.f90   -O0  compilation failed to produce executable
FAIL: gfortran.dg/proc_ptr_comp_13.f90   -O0  (test for excess errors)
UNRESOLVED: gfortran.dg/proc_ptr_comp_13.f90   -O0  compilation failed to produce executable
FAIL: gfortran.dg/proc_ptr_comp_14.f90   -O0  (test for excess errors)
UNRESOLVED: gfortran.dg/proc_ptr_comp_14.f90   -O0  compilation failed to produce executable
FAIL: gfortran.dg/proc_ptr_comp_18.f90   -O0  (test for excess errors)
UNRESOLVED: gfortran.dg/proc_ptr_comp_18.f90   -O0  compilation failed to produce executable
FAIL: gfortran.dg/proc_ptr_comp_19.f90   -O0  (test for excess errors)
UNRESOLVED: gfortran.dg/proc_ptr_comp_19.f90   -O0  compilation failed to produce executable
FAIL: gfortran.dg/proc_ptr_comp_2.f90   -O0  (test for excess errors)
UNRESOLVED: gfortran.dg/proc_ptr_comp_2.f90   -O0  compilation failed to produce executable
FAIL: gfortran.dg/proc_ptr_comp_29.f90   -O0  (test for excess errors)
UNRESOLVED: gfortran.dg/proc_ptr_comp_29.f90   -O0  compilation failed to produce executable
FAIL: gfortran.dg/proc_ptr_comp_34.f90   -O0  (test for excess errors)
UNRESOLVED: gfortran.dg/proc_ptr_comp_34.f90   -O0  compilation failed to produce executable
FAIL: gfortran.dg/proc_ptr_comp_5.f90   -O0  (test for excess errors)
UNRESOLVED: gfortran.dg/proc_ptr_comp_5.f90   -O0  compilation failed to produce executable
FAIL: gfortran.dg/proc_ptr_comp_8.f90   -O0  (test for excess errors)
UNRESOLVED: gfortran.dg/proc_ptr_comp_8.f90   -O0  compilation failed to produce executable
FAIL: gfortran.dg/proc_ptr_comp_9.f90   -O0  (test for excess errors)
UNRESOLVED: gfortran.dg/proc_ptr_comp_9.f90   -O0  compilation failed to produce executable
FAIL: gfortran.dg/proc_ptr_comp_pass_3.f90   -O0  (test for excess errors)
UNRESOLVED: gfortran.dg/proc_ptr_comp_pass_3.f90   -O0  compilation failed to produce executable
FAIL: gfortran.dg/proc_ptr_result_7.f90   -O0  (test for excess errors)
UNRESOLVED: gfortran.dg/proc_ptr_result_7.f90   -O0  compilation failed to produce executable
FAIL: gfortran.dg/structure_constructor_11.f90   -O0  (test for excess errors)
UNRESOLVED: gfortran.dg/structure_constructor_11.f90   -O0  compilation failed to produce executable
FAIL: gfortran.dg/structure_constructor_11.f90   -O1  (test for excess errors)
UNRESOLVED: gfortran.dg/structure_constructor_11.f90   -O1  compilation failed to produce executable
FAIL: gfortran.dg/structure_constructor_11.f90   -O2  (test for excess errors)
UNRESOLVED: gfortran.dg/structure_constructor_11.f90   -O2  compilation failed to produce executable
FAIL: gfortran.dg/structure_constructor_11.f90   -O3 -fomit-frame-pointer -funroll-loops -fpeel-loops -ftracer -finline-functions  (test for excess errors)
UNRESOLVED: gfortran.dg/structure_constructor_11.f90   -O3 -fomit-frame-pointer -funroll-loops -fpeel-loops -ftracer -finline-functions  compilation failed to produce executable
FAIL: gfortran.dg/structure_constructor_11.f90   -O3 -g  (test for excess errors)
UNRESOLVED: gfortran.dg/structure_constructor_11.f90   -O3 -g  compilation failed to produce executable
FAIL: gfortran.dg/structure_constructor_11.f90   -Os  (test for excess errors)
UNRESOLVED: gfortran.dg/structure_constructor_11.f90   -Os  compilation failed to produce executable
FAIL: gfortran.dg/unlimited_polymorphic_19.f90   -O0  (test for excess errors)
UNRESOLVED: gfortran.dg/unlimited_polymorphic_19.f90   -O0  compilation failed to produce executable
FAIL: gfortran.dg/ieee/ieee_2.f90   -O1  execution test
FAIL: gfortran.dg/ieee/ieee_2.f90   -O2  execution test
FAIL: gfortran.dg/ieee/ieee_2.f90   -O3 -fomit-frame-pointer -funroll-loops -fpeel-loops -ftracer -finline-functions  execution test
FAIL: gfortran.dg/ieee/ieee_2.f90   -O3 -g  execution test
FAIL: gfortran.dg/ieee/ieee_2.f90   -Os  execution test
FAIL: gfortran.dg/ieee/ieee_9.f90   -O0  (test for excess errors)
UNRESOLVED: gfortran.dg/ieee/ieee_9.f90   -O0  compilation failed to produce executable
FAIL: gfortran.dg/ieee/ieee_9.f90   -O1  (test for excess errors)
UNRESOLVED: gfortran.dg/ieee/ieee_9.f90   -O1  compilation failed to produce executable
FAIL: gfortran.dg/ieee/ieee_9.f90   -O2  (test for excess errors)
UNRESOLVED: gfortran.dg/ieee/ieee_9.f90   -O2  compilation failed to produce executable
FAIL: gfortran.dg/ieee/ieee_9.f90   -O3 -fomit-frame-pointer -funroll-loops -fpeel-loops -ftracer -finline-functions  (test for excess errors)
UNRESOLVED: gfortran.dg/ieee/ieee_9.f90   -O3 -fomit-frame-pointer -funroll-loops -fpeel-loops -ftracer -finline-functions  compilation failed to produce executable
FAIL: gfortran.dg/ieee/ieee_9.f90   -O3 -g  (test for excess errors)
UNRESOLVED: gfortran.dg/ieee/ieee_9.f90   -O3 -g  compilation failed to produce executable
FAIL: gfortran.dg/ieee/ieee_9.f90   -Os  (test for excess errors)
UNRESOLVED: gfortran.dg/ieee/ieee_9.f90   -Os  compilation failed to produce executable
FAIL: gfortran.dg/ieee/large_2.f90   -O1  execution test
FAIL: gfortran.dg/ieee/large_2.f90   -O2  execution test
FAIL: gfortran.dg/ieee/large_2.f90   -O3 -fomit-frame-pointer -funroll-loops -fpeel-loops -ftracer -finline-functions  execution test
FAIL: gfortran.dg/ieee/large_2.f90   -O3 -g  execution test
FAIL: gfortran.dg/ieee/large_2.f90   -Os  execution test
FAIL: gfortran.dg/ieee/rounding_1.f90   -O1  execution test
FAIL: gfortran.dg/ieee/rounding_1.f90   -O2  execution test
FAIL: gfortran.dg/ieee/rounding_1.f90   -O3 -fomit-frame-pointer -funroll-loops -fpeel-loops -ftracer -finline-functions  execution test
FAIL: gfortran.dg/ieee/rounding_1.f90   -O3 -g  execution test
FAIL: gfortran.dg/ieee/rounding_1.f90   -Os  execution test

		=== gfortran Summary ===

# of expected passes		54574
# of unexpected failures	97
# of expected failures		234
# of unresolved testcases	57
# of unsupported tests		260
/daten/aranym/gcc/gcc-20201204/Build/gcc/gfortran  version 11.0.0 20201203 (experimental) [master revision 61371884fb6] (GCC) 

Host   is x86_64-suse-linux-gnu

		=== objc tests ===


Running target aranym

		=== objc Summary ===

# of expected passes		2825
# of unsupported tests		68
/daten/aranym/gcc/gcc-20201204/Build/gcc/xgcc  version 11.0.0 20201203 (experimental) [master revision 61371884fb6] (GCC) 

Host   is m68k-unknown-linux-gnu

		=== libatomic tests ===


Running target aranym

		=== libatomic Summary ===

# of expected passes		44
# of unsupported tests		5
Host   is m68k-unknown-linux-gnu

		=== libgomp tests ===


Running target aranym
WARNING: program timed out.
FAIL: libgomp.fortran/strassen.f90   -O  execution test
FAIL: libgomp.oacc-fortran/stop-2.f -DACC_DEVICE_TYPE_host=1 -DACC_MEM_SHARED=1 -foffload=disable  -O0  output pattern test
FAIL: libgomp.oacc-fortran/stop-2.f -DACC_DEVICE_TYPE_host=1 -DACC_MEM_SHARED=1 -foffload=disable  -O1  output pattern test
FAIL: libgomp.oacc-fortran/stop-2.f -DACC_DEVICE_TYPE_host=1 -DACC_MEM_SHARED=1 -foffload=disable  -O2  output pattern test
FAIL: libgomp.oacc-fortran/stop-2.f -DACC_DEVICE_TYPE_host=1 -DACC_MEM_SHARED=1 -foffload=disable  -O3 -fomit-frame-pointer -funroll-loops -fpeel-loops -ftracer -finline-functions  output pattern test
FAIL: libgomp.oacc-fortran/stop-2.f -DACC_DEVICE_TYPE_host=1 -DACC_MEM_SHARED=1 -foffload=disable  -O3 -g  output pattern test
FAIL: libgomp.oacc-fortran/stop-2.f -DACC_DEVICE_TYPE_host=1 -DACC_MEM_SHARED=1 -foffload=disable  -Os  output pattern test

		=== libgomp Summary ===

# of expected passes		7912
# of unexpected failures	7
# of expected failures		6
# of unsupported tests		700
Host   is m68k-unknown-linux-gnu

		=== libstdc++ tests ===


Running target aranym
WARNING: program timed out.
FAIL: 22_locale/locale/cons/12658_thread-2.cc execution test
FAIL: 22_locale/time_get/get_time/char/2.cc execution test
FAIL: 22_locale/time_get/get_time/char/wrapped_locale.cc execution test
FAIL: 22_locale/time_get/get_time/wchar_t/2.cc execution test
FAIL: 22_locale/time_get/get_time/wchar_t/wrapped_locale.cc execution test
FAIL: 23_containers/vector/debug/mutex_association.cc execution test
WARNING: program timed out.
FAIL: 27_io/basic_istream/get/char/lwg3464.cc execution test
WARNING: program timed out.
FAIL: 27_io/basic_istream/get/wchar_t/lwg3464.cc execution test
WARNING: program timed out.
FAIL: 27_io/basic_istream/ignore/char/94749.cc execution test
WARNING: program timed out.
FAIL: 27_io/basic_istream/ignore/wchar_t/94749.cc execution test
FAIL: 27_io/filesystem/operations/last_write_time.cc execution test
FAIL: 29_atomics/atomic_float/wait_notify.cc (test for excess errors)
UNRESOLVED: 29_atomics/atomic_float/wait_notify.cc compilation failed to produce executable
FAIL: 29_atomics/atomic_integral/wait_notify.cc (test for excess errors)
UNRESOLVED: 29_atomics/atomic_integral/wait_notify.cc compilation failed to produce executable
FAIL: 29_atomics/atomic_ref/wait_notify.cc (test for excess errors)
UNRESOLVED: 29_atomics/atomic_ref/wait_notify.cc compilation failed to produce executable
FAIL: 30_threads/stop_token/stop_callback/destroy.cc execution test
FAIL: experimental/filesystem/operations/last_write_time.cc execution test
FAIL: ext/random/uniform_on_sphere_distribution/operators/serialize.cc execution test
FAIL: std/ranges/adaptors/sizeof.cc (test for excess errors)

		=== libstdc++ Summary ===

# of expected passes		14465
# of unexpected failures	18
# of expected failures		104
# of unresolved testcases	3
# of unsupported tests		381

Compiler version: 11.0.0 20201203 (experimental) [master revision 61371884fb6] (GCC) 
Platform: m68k-unknown-linux-gnu
configure flags: --prefix=/daten/cross/m68k-linux --build=x86_64-suse-linux --enable-shared --with-system-zlib CFLAGS='-O2 -g' CXXFLAGS='-O2 -g' --target=m68k-linux --with-sysroot --disable-multilib --enable-clocale=gnu


More information about the Gcc-testresults mailing list