Results for 11.0.0 20201204 (experimental) [tags/buildbot-daily-20201204-0811 revision 61371884fb6:dbb9526c80d:b8dd0ef74dd799a0a6d35e912239f0819912890f] (GCC) testsuite on pru-unknown-elf

The GnuPru BuildBot gnupru.buildbot@gmail.com
Fri Dec 4 07:10:05 GMT 2020


LAST_UPDATED: Fri Dec  4 06:11:31 UTC 2020 (revision 61371884fb6:dbb9526c80d:b8dd0ef74dd799a0a6d35e912239f0819912890f)

Target is pru-unknown-elf
Host   is x86_64-pc-linux-gnu

		=== gcc tests ===


Running target pru-sim
FAIL: gcc.c-torture/execute/pr71700.c   -O2  execution test
FAIL: gcc.c-torture/execute/pr71700.c   -O2 -flto -fuse-linker-plugin -fno-fat-lto-objects  execution test
FAIL: gcc.c-torture/execute/pr71700.c   -O3 -g  execution test
XPASS: gcc.dg/analyzer/data-model-1.c desired (test for warnings, line 972)
FAIL: gcc.dg/analyzer/data-model-1.c status quo (test for warnings, line 972)
XPASS: gcc.dg/analyzer/pr94851-1.c bogus leak (test for bogus messages, line 43)
FAIL: gcc.dg/analyzer/torture/pr51628-30.c   -O0  (test for excess errors)
FAIL: gcc.dg/analyzer/torture/pr51628-30.c   -O1  (test for excess errors)
FAIL: gcc.dg/analyzer/torture/pr51628-30.c   -O2  (test for excess errors)
FAIL: gcc.dg/analyzer/torture/pr51628-30.c   -O2 -flto -fno-use-linker-plugin -flto-partition=none  (test for excess errors)
FAIL: gcc.dg/analyzer/torture/pr51628-30.c   -O2 -flto -fuse-linker-plugin -fno-fat-lto-objects  (test for excess errors)
FAIL: gcc.dg/analyzer/torture/pr51628-30.c   -O3 -g  (test for excess errors)
FAIL: gcc.dg/analyzer/torture/pr51628-30.c   -Os  (test for excess errors)
FAIL: gcc.dg/debug/dwarf2/inline5.c scan-assembler-not \\\\(DIE \\\\(0x([0-9a-f]*)\\\\) DW_TAG_lexical_block\\\\)[^#/!@;\\\\|]*[#/!@;\\\\|]+ +[^(].*DW_TAG_lexical_block\\\\)[^#/!@;\\\\|x]*x\\\\1[^#/!@;\\\\|]*[#/!@;\\\\|] +DW_AT_abstract_origin
FAIL: c-c++-common/Wcast-align.c  -Wc++-compat   (test for warnings, line 19)
FAIL: c-c++-common/Wcast-align.c  -Wc++-compat   (test for warnings, line 20)
FAIL: gcc.dg/20141029-1.c scan-rtl-dump-times final "mem/v(/.)*:HI" 4
XPASS: gcc.dg/Walloca-2.c  (test for bogus messages, line 16)
FAIL: gcc.dg/Warray-bounds-48.c (test for excess errors)
FAIL: gcc.dg/Wattributes-8.c  (test for bogus messages, line 27)
FAIL: gcc.dg/Wattributes-8.c  (test for bogus messages, line 28)
FAIL: gcc.dg/Wno-frame-address.c (test for excess errors)
FAIL: gcc.dg/Wstringop-overflow-25.c pr92814 (test for warnings, line 378)
XPASS: gcc.dg/Wstringop-overflow-43.c pr????? (test for warnings, line 172)
XPASS: gcc.dg/attr-alloc_size-11.c missing range info for short (test for warnings, line 51)
XPASS: gcc.dg/attr-alloc_size-11.c missing range info for signed char (test for warnings, line 50)
FAIL: gcc.dg/builtin-object-size-20.c scan-tree-dump-not optimized "fail"
FAIL: gcc.dg/c11-align-4.c  (test for errors, line 9)
FAIL: gcc.dg/complex-6.c scan-tree-dump-times cplxlower1 "__mulsc3" 1
FAIL: gcc.dg/complex-7.c scan-tree-dump-times cplxlower1 "__muldc3" 1
FAIL: gcc.dg/ifcvt-4.c scan-rtl-dump ce1 "2 true changes made"
FAIL: gcc.dg/loop-8.c scan-rtl-dump-not loop2_invariant "without introducing a new temporary register"
FAIL: gcc.dg/loop-8.c scan-rtl-dump-times loop2_invariant "Decided" 1
FAIL: gcc.dg/loop-9.c scan-rtl-dump loop2_invariant "Decided"
FAIL: gcc.dg/loop-9.c scan-rtl-dump loop2_invariant "without introducing a new temporary register"
FAIL: gcc.dg/lower-subreg-1.c scan-rtl-dump subreg1 "Splitting reg"
FAIL: gcc.dg/mallign.c (test for excess errors)
FAIL: gcc.dg/memchr.c (test for excess errors)
UNRESOLVED: gcc.dg/memchr.c scan-tree-dump-not optimized "abort"
FAIL: gcc.dg/memcmp-3.c (test for excess errors)
UNRESOLVED: gcc.dg/memcmp-3.c scan-tree-dump-not optimized "abort"
FAIL: gcc.dg/pr23623.c scan-rtl-dump-times final "mem/v(/.)*:SI" 12
FAIL: gcc.dg/pr46647.c scan-tree-dump-not optimized "memset"
XPASS: gcc.dg/pr78973.c pr79073 (test for warnings, line 12)
FAIL: gcc.dg/pr82929-2.c scan-tree-dump-times store-merging "Merging successful" 1
FAIL: gcc.dg/pr82929.c scan-tree-dump-times store-merging "Merging successful" 1
FAIL: gcc.dg/pr84877.c execution test
FAIL: gcc.dg/pr98099.c  (test for warnings, line 11)
FAIL: gcc.dg/pr98099.c (test for excess errors)
FAIL: gcc.dg/store_merging_1.c scan-tree-dump-times store-merging "Merging successful" 2
FAIL: gcc.dg/store_merging_10.c scan-tree-dump-times store-merging "Merging successful" 2
FAIL: gcc.dg/store_merging_11.c scan-tree-dump-times store-merging "Merging successful" 2
FAIL: gcc.dg/store_merging_13.c scan-tree-dump-times store-merging "Merging successful" 13
FAIL: gcc.dg/store_merging_14.c scan-tree-dump-times store-merging "Merging successful" 9
FAIL: gcc.dg/store_merging_15.c scan-tree-dump-times store-merging "Merging successful" 2
FAIL: gcc.dg/store_merging_2.c scan-tree-dump-times store-merging "Merging successful" 2
FAIL: gcc.dg/store_merging_20.c scan-tree-dump-times store-merging "Merging successful" 3
FAIL: gcc.dg/store_merging_21.c scan-tree-dump-times store-merging "Merging successful" 4
FAIL: gcc.dg/store_merging_22.c scan-tree-dump-times store-merging "Merging successful" 1
FAIL: gcc.dg/store_merging_22.c scan-tree-dump-times store-merging "New sequence of 1 stores to replace old one of 3 stores" 1
FAIL: gcc.dg/store_merging_26.c scan-tree-dump store-merging "New sequence of 1 stores to replace old one of 2 stores"
FAIL: gcc.dg/store_merging_27.c scan-tree-dump store-merging "New sequence of [12] stores to replace old one of 3 stores"
FAIL: gcc.dg/store_merging_28.c scan-tree-dump-times store-merging "New sequence of [24] stores to replace old one of 6 stores" 1
FAIL: gcc.dg/store_merging_29.c scan-tree-dump store-merging "New sequence of 3 stores to replace old one of 6 stores"
FAIL: gcc.dg/store_merging_4.c scan-tree-dump-times store-merging "Merging successful" 2
FAIL: gcc.dg/store_merging_5.c scan-tree-dump-times store-merging "MEM <unsigned int> \\\\[.*\\\\]" 1
FAIL: gcc.dg/store_merging_5.c scan-tree-dump-times store-merging "Merging successful" 1
FAIL: gcc.dg/store_merging_7.c scan-tree-dump-times store-merging "Merging successful" 1
FAIL: gcc.dg/store_merging_8.c scan-tree-dump-times store-merging "Merging successful" 2
FAIL: gcc.dg/store_merging_9.c scan-tree-dump-times store-merging "Merging successful" 2
FAIL: gcc.dg/strlenopt-10.c scan-tree-dump-times strlen1 "memcpy \\\\(" 8
FAIL: gcc.dg/strlenopt-11.c scan-tree-dump-times strlen1 "  _[0-9]* = strlen \\\\([^\\n\\r]*;[\\n\\r]*  l.0. = " 1
FAIL: gcc.dg/strlenopt-11.c scan-tree-dump-times strlen1 "  _[0-9]* = strlen \\\\([^\\n\\r]*;[\\n\\r]*  l.6. = " 1
FAIL: gcc.dg/strlenopt-11.c scan-tree-dump-times strlen1 "  _[0-9]* = strlen \\\\([^\\n\\r]*;[\\n\\r]*  l.9. = " 1
FAIL: gcc.dg/strlenopt-11.c scan-tree-dump-times strlen1 "memcpy \\\\(" 7
FAIL: gcc.dg/strlenopt-13.c scan-tree-dump-times strlen1 "  _[0-9]* = strlen \\\\([^\\n\\r]*;[\\n\\r]*  l.0. = " 1
FAIL: gcc.dg/strlenopt-13.c scan-tree-dump-times strlen1 "  _[0-9]* = strlen \\\\([^\\n\\r]*;[\\n\\r]*  l.1. = " 1
FAIL: gcc.dg/strlenopt-13.c scan-tree-dump-times strlen1 "  _[0-9]* = strlen \\\\([^\\n\\r]*;[\\n\\r]*  l.5. = " 1
FAIL: gcc.dg/strlenopt-13.c scan-tree-dump-times strlen1 "  _[0-9]* = strlen \\\\([^\\n\\r]*;[\\n\\r]*  l.6. = " 1
FAIL: gcc.dg/strlenopt-13.c scan-tree-dump-times strlen1 "memcpy \\\\(" 7
FAIL: gcc.dg/ipa/pr91088.c scan-ipa-dump cp "op0\\\\[offset: 32],\\\\(\\\\(short int\\\\) #\\\\),\\\\(\\\\(int\\\\) #\\\\),\\\\(1300 / #\\\\) == 19"
FAIL: gcc.dg/special/gcsec-1.c (test for excess errors)
FAIL: gcc.dg/sso/memcpy-1.c   -Wno-scalar-storage-order -O0  (test for excess errors)
FAIL: gcc.dg/sso/memcpy-1.c   -Wno-scalar-storage-order -O1 -fno-inline  (test for excess errors)
FAIL: gcc.dg/sso/memcpy-1.c   -Wno-scalar-storage-order -O2  (test for excess errors)
FAIL: gcc.dg/sso/memcpy-1.c   -Wno-scalar-storage-order -O3 -finline-functions  (test for excess errors)
FAIL: gcc.dg/sso/memcpy-1.c   -Wno-scalar-storage-order -Og -g  (test for excess errors)
FAIL: gcc.dg/sso/memcpy-1.c   -Wno-scalar-storage-order -Os  (test for excess errors)
FAIL: gcc.dg/tree-ssa/dump-6.c scan-tree-dump store-merging "MEM <unsigned int> \\\\[\\\\(char \\\\*\\\\)\\\\&a4] = "
FAIL: gcc.dg/tree-ssa/dump-6.c scan-tree-dump store-merging "MEM <unsigned int> \\\\[\\\\(char \\\\*\\\\)\\\\&a8] = "
FAIL: gcc.dg/tree-ssa/dump-6.c scan-tree-dump store-merging "MEM <unsigned short> \\\\[\\\\(char \\\\*\\\\)\\\\&a2] = "
FAIL: gcc.dg/tree-ssa/gen-vect-11.c scan-tree-dump-times vect "vectorized 1 loops" 1
FAIL: gcc.dg/tree-ssa/gen-vect-11a.c scan-tree-dump-times vect "vectorized 1 loops" 1
FAIL: gcc.dg/tree-ssa/gen-vect-2.c scan-tree-dump-times vect "vectorized 1 loops" 1
FAIL: gcc.dg/tree-ssa/gen-vect-25.c scan-tree-dump-times vect "vectorized 2 loops" 1
FAIL: gcc.dg/tree-ssa/gen-vect-26.c scan-tree-dump-times vect "Alignment of access forced using peeling" 1
FAIL: gcc.dg/tree-ssa/gen-vect-26.c scan-tree-dump-times vect "vectorized 1 loops" 1
FAIL: gcc.dg/tree-ssa/gen-vect-28.c scan-tree-dump-times vect "Alignment of access forced using peeling" 1
FAIL: gcc.dg/tree-ssa/gen-vect-28.c scan-tree-dump-times vect "vectorized 1 loops" 1
FAIL: gcc.dg/tree-ssa/gen-vect-32.c scan-tree-dump-times vect "vectorized 1 loops" 1
FAIL: gcc.dg/tree-ssa/if-to-switch-1.c scan-tree-dump iftoswitch "Condition chain with [^\\n\\r]* BBs transformed into a switch statement."
UNRESOLVED: gcc.dg/tree-ssa/pr89430-1.c scan-tree-dump cselim "Conditional store replacement"
UNRESOLVED: gcc.dg/tree-ssa/pr89430-2.c scan-tree-dump cselim "Conditional store replacement"
UNRESOLVED: gcc.dg/tree-ssa/pr89430-3.c scan-tree-dump-not cselim "Conditional store replacement"
UNRESOLVED: gcc.dg/tree-ssa/pr89430-4.c scan-tree-dump-not cselim "Conditional store replacement"
UNRESOLVED: gcc.dg/tree-ssa/pr89430-5.c scan-tree-dump cselim "Conditional store replacement"
UNRESOLVED: gcc.dg/tree-ssa/pr89430-6.c scan-tree-dump cselim "Conditional store replacement"
UNRESOLVED: gcc.dg/tree-ssa/pr89430-7-comp-ref.c scan-tree-dump cselim "Conditional store replacement"
UNRESOLVED: gcc.dg/tree-ssa/pr89430-8-mem-ref-size.c scan-tree-dump cselim "Conditional store replacement"
XPASS: gcc.dg/tree-ssa/pr91091-2.c scan-tree-dump-times fre1 " = [^;]*x;" 1
FAIL: outputs lto st mult dumpdir empty dumpbase named: dir/outputs-1.ltrans0.ltrans_args
FAIL: outputs lto st mult dumpdir named: dir/outputs-ltrans0.ltrans_args
FAIL: outputs lto st mult empty dumpbase namedb: dir/outputs.ltrans0.ltrans_args
FAIL: outputs lto st mult empty dumpbase unnamed: a.ltrans0.ltrans_args
FAIL: outputs lto st mult namedb: dir/outputs.ltrans0.ltrans_args
FAIL: outputs lto st mult unnamed: a.ltrans0.ltrans_args
FAIL: outputs lto st sing dumpdir empty dumpbase named: dir/outputs-0.ltrans0.ltrans_args
FAIL: outputs lto st sing dumpdir named: dir/outputs-ltrans0.ltrans_args
FAIL: outputs lto st sing empty dumpbase namedb: dir/outputs.ltrans0.ltrans_args
FAIL: outputs lto st sing empty dumpbase unnamed: a.ltrans0.ltrans_args
FAIL: outputs lto st sing namedb: dir/outputs.ltrans0.ltrans_args
FAIL: outputs lto st sing unnamed: a.ltrans0.ltrans_args

		=== gcc Summary ===

# of expected passes		108723
# of unexpected failures	104
# of unexpected successes	8
# of expected failures		578
# of unresolved testcases	10
# of unsupported tests		3300
/home/dinux/projects/pru/testbot-workspace/pru-gcc-build/gcc/xgcc  version 11.0.0 20201204 (experimental) [tags/buildbot-daily-20201204-0811 revision 61371884fb6:dbb9526c80d:b8dd0ef74dd799a0a6d35e912239f0819912890f] (GCC) 

Host   is x86_64-pc-linux-gnu

		=== g++ tests ===


Running target pru-sim
FAIL: c-c++-common/Wcast-align.c  -std=gnu++14  (test for warnings, line 19)
FAIL: c-c++-common/Wcast-align.c  -std=gnu++14  (test for warnings, line 20)
FAIL: c-c++-common/Wcast-align.c  -std=gnu++17  (test for warnings, line 19)
FAIL: c-c++-common/Wcast-align.c  -std=gnu++17  (test for warnings, line 20)
FAIL: c-c++-common/Wcast-align.c  -std=gnu++2a  (test for warnings, line 19)
FAIL: c-c++-common/Wcast-align.c  -std=gnu++2a  (test for warnings, line 20)
FAIL: c-c++-common/Wcast-align.c  -std=gnu++98  (test for warnings, line 19)
FAIL: c-c++-common/Wcast-align.c  -std=gnu++98  (test for warnings, line 20)
FAIL: g++.dg/Wno-frame-address.C  -std=gnu++14 (test for excess errors)
FAIL: g++.dg/Wno-frame-address.C  -std=gnu++17 (test for excess errors)
FAIL: g++.dg/Wno-frame-address.C  -std=gnu++2a (test for excess errors)
FAIL: g++.dg/Wno-frame-address.C  -std=gnu++98 (test for excess errors)
FAIL: g++.dg/abi/nullptr-align2.C  -std=gnu++14  (test for warnings, line 19)
FAIL: g++.dg/abi/nullptr-align2.C  -std=gnu++17  (test for warnings, line 19)
FAIL: g++.dg/abi/nullptr-align2.C  -std=gnu++2a  (test for warnings, line 19)
FAIL: g++.dg/cpp0x/gen-attrs-17.2.C  -std=c++14  (test for errors, line 19)
FAIL: g++.dg/cpp0x/gen-attrs-17.2.C  -std=c++17  (test for errors, line 19)
FAIL: g++.dg/cpp0x/gen-attrs-17.2.C  -std=c++2a  (test for errors, line 19)
FAIL: g++.dg/cpp2a/bit-cast5.C  -std=c++2a  (test for errors, line 24)
FAIL: g++.dg/cpp2a/bit-cast5.C  -std=c++2a (test for excess errors)
FAIL: g++.dg/cpp2a/no_unique_address4.C  -std=c++2a (test for excess errors)
FAIL: g++.dg/eh/gcsec1.C  -std=gnu++14 (test for excess errors)
FAIL: g++.dg/eh/gcsec1.C  -std=gnu++17 (test for excess errors)
FAIL: g++.dg/eh/gcsec1.C  -std=gnu++2a (test for excess errors)
FAIL: g++.dg/eh/gcsec1.C  -std=gnu++98 (test for excess errors)
FAIL: g++.dg/ext/attr-copy-2.C  -std=gnu++14 (test for excess errors)
FAIL: g++.dg/ext/attr-copy-2.C  -std=gnu++17 (test for excess errors)
FAIL: g++.dg/ext/attr-copy-2.C  -std=gnu++2a (test for excess errors)
FAIL: g++.dg/ext/attr-copy-2.C  -std=gnu++98 (test for excess errors)
FAIL: g++.dg/init/array54.C  -std=c++14 (test for excess errors)
UNRESOLVED: g++.dg/init/array54.C  -std=c++14 compilation failed to produce executable
FAIL: g++.dg/init/array54.C  -std=c++17 (test for excess errors)
UNRESOLVED: g++.dg/init/array54.C  -std=c++17 compilation failed to produce executable
FAIL: g++.dg/init/array54.C  -std=c++2a (test for excess errors)
UNRESOLVED: g++.dg/init/array54.C  -std=c++2a compilation failed to produce executable
FAIL: g++.dg/ipa/pr60640-4.C  -std=gnu++14  scan-ipa-dump-times cp "Thunk fixed offset" 2
FAIL: g++.dg/ipa/pr60640-4.C  -std=gnu++17  scan-ipa-dump-times cp "Thunk fixed offset" 2
FAIL: g++.dg/ipa/pr60640-4.C  -std=gnu++2a  scan-ipa-dump-times cp "Thunk fixed offset" 2
FAIL: g++.dg/ipa/pr60640-4.C  -std=gnu++98  scan-ipa-dump-times cp "Thunk fixed offset" 2
FAIL: g++.dg/ipa/pr67056.C   scan-ipa-dump cp "Speculative outer type:struct CompositeClass"
FAIL: g++.dg/ipa/pr83549.C  -std=gnu++14 (test for excess errors)
FAIL: g++.dg/ipa/pr83549.C  -std=gnu++17 (test for excess errors)
FAIL: g++.dg/ipa/pr83549.C  -std=gnu++2a (test for excess errors)
FAIL: g++.dg/ipa/pr83549.C  -std=gnu++98 (test for excess errors)
UNRESOLVED: g++.dg/ipa/pr83667.C  -std=gnu++14  scan-ipa-dump inline "summary for void c::[^\\\\n]*THUNK\\\\.*0"
FAIL: g++.dg/ipa/pr83667.C  -std=gnu++14 (test for excess errors)
UNRESOLVED: g++.dg/ipa/pr83667.C  -std=gnu++17  scan-ipa-dump inline "summary for void c::[^\\\\n]*THUNK\\\\.*0"
FAIL: g++.dg/ipa/pr83667.C  -std=gnu++17 (test for excess errors)
UNRESOLVED: g++.dg/ipa/pr83667.C  -std=gnu++2a  scan-ipa-dump inline "summary for void c::[^\\\\n]*THUNK\\\\.*0"
FAIL: g++.dg/ipa/pr83667.C  -std=gnu++2a (test for excess errors)
UNRESOLVED: g++.dg/ipa/pr83667.C  -std=gnu++98  scan-ipa-dump inline "summary for void c::[^\\\\n]*THUNK\\\\.*0"
FAIL: g++.dg/ipa/pr83667.C  -std=gnu++98 (test for excess errors)
FAIL: g++.dg/no-stack-protector-attr-3.C  -std=gnu++14  scan-assembler-times stack_chk_fail 1
FAIL: g++.dg/no-stack-protector-attr-3.C  -std=gnu++14 (test for excess errors)
FAIL: g++.dg/no-stack-protector-attr-3.C  -std=gnu++17  scan-assembler-times stack_chk_fail 1
FAIL: g++.dg/no-stack-protector-attr-3.C  -std=gnu++17 (test for excess errors)
FAIL: g++.dg/no-stack-protector-attr-3.C  -std=gnu++2a  scan-assembler-times stack_chk_fail 1
FAIL: g++.dg/no-stack-protector-attr-3.C  -std=gnu++2a (test for excess errors)
FAIL: g++.dg/no-stack-protector-attr-3.C  -std=gnu++98  scan-assembler-times stack_chk_fail 1
FAIL: g++.dg/no-stack-protector-attr-3.C  -std=gnu++98 (test for excess errors)
FAIL: g++.dg/no-stack-protector-attr.C  -std=gnu++14 (test for excess errors)
FAIL: g++.dg/no-stack-protector-attr.C  -std=gnu++17 (test for excess errors)
FAIL: g++.dg/no-stack-protector-attr.C  -std=gnu++2a (test for excess errors)
FAIL: g++.dg/no-stack-protector-attr.C  -std=gnu++98 (test for excess errors)
FAIL: g++.dg/opt/pr36449.C  -std=gnu++14 execution test
FAIL: g++.dg/opt/pr36449.C  -std=gnu++17 execution test
FAIL: g++.dg/opt/pr36449.C  -std=gnu++2a execution test
FAIL: g++.dg/opt/pr36449.C  -std=gnu++98 execution test
FAIL: g++.dg/opt/store-merging-1.C  -std=gnu++14  scan-tree-dump store-merging "New sequence of [12] stores to replace old one of 2 stores"
FAIL: g++.dg/opt/store-merging-1.C  -std=gnu++17  scan-tree-dump store-merging "New sequence of [12] stores to replace old one of 2 stores"
FAIL: g++.dg/opt/store-merging-1.C  -std=gnu++2a  scan-tree-dump store-merging "New sequence of [12] stores to replace old one of 2 stores"
FAIL: g++.dg/opt/store-merging-1.C  -std=gnu++98  scan-tree-dump store-merging "New sequence of [12] stores to replace old one of 2 stores"
FAIL: g++.dg/opt/store-merging-2.C  -std=gnu++14  scan-tree-dump store-merging "New sequence of 2 stores to replace old one of 3 stores"
FAIL: g++.dg/opt/store-merging-2.C  -std=gnu++17  scan-tree-dump store-merging "New sequence of 2 stores to replace old one of 3 stores"
FAIL: g++.dg/opt/store-merging-2.C  -std=gnu++2a  scan-tree-dump store-merging "New sequence of 2 stores to replace old one of 3 stores"
FAIL: g++.dg/opt/store-merging-2.C  -std=gnu++98  scan-tree-dump store-merging "New sequence of 2 stores to replace old one of 3 stores"
FAIL: g++.dg/parse/parens3.C  -std=gnu++14 (test for excess errors)
FAIL: g++.dg/parse/parens3.C  -std=gnu++17 (test for excess errors)
FAIL: g++.dg/parse/parens3.C  -std=gnu++2a (test for excess errors)
FAIL: g++.dg/parse/parens3.C  -std=gnu++98 (test for excess errors)
FAIL: g++.dg/pr53037-1.C  -std=gnu++14  (test for warnings, line 38)
FAIL: g++.dg/pr53037-1.C  -std=gnu++14  (test for warnings, line 71)
FAIL: g++.dg/pr53037-1.C  -std=gnu++14 (test for excess errors)
FAIL: g++.dg/pr53037-1.C  -std=gnu++17  (test for warnings, line 38)
FAIL: g++.dg/pr53037-1.C  -std=gnu++17  (test for warnings, line 71)
FAIL: g++.dg/pr53037-1.C  -std=gnu++17 (test for excess errors)
FAIL: g++.dg/pr53037-1.C  -std=gnu++2a  (test for warnings, line 38)
FAIL: g++.dg/pr53037-1.C  -std=gnu++2a  (test for warnings, line 71)
FAIL: g++.dg/pr53037-1.C  -std=gnu++2a (test for excess errors)
FAIL: g++.dg/pr53037-1.C  -std=gnu++98  (test for warnings, line 38)
FAIL: g++.dg/pr53037-1.C  -std=gnu++98  (test for warnings, line 71)
FAIL: g++.dg/pr53037-1.C  -std=gnu++98 (test for excess errors)
FAIL: g++.dg/warn/Warray-bounds-10.C  -std=gnu++14  (test for warnings, line 22)
FAIL: g++.dg/warn/Warray-bounds-10.C  -std=gnu++14  (test for warnings, line 23)
FAIL: g++.dg/warn/Warray-bounds-10.C  -std=gnu++14  (test for warnings, line 24)
FAIL: g++.dg/warn/Warray-bounds-10.C  -std=gnu++14  (test for warnings, line 33)
FAIL: g++.dg/warn/Warray-bounds-10.C  -std=gnu++14  (test for warnings, line 34)
FAIL: g++.dg/warn/Warray-bounds-10.C  -std=gnu++14  (test for warnings, line 35)
FAIL: g++.dg/warn/Warray-bounds-10.C  -std=gnu++14  (test for warnings, line 48)
FAIL: g++.dg/warn/Warray-bounds-10.C  -std=gnu++14  (test for warnings, line 49)
FAIL: g++.dg/warn/Warray-bounds-10.C  -std=gnu++14  (test for warnings, line 50)
FAIL: g++.dg/warn/Warray-bounds-10.C  -std=gnu++14  (test for warnings, line 59)
FAIL: g++.dg/warn/Warray-bounds-10.C  -std=gnu++14  (test for warnings, line 60)
FAIL: g++.dg/warn/Warray-bounds-10.C  -std=gnu++14  (test for warnings, line 61)
FAIL: g++.dg/warn/Warray-bounds-10.C  -std=gnu++14 (test for excess errors)
FAIL: g++.dg/warn/Warray-bounds-10.C  -std=gnu++17  (test for warnings, line 22)
FAIL: g++.dg/warn/Warray-bounds-10.C  -std=gnu++17  (test for warnings, line 23)
FAIL: g++.dg/warn/Warray-bounds-10.C  -std=gnu++17  (test for warnings, line 24)
FAIL: g++.dg/warn/Warray-bounds-10.C  -std=gnu++17  (test for warnings, line 33)
FAIL: g++.dg/warn/Warray-bounds-10.C  -std=gnu++17  (test for warnings, line 34)
FAIL: g++.dg/warn/Warray-bounds-10.C  -std=gnu++17  (test for warnings, line 35)
FAIL: g++.dg/warn/Warray-bounds-10.C  -std=gnu++17  (test for warnings, line 48)
FAIL: g++.dg/warn/Warray-bounds-10.C  -std=gnu++17  (test for warnings, line 49)
FAIL: g++.dg/warn/Warray-bounds-10.C  -std=gnu++17  (test for warnings, line 50)
FAIL: g++.dg/warn/Warray-bounds-10.C  -std=gnu++17  (test for warnings, line 59)
FAIL: g++.dg/warn/Warray-bounds-10.C  -std=gnu++17  (test for warnings, line 60)
FAIL: g++.dg/warn/Warray-bounds-10.C  -std=gnu++17  (test for warnings, line 61)
FAIL: g++.dg/warn/Warray-bounds-10.C  -std=gnu++17 (test for excess errors)
FAIL: g++.dg/warn/Warray-bounds-10.C  -std=gnu++2a  (test for warnings, line 22)
FAIL: g++.dg/warn/Warray-bounds-10.C  -std=gnu++2a  (test for warnings, line 23)
FAIL: g++.dg/warn/Warray-bounds-10.C  -std=gnu++2a  (test for warnings, line 24)
FAIL: g++.dg/warn/Warray-bounds-10.C  -std=gnu++2a  (test for warnings, line 33)
FAIL: g++.dg/warn/Warray-bounds-10.C  -std=gnu++2a  (test for warnings, line 34)
FAIL: g++.dg/warn/Warray-bounds-10.C  -std=gnu++2a  (test for warnings, line 35)
FAIL: g++.dg/warn/Warray-bounds-10.C  -std=gnu++2a  (test for warnings, line 48)
FAIL: g++.dg/warn/Warray-bounds-10.C  -std=gnu++2a  (test for warnings, line 49)
FAIL: g++.dg/warn/Warray-bounds-10.C  -std=gnu++2a  (test for warnings, line 50)
FAIL: g++.dg/warn/Warray-bounds-10.C  -std=gnu++2a  (test for warnings, line 59)
FAIL: g++.dg/warn/Warray-bounds-10.C  -std=gnu++2a  (test for warnings, line 60)
FAIL: g++.dg/warn/Warray-bounds-10.C  -std=gnu++2a  (test for warnings, line 61)
FAIL: g++.dg/warn/Warray-bounds-10.C  -std=gnu++2a (test for excess errors)
FAIL: g++.dg/warn/Warray-bounds-10.C  -std=gnu++98  (test for warnings, line 22)
FAIL: g++.dg/warn/Warray-bounds-10.C  -std=gnu++98  (test for warnings, line 23)
FAIL: g++.dg/warn/Warray-bounds-10.C  -std=gnu++98  (test for warnings, line 24)
FAIL: g++.dg/warn/Warray-bounds-10.C  -std=gnu++98  (test for warnings, line 33)
FAIL: g++.dg/warn/Warray-bounds-10.C  -std=gnu++98  (test for warnings, line 34)
FAIL: g++.dg/warn/Warray-bounds-10.C  -std=gnu++98  (test for warnings, line 35)
FAIL: g++.dg/warn/Warray-bounds-10.C  -std=gnu++98  (test for warnings, line 48)
FAIL: g++.dg/warn/Warray-bounds-10.C  -std=gnu++98  (test for warnings, line 49)
FAIL: g++.dg/warn/Warray-bounds-10.C  -std=gnu++98  (test for warnings, line 50)
FAIL: g++.dg/warn/Warray-bounds-10.C  -std=gnu++98  (test for warnings, line 59)
FAIL: g++.dg/warn/Warray-bounds-10.C  -std=gnu++98  (test for warnings, line 60)
FAIL: g++.dg/warn/Warray-bounds-10.C  -std=gnu++98  (test for warnings, line 61)
FAIL: g++.dg/warn/Warray-bounds-10.C  -std=gnu++98 (test for excess errors)
FAIL: g++.dg/warn/Warray-bounds-11.C  -std=gnu++14  (test for warnings, line 24)
FAIL: g++.dg/warn/Warray-bounds-11.C  -std=gnu++14  (test for warnings, line 25)
FAIL: g++.dg/warn/Warray-bounds-11.C  -std=gnu++14  (test for warnings, line 26)
FAIL: g++.dg/warn/Warray-bounds-11.C  -std=gnu++14  (test for warnings, line 35)
FAIL: g++.dg/warn/Warray-bounds-11.C  -std=gnu++14  (test for warnings, line 36)
FAIL: g++.dg/warn/Warray-bounds-11.C  -std=gnu++14  (test for warnings, line 37)
FAIL: g++.dg/warn/Warray-bounds-11.C  -std=gnu++14  (test for warnings, line 50)
FAIL: g++.dg/warn/Warray-bounds-11.C  -std=gnu++14  (test for warnings, line 51)
FAIL: g++.dg/warn/Warray-bounds-11.C  -std=gnu++14  (test for warnings, line 52)
FAIL: g++.dg/warn/Warray-bounds-11.C  -std=gnu++14  (test for warnings, line 61)
FAIL: g++.dg/warn/Warray-bounds-11.C  -std=gnu++14  (test for warnings, line 62)
FAIL: g++.dg/warn/Warray-bounds-11.C  -std=gnu++14  (test for warnings, line 63)
FAIL: g++.dg/warn/Warray-bounds-11.C  -std=gnu++14 (test for excess errors)
FAIL: g++.dg/warn/Warray-bounds-11.C  -std=gnu++17  (test for warnings, line 24)
FAIL: g++.dg/warn/Warray-bounds-11.C  -std=gnu++17  (test for warnings, line 25)
FAIL: g++.dg/warn/Warray-bounds-11.C  -std=gnu++17  (test for warnings, line 26)
FAIL: g++.dg/warn/Warray-bounds-11.C  -std=gnu++17  (test for warnings, line 35)
FAIL: g++.dg/warn/Warray-bounds-11.C  -std=gnu++17  (test for warnings, line 36)
FAIL: g++.dg/warn/Warray-bounds-11.C  -std=gnu++17  (test for warnings, line 37)
FAIL: g++.dg/warn/Warray-bounds-11.C  -std=gnu++17  (test for warnings, line 50)
FAIL: g++.dg/warn/Warray-bounds-11.C  -std=gnu++17  (test for warnings, line 51)
FAIL: g++.dg/warn/Warray-bounds-11.C  -std=gnu++17  (test for warnings, line 52)
FAIL: g++.dg/warn/Warray-bounds-11.C  -std=gnu++17  (test for warnings, line 61)
FAIL: g++.dg/warn/Warray-bounds-11.C  -std=gnu++17  (test for warnings, line 62)
FAIL: g++.dg/warn/Warray-bounds-11.C  -std=gnu++17  (test for warnings, line 63)
FAIL: g++.dg/warn/Warray-bounds-11.C  -std=gnu++17 (test for excess errors)
FAIL: g++.dg/warn/Warray-bounds-11.C  -std=gnu++2a  (test for warnings, line 24)
FAIL: g++.dg/warn/Warray-bounds-11.C  -std=gnu++2a  (test for warnings, line 25)
FAIL: g++.dg/warn/Warray-bounds-11.C  -std=gnu++2a  (test for warnings, line 26)
FAIL: g++.dg/warn/Warray-bounds-11.C  -std=gnu++2a  (test for warnings, line 35)
FAIL: g++.dg/warn/Warray-bounds-11.C  -std=gnu++2a  (test for warnings, line 36)
FAIL: g++.dg/warn/Warray-bounds-11.C  -std=gnu++2a  (test for warnings, line 37)
FAIL: g++.dg/warn/Warray-bounds-11.C  -std=gnu++2a  (test for warnings, line 50)
FAIL: g++.dg/warn/Warray-bounds-11.C  -std=gnu++2a  (test for warnings, line 51)
FAIL: g++.dg/warn/Warray-bounds-11.C  -std=gnu++2a  (test for warnings, line 52)
FAIL: g++.dg/warn/Warray-bounds-11.C  -std=gnu++2a  (test for warnings, line 61)
FAIL: g++.dg/warn/Warray-bounds-11.C  -std=gnu++2a  (test for warnings, line 62)
FAIL: g++.dg/warn/Warray-bounds-11.C  -std=gnu++2a  (test for warnings, line 63)
FAIL: g++.dg/warn/Warray-bounds-11.C  -std=gnu++2a (test for excess errors)
FAIL: g++.dg/warn/Warray-bounds-11.C  -std=gnu++98  (test for warnings, line 24)
FAIL: g++.dg/warn/Warray-bounds-11.C  -std=gnu++98  (test for warnings, line 25)
FAIL: g++.dg/warn/Warray-bounds-11.C  -std=gnu++98  (test for warnings, line 26)
FAIL: g++.dg/warn/Warray-bounds-11.C  -std=gnu++98  (test for warnings, line 35)
FAIL: g++.dg/warn/Warray-bounds-11.C  -std=gnu++98  (test for warnings, line 36)
FAIL: g++.dg/warn/Warray-bounds-11.C  -std=gnu++98  (test for warnings, line 37)
FAIL: g++.dg/warn/Warray-bounds-11.C  -std=gnu++98  (test for warnings, line 50)
FAIL: g++.dg/warn/Warray-bounds-11.C  -std=gnu++98  (test for warnings, line 51)
FAIL: g++.dg/warn/Warray-bounds-11.C  -std=gnu++98  (test for warnings, line 52)
FAIL: g++.dg/warn/Warray-bounds-11.C  -std=gnu++98  (test for warnings, line 61)
FAIL: g++.dg/warn/Warray-bounds-11.C  -std=gnu++98  (test for warnings, line 62)
FAIL: g++.dg/warn/Warray-bounds-11.C  -std=gnu++98  (test for warnings, line 63)
FAIL: g++.dg/warn/Warray-bounds-11.C  -std=gnu++98 (test for excess errors)
FAIL: g++.dg/warn/Warray-bounds-12.C  -std=gnu++14  (test for warnings, line 24)
FAIL: g++.dg/warn/Warray-bounds-12.C  -std=gnu++14  (test for warnings, line 25)
FAIL: g++.dg/warn/Warray-bounds-12.C  -std=gnu++14  (test for warnings, line 26)
FAIL: g++.dg/warn/Warray-bounds-12.C  -std=gnu++14  (test for warnings, line 35)
FAIL: g++.dg/warn/Warray-bounds-12.C  -std=gnu++14  (test for warnings, line 36)
FAIL: g++.dg/warn/Warray-bounds-12.C  -std=gnu++14  (test for warnings, line 37)
FAIL: g++.dg/warn/Warray-bounds-12.C  -std=gnu++14  (test for warnings, line 50)
FAIL: g++.dg/warn/Warray-bounds-12.C  -std=gnu++14  (test for warnings, line 51)
FAIL: g++.dg/warn/Warray-bounds-12.C  -std=gnu++14  (test for warnings, line 52)
FAIL: g++.dg/warn/Warray-bounds-12.C  -std=gnu++14  (test for warnings, line 61)
FAIL: g++.dg/warn/Warray-bounds-12.C  -std=gnu++14  (test for warnings, line 62)
FAIL: g++.dg/warn/Warray-bounds-12.C  -std=gnu++14  (test for warnings, line 63)
FAIL: g++.dg/warn/Warray-bounds-12.C  -std=gnu++14 (test for excess errors)
FAIL: g++.dg/warn/Warray-bounds-12.C  -std=gnu++17  (test for warnings, line 24)
FAIL: g++.dg/warn/Warray-bounds-12.C  -std=gnu++17  (test for warnings, line 25)
FAIL: g++.dg/warn/Warray-bounds-12.C  -std=gnu++17  (test for warnings, line 26)
FAIL: g++.dg/warn/Warray-bounds-12.C  -std=gnu++17  (test for warnings, line 35)
FAIL: g++.dg/warn/Warray-bounds-12.C  -std=gnu++17  (test for warnings, line 36)
FAIL: g++.dg/warn/Warray-bounds-12.C  -std=gnu++17  (test for warnings, line 37)
FAIL: g++.dg/warn/Warray-bounds-12.C  -std=gnu++17  (test for warnings, line 50)
FAIL: g++.dg/warn/Warray-bounds-12.C  -std=gnu++17  (test for warnings, line 51)
FAIL: g++.dg/warn/Warray-bounds-12.C  -std=gnu++17  (test for warnings, line 52)
FAIL: g++.dg/warn/Warray-bounds-12.C  -std=gnu++17  (test for warnings, line 61)
FAIL: g++.dg/warn/Warray-bounds-12.C  -std=gnu++17  (test for warnings, line 62)
FAIL: g++.dg/warn/Warray-bounds-12.C  -std=gnu++17  (test for warnings, line 63)
FAIL: g++.dg/warn/Warray-bounds-12.C  -std=gnu++17 (test for excess errors)
FAIL: g++.dg/warn/Warray-bounds-12.C  -std=gnu++2a  (test for warnings, line 24)
FAIL: g++.dg/warn/Warray-bounds-12.C  -std=gnu++2a  (test for warnings, line 25)
FAIL: g++.dg/warn/Warray-bounds-12.C  -std=gnu++2a  (test for warnings, line 26)
FAIL: g++.dg/warn/Warray-bounds-12.C  -std=gnu++2a  (test for warnings, line 35)
FAIL: g++.dg/warn/Warray-bounds-12.C  -std=gnu++2a  (test for warnings, line 36)
FAIL: g++.dg/warn/Warray-bounds-12.C  -std=gnu++2a  (test for warnings, line 37)
FAIL: g++.dg/warn/Warray-bounds-12.C  -std=gnu++2a  (test for warnings, line 50)
FAIL: g++.dg/warn/Warray-bounds-12.C  -std=gnu++2a  (test for warnings, line 51)
FAIL: g++.dg/warn/Warray-bounds-12.C  -std=gnu++2a  (test for warnings, line 52)
FAIL: g++.dg/warn/Warray-bounds-12.C  -std=gnu++2a  (test for warnings, line 61)
FAIL: g++.dg/warn/Warray-bounds-12.C  -std=gnu++2a  (test for warnings, line 62)
FAIL: g++.dg/warn/Warray-bounds-12.C  -std=gnu++2a  (test for warnings, line 63)
FAIL: g++.dg/warn/Warray-bounds-12.C  -std=gnu++2a (test for excess errors)
FAIL: g++.dg/warn/Warray-bounds-12.C  -std=gnu++98  (test for warnings, line 24)
FAIL: g++.dg/warn/Warray-bounds-12.C  -std=gnu++98  (test for warnings, line 25)
FAIL: g++.dg/warn/Warray-bounds-12.C  -std=gnu++98  (test for warnings, line 26)
FAIL: g++.dg/warn/Warray-bounds-12.C  -std=gnu++98  (test for warnings, line 35)
FAIL: g++.dg/warn/Warray-bounds-12.C  -std=gnu++98  (test for warnings, line 36)
FAIL: g++.dg/warn/Warray-bounds-12.C  -std=gnu++98  (test for warnings, line 37)
FAIL: g++.dg/warn/Warray-bounds-12.C  -std=gnu++98  (test for warnings, line 50)
FAIL: g++.dg/warn/Warray-bounds-12.C  -std=gnu++98  (test for warnings, line 51)
FAIL: g++.dg/warn/Warray-bounds-12.C  -std=gnu++98  (test for warnings, line 52)
FAIL: g++.dg/warn/Warray-bounds-12.C  -std=gnu++98  (test for warnings, line 61)
FAIL: g++.dg/warn/Warray-bounds-12.C  -std=gnu++98  (test for warnings, line 62)
FAIL: g++.dg/warn/Warray-bounds-12.C  -std=gnu++98  (test for warnings, line 63)
FAIL: g++.dg/warn/Warray-bounds-12.C  -std=gnu++98 (test for excess errors)
FAIL: g++.dg/warn/Warray-bounds-13.C  -std=gnu++14  (test for warnings, line 28)
FAIL: g++.dg/warn/Warray-bounds-13.C  -std=gnu++14  (test for warnings, line 29)
FAIL: g++.dg/warn/Warray-bounds-13.C  -std=gnu++14  (test for warnings, line 30)
FAIL: g++.dg/warn/Warray-bounds-13.C  -std=gnu++14  (test for warnings, line 39)
FAIL: g++.dg/warn/Warray-bounds-13.C  -std=gnu++14  (test for warnings, line 40)
FAIL: g++.dg/warn/Warray-bounds-13.C  -std=gnu++14  (test for warnings, line 41)
FAIL: g++.dg/warn/Warray-bounds-13.C  -std=gnu++14  (test for warnings, line 54)
FAIL: g++.dg/warn/Warray-bounds-13.C  -std=gnu++14  (test for warnings, line 55)
FAIL: g++.dg/warn/Warray-bounds-13.C  -std=gnu++14  (test for warnings, line 56)
FAIL: g++.dg/warn/Warray-bounds-13.C  -std=gnu++14  (test for warnings, line 65)
FAIL: g++.dg/warn/Warray-bounds-13.C  -std=gnu++14  (test for warnings, line 66)
FAIL: g++.dg/warn/Warray-bounds-13.C  -std=gnu++14  (test for warnings, line 67)
FAIL: g++.dg/warn/Warray-bounds-13.C  -std=gnu++14 (test for excess errors)
FAIL: g++.dg/warn/Warray-bounds-13.C  -std=gnu++17  (test for warnings, line 28)
FAIL: g++.dg/warn/Warray-bounds-13.C  -std=gnu++17  (test for warnings, line 29)
FAIL: g++.dg/warn/Warray-bounds-13.C  -std=gnu++17  (test for warnings, line 30)
FAIL: g++.dg/warn/Warray-bounds-13.C  -std=gnu++17  (test for warnings, line 39)
FAIL: g++.dg/warn/Warray-bounds-13.C  -std=gnu++17  (test for warnings, line 40)
FAIL: g++.dg/warn/Warray-bounds-13.C  -std=gnu++17  (test for warnings, line 41)
FAIL: g++.dg/warn/Warray-bounds-13.C  -std=gnu++17  (test for warnings, line 54)
FAIL: g++.dg/warn/Warray-bounds-13.C  -std=gnu++17  (test for warnings, line 55)
FAIL: g++.dg/warn/Warray-bounds-13.C  -std=gnu++17  (test for warnings, line 56)
FAIL: g++.dg/warn/Warray-bounds-13.C  -std=gnu++17  (test for warnings, line 65)
FAIL: g++.dg/warn/Warray-bounds-13.C  -std=gnu++17  (test for warnings, line 66)
FAIL: g++.dg/warn/Warray-bounds-13.C  -std=gnu++17  (test for warnings, line 67)
FAIL: g++.dg/warn/Warray-bounds-13.C  -std=gnu++17 (test for excess errors)
FAIL: g++.dg/warn/Warray-bounds-13.C  -std=gnu++2a  (test for warnings, line 28)
FAIL: g++.dg/warn/Warray-bounds-13.C  -std=gnu++2a  (test for warnings, line 29)
FAIL: g++.dg/warn/Warray-bounds-13.C  -std=gnu++2a  (test for warnings, line 30)
FAIL: g++.dg/warn/Warray-bounds-13.C  -std=gnu++2a  (test for warnings, line 39)
FAIL: g++.dg/warn/Warray-bounds-13.C  -std=gnu++2a  (test for warnings, line 40)
FAIL: g++.dg/warn/Warray-bounds-13.C  -std=gnu++2a  (test for warnings, line 41)
FAIL: g++.dg/warn/Warray-bounds-13.C  -std=gnu++2a  (test for warnings, line 54)
FAIL: g++.dg/warn/Warray-bounds-13.C  -std=gnu++2a  (test for warnings, line 55)
FAIL: g++.dg/warn/Warray-bounds-13.C  -std=gnu++2a  (test for warnings, line 56)
FAIL: g++.dg/warn/Warray-bounds-13.C  -std=gnu++2a  (test for warnings, line 65)
FAIL: g++.dg/warn/Warray-bounds-13.C  -std=gnu++2a  (test for warnings, line 66)
FAIL: g++.dg/warn/Warray-bounds-13.C  -std=gnu++2a  (test for warnings, line 67)
FAIL: g++.dg/warn/Warray-bounds-13.C  -std=gnu++2a (test for excess errors)
FAIL: g++.dg/warn/Warray-bounds-13.C  -std=gnu++98  (test for warnings, line 28)
FAIL: g++.dg/warn/Warray-bounds-13.C  -std=gnu++98  (test for warnings, line 29)
FAIL: g++.dg/warn/Warray-bounds-13.C  -std=gnu++98  (test for warnings, line 30)
FAIL: g++.dg/warn/Warray-bounds-13.C  -std=gnu++98  (test for warnings, line 39)
FAIL: g++.dg/warn/Warray-bounds-13.C  -std=gnu++98  (test for warnings, line 40)
FAIL: g++.dg/warn/Warray-bounds-13.C  -std=gnu++98  (test for warnings, line 41)
FAIL: g++.dg/warn/Warray-bounds-13.C  -std=gnu++98  (test for warnings, line 54)
FAIL: g++.dg/warn/Warray-bounds-13.C  -std=gnu++98  (test for warnings, line 55)
FAIL: g++.dg/warn/Warray-bounds-13.C  -std=gnu++98  (test for warnings, line 56)
FAIL: g++.dg/warn/Warray-bounds-13.C  -std=gnu++98  (test for warnings, line 65)
FAIL: g++.dg/warn/Warray-bounds-13.C  -std=gnu++98  (test for warnings, line 66)
FAIL: g++.dg/warn/Warray-bounds-13.C  -std=gnu++98  (test for warnings, line 67)
FAIL: g++.dg/warn/Warray-bounds-13.C  -std=gnu++98 (test for excess errors)
FAIL: g++.dg/warn/Wpadded-1.C  -std=gnu++14  (test for warnings, line 6)
FAIL: g++.dg/warn/Wpadded-1.C  -std=gnu++17  (test for warnings, line 6)
FAIL: g++.dg/warn/Wpadded-1.C  -std=gnu++2a  (test for warnings, line 6)
FAIL: g++.dg/warn/Wpadded-1.C  -std=gnu++98  (test for warnings, line 6)
FAIL: g++.dg/warn/Wplacement-new-size-1.C  -std=gnu++14 (test for excess errors)
FAIL: g++.dg/warn/Wplacement-new-size-1.C  -std=gnu++17 (test for excess errors)
FAIL: g++.dg/warn/Wplacement-new-size-1.C  -std=gnu++2a (test for excess errors)
FAIL: g++.dg/warn/Wplacement-new-size-1.C  -std=gnu++98 (test for excess errors)
FAIL: g++.dg/warn/Wplacement-new-size-2.C  -std=gnu++14 (test for excess errors)
FAIL: g++.dg/warn/Wplacement-new-size-2.C  -std=gnu++17 (test for excess errors)
FAIL: g++.dg/warn/Wplacement-new-size-2.C  -std=gnu++2a (test for excess errors)
FAIL: g++.dg/warn/Wplacement-new-size-2.C  -std=gnu++98 (test for excess errors)
FAIL: g++.dg/warn/Wplacement-new-size-6.C  -std=gnu++14 (test for excess errors)
FAIL: g++.dg/warn/Wplacement-new-size-6.C  -std=gnu++17 (test for excess errors)
FAIL: g++.dg/warn/Wplacement-new-size-6.C  -std=gnu++2a (test for excess errors)
FAIL: g++.dg/warn/Wplacement-new-size-6.C  -std=gnu++98 (test for excess errors)
FAIL: g++.dg/warn/Wstringop-overflow-6.C  -std=gnu++14 (test for excess errors)
FAIL: g++.dg/warn/Wstringop-overflow-6.C  -std=gnu++17 (test for excess errors)
FAIL: g++.dg/warn/Wstringop-overflow-6.C  -std=gnu++2a (test for excess errors)
FAIL: g++.dg/torture/pr81812.C   -O0  (test for excess errors)
FAIL: g++.dg/torture/pr81812.C   -O1  (test for excess errors)
FAIL: g++.dg/torture/pr81812.C   -O2  (test for excess errors)
FAIL: g++.dg/torture/pr81812.C   -O2 -flto -fno-use-linker-plugin -flto-partition=none  (test for excess errors)
FAIL: g++.dg/torture/pr81812.C   -O2 -flto -fuse-linker-plugin -fno-fat-lto-objects  (test for excess errors)
FAIL: g++.dg/torture/pr81812.C   -O3 -g  (test for excess errors)
FAIL: g++.dg/torture/pr81812.C   -Os  (test for excess errors)
FAIL: g++.old-deja/g++.jason/thunk3.C  -std=c++14 (test for excess errors)
UNRESOLVED: g++.old-deja/g++.jason/thunk3.C  -std=c++14 compilation failed to produce executable
FAIL: g++.old-deja/g++.jason/thunk3.C  -std=c++17 (test for excess errors)
UNRESOLVED: g++.old-deja/g++.jason/thunk3.C  -std=c++17 compilation failed to produce executable
FAIL: g++.old-deja/g++.jason/thunk3.C  -std=c++2a (test for excess errors)
UNRESOLVED: g++.old-deja/g++.jason/thunk3.C  -std=c++2a compilation failed to produce executable
FAIL: g++.old-deja/g++.jason/thunk3.C  -std=c++98 (test for excess errors)
UNRESOLVED: g++.old-deja/g++.jason/thunk3.C  -std=c++98 compilation failed to produce executable
FAIL: g++.old-deja/g++.pt/ptrmem6.C  -std=c++14  (test for errors, line 28)
FAIL: g++.old-deja/g++.pt/ptrmem6.C  -std=c++17  (test for errors, line 28)
FAIL: g++.old-deja/g++.pt/ptrmem6.C  -std=c++2a  (test for errors, line 28)

		=== g++ Summary ===

# of expected passes		159601
# of unexpected failures	326
# of expected failures		649
# of unresolved testcases	11
# of unsupported tests		9391
/home/dinux/projects/pru/testbot-workspace/pru-gcc-build/gcc/xg++  version 11.0.0 20201204 (experimental) [tags/buildbot-daily-20201204-0811 revision 61371884fb6:dbb9526c80d:b8dd0ef74dd799a0a6d35e912239f0819912890f] (GCC) 


Compiler version: 11.0.0 20201204 (experimental) [tags/buildbot-daily-20201204-0811 revision 61371884fb6:dbb9526c80d:b8dd0ef74dd799a0a6d35e912239f0819912890f] (GCC) 
Platform: pru-unknown-elf
configure flags: --prefix=/home/dinux/projects/pru/testbot-workspace/pru-opt --target=pru --with-newlib --enable-languages=c,c++ --enable-checking=yes,rtl


More information about the Gcc-testresults mailing list