Results for 9.3.1 (DEFMODE=default DEFCPU=default DEFFPU=default TESTFLAGS=) [r9-9096] (GCC) testsuite on aarch64_be-none-elf

Christophe LYON christophe.lyon@st.com
Thu Dec 3 22:56:16 GMT 2020


LAST_UPDATED: Thu Dec  3 21:45:07 UTC 2020 (revision r9-9096-g521c839fad4e4a30cdadda254fb3f07706285033) TARGET=aarch64_be-none-elf CPU=default FPU=default MODE=default

Target is aarch64_be-none-elf
Host   is aarch64_be-none-elf

		=== libstdc++ tests ===


Running target aarch64-none-elf-foundation
XPASS: 21_strings/basic_string/numeric_conversions/char/stod.cc execution test
XPASS: 21_strings/basic_string/numeric_conversions/wchar_t/stod.cc execution test
FAIL: 22_locale/money_get/get/char/5.cc execution test
FAIL: 22_locale/money_get/get/wchar_t/5.cc execution test
FAIL: 22_locale/num_get/get/char/39168.cc execution test
FAIL: 22_locale/num_get/get/char/4.cc execution test
FAIL: 22_locale/num_get/get/wchar_t/39168.cc execution test
FAIL: 22_locale/num_get/get/wchar_t/4.cc execution test
FAIL: 26_numerics/complex/inserters_extractors/char/1.cc execution test
FAIL: 26_numerics/complex/inserters_extractors/wchar_t/1.cc execution test
FAIL: 26_numerics/complex/proj.cc execution test
FAIL: 27_io/basic_istream/extractors_arithmetic/char/01.cc execution test
FAIL: 27_io/basic_istream/extractors_arithmetic/char/12.cc execution test
FAIL: 27_io/basic_istream/extractors_arithmetic/wchar_t/01.cc execution test
FAIL: 27_io/basic_istream/extractors_arithmetic/wchar_t/12.cc execution test

		=== libstdc++ Summary ===

# of expected passes		11131
# of unexpected failures	13
# of unexpected successes	2
# of expected failures		81
# of unsupported tests		900
Host   is x86_64-pc-linux-gnu

		=== gcc tests ===


Running target aarch64-none-elf-foundation
FAIL: gcc.dg/Warray-bounds-30.c  (test for warnings, line 133)
FAIL: gcc.dg/Warray-bounds-30.c  (test for warnings, line 149)
FAIL: gcc.dg/torture/fp-int-convert-timode-1.c   -O0  (test for excess errors)
UNRESOLVED: gcc.dg/torture/fp-int-convert-timode-1.c   -O0  compilation failed to produce executable
FAIL: gcc.dg/torture/fp-int-convert-timode-1.c   -O1  (test for excess errors)
UNRESOLVED: gcc.dg/torture/fp-int-convert-timode-1.c   -O1  compilation failed to produce executable
FAIL: gcc.dg/torture/fp-int-convert-timode-1.c   -O2  (test for excess errors)
UNRESOLVED: gcc.dg/torture/fp-int-convert-timode-1.c   -O2  compilation failed to produce executable
FAIL: gcc.dg/torture/fp-int-convert-timode-1.c   -O2 -flto -fno-use-linker-plugin -flto-partition=none  (test for excess errors)
UNRESOLVED: gcc.dg/torture/fp-int-convert-timode-1.c   -O2 -flto -fno-use-linker-plugin -flto-partition=none  compilation failed to produce executable
FAIL: gcc.dg/torture/fp-int-convert-timode-1.c   -O2 -flto -fuse-linker-plugin -fno-fat-lto-objects  (test for excess errors)
UNRESOLVED: gcc.dg/torture/fp-int-convert-timode-1.c   -O2 -flto -fuse-linker-plugin -fno-fat-lto-objects  compilation failed to produce executable
FAIL: gcc.dg/torture/fp-int-convert-timode-1.c   -O3 -g  (test for excess errors)
UNRESOLVED: gcc.dg/torture/fp-int-convert-timode-1.c   -O3 -g  compilation failed to produce executable
FAIL: gcc.dg/torture/fp-int-convert-timode-1.c   -Os  (test for excess errors)
UNRESOLVED: gcc.dg/torture/fp-int-convert-timode-1.c   -Os  compilation failed to produce executable
FAIL: gcc.dg/vect/slp-46.c -flto -ffat-lto-objects  scan-tree-dump-times vect "vectorizing stmts using SLP" 2
FAIL: gcc.dg/vect/slp-46.c scan-tree-dump-times vect "vectorizing stmts using SLP" 2
FAIL: gcc.target/aarch64/insv_2.c scan-assembler bfi\\tx[0-9]+, x[0-9]+, 43, 5
FAIL: gcc.target/aarch64/insv_2.c scan-assembler movk\\tx[0-9]+, 0x1d6b, lsl 16
FAIL: gcc.target/aarch64/lsl_asr_sbfiz.c scan-assembler sbfiz\\tw
FAIL: gcc.target/aarch64/sve/tls_preserve_1.c -march=armv8.2-a+sve  scan-assembler-not \\\\tst[rp]\\\\t[dqv]
FAIL: gcc.target/aarch64/sve/tls_preserve_2.c -march=armv8.2-a+sve  scan-assembler-times \\\\tstr\\\\tz[0-9]+, 3
FAIL: gcc.target/aarch64/sve/tls_preserve_3.c -march=armv8.2-a+sve  scan-assembler-times \\\\tstr\\\\tz[0-9]+, 3

		=== gcc Summary ===

# of expected passes		121351
# of unexpected failures	17
# of expected failures		534
# of unresolved testcases	7
# of unsupported tests		3560
/tmp/8659100_35.tmpdir/aci-gcc-fsf/builds/gcc-fsf-gccsrc/obj-aarch64_be-none-elf/gcc3/gcc/xgcc  version 9.3.1  (DEFMODE=default DEFCPU=default DEFFPU=default TESTFLAGS=) [r9-9096] (GCC) 

Host   is x86_64-pc-linux-gnu

		=== g++ tests ===


Running target aarch64-none-elf-foundation
FAIL: g++.dg/lto/pr87906 cp_lto_pr87906_0.o-cp_lto_pr87906_1.o link,  -O -fPIC -flto 

		=== g++ Summary ===

# of expected passes		111035
# of unexpected failures	1
# of expected failures		432
# of unsupported tests		6343
/tmp/8659100_35.tmpdir/aci-gcc-fsf/builds/gcc-fsf-gccsrc/obj-aarch64_be-none-elf/gcc3/gcc/xg++  version 9.3.1  (DEFMODE=default DEFCPU=default DEFFPU=default TESTFLAGS=) [r9-9096] (GCC) 


Compiler version: 9.3.1 (DEFMODE=default DEFCPU=default DEFFPU=default TESTFLAGS=) [r9-9096] (GCC) 
Platform: aarch64_be-none-elf
configure flags: --target=aarch64_be-none-elf --prefix=/tmp/8659100_35.tmpdir/aci-gcc-fsf/builds/gcc-fsf-gccsrc/tools --with-sysroot=/tmp/8659100_35.tmpdir/aci-gcc-fsf/builds/gcc-fsf-gccsrc/sysroot-aarch64_be-none-elf --disable-nls --disable-libgomp --disable-libmudflap --disable-libcilkrts --enable-checking --enable-languages=c,c++ --with-newlib --disable-tls


More information about the Gcc-testresults mailing list