Results for 10.2.0 (Debian 10.2.0-21) testsuite on x86_64-pc-linux-gnu

Matthias Klose doko@debian.org
Thu Dec 3 17:54:40 GMT 2020


LAST_UPDATED: Obtained from git: releases/gcc-10.2.0 revision ee5c3db6c5b2c3332912fb4c9cfa2864569ebd9a

		=== acats tests ===

		=== acats Summary ===
# of expected passes		2320
# of unexpected failures	0
Native configuration is x86_64-pc-linux-gnu

		=== brig tests ===


Running target unix

		=== brig Summary for unix ===

# of unsupported tests		1

Running target unix/-fstack-protector

		=== brig Summary for unix/-fstack-protector ===

# of unsupported tests		1

		=== brig Summary ===

# of unsupported tests		2
		=== g++ tests ===


Running target unix
FAIL: g++.dg/guality/pr55665.C   -O2 -flto -fno-use-linker-plugin -flto-partition=none  line 23 p == 40

		=== g++ Summary for unix ===

# of expected passes		194592
# of unexpected failures	1
# of expected failures		905
# of unsupported tests		8097

Running target unix/-fstack-protector
FAIL: g++.dg/guality/pr55665.C   -O2 -flto -fno-use-linker-plugin -flto-partition=none  line 23 p == 40

		=== g++ Summary for unix/-fstack-protector ===

# of expected passes		194592
# of unexpected failures	1
# of expected failures		905
# of unsupported tests		8097

		=== g++ Summary ===

# of expected passes		389184
# of unexpected failures	2
# of expected failures		1810
# of unsupported tests		16194
/build/gcc-10-kNWtve/gcc-10-10.2.0/build/gcc/xg++  version 10.2.0 (Debian 10.2.0-21) 

		=== gcc tests ===


Running target unix
FAIL: gcc.dg/debug/dwarf2/pr97060.c scan-assembler-times DW_AT_declaration 2
XPASS: gcc.dg/guality/example.c   -O0  execution test
XPASS: gcc.dg/guality/example.c   -O1  -DPREVENT_OPTIMIZATION  execution test
XPASS: gcc.dg/guality/example.c  -Og -DPREVENT_OPTIMIZATION  execution test
XPASS: gcc.dg/guality/example.c   -O2 -flto -fno-use-linker-plugin -flto-partition=none  -DPREVENT_OPTIMIZATION execution test
XPASS: gcc.dg/guality/guality.c   -O0  execution test
XPASS: gcc.dg/guality/guality.c   -O1  -DPREVENT_OPTIMIZATION  execution test
XPASS: gcc.dg/guality/guality.c   -O2  -DPREVENT_OPTIMIZATION  execution test
XPASS: gcc.dg/guality/guality.c   -O3 -g  -DPREVENT_OPTIMIZATION  execution test
XPASS: gcc.dg/guality/guality.c   -Os  -DPREVENT_OPTIMIZATION  execution test
XPASS: gcc.dg/guality/guality.c  -Og -DPREVENT_OPTIMIZATION  execution test
XPASS: gcc.dg/guality/guality.c   -O2 -flto -fno-use-linker-plugin -flto-partition=none  -DPREVENT_OPTIMIZATION execution test
XPASS: gcc.dg/guality/guality.c   -O2 -flto -fuse-linker-plugin -fno-fat-lto-objects  -DPREVENT_OPTIMIZATION execution test
XPASS: gcc.dg/guality/inline-params.c   -O2  -DPREVENT_OPTIMIZATION  execution test
XPASS: gcc.dg/guality/inline-params.c   -O3 -g  -DPREVENT_OPTIMIZATION  execution test
XPASS: gcc.dg/guality/inline-params.c   -Os  -DPREVENT_OPTIMIZATION  execution test
XPASS: gcc.dg/guality/inline-params.c   -O2 -flto -fno-use-linker-plugin -flto-partition=none  -DPREVENT_OPTIMIZATION execution test
XPASS: gcc.dg/guality/inline-params.c   -O2 -flto -fuse-linker-plugin -fno-fat-lto-objects  -DPREVENT_OPTIMIZATION execution test
FAIL: gcc.dg/guality/loop-1.c   -O3 -fomit-frame-pointer -funroll-loops -fpeel-loops -ftracer -finline-functions  -DPREVENT_OPTIMIZATION  line 20 i == 1
FAIL: gcc.dg/guality/pr36728-1.c   -O3 -g  -DPREVENT_OPTIMIZATION  line 16 arg1 == 1
FAIL: gcc.dg/guality/pr36728-1.c   -O3 -g  -DPREVENT_OPTIMIZATION  line 16 arg2 == 2
FAIL: gcc.dg/guality/pr36728-1.c   -O3 -g  -DPREVENT_OPTIMIZATION  line 16 arg3 == 3
FAIL: gcc.dg/guality/pr36728-1.c   -O3 -g  -DPREVENT_OPTIMIZATION  line 16 arg4 == 4
FAIL: gcc.dg/guality/pr36728-1.c   -O3 -g  -DPREVENT_OPTIMIZATION  line 16 arg5 == 5
FAIL: gcc.dg/guality/pr36728-1.c   -O3 -g  -DPREVENT_OPTIMIZATION  line 16 arg6 == 6
FAIL: gcc.dg/guality/pr36728-1.c   -O3 -g  -DPREVENT_OPTIMIZATION  line 16 arg7 == 30
FAIL: gcc.dg/guality/pr36728-1.c   -O3 -g  -DPREVENT_OPTIMIZATION  line 18 arg1 == 1
FAIL: gcc.dg/guality/pr36728-1.c   -O3 -g  -DPREVENT_OPTIMIZATION  line 18 arg2 == 2
FAIL: gcc.dg/guality/pr36728-1.c   -O3 -g  -DPREVENT_OPTIMIZATION  line 18 arg3 == 3
FAIL: gcc.dg/guality/pr36728-1.c   -O3 -g  -DPREVENT_OPTIMIZATION  line 18 arg4 == 4
FAIL: gcc.dg/guality/pr36728-1.c   -O3 -g  -DPREVENT_OPTIMIZATION  line 18 arg5 == 5
FAIL: gcc.dg/guality/pr36728-1.c   -O3 -g  -DPREVENT_OPTIMIZATION  line 18 arg6 == 6
FAIL: gcc.dg/guality/pr36728-1.c   -O3 -g  -DPREVENT_OPTIMIZATION  line 18 arg7 == 30
FAIL: gcc.dg/guality/pr36728-1.c   -O2 -flto -fno-use-linker-plugin -flto-partition=none  -DPREVENT_OPTIMIZATION line 16 arg3 == 3
FAIL: gcc.dg/guality/pr36728-1.c   -O2 -flto -fno-use-linker-plugin -flto-partition=none  -DPREVENT_OPTIMIZATION line 16 arg4 == 4
FAIL: gcc.dg/guality/pr36728-1.c   -O2 -flto -fno-use-linker-plugin -flto-partition=none  -DPREVENT_OPTIMIZATION line 18 arg3 == 3
FAIL: gcc.dg/guality/pr36728-1.c   -O2 -flto -fno-use-linker-plugin -flto-partition=none  -DPREVENT_OPTIMIZATION line 18 arg4 == 4
FAIL: gcc.dg/guality/pr36728-1.c   -O2 -flto -fuse-linker-plugin -fno-fat-lto-objects  -DPREVENT_OPTIMIZATION line 16 arg1 == 1
FAIL: gcc.dg/guality/pr36728-1.c   -O2 -flto -fuse-linker-plugin -fno-fat-lto-objects  -DPREVENT_OPTIMIZATION line 16 arg2 == 2
FAIL: gcc.dg/guality/pr36728-1.c   -O2 -flto -fuse-linker-plugin -fno-fat-lto-objects  -DPREVENT_OPTIMIZATION line 16 arg3 == 3
FAIL: gcc.dg/guality/pr36728-1.c   -O2 -flto -fuse-linker-plugin -fno-fat-lto-objects  -DPREVENT_OPTIMIZATION line 16 arg4 == 4
FAIL: gcc.dg/guality/pr36728-1.c   -O2 -flto -fuse-linker-plugin -fno-fat-lto-objects  -DPREVENT_OPTIMIZATION line 16 arg5 == 5
FAIL: gcc.dg/guality/pr36728-1.c   -O2 -flto -fuse-linker-plugin -fno-fat-lto-objects  -DPREVENT_OPTIMIZATION line 16 arg6 == 6
FAIL: gcc.dg/guality/pr36728-1.c   -O2 -flto -fuse-linker-plugin -fno-fat-lto-objects  -DPREVENT_OPTIMIZATION line 16 arg7 == 30
FAIL: gcc.dg/guality/pr36728-1.c   -O2 -flto -fuse-linker-plugin -fno-fat-lto-objects  -DPREVENT_OPTIMIZATION line 18 arg1 == 1
FAIL: gcc.dg/guality/pr36728-1.c   -O2 -flto -fuse-linker-plugin -fno-fat-lto-objects  -DPREVENT_OPTIMIZATION line 18 arg2 == 2
FAIL: gcc.dg/guality/pr36728-1.c   -O2 -flto -fuse-linker-plugin -fno-fat-lto-objects  -DPREVENT_OPTIMIZATION line 18 arg3 == 3
FAIL: gcc.dg/guality/pr36728-1.c   -O2 -flto -fuse-linker-plugin -fno-fat-lto-objects  -DPREVENT_OPTIMIZATION line 18 arg4 == 4
FAIL: gcc.dg/guality/pr36728-1.c   -O2 -flto -fuse-linker-plugin -fno-fat-lto-objects  -DPREVENT_OPTIMIZATION line 18 arg5 == 5
FAIL: gcc.dg/guality/pr36728-1.c   -O2 -flto -fuse-linker-plugin -fno-fat-lto-objects  -DPREVENT_OPTIMIZATION line 18 arg6 == 6
FAIL: gcc.dg/guality/pr36728-1.c   -O2 -flto -fuse-linker-plugin -fno-fat-lto-objects  -DPREVENT_OPTIMIZATION line 18 arg7 == 30
FAIL: gcc.dg/guality/pr36728-2.c   -O3 -g  -DPREVENT_OPTIMIZATION  line 16 arg1 == 1
FAIL: gcc.dg/guality/pr36728-2.c   -O3 -g  -DPREVENT_OPTIMIZATION  line 16 arg2 == 2
FAIL: gcc.dg/guality/pr36728-2.c   -O3 -g  -DPREVENT_OPTIMIZATION  line 16 arg3 == 3
FAIL: gcc.dg/guality/pr36728-2.c   -O3 -g  -DPREVENT_OPTIMIZATION  line 16 arg4 == 4
FAIL: gcc.dg/guality/pr36728-2.c   -O3 -g  -DPREVENT_OPTIMIZATION  line 16 arg5 == 5
FAIL: gcc.dg/guality/pr36728-2.c   -O3 -g  -DPREVENT_OPTIMIZATION  line 16 arg6 == 6
FAIL: gcc.dg/guality/pr36728-2.c   -O3 -g  -DPREVENT_OPTIMIZATION  line 16 arg7 == 30
FAIL: gcc.dg/guality/pr36728-2.c   -O3 -g  -DPREVENT_OPTIMIZATION  line 18 arg1 == 1
FAIL: gcc.dg/guality/pr36728-2.c   -O3 -g  -DPREVENT_OPTIMIZATION  line 18 arg2 == 2
FAIL: gcc.dg/guality/pr36728-2.c   -O3 -g  -DPREVENT_OPTIMIZATION  line 18 arg3 == 3
FAIL: gcc.dg/guality/pr36728-2.c   -O3 -g  -DPREVENT_OPTIMIZATION  line 18 arg4 == 4
FAIL: gcc.dg/guality/pr36728-2.c   -O3 -g  -DPREVENT_OPTIMIZATION  line 18 arg5 == 5
FAIL: gcc.dg/guality/pr36728-2.c   -O3 -g  -DPREVENT_OPTIMIZATION  line 18 arg6 == 6
FAIL: gcc.dg/guality/pr36728-2.c   -O3 -g  -DPREVENT_OPTIMIZATION  line 18 arg7 == 30
FAIL: gcc.dg/guality/pr36728-2.c   -O2 -flto -fno-use-linker-plugin -flto-partition=none  -DPREVENT_OPTIMIZATION line 18 *x == (char) 25
FAIL: gcc.dg/guality/pr36728-2.c   -O2 -flto -fuse-linker-plugin -fno-fat-lto-objects  -DPREVENT_OPTIMIZATION line 16 arg1 == 1
FAIL: gcc.dg/guality/pr36728-2.c   -O2 -flto -fuse-linker-plugin -fno-fat-lto-objects  -DPREVENT_OPTIMIZATION line 16 arg2 == 2
FAIL: gcc.dg/guality/pr36728-2.c   -O2 -flto -fuse-linker-plugin -fno-fat-lto-objects  -DPREVENT_OPTIMIZATION line 16 arg3 == 3
FAIL: gcc.dg/guality/pr36728-2.c   -O2 -flto -fuse-linker-plugin -fno-fat-lto-objects  -DPREVENT_OPTIMIZATION line 16 arg4 == 4
FAIL: gcc.dg/guality/pr36728-2.c   -O2 -flto -fuse-linker-plugin -fno-fat-lto-objects  -DPREVENT_OPTIMIZATION line 16 arg5 == 5
FAIL: gcc.dg/guality/pr36728-2.c   -O2 -flto -fuse-linker-plugin -fno-fat-lto-objects  -DPREVENT_OPTIMIZATION line 16 arg6 == 6
FAIL: gcc.dg/guality/pr36728-2.c   -O2 -flto -fuse-linker-plugin -fno-fat-lto-objects  -DPREVENT_OPTIMIZATION line 16 arg7 == 30
FAIL: gcc.dg/guality/pr36728-2.c   -O2 -flto -fuse-linker-plugin -fno-fat-lto-objects  -DPREVENT_OPTIMIZATION line 18 arg1 == 1
FAIL: gcc.dg/guality/pr36728-2.c   -O2 -flto -fuse-linker-plugin -fno-fat-lto-objects  -DPREVENT_OPTIMIZATION line 18 arg2 == 2
FAIL: gcc.dg/guality/pr36728-2.c   -O2 -flto -fuse-linker-plugin -fno-fat-lto-objects  -DPREVENT_OPTIMIZATION line 18 arg3 == 3
FAIL: gcc.dg/guality/pr36728-2.c   -O2 -flto -fuse-linker-plugin -fno-fat-lto-objects  -DPREVENT_OPTIMIZATION line 18 arg4 == 4
FAIL: gcc.dg/guality/pr36728-2.c   -O2 -flto -fuse-linker-plugin -fno-fat-lto-objects  -DPREVENT_OPTIMIZATION line 18 arg5 == 5
FAIL: gcc.dg/guality/pr36728-2.c   -O2 -flto -fuse-linker-plugin -fno-fat-lto-objects  -DPREVENT_OPTIMIZATION line 18 arg6 == 6
FAIL: gcc.dg/guality/pr36728-2.c   -O2 -flto -fuse-linker-plugin -fno-fat-lto-objects  -DPREVENT_OPTIMIZATION line 18 arg7 == 30
FAIL: gcc.dg/guality/pr36728-3.c   -O3 -g  -DPREVENT_OPTIMIZATION  line 14 arg1 == 1
FAIL: gcc.dg/guality/pr36728-3.c   -O3 -g  -DPREVENT_OPTIMIZATION  line 14 arg2 == 2
FAIL: gcc.dg/guality/pr36728-3.c   -O3 -g  -DPREVENT_OPTIMIZATION  line 14 arg3 == 3
FAIL: gcc.dg/guality/pr36728-3.c   -O3 -g  -DPREVENT_OPTIMIZATION  line 14 arg4 == 4
FAIL: gcc.dg/guality/pr36728-3.c   -O3 -g  -DPREVENT_OPTIMIZATION  line 14 arg5 == 5
FAIL: gcc.dg/guality/pr36728-3.c   -O3 -g  -DPREVENT_OPTIMIZATION  line 14 arg6 == 6
FAIL: gcc.dg/guality/pr36728-3.c   -O3 -g  -DPREVENT_OPTIMIZATION  line 14 arg7 == 30
FAIL: gcc.dg/guality/pr36728-3.c   -O3 -g  -DPREVENT_OPTIMIZATION  line 16 arg1 == 1
FAIL: gcc.dg/guality/pr36728-3.c   -O3 -g  -DPREVENT_OPTIMIZATION  line 16 arg2 == 2
FAIL: gcc.dg/guality/pr36728-3.c   -O3 -g  -DPREVENT_OPTIMIZATION  line 16 arg3 == 3
FAIL: gcc.dg/guality/pr36728-3.c   -O3 -g  -DPREVENT_OPTIMIZATION  line 16 arg4 == 4
FAIL: gcc.dg/guality/pr36728-3.c   -O3 -g  -DPREVENT_OPTIMIZATION  line 16 arg5 == 5
FAIL: gcc.dg/guality/pr36728-3.c   -O3 -g  -DPREVENT_OPTIMIZATION  line 16 arg6 == 6
FAIL: gcc.dg/guality/pr36728-3.c   -O3 -g  -DPREVENT_OPTIMIZATION  line 16 arg7 == 30
FAIL: gcc.dg/guality/pr36728-3.c   -O2 -flto -fuse-linker-plugin -fno-fat-lto-objects  -DPREVENT_OPTIMIZATION line 14 arg1 == 1
FAIL: gcc.dg/guality/pr36728-3.c   -O2 -flto -fuse-linker-plugin -fno-fat-lto-objects  -DPREVENT_OPTIMIZATION line 14 arg2 == 2
FAIL: gcc.dg/guality/pr36728-3.c   -O2 -flto -fuse-linker-plugin -fno-fat-lto-objects  -DPREVENT_OPTIMIZATION line 14 arg3 == 3
FAIL: gcc.dg/guality/pr36728-3.c   -O2 -flto -fuse-linker-plugin -fno-fat-lto-objects  -DPREVENT_OPTIMIZATION line 14 arg4 == 4
FAIL: gcc.dg/guality/pr36728-3.c   -O2 -flto -fuse-linker-plugin -fno-fat-lto-objects  -DPREVENT_OPTIMIZATION line 14 arg5 == 5
FAIL: gcc.dg/guality/pr36728-3.c   -O2 -flto -fuse-linker-plugin -fno-fat-lto-objects  -DPREVENT_OPTIMIZATION line 14 arg6 == 6
FAIL: gcc.dg/guality/pr36728-3.c   -O2 -flto -fuse-linker-plugin -fno-fat-lto-objects  -DPREVENT_OPTIMIZATION line 14 arg7 == 30
FAIL: gcc.dg/guality/pr36728-3.c   -O2 -flto -fuse-linker-plugin -fno-fat-lto-objects  -DPREVENT_OPTIMIZATION line 16 arg1 == 1
FAIL: gcc.dg/guality/pr36728-3.c   -O2 -flto -fuse-linker-plugin -fno-fat-lto-objects  -DPREVENT_OPTIMIZATION line 16 arg2 == 2
FAIL: gcc.dg/guality/pr36728-3.c   -O2 -flto -fuse-linker-plugin -fno-fat-lto-objects  -DPREVENT_OPTIMIZATION line 16 arg3 == 3
FAIL: gcc.dg/guality/pr36728-3.c   -O2 -flto -fuse-linker-plugin -fno-fat-lto-objects  -DPREVENT_OPTIMIZATION line 16 arg4 == 4
FAIL: gcc.dg/guality/pr36728-3.c   -O2 -flto -fuse-linker-plugin -fno-fat-lto-objects  -DPREVENT_OPTIMIZATION line 16 arg5 == 5
FAIL: gcc.dg/guality/pr36728-3.c   -O2 -flto -fuse-linker-plugin -fno-fat-lto-objects  -DPREVENT_OPTIMIZATION line 16 arg6 == 6
FAIL: gcc.dg/guality/pr36728-3.c   -O2 -flto -fuse-linker-plugin -fno-fat-lto-objects  -DPREVENT_OPTIMIZATION line 16 arg7 == 30
FAIL: gcc.dg/guality/pr36728-4.c   -O3 -g  -DPREVENT_OPTIMIZATION  line 14 arg1 == 1
FAIL: gcc.dg/guality/pr36728-4.c   -O3 -g  -DPREVENT_OPTIMIZATION  line 14 arg2 == 2
FAIL: gcc.dg/guality/pr36728-4.c   -O3 -g  -DPREVENT_OPTIMIZATION  line 14 arg3 == 3
FAIL: gcc.dg/guality/pr36728-4.c   -O3 -g  -DPREVENT_OPTIMIZATION  line 14 arg4 == 4
FAIL: gcc.dg/guality/pr36728-4.c   -O3 -g  -DPREVENT_OPTIMIZATION  line 14 arg5 == 5
FAIL: gcc.dg/guality/pr36728-4.c   -O3 -g  -DPREVENT_OPTIMIZATION  line 14 arg6 == 6
FAIL: gcc.dg/guality/pr36728-4.c   -O3 -g  -DPREVENT_OPTIMIZATION  line 14 arg7 == 30
FAIL: gcc.dg/guality/pr36728-4.c   -O3 -g  -DPREVENT_OPTIMIZATION  line 14 y == 2
FAIL: gcc.dg/guality/pr36728-4.c   -O3 -g  -DPREVENT_OPTIMIZATION  line 16 arg1 == 1
FAIL: gcc.dg/guality/pr36728-4.c   -O3 -g  -DPREVENT_OPTIMIZATION  line 16 arg2 == 2
FAIL: gcc.dg/guality/pr36728-4.c   -O3 -g  -DPREVENT_OPTIMIZATION  line 16 arg3 == 3
FAIL: gcc.dg/guality/pr36728-4.c   -O3 -g  -DPREVENT_OPTIMIZATION  line 16 arg4 == 4
FAIL: gcc.dg/guality/pr36728-4.c   -O3 -g  -DPREVENT_OPTIMIZATION  line 16 arg5 == 5
FAIL: gcc.dg/guality/pr36728-4.c   -O3 -g  -DPREVENT_OPTIMIZATION  line 16 arg6 == 6
FAIL: gcc.dg/guality/pr36728-4.c   -O3 -g  -DPREVENT_OPTIMIZATION  line 16 arg7 == 30
FAIL: gcc.dg/guality/pr36728-4.c   -O3 -g  -DPREVENT_OPTIMIZATION  line 16 y == 2
FAIL: gcc.dg/guality/pr36728-4.c   -O2 -flto -fuse-linker-plugin -fno-fat-lto-objects  -DPREVENT_OPTIMIZATION line 14 arg1 == 1
FAIL: gcc.dg/guality/pr36728-4.c   -O2 -flto -fuse-linker-plugin -fno-fat-lto-objects  -DPREVENT_OPTIMIZATION line 14 arg2 == 2
FAIL: gcc.dg/guality/pr36728-4.c   -O2 -flto -fuse-linker-plugin -fno-fat-lto-objects  -DPREVENT_OPTIMIZATION line 14 arg3 == 3
FAIL: gcc.dg/guality/pr36728-4.c   -O2 -flto -fuse-linker-plugin -fno-fat-lto-objects  -DPREVENT_OPTIMIZATION line 14 arg4 == 4
FAIL: gcc.dg/guality/pr36728-4.c   -O2 -flto -fuse-linker-plugin -fno-fat-lto-objects  -DPREVENT_OPTIMIZATION line 14 arg5 == 5
FAIL: gcc.dg/guality/pr36728-4.c   -O2 -flto -fuse-linker-plugin -fno-fat-lto-objects  -DPREVENT_OPTIMIZATION line 14 arg6 == 6
FAIL: gcc.dg/guality/pr36728-4.c   -O2 -flto -fuse-linker-plugin -fno-fat-lto-objects  -DPREVENT_OPTIMIZATION line 14 arg7 == 30
FAIL: gcc.dg/guality/pr36728-4.c   -O2 -flto -fuse-linker-plugin -fno-fat-lto-objects  -DPREVENT_OPTIMIZATION line 14 y == 2
FAIL: gcc.dg/guality/pr36728-4.c   -O2 -flto -fuse-linker-plugin -fno-fat-lto-objects  -DPREVENT_OPTIMIZATION line 16 arg1 == 1
FAIL: gcc.dg/guality/pr36728-4.c   -O2 -flto -fuse-linker-plugin -fno-fat-lto-objects  -DPREVENT_OPTIMIZATION line 16 arg2 == 2
FAIL: gcc.dg/guality/pr36728-4.c   -O2 -flto -fuse-linker-plugin -fno-fat-lto-objects  -DPREVENT_OPTIMIZATION line 16 arg3 == 3
FAIL: gcc.dg/guality/pr36728-4.c   -O2 -flto -fuse-linker-plugin -fno-fat-lto-objects  -DPREVENT_OPTIMIZATION line 16 arg4 == 4
FAIL: gcc.dg/guality/pr36728-4.c   -O2 -flto -fuse-linker-plugin -fno-fat-lto-objects  -DPREVENT_OPTIMIZATION line 16 arg5 == 5
FAIL: gcc.dg/guality/pr36728-4.c   -O2 -flto -fuse-linker-plugin -fno-fat-lto-objects  -DPREVENT_OPTIMIZATION line 16 arg6 == 6
FAIL: gcc.dg/guality/pr36728-4.c   -O2 -flto -fuse-linker-plugin -fno-fat-lto-objects  -DPREVENT_OPTIMIZATION line 16 arg7 == 30
FAIL: gcc.dg/guality/pr36728-4.c   -O2 -flto -fuse-linker-plugin -fno-fat-lto-objects  -DPREVENT_OPTIMIZATION line 16 y == 2
XPASS: gcc.dg/guality/pr41353-1.c   -O0  line 28 j == 28 + 37
XPASS: gcc.dg/guality/pr41353-1.c  -Og -DPREVENT_OPTIMIZATION  line 28 j == 28 + 37
FAIL: gcc.dg/guality/pr41447-1.c   -O2 -flto -fno-use-linker-plugin -flto-partition=none  -DPREVENT_OPTIMIZATION execution test
FAIL: gcc.dg/guality/pr41616-1.c   -O2  -DPREVENT_OPTIMIZATION  execution test
FAIL: gcc.dg/guality/pr41616-1.c   -O3 -g  -DPREVENT_OPTIMIZATION  execution test
FAIL: gcc.dg/guality/pr41616-1.c   -O2 -flto -fno-use-linker-plugin -flto-partition=none  -DPREVENT_OPTIMIZATION execution test
FAIL: gcc.dg/guality/pr54519-1.c   -O1  -DPREVENT_OPTIMIZATION  line 20 z == 6
FAIL: gcc.dg/guality/pr54519-1.c   -O1  -DPREVENT_OPTIMIZATION  line 23 z == 8
FAIL: gcc.dg/guality/pr54519-1.c   -O2  -DPREVENT_OPTIMIZATION  line 20 y == 25
FAIL: gcc.dg/guality/pr54519-1.c   -O2  -DPREVENT_OPTIMIZATION  line 20 z == 6
FAIL: gcc.dg/guality/pr54519-1.c   -O2  -DPREVENT_OPTIMIZATION  line 23 y == 117
FAIL: gcc.dg/guality/pr54519-1.c   -O2  -DPREVENT_OPTIMIZATION  line 23 z == 8
FAIL: gcc.dg/guality/pr54519-1.c   -Os  -DPREVENT_OPTIMIZATION  line 20 y == 25
FAIL: gcc.dg/guality/pr54519-1.c   -Os  -DPREVENT_OPTIMIZATION  line 20 z == 6
FAIL: gcc.dg/guality/pr54519-1.c   -Os  -DPREVENT_OPTIMIZATION  line 23 y == 117
FAIL: gcc.dg/guality/pr54519-1.c   -Os  -DPREVENT_OPTIMIZATION  line 23 z == 8
FAIL: gcc.dg/guality/pr54519-1.c  -Og -DPREVENT_OPTIMIZATION  line 20 z == 6
FAIL: gcc.dg/guality/pr54519-1.c  -Og -DPREVENT_OPTIMIZATION  line 23 z == 8
FAIL: gcc.dg/guality/pr54519-1.c   -O2 -flto -fno-use-linker-plugin -flto-partition=none  -DPREVENT_OPTIMIZATION line 20 y == 25
FAIL: gcc.dg/guality/pr54519-1.c   -O2 -flto -fno-use-linker-plugin -flto-partition=none  -DPREVENT_OPTIMIZATION line 20 z == 6
FAIL: gcc.dg/guality/pr54519-1.c   -O2 -flto -fno-use-linker-plugin -flto-partition=none  -DPREVENT_OPTIMIZATION line 23 y == 117
FAIL: gcc.dg/guality/pr54519-1.c   -O2 -flto -fno-use-linker-plugin -flto-partition=none  -DPREVENT_OPTIMIZATION line 23 z == 8
FAIL: gcc.dg/guality/pr54519-1.c   -O2 -flto -fuse-linker-plugin -fno-fat-lto-objects  -DPREVENT_OPTIMIZATION line 20 y == 25
FAIL: gcc.dg/guality/pr54519-1.c   -O2 -flto -fuse-linker-plugin -fno-fat-lto-objects  -DPREVENT_OPTIMIZATION line 20 z == 6
FAIL: gcc.dg/guality/pr54519-1.c   -O2 -flto -fuse-linker-plugin -fno-fat-lto-objects  -DPREVENT_OPTIMIZATION line 23 y == 117
FAIL: gcc.dg/guality/pr54519-1.c   -O2 -flto -fuse-linker-plugin -fno-fat-lto-objects  -DPREVENT_OPTIMIZATION line 23 z == 8
FAIL: gcc.dg/guality/pr54519-2.c   -O1  -DPREVENT_OPTIMIZATION  line 17 y == 25
FAIL: gcc.dg/guality/pr54519-2.c   -Os  -DPREVENT_OPTIMIZATION  line 17 y == 25
FAIL: gcc.dg/guality/pr54519-2.c  -Og -DPREVENT_OPTIMIZATION  line 17 y == 25
FAIL: gcc.dg/guality/pr54519-2.c   -O2 -flto -fno-use-linker-plugin -flto-partition=none  -DPREVENT_OPTIMIZATION line 17 y == 25
FAIL: gcc.dg/guality/pr54519-2.c   -O2 -flto -fuse-linker-plugin -fno-fat-lto-objects  -DPREVENT_OPTIMIZATION line 17 y == 25
FAIL: gcc.dg/guality/pr54519-3.c   -O1  -DPREVENT_OPTIMIZATION  line 20 z == 6
FAIL: gcc.dg/guality/pr54519-3.c   -O1  -DPREVENT_OPTIMIZATION  line 23 z == 8
FAIL: gcc.dg/guality/pr54519-3.c  -Og -DPREVENT_OPTIMIZATION  line 20 z == 6
FAIL: gcc.dg/guality/pr54519-3.c  -Og -DPREVENT_OPTIMIZATION  line 23 z == 8
FAIL: gcc.dg/guality/pr54519-3.c   -O2 -flto -fno-use-linker-plugin -flto-partition=none  -DPREVENT_OPTIMIZATION line 20 y == 25
FAIL: gcc.dg/guality/pr54519-3.c   -O2 -flto -fno-use-linker-plugin -flto-partition=none  -DPREVENT_OPTIMIZATION line 20 z == 6
FAIL: gcc.dg/guality/pr54519-3.c   -O2 -flto -fno-use-linker-plugin -flto-partition=none  -DPREVENT_OPTIMIZATION line 23 y == 117
FAIL: gcc.dg/guality/pr54519-3.c   -O2 -flto -fno-use-linker-plugin -flto-partition=none  -DPREVENT_OPTIMIZATION line 23 z == 8
FAIL: gcc.dg/guality/pr54519-3.c   -O2 -flto -fuse-linker-plugin -fno-fat-lto-objects  -DPREVENT_OPTIMIZATION line 20 y == 25
FAIL: gcc.dg/guality/pr54519-3.c   -O2 -flto -fuse-linker-plugin -fno-fat-lto-objects  -DPREVENT_OPTIMIZATION line 20 z == 6
FAIL: gcc.dg/guality/pr54519-3.c   -O2 -flto -fuse-linker-plugin -fno-fat-lto-objects  -DPREVENT_OPTIMIZATION line 23 y == 117
FAIL: gcc.dg/guality/pr54519-3.c   -O2 -flto -fuse-linker-plugin -fno-fat-lto-objects  -DPREVENT_OPTIMIZATION line 23 z == 8
FAIL: gcc.dg/guality/pr54519-4.c   -O1  -DPREVENT_OPTIMIZATION  line 17 y == 25
FAIL: gcc.dg/guality/pr54519-4.c  -Og -DPREVENT_OPTIMIZATION  line 17 y == 25
FAIL: gcc.dg/guality/pr54519-4.c   -O2 -flto -fno-use-linker-plugin -flto-partition=none  -DPREVENT_OPTIMIZATION line 17 y == 25
FAIL: gcc.dg/guality/pr54519-4.c   -O2 -flto -fuse-linker-plugin -fno-fat-lto-objects  -DPREVENT_OPTIMIZATION line 17 y == 25
FAIL: gcc.dg/guality/pr54519-5.c   -O1  -DPREVENT_OPTIMIZATION  line 17 y == 25
FAIL: gcc.dg/guality/pr54519-5.c   -Os  -DPREVENT_OPTIMIZATION  line 17 y == 25
FAIL: gcc.dg/guality/pr54519-5.c  -Og -DPREVENT_OPTIMIZATION  line 17 y == 25
FAIL: gcc.dg/guality/pr54519-5.c   -O2 -flto -fno-use-linker-plugin -flto-partition=none  -DPREVENT_OPTIMIZATION line 17 y == 25
FAIL: gcc.dg/guality/pr54519-5.c   -O2 -flto -fuse-linker-plugin -fno-fat-lto-objects  -DPREVENT_OPTIMIZATION line 17 y == 25
FAIL: gcc.dg/guality/pr54519-6.c   -Os  -DPREVENT_OPTIMIZATION  line 11 x == 2
FAIL: gcc.dg/guality/pr54551.c   -O1  -DPREVENT_OPTIMIZATION  line 18 a == 4
FAIL: gcc.dg/guality/pr54551.c   -O1  -DPREVENT_OPTIMIZATION  line 18 z == 3
FAIL: gcc.dg/guality/pr54551.c  -Og -DPREVENT_OPTIMIZATION  line 18 a == 4
FAIL: gcc.dg/guality/pr54551.c  -Og -DPREVENT_OPTIMIZATION  line 18 z == 3
FAIL: gcc.dg/guality/pr54551.c   -O2 -flto -fno-use-linker-plugin -flto-partition=none  -DPREVENT_OPTIMIZATION line 18 a == 4
FAIL: gcc.dg/guality/pr54551.c   -O2 -flto -fno-use-linker-plugin -flto-partition=none  -DPREVENT_OPTIMIZATION line 18 z == 3
FAIL: gcc.dg/guality/pr54796.c   -O1  -DPREVENT_OPTIMIZATION  line 17 a == 5
FAIL: gcc.dg/guality/pr54796.c   -O1  -DPREVENT_OPTIMIZATION  line 17 b == 6
FAIL: gcc.dg/guality/pr54796.c   -O1  -DPREVENT_OPTIMIZATION  line 17 c == 5
FAIL: gcc.dg/guality/pr54796.c   -O2  -DPREVENT_OPTIMIZATION  line 17 a == 5
FAIL: gcc.dg/guality/pr54796.c   -O2  -DPREVENT_OPTIMIZATION  line 17 b == 6
FAIL: gcc.dg/guality/pr54796.c   -O2  -DPREVENT_OPTIMIZATION  line 17 c == 5
FAIL: gcc.dg/guality/pr54796.c   -O3 -g  -DPREVENT_OPTIMIZATION  line 17 a == 5
FAIL: gcc.dg/guality/pr54796.c   -O3 -g  -DPREVENT_OPTIMIZATION  line 17 b == 6
FAIL: gcc.dg/guality/pr54796.c   -O3 -g  -DPREVENT_OPTIMIZATION  line 17 c == 5
FAIL: gcc.dg/guality/pr54796.c   -Os  -DPREVENT_OPTIMIZATION  line 17 a == 5
FAIL: gcc.dg/guality/pr54796.c   -Os  -DPREVENT_OPTIMIZATION  line 17 b == 6
FAIL: gcc.dg/guality/pr54796.c   -Os  -DPREVENT_OPTIMIZATION  line 17 c == 5
FAIL: gcc.dg/guality/pr54796.c  -Og -DPREVENT_OPTIMIZATION  line 17 a == 5
FAIL: gcc.dg/guality/pr54796.c  -Og -DPREVENT_OPTIMIZATION  line 17 b == 6
FAIL: gcc.dg/guality/pr54796.c  -Og -DPREVENT_OPTIMIZATION  line 17 c == 5
FAIL: gcc.dg/guality/pr54796.c   -O2 -flto -fno-use-linker-plugin -flto-partition=none  -DPREVENT_OPTIMIZATION line 17 a == 5
FAIL: gcc.dg/guality/pr54796.c   -O2 -flto -fno-use-linker-plugin -flto-partition=none  -DPREVENT_OPTIMIZATION line 17 b == 6
FAIL: gcc.dg/guality/pr54796.c   -O2 -flto -fno-use-linker-plugin -flto-partition=none  -DPREVENT_OPTIMIZATION line 17 c == 5
FAIL: gcc.dg/guality/pr54796.c   -O2 -flto -fuse-linker-plugin -fno-fat-lto-objects  -DPREVENT_OPTIMIZATION line 17 a == 5
FAIL: gcc.dg/guality/pr54796.c   -O2 -flto -fuse-linker-plugin -fno-fat-lto-objects  -DPREVENT_OPTIMIZATION line 17 b == 6
XPASS: gcc.dg/guality/pr54970.c   -O0  line 15 a[0] == 1
XPASS: gcc.dg/guality/pr54970.c   -O0  line 20 a[0] == 1
XPASS: gcc.dg/guality/pr54970.c   -O0  line 25 a[0] == 1
XPASS: gcc.dg/guality/pr54970.c   -O0  line 31 a[0] == 4
XPASS: gcc.dg/guality/pr54970.c   -O0  line 36 a[0] == 4
XPASS: gcc.dg/guality/pr54970.c   -O0  line 45 a[0] == 4
XPASS: gcc.dg/guality/pr54970.c   -O0  line 45 p[-2] == 4
XPASS: gcc.dg/guality/pr54970.c   -O0  line 45 q[-1] == 4
XPASS: gcc.dg/guality/pr54970.c  -Og -DPREVENT_OPTIMIZATION  line 15 a[0] == 1
XPASS: gcc.dg/guality/pr54970.c  -Og -DPREVENT_OPTIMIZATION  line 20 a[0] == 1
XPASS: gcc.dg/guality/pr54970.c  -Og -DPREVENT_OPTIMIZATION  line 25 a[0] == 1
XPASS: gcc.dg/guality/pr54970.c  -Og -DPREVENT_OPTIMIZATION  line 31 a[0] == 4
XPASS: gcc.dg/guality/pr54970.c  -Og -DPREVENT_OPTIMIZATION  line 36 a[0] == 4
XPASS: gcc.dg/guality/pr54970.c  -Og -DPREVENT_OPTIMIZATION  line 45 a[0] == 4
XPASS: gcc.dg/guality/pr54970.c  -Og -DPREVENT_OPTIMIZATION  line 45 p[-2] == 4
XPASS: gcc.dg/guality/pr54970.c  -Og -DPREVENT_OPTIMIZATION  line 45 q[-1] == 4
FAIL: gcc.dg/guality/pr56154-1.c  -Og -DPREVENT_OPTIMIZATION  line pr56154-1.c:20 x.a == 6
FAIL: gcc.dg/guality/pr58791-4.c  -Og -DPREVENT_OPTIMIZATION  line pr58791-4.c:32 i == 486
FAIL: gcc.dg/guality/pr58791-4.c  -Og -DPREVENT_OPTIMIZATION  line pr58791-4.c:32 i2 == 487
FAIL: gcc.dg/guality/pr58791-5.c  -Og -DPREVENT_OPTIMIZATION  line pr58791-5.c:20 b4 == 4681
FAIL: gcc.dg/guality/pr58791-5.c  -Og -DPREVENT_OPTIMIZATION  line pr58791-5.c:20 b3 == 585
FAIL: gcc.dg/guality/pr58791-5.c  -Og -DPREVENT_OPTIMIZATION  line pr58791-5.c:20 b2 == 73
XPASS: gcc.dg/guality/pr59776.c   -O0  line pr59776.c:17 s2.g == 6.0
XPASS: gcc.dg/guality/pr59776.c   -O0  line pr59776.c:20 s2.g == 6.0
FAIL: gcc.dg/guality/pr59776.c  -Og -DPREVENT_OPTIMIZATION  line pr59776.c:17 s1.f == 5.0
FAIL: gcc.dg/guality/pr59776.c  -Og -DPREVENT_OPTIMIZATION  line pr59776.c:17 s1.g == 6.0
FAIL: gcc.dg/guality/pr59776.c  -Og -DPREVENT_OPTIMIZATION  line pr59776.c:17 s2.f == 0.0
FAIL: gcc.dg/guality/pr59776.c  -Og -DPREVENT_OPTIMIZATION  line pr59776.c:20 s1.f == 5.0
FAIL: gcc.dg/guality/pr59776.c  -Og -DPREVENT_OPTIMIZATION  line pr59776.c:20 s1.g == 6.0
FAIL: gcc.dg/guality/pr59776.c  -Og -DPREVENT_OPTIMIZATION  line pr59776.c:20 s2.f == 5.0
FAIL: gcc.dg/guality/pr68860-1.c   -O1  -DPREVENT_OPTIMIZATION  line 14 arg3 == 3
FAIL: gcc.dg/guality/pr68860-1.c   -O1  -DPREVENT_OPTIMIZATION  line 16 arg3 == 3
FAIL: gcc.dg/guality/pr68860-1.c   -O2  -DPREVENT_OPTIMIZATION  line 14 arg1 == 1
FAIL: gcc.dg/guality/pr68860-1.c   -O2  -DPREVENT_OPTIMIZATION  line 14 arg2 == 2
FAIL: gcc.dg/guality/pr68860-1.c   -O2  -DPREVENT_OPTIMIZATION  line 14 arg3 == 3
FAIL: gcc.dg/guality/pr68860-1.c   -O2  -DPREVENT_OPTIMIZATION  line 14 arg4 == 4
FAIL: gcc.dg/guality/pr68860-1.c   -O2  -DPREVENT_OPTIMIZATION  line 14 arg5 == 5
FAIL: gcc.dg/guality/pr68860-1.c   -O2  -DPREVENT_OPTIMIZATION  line 14 arg6 == 6
FAIL: gcc.dg/guality/pr68860-1.c   -O2  -DPREVENT_OPTIMIZATION  line 14 arg7 == 30
FAIL: gcc.dg/guality/pr68860-1.c   -O2  -DPREVENT_OPTIMIZATION  line 16 arg1 == 1
FAIL: gcc.dg/guality/pr68860-1.c   -O2  -DPREVENT_OPTIMIZATION  line 16 arg2 == 2
FAIL: gcc.dg/guality/pr68860-1.c   -O2  -DPREVENT_OPTIMIZATION  line 16 arg3 == 3
FAIL: gcc.dg/guality/pr68860-1.c   -O2  -DPREVENT_OPTIMIZATION  line 16 arg4 == 4
FAIL: gcc.dg/guality/pr68860-1.c   -O2  -DPREVENT_OPTIMIZATION  line 16 arg5 == 5
FAIL: gcc.dg/guality/pr68860-1.c   -O2  -DPREVENT_OPTIMIZATION  line 16 arg6 == 6
FAIL: gcc.dg/guality/pr68860-1.c   -O2  -DPREVENT_OPTIMIZATION  line 16 arg7 == 30
FAIL: gcc.dg/guality/pr68860-1.c   -O3 -g  -DPREVENT_OPTIMIZATION  line 14 arg1 == 1
FAIL: gcc.dg/guality/pr68860-1.c   -O3 -g  -DPREVENT_OPTIMIZATION  line 14 arg2 == 2
FAIL: gcc.dg/guality/pr68860-1.c   -O3 -g  -DPREVENT_OPTIMIZATION  line 14 arg3 == 3
FAIL: gcc.dg/guality/pr68860-1.c   -O3 -g  -DPREVENT_OPTIMIZATION  line 14 arg4 == 4
FAIL: gcc.dg/guality/pr68860-1.c   -O3 -g  -DPREVENT_OPTIMIZATION  line 14 arg5 == 5
FAIL: gcc.dg/guality/pr68860-1.c   -O3 -g  -DPREVENT_OPTIMIZATION  line 14 arg6 == 6
FAIL: gcc.dg/guality/pr68860-1.c   -O3 -g  -DPREVENT_OPTIMIZATION  line 14 arg7 == 30
FAIL: gcc.dg/guality/pr68860-1.c   -O3 -g  -DPREVENT_OPTIMIZATION  line 16 arg1 == 1
FAIL: gcc.dg/guality/pr68860-1.c   -O3 -g  -DPREVENT_OPTIMIZATION  line 16 arg2 == 2
FAIL: gcc.dg/guality/pr68860-1.c   -O3 -g  -DPREVENT_OPTIMIZATION  line 16 arg3 == 3
FAIL: gcc.dg/guality/pr68860-1.c   -O3 -g  -DPREVENT_OPTIMIZATION  line 16 arg4 == 4
FAIL: gcc.dg/guality/pr68860-1.c   -O3 -g  -DPREVENT_OPTIMIZATION  line 16 arg5 == 5
FAIL: gcc.dg/guality/pr68860-1.c   -O3 -g  -DPREVENT_OPTIMIZATION  line 16 arg6 == 6
FAIL: gcc.dg/guality/pr68860-1.c   -O3 -g  -DPREVENT_OPTIMIZATION  line 16 arg7 == 30
FAIL: gcc.dg/guality/pr68860-1.c   -Os  -DPREVENT_OPTIMIZATION  line 14 arg1 == 1
FAIL: gcc.dg/guality/pr68860-1.c   -Os  -DPREVENT_OPTIMIZATION  line 14 arg2 == 2
FAIL: gcc.dg/guality/pr68860-1.c   -Os  -DPREVENT_OPTIMIZATION  line 14 arg3 == 3
FAIL: gcc.dg/guality/pr68860-1.c   -Os  -DPREVENT_OPTIMIZATION  line 14 arg4 == 4
FAIL: gcc.dg/guality/pr68860-1.c   -Os  -DPREVENT_OPTIMIZATION  line 14 arg5 == 5
FAIL: gcc.dg/guality/pr68860-1.c   -Os  -DPREVENT_OPTIMIZATION  line 14 arg6 == 6
FAIL: gcc.dg/guality/pr68860-1.c   -Os  -DPREVENT_OPTIMIZATION  line 14 arg7 == 30
FAIL: gcc.dg/guality/pr68860-1.c   -Os  -DPREVENT_OPTIMIZATION  line 16 arg1 == 1
FAIL: gcc.dg/guality/pr68860-1.c   -Os  -DPREVENT_OPTIMIZATION  line 16 arg2 == 2
FAIL: gcc.dg/guality/pr68860-1.c   -Os  -DPREVENT_OPTIMIZATION  line 16 arg3 == 3
FAIL: gcc.dg/guality/pr68860-1.c   -Os  -DPREVENT_OPTIMIZATION  line 16 arg4 == 4
FAIL: gcc.dg/guality/pr68860-1.c   -Os  -DPREVENT_OPTIMIZATION  line 16 arg5 == 5
FAIL: gcc.dg/guality/pr68860-1.c   -Os  -DPREVENT_OPTIMIZATION  line 16 arg6 == 6
FAIL: gcc.dg/guality/pr68860-1.c   -Os  -DPREVENT_OPTIMIZATION  line 16 arg7 == 30
FAIL: gcc.dg/guality/pr68860-1.c  -Og -DPREVENT_OPTIMIZATION  line 14 arg3 == 3
FAIL: gcc.dg/guality/pr68860-1.c  -Og -DPREVENT_OPTIMIZATION  line 16 arg3 == 3
FAIL: gcc.dg/guality/pr68860-1.c   -O2 -flto -fno-use-linker-plugin -flto-partition=none  -DPREVENT_OPTIMIZATION line 14 arg1 == 1
FAIL: gcc.dg/guality/pr68860-1.c   -O2 -flto -fno-use-linker-plugin -flto-partition=none  -DPREVENT_OPTIMIZATION line 14 arg2 == 2
FAIL: gcc.dg/guality/pr68860-1.c   -O2 -flto -fno-use-linker-plugin -flto-partition=none  -DPREVENT_OPTIMIZATION line 14 arg3 == 3
FAIL: gcc.dg/guality/pr68860-1.c   -O2 -flto -fno-use-linker-plugin -flto-partition=none  -DPREVENT_OPTIMIZATION line 14 arg4 == 4
FAIL: gcc.dg/guality/pr68860-1.c   -O2 -flto -fno-use-linker-plugin -flto-partition=none  -DPREVENT_OPTIMIZATION line 14 arg5 == 5
FAIL: gcc.dg/guality/pr68860-1.c   -O2 -flto -fno-use-linker-plugin -flto-partition=none  -DPREVENT_OPTIMIZATION line 14 arg6 == 6
FAIL: gcc.dg/guality/pr68860-1.c   -O2 -flto -fno-use-linker-plugin -flto-partition=none  -DPREVENT_OPTIMIZATION line 14 arg7 == 30
FAIL: gcc.dg/guality/pr68860-1.c   -O2 -flto -fno-use-linker-plugin -flto-partition=none  -DPREVENT_OPTIMIZATION line 16 arg1 == 1
FAIL: gcc.dg/guality/pr68860-1.c   -O2 -flto -fno-use-linker-plugin -flto-partition=none  -DPREVENT_OPTIMIZATION line 16 arg2 == 2
FAIL: gcc.dg/guality/pr68860-1.c   -O2 -flto -fno-use-linker-plugin -flto-partition=none  -DPREVENT_OPTIMIZATION line 16 arg3 == 3
FAIL: gcc.dg/guality/pr68860-1.c   -O2 -flto -fno-use-linker-plugin -flto-partition=none  -DPREVENT_OPTIMIZATION line 16 arg4 == 4
FAIL: gcc.dg/guality/pr68860-1.c   -O2 -flto -fno-use-linker-plugin -flto-partition=none  -DPREVENT_OPTIMIZATION line 16 arg5 == 5
FAIL: gcc.dg/guality/pr68860-1.c   -O2 -flto -fno-use-linker-plugin -flto-partition=none  -DPREVENT_OPTIMIZATION line 16 arg6 == 6
FAIL: gcc.dg/guality/pr68860-1.c   -O2 -flto -fno-use-linker-plugin -flto-partition=none  -DPREVENT_OPTIMIZATION line 16 arg7 == 30
FAIL: gcc.dg/guality/pr68860-1.c   -O2 -flto -fuse-linker-plugin -fno-fat-lto-objects  -DPREVENT_OPTIMIZATION line 14 arg1 == 1
FAIL: gcc.dg/guality/pr68860-1.c   -O2 -flto -fuse-linker-plugin -fno-fat-lto-objects  -DPREVENT_OPTIMIZATION line 14 arg2 == 2
FAIL: gcc.dg/guality/pr68860-1.c   -O2 -flto -fuse-linker-plugin -fno-fat-lto-objects  -DPREVENT_OPTIMIZATION line 14 arg3 == 3
FAIL: gcc.dg/guality/pr68860-1.c   -O2 -flto -fuse-linker-plugin -fno-fat-lto-objects  -DPREVENT_OPTIMIZATION line 14 arg4 == 4
FAIL: gcc.dg/guality/pr68860-1.c   -O2 -flto -fuse-linker-plugin -fno-fat-lto-objects  -DPREVENT_OPTIMIZATION line 14 arg5 == 5
FAIL: gcc.dg/guality/pr68860-1.c   -O2 -flto -fuse-linker-plugin -fno-fat-lto-objects  -DPREVENT_OPTIMIZATION line 14 arg6 == 6
FAIL: gcc.dg/guality/pr68860-1.c   -O2 -flto -fuse-linker-plugin -fno-fat-lto-objects  -DPREVENT_OPTIMIZATION line 14 arg7 == 30
FAIL: gcc.dg/guality/pr68860-1.c   -O2 -flto -fuse-linker-plugin -fno-fat-lto-objects  -DPREVENT_OPTIMIZATION line 16 arg1 == 1
FAIL: gcc.dg/guality/pr68860-1.c   -O2 -flto -fuse-linker-plugin -fno-fat-lto-objects  -DPREVENT_OPTIMIZATION line 16 arg2 == 2
FAIL: gcc.dg/guality/pr68860-1.c   -O2 -flto -fuse-linker-plugin -fno-fat-lto-objects  -DPREVENT_OPTIMIZATION line 16 arg3 == 3
FAIL: gcc.dg/guality/pr68860-1.c   -O2 -flto -fuse-linker-plugin -fno-fat-lto-objects  -DPREVENT_OPTIMIZATION line 16 arg4 == 4
FAIL: gcc.dg/guality/pr68860-1.c   -O2 -flto -fuse-linker-plugin -fno-fat-lto-objects  -DPREVENT_OPTIMIZATION line 16 arg5 == 5
FAIL: gcc.dg/guality/pr68860-1.c   -O2 -flto -fuse-linker-plugin -fno-fat-lto-objects  -DPREVENT_OPTIMIZATION line 16 arg6 == 6
FAIL: gcc.dg/guality/pr68860-1.c   -O2 -flto -fuse-linker-plugin -fno-fat-lto-objects  -DPREVENT_OPTIMIZATION line 16 arg7 == 30
FAIL: gcc.dg/guality/pr68860-2.c   -O1  -DPREVENT_OPTIMIZATION  line 14 arg3 == 3
FAIL: gcc.dg/guality/pr68860-2.c   -O1  -DPREVENT_OPTIMIZATION  line 16 arg3 == 3
FAIL: gcc.dg/guality/pr68860-2.c   -O2  -DPREVENT_OPTIMIZATION  line 14 arg3 == 3
FAIL: gcc.dg/guality/pr68860-2.c   -O2  -DPREVENT_OPTIMIZATION  line 16 arg3 == 3
FAIL: gcc.dg/guality/pr68860-2.c   -O3 -g  -DPREVENT_OPTIMIZATION  line 14 arg1 == 1
FAIL: gcc.dg/guality/pr68860-2.c   -O3 -g  -DPREVENT_OPTIMIZATION  line 14 arg2 == 2
FAIL: gcc.dg/guality/pr68860-2.c   -O3 -g  -DPREVENT_OPTIMIZATION  line 14 arg3 == 3
FAIL: gcc.dg/guality/pr68860-2.c   -O3 -g  -DPREVENT_OPTIMIZATION  line 14 arg4 == 4
FAIL: gcc.dg/guality/pr68860-2.c   -O3 -g  -DPREVENT_OPTIMIZATION  line 14 arg5 == 5
FAIL: gcc.dg/guality/pr68860-2.c   -O3 -g  -DPREVENT_OPTIMIZATION  line 14 arg6 == 6
FAIL: gcc.dg/guality/pr68860-2.c   -O3 -g  -DPREVENT_OPTIMIZATION  line 14 arg7 == 30
FAIL: gcc.dg/guality/pr68860-2.c   -O3 -g  -DPREVENT_OPTIMIZATION  line 16 arg1 == 1
FAIL: gcc.dg/guality/pr68860-2.c   -O3 -g  -DPREVENT_OPTIMIZATION  line 16 arg2 == 2
FAIL: gcc.dg/guality/pr68860-2.c   -O3 -g  -DPREVENT_OPTIMIZATION  line 16 arg3 == 3
FAIL: gcc.dg/guality/pr68860-2.c   -O3 -g  -DPREVENT_OPTIMIZATION  line 16 arg4 == 4
FAIL: gcc.dg/guality/pr68860-2.c   -O3 -g  -DPREVENT_OPTIMIZATION  line 16 arg5 == 5
FAIL: gcc.dg/guality/pr68860-2.c   -O3 -g  -DPREVENT_OPTIMIZATION  line 16 arg6 == 6
FAIL: gcc.dg/guality/pr68860-2.c   -O3 -g  -DPREVENT_OPTIMIZATION  line 16 arg7 == 30
FAIL: gcc.dg/guality/pr68860-2.c   -Os  -DPREVENT_OPTIMIZATION  line 14 arg3 == 3
FAIL: gcc.dg/guality/pr68860-2.c   -Os  -DPREVENT_OPTIMIZATION  line 16 arg3 == 3
FAIL: gcc.dg/guality/pr68860-2.c  -Og -DPREVENT_OPTIMIZATION  line 14 arg3 == 3
FAIL: gcc.dg/guality/pr68860-2.c  -Og -DPREVENT_OPTIMIZATION  line 16 arg3 == 3
FAIL: gcc.dg/guality/pr68860-2.c   -O2 -flto -fno-use-linker-plugin -flto-partition=none  -DPREVENT_OPTIMIZATION line 14 arg3 == 3
FAIL: gcc.dg/guality/pr68860-2.c   -O2 -flto -fno-use-linker-plugin -flto-partition=none  -DPREVENT_OPTIMIZATION line 16 arg3 == 3
FAIL: gcc.dg/guality/pr68860-2.c   -O2 -flto -fuse-linker-plugin -fno-fat-lto-objects  -DPREVENT_OPTIMIZATION line 14 arg1 == 1
FAIL: gcc.dg/guality/pr68860-2.c   -O2 -flto -fuse-linker-plugin -fno-fat-lto-objects  -DPREVENT_OPTIMIZATION line 14 arg2 == 2
FAIL: gcc.dg/guality/pr68860-2.c   -O2 -flto -fuse-linker-plugin -fno-fat-lto-objects  -DPREVENT_OPTIMIZATION line 14 arg3 == 3
FAIL: gcc.dg/guality/pr68860-2.c   -O2 -flto -fuse-linker-plugin -fno-fat-lto-objects  -DPREVENT_OPTIMIZATION line 14 arg4 == 4
FAIL: gcc.dg/guality/pr68860-2.c   -O2 -flto -fuse-linker-plugin -fno-fat-lto-objects  -DPREVENT_OPTIMIZATION line 14 arg5 == 5
FAIL: gcc.dg/guality/pr68860-2.c   -O2 -flto -fuse-linker-plugin -fno-fat-lto-objects  -DPREVENT_OPTIMIZATION line 14 arg6 == 6
FAIL: gcc.dg/guality/pr68860-2.c   -O2 -flto -fuse-linker-plugin -fno-fat-lto-objects  -DPREVENT_OPTIMIZATION line 14 arg7 == 30
FAIL: gcc.dg/guality/pr68860-2.c   -O2 -flto -fuse-linker-plugin -fno-fat-lto-objects  -DPREVENT_OPTIMIZATION line 16 arg1 == 1
FAIL: gcc.dg/guality/pr68860-2.c   -O2 -flto -fuse-linker-plugin -fno-fat-lto-objects  -DPREVENT_OPTIMIZATION line 16 arg2 == 2
FAIL: gcc.dg/guality/pr68860-2.c   -O2 -flto -fuse-linker-plugin -fno-fat-lto-objects  -DPREVENT_OPTIMIZATION line 16 arg3 == 3
FAIL: gcc.dg/guality/pr68860-2.c   -O2 -flto -fuse-linker-plugin -fno-fat-lto-objects  -DPREVENT_OPTIMIZATION line 16 arg4 == 4
FAIL: gcc.dg/guality/pr68860-2.c   -O2 -flto -fuse-linker-plugin -fno-fat-lto-objects  -DPREVENT_OPTIMIZATION line 16 arg5 == 5
FAIL: gcc.dg/guality/pr68860-2.c   -O2 -flto -fuse-linker-plugin -fno-fat-lto-objects  -DPREVENT_OPTIMIZATION line 16 arg6 == 6
FAIL: gcc.dg/guality/pr68860-2.c   -O2 -flto -fuse-linker-plugin -fno-fat-lto-objects  -DPREVENT_OPTIMIZATION line 16 arg7 == 30
FAIL: gcc.dg/guality/pr90074.c   -O2 -flto -fuse-linker-plugin -fno-fat-lto-objects  -DPREVENT_OPTIMIZATION line 28 i + 1 == 8
FAIL: gcc.dg/guality/pr90074.c   -O2 -flto -fuse-linker-plugin -fno-fat-lto-objects  -DPREVENT_OPTIMIZATION line 28 c + 1 == 2
FAIL: gcc.dg/guality/pr90716.c   -O2 -flto -fuse-linker-plugin -fno-fat-lto-objects  -DPREVENT_OPTIMIZATION line 23 j + 1 == 9
FAIL: gcc.dg/guality/sra-1.c   -O2  -DPREVENT_OPTIMIZATION  line 43 a.j == 14
FAIL: gcc.dg/guality/sra-1.c   -O3 -g  -DPREVENT_OPTIMIZATION  line 43 a.j == 14
FAIL: gcc.dg/guality/sra-1.c   -Os  -DPREVENT_OPTIMIZATION  line 43 a.j == 14
FAIL: gcc.dg/guality/sra-1.c  -Og -DPREVENT_OPTIMIZATION  line 21 a.i == 4
FAIL: gcc.dg/guality/sra-1.c  -Og -DPREVENT_OPTIMIZATION  line 21 a.j == 14
FAIL: gcc.dg/guality/sra-1.c  -Og -DPREVENT_OPTIMIZATION  line 32 a[0] == 4
FAIL: gcc.dg/guality/sra-1.c  -Og -DPREVENT_OPTIMIZATION  line 32 a[1] == 14
FAIL: gcc.dg/guality/sra-1.c  -Og -DPREVENT_OPTIMIZATION  line 43 a.i == 4
FAIL: gcc.dg/guality/sra-1.c  -Og -DPREVENT_OPTIMIZATION  line 43 a.j == 14
FAIL: gcc.dg/guality/sra-1.c   -O2 -flto -fno-use-linker-plugin -flto-partition=none  -DPREVENT_OPTIMIZATION line 43 a.j == 14
FAIL: gcc.dg/guality/sra-1.c   -O2 -flto -fuse-linker-plugin -fno-fat-lto-objects  -DPREVENT_OPTIMIZATION line 21 a.i == 4
FAIL: gcc.dg/guality/sra-1.c   -O2 -flto -fuse-linker-plugin -fno-fat-lto-objects  -DPREVENT_OPTIMIZATION line 21 a.j == 14
FAIL: gcc.dg/guality/sra-1.c   -O2 -flto -fuse-linker-plugin -fno-fat-lto-objects  -DPREVENT_OPTIMIZATION line 32 a[0] == 4
FAIL: gcc.dg/guality/sra-1.c   -O2 -flto -fuse-linker-plugin -fno-fat-lto-objects  -DPREVENT_OPTIMIZATION line 32 a[1] == 14
FAIL: gcc.dg/guality/sra-1.c   -O2 -flto -fuse-linker-plugin -fno-fat-lto-objects  -DPREVENT_OPTIMIZATION line 43 a.i == 4
FAIL: gcc.dg/guality/sra-1.c   -O2 -flto -fuse-linker-plugin -fno-fat-lto-objects  -DPREVENT_OPTIMIZATION line 43 a.j == 14
FAIL: gcc.dg/guality/vla-1.c   -O3 -g  -DPREVENT_OPTIMIZATION  line 17 i == 5
FAIL: gcc.dg/guality/vla-1.c   -O3 -g  -DPREVENT_OPTIMIZATION  line 17 sizeof (a) == 6
FAIL: gcc.dg/guality/vla-1.c  -Og -DPREVENT_OPTIMIZATION  line 17 i == 5
FAIL: gcc.dg/guality/vla-1.c  -Og -DPREVENT_OPTIMIZATION  line 17 sizeof (a) == 6
FAIL: gcc.dg/guality/vla-1.c   -O2 -flto -fuse-linker-plugin -fno-fat-lto-objects  -DPREVENT_OPTIMIZATION line 17 i == 5
FAIL: gcc.dg/guality/vla-1.c   -O2 -flto -fuse-linker-plugin -fno-fat-lto-objects  -DPREVENT_OPTIMIZATION line 17 sizeof (a) == 6
FAIL: gcc.dg/guality/vla-1.c   -O2 -flto -fuse-linker-plugin -fno-fat-lto-objects  -DPREVENT_OPTIMIZATION line 24 i == 5
FAIL: gcc.dg/guality/vla-1.c   -O2 -flto -fuse-linker-plugin -fno-fat-lto-objects  -DPREVENT_OPTIMIZATION line 24 sizeof (a) == 17 * sizeof (short)
FAIL: gcc.target/i386/cet-sjlj-6a.c scan-assembler-times movq\\t.*buf\\\\+8 1
FAIL: gcc.target/i386/cet-sjlj-6a.c scan-assembler-times subq\\tbuf\\\\+8 1
FAIL: gcc.target/i386/cet-sjlj-6b.c scan-assembler-times movq\\t.*buf\\\\+16 1
FAIL: gcc.target/i386/cet-sjlj-6b.c scan-assembler-times subq\\tbuf\\\\+16 1
FAIL: gcc.target/i386/fentryname3.c scan-assembler 0x0f, 0x1f, 0x44, 0x00, 0x00
FAIL: gcc.target/i386/pr24414.c (test for excess errors)
UNRESOLVED: gcc.target/i386/pr24414.c compilation failed to produce executable

		=== gcc Summary for unix ===

# of expected passes		154475
# of unexpected failures	361
# of unexpected successes	37
# of expected failures		821
# of unresolved testcases	1
# of unsupported tests		2401

Running target unix/-fstack-protector
FAIL: gcc.dg/asan/use-after-scope-4.c   -O0  execution test
FAIL: gcc.dg/debug/dwarf2/pr97060.c scan-assembler-times DW_AT_declaration 2
FAIL: gcc.dg/stack-usage-1.c scan-stack-usage foo\\t(256|264)\\tstatic
FAIL: gcc.dg/superblock.c scan-rtl-dump-times sched2 "ADVANCING TO" 2
XPASS: gcc.dg/guality/example.c   -O0  execution test
XPASS: gcc.dg/guality/example.c   -O1  -DPREVENT_OPTIMIZATION  execution test
XPASS: gcc.dg/guality/example.c  -Og -DPREVENT_OPTIMIZATION  execution test
XPASS: gcc.dg/guality/example.c   -O2 -flto -fno-use-linker-plugin -flto-partition=none  -DPREVENT_OPTIMIZATION execution test
XPASS: gcc.dg/guality/guality.c   -O0  execution test
XPASS: gcc.dg/guality/guality.c   -O1  -DPREVENT_OPTIMIZATION  execution test
XPASS: gcc.dg/guality/guality.c   -O2  -DPREVENT_OPTIMIZATION  execution test
XPASS: gcc.dg/guality/guality.c   -O3 -g  -DPREVENT_OPTIMIZATION  execution test
XPASS: gcc.dg/guality/guality.c   -Os  -DPREVENT_OPTIMIZATION  execution test
XPASS: gcc.dg/guality/guality.c  -Og -DPREVENT_OPTIMIZATION  execution test
XPASS: gcc.dg/guality/guality.c   -O2 -flto -fno-use-linker-plugin -flto-partition=none  -DPREVENT_OPTIMIZATION execution test
XPASS: gcc.dg/guality/guality.c   -O2 -flto -fuse-linker-plugin -fno-fat-lto-objects  -DPREVENT_OPTIMIZATION execution test
XPASS: gcc.dg/guality/inline-params.c   -O2  -DPREVENT_OPTIMIZATION  execution test
XPASS: gcc.dg/guality/inline-params.c   -O3 -g  -DPREVENT_OPTIMIZATION  execution test
XPASS: gcc.dg/guality/inline-params.c   -Os  -DPREVENT_OPTIMIZATION  execution test
XPASS: gcc.dg/guality/inline-params.c   -O2 -flto -fno-use-linker-plugin -flto-partition=none  -DPREVENT_OPTIMIZATION execution test
XPASS: gcc.dg/guality/inline-params.c   -O2 -flto -fuse-linker-plugin -fno-fat-lto-objects  -DPREVENT_OPTIMIZATION execution test
FAIL: gcc.dg/guality/loop-1.c   -O3 -fomit-frame-pointer -funroll-loops -fpeel-loops -ftracer -finline-functions  -DPREVENT_OPTIMIZATION  line 20 i == 1
FAIL: gcc.dg/guality/pr36728-1.c   -O3 -g  -DPREVENT_OPTIMIZATION  line 16 arg1 == 1
FAIL: gcc.dg/guality/pr36728-1.c   -O3 -g  -DPREVENT_OPTIMIZATION  line 16 arg2 == 2
FAIL: gcc.dg/guality/pr36728-1.c   -O3 -g  -DPREVENT_OPTIMIZATION  line 16 arg3 == 3
FAIL: gcc.dg/guality/pr36728-1.c   -O3 -g  -DPREVENT_OPTIMIZATION  line 16 arg4 == 4
FAIL: gcc.dg/guality/pr36728-1.c   -O3 -g  -DPREVENT_OPTIMIZATION  line 16 arg5 == 5
FAIL: gcc.dg/guality/pr36728-1.c   -O3 -g  -DPREVENT_OPTIMIZATION  line 16 arg6 == 6
FAIL: gcc.dg/guality/pr36728-1.c   -O3 -g  -DPREVENT_OPTIMIZATION  line 16 arg7 == 30
FAIL: gcc.dg/guality/pr36728-1.c   -O3 -g  -DPREVENT_OPTIMIZATION  line 18 arg1 == 1
FAIL: gcc.dg/guality/pr36728-1.c   -O3 -g  -DPREVENT_OPTIMIZATION  line 18 arg2 == 2
FAIL: gcc.dg/guality/pr36728-1.c   -O3 -g  -DPREVENT_OPTIMIZATION  line 18 arg3 == 3
FAIL: gcc.dg/guality/pr36728-1.c   -O3 -g  -DPREVENT_OPTIMIZATION  line 18 arg4 == 4
FAIL: gcc.dg/guality/pr36728-1.c   -O3 -g  -DPREVENT_OPTIMIZATION  line 18 arg5 == 5
FAIL: gcc.dg/guality/pr36728-1.c   -O3 -g  -DPREVENT_OPTIMIZATION  line 18 arg6 == 6
FAIL: gcc.dg/guality/pr36728-1.c   -O3 -g  -DPREVENT_OPTIMIZATION  line 18 arg7 == 30
FAIL: gcc.dg/guality/pr36728-1.c   -O2 -flto -fno-use-linker-plugin -flto-partition=none  -DPREVENT_OPTIMIZATION line 16 arg3 == 3
FAIL: gcc.dg/guality/pr36728-1.c   -O2 -flto -fno-use-linker-plugin -flto-partition=none  -DPREVENT_OPTIMIZATION line 16 arg4 == 4
FAIL: gcc.dg/guality/pr36728-1.c   -O2 -flto -fno-use-linker-plugin -flto-partition=none  -DPREVENT_OPTIMIZATION line 18 arg3 == 3
FAIL: gcc.dg/guality/pr36728-1.c   -O2 -flto -fno-use-linker-plugin -flto-partition=none  -DPREVENT_OPTIMIZATION line 18 arg4 == 4
FAIL: gcc.dg/guality/pr36728-1.c   -O2 -flto -fuse-linker-plugin -fno-fat-lto-objects  -DPREVENT_OPTIMIZATION line 16 arg1 == 1
FAIL: gcc.dg/guality/pr36728-1.c   -O2 -flto -fuse-linker-plugin -fno-fat-lto-objects  -DPREVENT_OPTIMIZATION line 16 arg2 == 2
FAIL: gcc.dg/guality/pr36728-1.c   -O2 -flto -fuse-linker-plugin -fno-fat-lto-objects  -DPREVENT_OPTIMIZATION line 16 arg3 == 3
FAIL: gcc.dg/guality/pr36728-1.c   -O2 -flto -fuse-linker-plugin -fno-fat-lto-objects  -DPREVENT_OPTIMIZATION line 16 arg4 == 4
FAIL: gcc.dg/guality/pr36728-1.c   -O2 -flto -fuse-linker-plugin -fno-fat-lto-objects  -DPREVENT_OPTIMIZATION line 16 arg5 == 5
FAIL: gcc.dg/guality/pr36728-1.c   -O2 -flto -fuse-linker-plugin -fno-fat-lto-objects  -DPREVENT_OPTIMIZATION line 16 arg6 == 6
FAIL: gcc.dg/guality/pr36728-1.c   -O2 -flto -fuse-linker-plugin -fno-fat-lto-objects  -DPREVENT_OPTIMIZATION line 16 arg7 == 30
FAIL: gcc.dg/guality/pr36728-1.c   -O2 -flto -fuse-linker-plugin -fno-fat-lto-objects  -DPREVENT_OPTIMIZATION line 18 arg1 == 1
FAIL: gcc.dg/guality/pr36728-1.c   -O2 -flto -fuse-linker-plugin -fno-fat-lto-objects  -DPREVENT_OPTIMIZATION line 18 arg2 == 2
FAIL: gcc.dg/guality/pr36728-1.c   -O2 -flto -fuse-linker-plugin -fno-fat-lto-objects  -DPREVENT_OPTIMIZATION line 18 arg3 == 3
FAIL: gcc.dg/guality/pr36728-1.c   -O2 -flto -fuse-linker-plugin -fno-fat-lto-objects  -DPREVENT_OPTIMIZATION line 18 arg4 == 4
FAIL: gcc.dg/guality/pr36728-1.c   -O2 -flto -fuse-linker-plugin -fno-fat-lto-objects  -DPREVENT_OPTIMIZATION line 18 arg5 == 5
FAIL: gcc.dg/guality/pr36728-1.c   -O2 -flto -fuse-linker-plugin -fno-fat-lto-objects  -DPREVENT_OPTIMIZATION line 18 arg6 == 6
FAIL: gcc.dg/guality/pr36728-1.c   -O2 -flto -fuse-linker-plugin -fno-fat-lto-objects  -DPREVENT_OPTIMIZATION line 18 arg7 == 30
FAIL: gcc.dg/guality/pr36728-2.c   -O3 -g  -DPREVENT_OPTIMIZATION  line 16 arg1 == 1
FAIL: gcc.dg/guality/pr36728-2.c   -O3 -g  -DPREVENT_OPTIMIZATION  line 16 arg2 == 2
FAIL: gcc.dg/guality/pr36728-2.c   -O3 -g  -DPREVENT_OPTIMIZATION  line 16 arg3 == 3
FAIL: gcc.dg/guality/pr36728-2.c   -O3 -g  -DPREVENT_OPTIMIZATION  line 16 arg4 == 4
FAIL: gcc.dg/guality/pr36728-2.c   -O3 -g  -DPREVENT_OPTIMIZATION  line 16 arg5 == 5
FAIL: gcc.dg/guality/pr36728-2.c   -O3 -g  -DPREVENT_OPTIMIZATION  line 16 arg6 == 6
FAIL: gcc.dg/guality/pr36728-2.c   -O3 -g  -DPREVENT_OPTIMIZATION  line 16 arg7 == 30
FAIL: gcc.dg/guality/pr36728-2.c   -O3 -g  -DPREVENT_OPTIMIZATION  line 18 arg1 == 1
FAIL: gcc.dg/guality/pr36728-2.c   -O3 -g  -DPREVENT_OPTIMIZATION  line 18 arg2 == 2
FAIL: gcc.dg/guality/pr36728-2.c   -O3 -g  -DPREVENT_OPTIMIZATION  line 18 arg3 == 3
FAIL: gcc.dg/guality/pr36728-2.c   -O3 -g  -DPREVENT_OPTIMIZATION  line 18 arg4 == 4
FAIL: gcc.dg/guality/pr36728-2.c   -O3 -g  -DPREVENT_OPTIMIZATION  line 18 arg5 == 5
FAIL: gcc.dg/guality/pr36728-2.c   -O3 -g  -DPREVENT_OPTIMIZATION  line 18 arg6 == 6
FAIL: gcc.dg/guality/pr36728-2.c   -O3 -g  -DPREVENT_OPTIMIZATION  line 18 arg7 == 30
FAIL: gcc.dg/guality/pr36728-2.c   -O2 -flto -fno-use-linker-plugin -flto-partition=none  -DPREVENT_OPTIMIZATION line 18 *x == (char) 25
FAIL: gcc.dg/guality/pr36728-2.c   -O2 -flto -fuse-linker-plugin -fno-fat-lto-objects  -DPREVENT_OPTIMIZATION line 16 arg1 == 1
FAIL: gcc.dg/guality/pr36728-2.c   -O2 -flto -fuse-linker-plugin -fno-fat-lto-objects  -DPREVENT_OPTIMIZATION line 16 arg2 == 2
FAIL: gcc.dg/guality/pr36728-2.c   -O2 -flto -fuse-linker-plugin -fno-fat-lto-objects  -DPREVENT_OPTIMIZATION line 16 arg3 == 3
FAIL: gcc.dg/guality/pr36728-2.c   -O2 -flto -fuse-linker-plugin -fno-fat-lto-objects  -DPREVENT_OPTIMIZATION line 16 arg4 == 4
FAIL: gcc.dg/guality/pr36728-2.c   -O2 -flto -fuse-linker-plugin -fno-fat-lto-objects  -DPREVENT_OPTIMIZATION line 16 arg5 == 5
FAIL: gcc.dg/guality/pr36728-2.c   -O2 -flto -fuse-linker-plugin -fno-fat-lto-objects  -DPREVENT_OPTIMIZATION line 16 arg6 == 6
FAIL: gcc.dg/guality/pr36728-2.c   -O2 -flto -fuse-linker-plugin -fno-fat-lto-objects  -DPREVENT_OPTIMIZATION line 16 arg7 == 30
FAIL: gcc.dg/guality/pr36728-2.c   -O2 -flto -fuse-linker-plugin -fno-fat-lto-objects  -DPREVENT_OPTIMIZATION line 18 arg1 == 1
FAIL: gcc.dg/guality/pr36728-2.c   -O2 -flto -fuse-linker-plugin -fno-fat-lto-objects  -DPREVENT_OPTIMIZATION line 18 arg2 == 2
FAIL: gcc.dg/guality/pr36728-2.c   -O2 -flto -fuse-linker-plugin -fno-fat-lto-objects  -DPREVENT_OPTIMIZATION line 18 arg3 == 3
FAIL: gcc.dg/guality/pr36728-2.c   -O2 -flto -fuse-linker-plugin -fno-fat-lto-objects  -DPREVENT_OPTIMIZATION line 18 arg4 == 4
FAIL: gcc.dg/guality/pr36728-2.c   -O2 -flto -fuse-linker-plugin -fno-fat-lto-objects  -DPREVENT_OPTIMIZATION line 18 arg5 == 5
FAIL: gcc.dg/guality/pr36728-2.c   -O2 -flto -fuse-linker-plugin -fno-fat-lto-objects  -DPREVENT_OPTIMIZATION line 18 arg6 == 6
FAIL: gcc.dg/guality/pr36728-2.c   -O2 -flto -fuse-linker-plugin -fno-fat-lto-objects  -DPREVENT_OPTIMIZATION line 18 arg7 == 30
FAIL: gcc.dg/guality/pr36728-3.c   -O3 -g  -DPREVENT_OPTIMIZATION  line 14 arg1 == 1
FAIL: gcc.dg/guality/pr36728-3.c   -O3 -g  -DPREVENT_OPTIMIZATION  line 14 arg2 == 2
FAIL: gcc.dg/guality/pr36728-3.c   -O3 -g  -DPREVENT_OPTIMIZATION  line 14 arg3 == 3
FAIL: gcc.dg/guality/pr36728-3.c   -O3 -g  -DPREVENT_OPTIMIZATION  line 14 arg4 == 4
FAIL: gcc.dg/guality/pr36728-3.c   -O3 -g  -DPREVENT_OPTIMIZATION  line 14 arg5 == 5
FAIL: gcc.dg/guality/pr36728-3.c   -O3 -g  -DPREVENT_OPTIMIZATION  line 14 arg6 == 6
FAIL: gcc.dg/guality/pr36728-3.c   -O3 -g  -DPREVENT_OPTIMIZATION  line 14 arg7 == 30
FAIL: gcc.dg/guality/pr36728-3.c   -O3 -g  -DPREVENT_OPTIMIZATION  line 16 arg1 == 1
FAIL: gcc.dg/guality/pr36728-3.c   -O3 -g  -DPREVENT_OPTIMIZATION  line 16 arg2 == 2
FAIL: gcc.dg/guality/pr36728-3.c   -O3 -g  -DPREVENT_OPTIMIZATION  line 16 arg3 == 3
FAIL: gcc.dg/guality/pr36728-3.c   -O3 -g  -DPREVENT_OPTIMIZATION  line 16 arg4 == 4
FAIL: gcc.dg/guality/pr36728-3.c   -O3 -g  -DPREVENT_OPTIMIZATION  line 16 arg5 == 5
FAIL: gcc.dg/guality/pr36728-3.c   -O3 -g  -DPREVENT_OPTIMIZATION  line 16 arg6 == 6
FAIL: gcc.dg/guality/pr36728-3.c   -O3 -g  -DPREVENT_OPTIMIZATION  line 16 arg7 == 30
FAIL: gcc.dg/guality/pr36728-3.c   -O2 -flto -fuse-linker-plugin -fno-fat-lto-objects  -DPREVENT_OPTIMIZATION line 14 arg1 == 1
FAIL: gcc.dg/guality/pr36728-3.c   -O2 -flto -fuse-linker-plugin -fno-fat-lto-objects  -DPREVENT_OPTIMIZATION line 14 arg2 == 2
FAIL: gcc.dg/guality/pr36728-3.c   -O2 -flto -fuse-linker-plugin -fno-fat-lto-objects  -DPREVENT_OPTIMIZATION line 14 arg3 == 3
FAIL: gcc.dg/guality/pr36728-3.c   -O2 -flto -fuse-linker-plugin -fno-fat-lto-objects  -DPREVENT_OPTIMIZATION line 14 arg4 == 4
FAIL: gcc.dg/guality/pr36728-3.c   -O2 -flto -fuse-linker-plugin -fno-fat-lto-objects  -DPREVENT_OPTIMIZATION line 14 arg5 == 5
FAIL: gcc.dg/guality/pr36728-3.c   -O2 -flto -fuse-linker-plugin -fno-fat-lto-objects  -DPREVENT_OPTIMIZATION line 14 arg6 == 6
FAIL: gcc.dg/guality/pr36728-3.c   -O2 -flto -fuse-linker-plugin -fno-fat-lto-objects  -DPREVENT_OPTIMIZATION line 14 arg7 == 30
FAIL: gcc.dg/guality/pr36728-3.c   -O2 -flto -fuse-linker-plugin -fno-fat-lto-objects  -DPREVENT_OPTIMIZATION line 16 arg1 == 1
FAIL: gcc.dg/guality/pr36728-3.c   -O2 -flto -fuse-linker-plugin -fno-fat-lto-objects  -DPREVENT_OPTIMIZATION line 16 arg2 == 2
FAIL: gcc.dg/guality/pr36728-3.c   -O2 -flto -fuse-linker-plugin -fno-fat-lto-objects  -DPREVENT_OPTIMIZATION line 16 arg3 == 3
FAIL: gcc.dg/guality/pr36728-3.c   -O2 -flto -fuse-linker-plugin -fno-fat-lto-objects  -DPREVENT_OPTIMIZATION line 16 arg4 == 4
FAIL: gcc.dg/guality/pr36728-3.c   -O2 -flto -fuse-linker-plugin -fno-fat-lto-objects  -DPREVENT_OPTIMIZATION line 16 arg5 == 5
FAIL: gcc.dg/guality/pr36728-3.c   -O2 -flto -fuse-linker-plugin -fno-fat-lto-objects  -DPREVENT_OPTIMIZATION line 16 arg6 == 6
FAIL: gcc.dg/guality/pr36728-3.c   -O2 -flto -fuse-linker-plugin -fno-fat-lto-objects  -DPREVENT_OPTIMIZATION line 16 arg7 == 30
FAIL: gcc.dg/guality/pr36728-4.c   -O3 -g  -DPREVENT_OPTIMIZATION  line 14 arg1 == 1
FAIL: gcc.dg/guality/pr36728-4.c   -O3 -g  -DPREVENT_OPTIMIZATION  line 14 arg2 == 2
FAIL: gcc.dg/guality/pr36728-4.c   -O3 -g  -DPREVENT_OPTIMIZATION  line 14 arg3 == 3
FAIL: gcc.dg/guality/pr36728-4.c   -O3 -g  -DPREVENT_OPTIMIZATION  line 14 arg4 == 4
FAIL: gcc.dg/guality/pr36728-4.c   -O3 -g  -DPREVENT_OPTIMIZATION  line 14 arg5 == 5
FAIL: gcc.dg/guality/pr36728-4.c   -O3 -g  -DPREVENT_OPTIMIZATION  line 14 arg6 == 6
FAIL: gcc.dg/guality/pr36728-4.c   -O3 -g  -DPREVENT_OPTIMIZATION  line 14 arg7 == 30
FAIL: gcc.dg/guality/pr36728-4.c   -O3 -g  -DPREVENT_OPTIMIZATION  line 16 arg1 == 1
FAIL: gcc.dg/guality/pr36728-4.c   -O3 -g  -DPREVENT_OPTIMIZATION  line 16 arg2 == 2
FAIL: gcc.dg/guality/pr36728-4.c   -O3 -g  -DPREVENT_OPTIMIZATION  line 16 arg3 == 3
FAIL: gcc.dg/guality/pr36728-4.c   -O3 -g  -DPREVENT_OPTIMIZATION  line 16 arg4 == 4
FAIL: gcc.dg/guality/pr36728-4.c   -O3 -g  -DPREVENT_OPTIMIZATION  line 16 arg5 == 5
FAIL: gcc.dg/guality/pr36728-4.c   -O3 -g  -DPREVENT_OPTIMIZATION  line 16 arg6 == 6
FAIL: gcc.dg/guality/pr36728-4.c   -O3 -g  -DPREVENT_OPTIMIZATION  line 16 arg7 == 30
FAIL: gcc.dg/guality/pr36728-4.c   -O2 -flto -fuse-linker-plugin -fno-fat-lto-objects  -DPREVENT_OPTIMIZATION line 14 arg1 == 1
FAIL: gcc.dg/guality/pr36728-4.c   -O2 -flto -fuse-linker-plugin -fno-fat-lto-objects  -DPREVENT_OPTIMIZATION line 14 arg2 == 2
FAIL: gcc.dg/guality/pr36728-4.c   -O2 -flto -fuse-linker-plugin -fno-fat-lto-objects  -DPREVENT_OPTIMIZATION line 14 arg3 == 3
FAIL: gcc.dg/guality/pr36728-4.c   -O2 -flto -fuse-linker-plugin -fno-fat-lto-objects  -DPREVENT_OPTIMIZATION line 14 arg4 == 4
FAIL: gcc.dg/guality/pr36728-4.c   -O2 -flto -fuse-linker-plugin -fno-fat-lto-objects  -DPREVENT_OPTIMIZATION line 14 arg5 == 5
FAIL: gcc.dg/guality/pr36728-4.c   -O2 -flto -fuse-linker-plugin -fno-fat-lto-objects  -DPREVENT_OPTIMIZATION line 14 arg6 == 6
FAIL: gcc.dg/guality/pr36728-4.c   -O2 -flto -fuse-linker-plugin -fno-fat-lto-objects  -DPREVENT_OPTIMIZATION line 14 arg7 == 30
FAIL: gcc.dg/guality/pr36728-4.c   -O2 -flto -fuse-linker-plugin -fno-fat-lto-objects  -DPREVENT_OPTIMIZATION line 14 y == 2
FAIL: gcc.dg/guality/pr36728-4.c   -O2 -flto -fuse-linker-plugin -fno-fat-lto-objects  -DPREVENT_OPTIMIZATION line 16 arg1 == 1
FAIL: gcc.dg/guality/pr36728-4.c   -O2 -flto -fuse-linker-plugin -fno-fat-lto-objects  -DPREVENT_OPTIMIZATION line 16 arg2 == 2
FAIL: gcc.dg/guality/pr36728-4.c   -O2 -flto -fuse-linker-plugin -fno-fat-lto-objects  -DPREVENT_OPTIMIZATION line 16 arg3 == 3
FAIL: gcc.dg/guality/pr36728-4.c   -O2 -flto -fuse-linker-plugin -fno-fat-lto-objects  -DPREVENT_OPTIMIZATION line 16 arg4 == 4
FAIL: gcc.dg/guality/pr36728-4.c   -O2 -flto -fuse-linker-plugin -fno-fat-lto-objects  -DPREVENT_OPTIMIZATION line 16 arg5 == 5
FAIL: gcc.dg/guality/pr36728-4.c   -O2 -flto -fuse-linker-plugin -fno-fat-lto-objects  -DPREVENT_OPTIMIZATION line 16 arg6 == 6
FAIL: gcc.dg/guality/pr36728-4.c   -O2 -flto -fuse-linker-plugin -fno-fat-lto-objects  -DPREVENT_OPTIMIZATION line 16 arg7 == 30
FAIL: gcc.dg/guality/pr36728-4.c   -O2 -flto -fuse-linker-plugin -fno-fat-lto-objects  -DPREVENT_OPTIMIZATION line 16 y == 2
XPASS: gcc.dg/guality/pr41353-1.c   -O0  line 28 j == 28 + 37
XPASS: gcc.dg/guality/pr41353-1.c  -Og -DPREVENT_OPTIMIZATION  line 28 j == 28 + 37
FAIL: gcc.dg/guality/pr41447-1.c   -O2 -flto -fno-use-linker-plugin -flto-partition=none  -DPREVENT_OPTIMIZATION execution test
FAIL: gcc.dg/guality/pr41616-1.c   -O2  -DPREVENT_OPTIMIZATION  execution test
FAIL: gcc.dg/guality/pr41616-1.c   -O3 -g  -DPREVENT_OPTIMIZATION  execution test
FAIL: gcc.dg/guality/pr41616-1.c   -O2 -flto -fno-use-linker-plugin -flto-partition=none  -DPREVENT_OPTIMIZATION execution test
FAIL: gcc.dg/guality/pr54519-1.c   -O1  -DPREVENT_OPTIMIZATION  line 20 z == 6
FAIL: gcc.dg/guality/pr54519-1.c   -O1  -DPREVENT_OPTIMIZATION  line 23 z == 8
FAIL: gcc.dg/guality/pr54519-1.c   -O2  -DPREVENT_OPTIMIZATION  line 20 y == 25
FAIL: gcc.dg/guality/pr54519-1.c   -O2  -DPREVENT_OPTIMIZATION  line 20 z == 6
FAIL: gcc.dg/guality/pr54519-1.c   -O2  -DPREVENT_OPTIMIZATION  line 23 y == 117
FAIL: gcc.dg/guality/pr54519-1.c   -O2  -DPREVENT_OPTIMIZATION  line 23 z == 8
FAIL: gcc.dg/guality/pr54519-1.c   -Os  -DPREVENT_OPTIMIZATION  line 20 y == 25
FAIL: gcc.dg/guality/pr54519-1.c   -Os  -DPREVENT_OPTIMIZATION  line 20 z == 6
FAIL: gcc.dg/guality/pr54519-1.c   -Os  -DPREVENT_OPTIMIZATION  line 23 y == 117
FAIL: gcc.dg/guality/pr54519-1.c   -Os  -DPREVENT_OPTIMIZATION  line 23 z == 8
FAIL: gcc.dg/guality/pr54519-1.c  -Og -DPREVENT_OPTIMIZATION  line 20 z == 6
FAIL: gcc.dg/guality/pr54519-1.c  -Og -DPREVENT_OPTIMIZATION  line 23 z == 8
FAIL: gcc.dg/guality/pr54519-1.c   -O2 -flto -fno-use-linker-plugin -flto-partition=none  -DPREVENT_OPTIMIZATION line 20 y == 25
FAIL: gcc.dg/guality/pr54519-1.c   -O2 -flto -fno-use-linker-plugin -flto-partition=none  -DPREVENT_OPTIMIZATION line 20 z == 6
FAIL: gcc.dg/guality/pr54519-1.c   -O2 -flto -fno-use-linker-plugin -flto-partition=none  -DPREVENT_OPTIMIZATION line 23 y == 117
FAIL: gcc.dg/guality/pr54519-1.c   -O2 -flto -fno-use-linker-plugin -flto-partition=none  -DPREVENT_OPTIMIZATION line 23 z == 8
FAIL: gcc.dg/guality/pr54519-1.c   -O2 -flto -fuse-linker-plugin -fno-fat-lto-objects  -DPREVENT_OPTIMIZATION line 20 y == 25
FAIL: gcc.dg/guality/pr54519-1.c   -O2 -flto -fuse-linker-plugin -fno-fat-lto-objects  -DPREVENT_OPTIMIZATION line 20 z == 6
FAIL: gcc.dg/guality/pr54519-1.c   -O2 -flto -fuse-linker-plugin -fno-fat-lto-objects  -DPREVENT_OPTIMIZATION line 23 y == 117
FAIL: gcc.dg/guality/pr54519-1.c   -O2 -flto -fuse-linker-plugin -fno-fat-lto-objects  -DPREVENT_OPTIMIZATION line 23 z == 8
FAIL: gcc.dg/guality/pr54519-2.c   -O1  -DPREVENT_OPTIMIZATION  line 17 y == 25
FAIL: gcc.dg/guality/pr54519-2.c   -Os  -DPREVENT_OPTIMIZATION  line 17 y == 25
FAIL: gcc.dg/guality/pr54519-2.c  -Og -DPREVENT_OPTIMIZATION  line 17 y == 25
FAIL: gcc.dg/guality/pr54519-2.c   -O2 -flto -fno-use-linker-plugin -flto-partition=none  -DPREVENT_OPTIMIZATION line 17 y == 25
FAIL: gcc.dg/guality/pr54519-2.c   -O2 -flto -fuse-linker-plugin -fno-fat-lto-objects  -DPREVENT_OPTIMIZATION line 17 y == 25
FAIL: gcc.dg/guality/pr54519-3.c   -O1  -DPREVENT_OPTIMIZATION  line 20 z == 6
FAIL: gcc.dg/guality/pr54519-3.c   -O1  -DPREVENT_OPTIMIZATION  line 23 z == 8
FAIL: gcc.dg/guality/pr54519-3.c  -Og -DPREVENT_OPTIMIZATION  line 20 z == 6
FAIL: gcc.dg/guality/pr54519-3.c  -Og -DPREVENT_OPTIMIZATION  line 23 z == 8
FAIL: gcc.dg/guality/pr54519-3.c   -O2 -flto -fno-use-linker-plugin -flto-partition=none  -DPREVENT_OPTIMIZATION line 20 y == 25
FAIL: gcc.dg/guality/pr54519-3.c   -O2 -flto -fno-use-linker-plugin -flto-partition=none  -DPREVENT_OPTIMIZATION line 20 z == 6
FAIL: gcc.dg/guality/pr54519-3.c   -O2 -flto -fno-use-linker-plugin -flto-partition=none  -DPREVENT_OPTIMIZATION line 23 y == 117
FAIL: gcc.dg/guality/pr54519-3.c   -O2 -flto -fno-use-linker-plugin -flto-partition=none  -DPREVENT_OPTIMIZATION line 23 z == 8
FAIL: gcc.dg/guality/pr54519-3.c   -O2 -flto -fuse-linker-plugin -fno-fat-lto-objects  -DPREVENT_OPTIMIZATION line 20 y == 25
FAIL: gcc.dg/guality/pr54519-3.c   -O2 -flto -fuse-linker-plugin -fno-fat-lto-objects  -DPREVENT_OPTIMIZATION line 20 z == 6
FAIL: gcc.dg/guality/pr54519-3.c   -O2 -flto -fuse-linker-plugin -fno-fat-lto-objects  -DPREVENT_OPTIMIZATION line 23 y == 117
FAIL: gcc.dg/guality/pr54519-3.c   -O2 -flto -fuse-linker-plugin -fno-fat-lto-objects  -DPREVENT_OPTIMIZATION line 23 z == 8
FAIL: gcc.dg/guality/pr54519-4.c   -O1  -DPREVENT_OPTIMIZATION  line 17 y == 25
FAIL: gcc.dg/guality/pr54519-4.c  -Og -DPREVENT_OPTIMIZATION  line 17 y == 25
FAIL: gcc.dg/guality/pr54519-4.c   -O2 -flto -fno-use-linker-plugin -flto-partition=none  -DPREVENT_OPTIMIZATION line 17 y == 25
FAIL: gcc.dg/guality/pr54519-4.c   -O2 -flto -fuse-linker-plugin -fno-fat-lto-objects  -DPREVENT_OPTIMIZATION line 17 y == 25
FAIL: gcc.dg/guality/pr54519-5.c   -O1  -DPREVENT_OPTIMIZATION  line 17 y == 25
FAIL: gcc.dg/guality/pr54519-5.c   -Os  -DPREVENT_OPTIMIZATION  line 17 y == 25
FAIL: gcc.dg/guality/pr54519-5.c  -Og -DPREVENT_OPTIMIZATION  line 17 y == 25
FAIL: gcc.dg/guality/pr54519-5.c   -O2 -flto -fno-use-linker-plugin -flto-partition=none  -DPREVENT_OPTIMIZATION line 17 y == 25
FAIL: gcc.dg/guality/pr54519-5.c   -O2 -flto -fuse-linker-plugin -fno-fat-lto-objects  -DPREVENT_OPTIMIZATION line 17 y == 25
FAIL: gcc.dg/guality/pr54519-6.c   -Os  -DPREVENT_OPTIMIZATION  line 11 x == 2
FAIL: gcc.dg/guality/pr54551.c   -O1  -DPREVENT_OPTIMIZATION  line 18 a == 4
FAIL: gcc.dg/guality/pr54551.c   -O1  -DPREVENT_OPTIMIZATION  line 18 z == 3
FAIL: gcc.dg/guality/pr54551.c  -Og -DPREVENT_OPTIMIZATION  line 18 a == 4
FAIL: gcc.dg/guality/pr54551.c  -Og -DPREVENT_OPTIMIZATION  line 18 z == 3
FAIL: gcc.dg/guality/pr54551.c   -O2 -flto -fno-use-linker-plugin -flto-partition=none  -DPREVENT_OPTIMIZATION line 18 a == 4
FAIL: gcc.dg/guality/pr54551.c   -O2 -flto -fno-use-linker-plugin -flto-partition=none  -DPREVENT_OPTIMIZATION line 18 z == 3
FAIL: gcc.dg/guality/pr54796.c   -O1  -DPREVENT_OPTIMIZATION  line 17 a == 5
FAIL: gcc.dg/guality/pr54796.c   -O1  -DPREVENT_OPTIMIZATION  line 17 b == 6
FAIL: gcc.dg/guality/pr54796.c   -O1  -DPREVENT_OPTIMIZATION  line 17 c == 5
FAIL: gcc.dg/guality/pr54796.c   -O2  -DPREVENT_OPTIMIZATION  line 17 a == 5
FAIL: gcc.dg/guality/pr54796.c   -O2  -DPREVENT_OPTIMIZATION  line 17 b == 6
FAIL: gcc.dg/guality/pr54796.c   -O2  -DPREVENT_OPTIMIZATION  line 17 c == 5
FAIL: gcc.dg/guality/pr54796.c   -O3 -g  -DPREVENT_OPTIMIZATION  line 17 a == 5
FAIL: gcc.dg/guality/pr54796.c   -O3 -g  -DPREVENT_OPTIMIZATION  line 17 b == 6
FAIL: gcc.dg/guality/pr54796.c   -O3 -g  -DPREVENT_OPTIMIZATION  line 17 c == 5
FAIL: gcc.dg/guality/pr54796.c   -Os  -DPREVENT_OPTIMIZATION  line 17 a == 5
FAIL: gcc.dg/guality/pr54796.c   -Os  -DPREVENT_OPTIMIZATION  line 17 b == 6
FAIL: gcc.dg/guality/pr54796.c   -Os  -DPREVENT_OPTIMIZATION  line 17 c == 5
FAIL: gcc.dg/guality/pr54796.c  -Og -DPREVENT_OPTIMIZATION  line 17 a == 5
FAIL: gcc.dg/guality/pr54796.c  -Og -DPREVENT_OPTIMIZATION  line 17 b == 6
FAIL: gcc.dg/guality/pr54796.c  -Og -DPREVENT_OPTIMIZATION  line 17 c == 5
FAIL: gcc.dg/guality/pr54796.c   -O2 -flto -fno-use-linker-plugin -flto-partition=none  -DPREVENT_OPTIMIZATION line 17 a == 5
FAIL: gcc.dg/guality/pr54796.c   -O2 -flto -fno-use-linker-plugin -flto-partition=none  -DPREVENT_OPTIMIZATION line 17 b == 6
FAIL: gcc.dg/guality/pr54796.c   -O2 -flto -fno-use-linker-plugin -flto-partition=none  -DPREVENT_OPTIMIZATION line 17 c == 5
FAIL: gcc.dg/guality/pr54796.c   -O2 -flto -fuse-linker-plugin -fno-fat-lto-objects  -DPREVENT_OPTIMIZATION line 17 a == 5
FAIL: gcc.dg/guality/pr54796.c   -O2 -flto -fuse-linker-plugin -fno-fat-lto-objects  -DPREVENT_OPTIMIZATION line 17 b == 6
XPASS: gcc.dg/guality/pr54970.c   -O0  line 15 a[0] == 1
XPASS: gcc.dg/guality/pr54970.c   -O0  line 20 a[0] == 1
XPASS: gcc.dg/guality/pr54970.c   -O0  line 25 a[0] == 1
XPASS: gcc.dg/guality/pr54970.c   -O0  line 31 a[0] == 4
XPASS: gcc.dg/guality/pr54970.c   -O0  line 36 a[0] == 4
XPASS: gcc.dg/guality/pr54970.c   -O0  line 45 a[0] == 4
XPASS: gcc.dg/guality/pr54970.c   -O0  line 45 p[-2] == 4
XPASS: gcc.dg/guality/pr54970.c   -O0  line 45 q[-1] == 4
XPASS: gcc.dg/guality/pr54970.c  -Og -DPREVENT_OPTIMIZATION  line 15 a[0] == 1
XPASS: gcc.dg/guality/pr54970.c  -Og -DPREVENT_OPTIMIZATION  line 20 a[0] == 1
XPASS: gcc.dg/guality/pr54970.c  -Og -DPREVENT_OPTIMIZATION  line 25 a[0] == 1
XPASS: gcc.dg/guality/pr54970.c  -Og -DPREVENT_OPTIMIZATION  line 31 a[0] == 4
XPASS: gcc.dg/guality/pr54970.c  -Og -DPREVENT_OPTIMIZATION  line 36 a[0] == 4
XPASS: gcc.dg/guality/pr54970.c  -Og -DPREVENT_OPTIMIZATION  line 45 a[0] == 4
XPASS: gcc.dg/guality/pr54970.c  -Og -DPREVENT_OPTIMIZATION  line 45 p[-2] == 4
XPASS: gcc.dg/guality/pr54970.c  -Og -DPREVENT_OPTIMIZATION  line 45 q[-1] == 4
FAIL: gcc.dg/guality/pr56154-1.c  -Og -DPREVENT_OPTIMIZATION  line pr56154-1.c:20 x.a == 6
FAIL: gcc.dg/guality/pr58791-4.c  -Og -DPREVENT_OPTIMIZATION  line pr58791-4.c:32 i == 486
FAIL: gcc.dg/guality/pr58791-4.c  -Og -DPREVENT_OPTIMIZATION  line pr58791-4.c:32 i2 == 487
FAIL: gcc.dg/guality/pr58791-5.c  -Og -DPREVENT_OPTIMIZATION  line pr58791-5.c:20 b4 == 4681
FAIL: gcc.dg/guality/pr58791-5.c  -Og -DPREVENT_OPTIMIZATION  line pr58791-5.c:20 b3 == 585
FAIL: gcc.dg/guality/pr58791-5.c  -Og -DPREVENT_OPTIMIZATION  line pr58791-5.c:20 b2 == 73
XPASS: gcc.dg/guality/pr59776.c   -O0  line pr59776.c:17 s2.g == 6.0
XPASS: gcc.dg/guality/pr59776.c   -O0  line pr59776.c:20 s2.g == 6.0
FAIL: gcc.dg/guality/pr59776.c  -Og -DPREVENT_OPTIMIZATION  line pr59776.c:17 s1.f == 5.0
FAIL: gcc.dg/guality/pr59776.c  -Og -DPREVENT_OPTIMIZATION  line pr59776.c:17 s1.g == 6.0
FAIL: gcc.dg/guality/pr59776.c  -Og -DPREVENT_OPTIMIZATION  line pr59776.c:17 s2.f == 0.0
FAIL: gcc.dg/guality/pr59776.c  -Og -DPREVENT_OPTIMIZATION  line pr59776.c:20 s1.f == 5.0
FAIL: gcc.dg/guality/pr59776.c  -Og -DPREVENT_OPTIMIZATION  line pr59776.c:20 s1.g == 6.0
FAIL: gcc.dg/guality/pr59776.c  -Og -DPREVENT_OPTIMIZATION  line pr59776.c:20 s2.f == 5.0
FAIL: gcc.dg/guality/pr68860-1.c   -O1  -DPREVENT_OPTIMIZATION  line 14 arg3 == 3
FAIL: gcc.dg/guality/pr68860-1.c   -O1  -DPREVENT_OPTIMIZATION  line 16 arg3 == 3
FAIL: gcc.dg/guality/pr68860-1.c   -O2  -DPREVENT_OPTIMIZATION  line 14 arg1 == 1
FAIL: gcc.dg/guality/pr68860-1.c   -O2  -DPREVENT_OPTIMIZATION  line 14 arg2 == 2
FAIL: gcc.dg/guality/pr68860-1.c   -O2  -DPREVENT_OPTIMIZATION  line 14 arg3 == 3
FAIL: gcc.dg/guality/pr68860-1.c   -O2  -DPREVENT_OPTIMIZATION  line 14 arg4 == 4
FAIL: gcc.dg/guality/pr68860-1.c   -O2  -DPREVENT_OPTIMIZATION  line 14 arg5 == 5
FAIL: gcc.dg/guality/pr68860-1.c   -O2  -DPREVENT_OPTIMIZATION  line 14 arg6 == 6
FAIL: gcc.dg/guality/pr68860-1.c   -O2  -DPREVENT_OPTIMIZATION  line 14 arg7 == 30
FAIL: gcc.dg/guality/pr68860-1.c   -O2  -DPREVENT_OPTIMIZATION  line 16 arg1 == 1
FAIL: gcc.dg/guality/pr68860-1.c   -O2  -DPREVENT_OPTIMIZATION  line 16 arg2 == 2
FAIL: gcc.dg/guality/pr68860-1.c   -O2  -DPREVENT_OPTIMIZATION  line 16 arg3 == 3
FAIL: gcc.dg/guality/pr68860-1.c   -O2  -DPREVENT_OPTIMIZATION  line 16 arg4 == 4
FAIL: gcc.dg/guality/pr68860-1.c   -O2  -DPREVENT_OPTIMIZATION  line 16 arg5 == 5
FAIL: gcc.dg/guality/pr68860-1.c   -O2  -DPREVENT_OPTIMIZATION  line 16 arg6 == 6
FAIL: gcc.dg/guality/pr68860-1.c   -O2  -DPREVENT_OPTIMIZATION  line 16 arg7 == 30
FAIL: gcc.dg/guality/pr68860-1.c   -O3 -g  -DPREVENT_OPTIMIZATION  line 14 arg1 == 1
FAIL: gcc.dg/guality/pr68860-1.c   -O3 -g  -DPREVENT_OPTIMIZATION  line 14 arg2 == 2
FAIL: gcc.dg/guality/pr68860-1.c   -O3 -g  -DPREVENT_OPTIMIZATION  line 14 arg3 == 3
FAIL: gcc.dg/guality/pr68860-1.c   -O3 -g  -DPREVENT_OPTIMIZATION  line 14 arg4 == 4
FAIL: gcc.dg/guality/pr68860-1.c   -O3 -g  -DPREVENT_OPTIMIZATION  line 14 arg5 == 5
FAIL: gcc.dg/guality/pr68860-1.c   -O3 -g  -DPREVENT_OPTIMIZATION  line 14 arg6 == 6
FAIL: gcc.dg/guality/pr68860-1.c   -O3 -g  -DPREVENT_OPTIMIZATION  line 14 arg7 == 30
FAIL: gcc.dg/guality/pr68860-1.c   -O3 -g  -DPREVENT_OPTIMIZATION  line 16 arg1 == 1
FAIL: gcc.dg/guality/pr68860-1.c   -O3 -g  -DPREVENT_OPTIMIZATION  line 16 arg2 == 2
FAIL: gcc.dg/guality/pr68860-1.c   -O3 -g  -DPREVENT_OPTIMIZATION  line 16 arg3 == 3
FAIL: gcc.dg/guality/pr68860-1.c   -O3 -g  -DPREVENT_OPTIMIZATION  line 16 arg4 == 4
FAIL: gcc.dg/guality/pr68860-1.c   -O3 -g  -DPREVENT_OPTIMIZATION  line 16 arg5 == 5
FAIL: gcc.dg/guality/pr68860-1.c   -O3 -g  -DPREVENT_OPTIMIZATION  line 16 arg6 == 6
FAIL: gcc.dg/guality/pr68860-1.c   -O3 -g  -DPREVENT_OPTIMIZATION  line 16 arg7 == 30
FAIL: gcc.dg/guality/pr68860-1.c   -Os  -DPREVENT_OPTIMIZATION  line 14 arg1 == 1
FAIL: gcc.dg/guality/pr68860-1.c   -Os  -DPREVENT_OPTIMIZATION  line 14 arg2 == 2
FAIL: gcc.dg/guality/pr68860-1.c   -Os  -DPREVENT_OPTIMIZATION  line 14 arg3 == 3
FAIL: gcc.dg/guality/pr68860-1.c   -Os  -DPREVENT_OPTIMIZATION  line 14 arg4 == 4
FAIL: gcc.dg/guality/pr68860-1.c   -Os  -DPREVENT_OPTIMIZATION  line 14 arg5 == 5
FAIL: gcc.dg/guality/pr68860-1.c   -Os  -DPREVENT_OPTIMIZATION  line 14 arg6 == 6
FAIL: gcc.dg/guality/pr68860-1.c   -Os  -DPREVENT_OPTIMIZATION  line 14 arg7 == 30
FAIL: gcc.dg/guality/pr68860-1.c   -Os  -DPREVENT_OPTIMIZATION  line 16 arg1 == 1
FAIL: gcc.dg/guality/pr68860-1.c   -Os  -DPREVENT_OPTIMIZATION  line 16 arg2 == 2
FAIL: gcc.dg/guality/pr68860-1.c   -Os  -DPREVENT_OPTIMIZATION  line 16 arg3 == 3
FAIL: gcc.dg/guality/pr68860-1.c   -Os  -DPREVENT_OPTIMIZATION  line 16 arg4 == 4
FAIL: gcc.dg/guality/pr68860-1.c   -Os  -DPREVENT_OPTIMIZATION  line 16 arg5 == 5
FAIL: gcc.dg/guality/pr68860-1.c   -Os  -DPREVENT_OPTIMIZATION  line 16 arg6 == 6
FAIL: gcc.dg/guality/pr68860-1.c   -Os  -DPREVENT_OPTIMIZATION  line 16 arg7 == 30
FAIL: gcc.dg/guality/pr68860-1.c  -Og -DPREVENT_OPTIMIZATION  line 14 arg3 == 3
FAIL: gcc.dg/guality/pr68860-1.c  -Og -DPREVENT_OPTIMIZATION  line 16 arg3 == 3
FAIL: gcc.dg/guality/pr68860-1.c   -O2 -flto -fno-use-linker-plugin -flto-partition=none  -DPREVENT_OPTIMIZATION line 14 arg1 == 1
FAIL: gcc.dg/guality/pr68860-1.c   -O2 -flto -fno-use-linker-plugin -flto-partition=none  -DPREVENT_OPTIMIZATION line 14 arg2 == 2
FAIL: gcc.dg/guality/pr68860-1.c   -O2 -flto -fno-use-linker-plugin -flto-partition=none  -DPREVENT_OPTIMIZATION line 14 arg3 == 3
FAIL: gcc.dg/guality/pr68860-1.c   -O2 -flto -fno-use-linker-plugin -flto-partition=none  -DPREVENT_OPTIMIZATION line 14 arg4 == 4
FAIL: gcc.dg/guality/pr68860-1.c   -O2 -flto -fno-use-linker-plugin -flto-partition=none  -DPREVENT_OPTIMIZATION line 14 arg5 == 5
FAIL: gcc.dg/guality/pr68860-1.c   -O2 -flto -fno-use-linker-plugin -flto-partition=none  -DPREVENT_OPTIMIZATION line 14 arg6 == 6
FAIL: gcc.dg/guality/pr68860-1.c   -O2 -flto -fno-use-linker-plugin -flto-partition=none  -DPREVENT_OPTIMIZATION line 14 arg7 == 30
FAIL: gcc.dg/guality/pr68860-1.c   -O2 -flto -fno-use-linker-plugin -flto-partition=none  -DPREVENT_OPTIMIZATION line 16 arg1 == 1
FAIL: gcc.dg/guality/pr68860-1.c   -O2 -flto -fno-use-linker-plugin -flto-partition=none  -DPREVENT_OPTIMIZATION line 16 arg2 == 2
FAIL: gcc.dg/guality/pr68860-1.c   -O2 -flto -fno-use-linker-plugin -flto-partition=none  -DPREVENT_OPTIMIZATION line 16 arg3 == 3
FAIL: gcc.dg/guality/pr68860-1.c   -O2 -flto -fno-use-linker-plugin -flto-partition=none  -DPREVENT_OPTIMIZATION line 16 arg4 == 4
FAIL: gcc.dg/guality/pr68860-1.c   -O2 -flto -fno-use-linker-plugin -flto-partition=none  -DPREVENT_OPTIMIZATION line 16 arg5 == 5
FAIL: gcc.dg/guality/pr68860-1.c   -O2 -flto -fno-use-linker-plugin -flto-partition=none  -DPREVENT_OPTIMIZATION line 16 arg6 == 6
FAIL: gcc.dg/guality/pr68860-1.c   -O2 -flto -fno-use-linker-plugin -flto-partition=none  -DPREVENT_OPTIMIZATION line 16 arg7 == 30
FAIL: gcc.dg/guality/pr68860-1.c   -O2 -flto -fuse-linker-plugin -fno-fat-lto-objects  -DPREVENT_OPTIMIZATION line 14 arg1 == 1
FAIL: gcc.dg/guality/pr68860-1.c   -O2 -flto -fuse-linker-plugin -fno-fat-lto-objects  -DPREVENT_OPTIMIZATION line 14 arg2 == 2
FAIL: gcc.dg/guality/pr68860-1.c   -O2 -flto -fuse-linker-plugin -fno-fat-lto-objects  -DPREVENT_OPTIMIZATION line 14 arg3 == 3
FAIL: gcc.dg/guality/pr68860-1.c   -O2 -flto -fuse-linker-plugin -fno-fat-lto-objects  -DPREVENT_OPTIMIZATION line 14 arg4 == 4
FAIL: gcc.dg/guality/pr68860-1.c   -O2 -flto -fuse-linker-plugin -fno-fat-lto-objects  -DPREVENT_OPTIMIZATION line 14 arg5 == 5
FAIL: gcc.dg/guality/pr68860-1.c   -O2 -flto -fuse-linker-plugin -fno-fat-lto-objects  -DPREVENT_OPTIMIZATION line 14 arg6 == 6
FAIL: gcc.dg/guality/pr68860-1.c   -O2 -flto -fuse-linker-plugin -fno-fat-lto-objects  -DPREVENT_OPTIMIZATION line 14 arg7 == 30
FAIL: gcc.dg/guality/pr68860-1.c   -O2 -flto -fuse-linker-plugin -fno-fat-lto-objects  -DPREVENT_OPTIMIZATION line 16 arg1 == 1
FAIL: gcc.dg/guality/pr68860-1.c   -O2 -flto -fuse-linker-plugin -fno-fat-lto-objects  -DPREVENT_OPTIMIZATION line 16 arg2 == 2
FAIL: gcc.dg/guality/pr68860-1.c   -O2 -flto -fuse-linker-plugin -fno-fat-lto-objects  -DPREVENT_OPTIMIZATION line 16 arg3 == 3
FAIL: gcc.dg/guality/pr68860-1.c   -O2 -flto -fuse-linker-plugin -fno-fat-lto-objects  -DPREVENT_OPTIMIZATION line 16 arg4 == 4
FAIL: gcc.dg/guality/pr68860-1.c   -O2 -flto -fuse-linker-plugin -fno-fat-lto-objects  -DPREVENT_OPTIMIZATION line 16 arg5 == 5
FAIL: gcc.dg/guality/pr68860-1.c   -O2 -flto -fuse-linker-plugin -fno-fat-lto-objects  -DPREVENT_OPTIMIZATION line 16 arg6 == 6
FAIL: gcc.dg/guality/pr68860-1.c   -O2 -flto -fuse-linker-plugin -fno-fat-lto-objects  -DPREVENT_OPTIMIZATION line 16 arg7 == 30
FAIL: gcc.dg/guality/pr68860-2.c   -O1  -DPREVENT_OPTIMIZATION  line 14 arg3 == 3
FAIL: gcc.dg/guality/pr68860-2.c   -O1  -DPREVENT_OPTIMIZATION  line 16 arg3 == 3
FAIL: gcc.dg/guality/pr68860-2.c   -O2  -DPREVENT_OPTIMIZATION  line 14 arg3 == 3
FAIL: gcc.dg/guality/pr68860-2.c   -O2  -DPREVENT_OPTIMIZATION  line 16 arg3 == 3
FAIL: gcc.dg/guality/pr68860-2.c   -O3 -g  -DPREVENT_OPTIMIZATION  line 14 arg1 == 1
FAIL: gcc.dg/guality/pr68860-2.c   -O3 -g  -DPREVENT_OPTIMIZATION  line 14 arg2 == 2
FAIL: gcc.dg/guality/pr68860-2.c   -O3 -g  -DPREVENT_OPTIMIZATION  line 14 arg3 == 3
FAIL: gcc.dg/guality/pr68860-2.c   -O3 -g  -DPREVENT_OPTIMIZATION  line 14 arg4 == 4
FAIL: gcc.dg/guality/pr68860-2.c   -O3 -g  -DPREVENT_OPTIMIZATION  line 14 arg5 == 5
FAIL: gcc.dg/guality/pr68860-2.c   -O3 -g  -DPREVENT_OPTIMIZATION  line 14 arg6 == 6
FAIL: gcc.dg/guality/pr68860-2.c   -O3 -g  -DPREVENT_OPTIMIZATION  line 14 arg7 == 30
FAIL: gcc.dg/guality/pr68860-2.c   -O3 -g  -DPREVENT_OPTIMIZATION  line 16 arg1 == 1
FAIL: gcc.dg/guality/pr68860-2.c   -O3 -g  -DPREVENT_OPTIMIZATION  line 16 arg2 == 2
FAIL: gcc.dg/guality/pr68860-2.c   -O3 -g  -DPREVENT_OPTIMIZATION  line 16 arg3 == 3
FAIL: gcc.dg/guality/pr68860-2.c   -O3 -g  -DPREVENT_OPTIMIZATION  line 16 arg4 == 4
FAIL: gcc.dg/guality/pr68860-2.c   -O3 -g  -DPREVENT_OPTIMIZATION  line 16 arg5 == 5
FAIL: gcc.dg/guality/pr68860-2.c   -O3 -g  -DPREVENT_OPTIMIZATION  line 16 arg6 == 6
FAIL: gcc.dg/guality/pr68860-2.c   -O3 -g  -DPREVENT_OPTIMIZATION  line 16 arg7 == 30
FAIL: gcc.dg/guality/pr68860-2.c   -Os  -DPREVENT_OPTIMIZATION  line 14 arg3 == 3
FAIL: gcc.dg/guality/pr68860-2.c   -Os  -DPREVENT_OPTIMIZATION  line 16 arg3 == 3
FAIL: gcc.dg/guality/pr68860-2.c  -Og -DPREVENT_OPTIMIZATION  line 14 arg3 == 3
FAIL: gcc.dg/guality/pr68860-2.c  -Og -DPREVENT_OPTIMIZATION  line 16 arg3 == 3
FAIL: gcc.dg/guality/pr68860-2.c   -O2 -flto -fno-use-linker-plugin -flto-partition=none  -DPREVENT_OPTIMIZATION line 14 arg3 == 3
FAIL: gcc.dg/guality/pr68860-2.c   -O2 -flto -fno-use-linker-plugin -flto-partition=none  -DPREVENT_OPTIMIZATION line 16 arg3 == 3
FAIL: gcc.dg/guality/pr68860-2.c   -O2 -flto -fuse-linker-plugin -fno-fat-lto-objects  -DPREVENT_OPTIMIZATION line 14 arg1 == 1
FAIL: gcc.dg/guality/pr68860-2.c   -O2 -flto -fuse-linker-plugin -fno-fat-lto-objects  -DPREVENT_OPTIMIZATION line 14 arg2 == 2
FAIL: gcc.dg/guality/pr68860-2.c   -O2 -flto -fuse-linker-plugin -fno-fat-lto-objects  -DPREVENT_OPTIMIZATION line 14 arg3 == 3
FAIL: gcc.dg/guality/pr68860-2.c   -O2 -flto -fuse-linker-plugin -fno-fat-lto-objects  -DPREVENT_OPTIMIZATION line 14 arg4 == 4
FAIL: gcc.dg/guality/pr68860-2.c   -O2 -flto -fuse-linker-plugin -fno-fat-lto-objects  -DPREVENT_OPTIMIZATION line 14 arg5 == 5
FAIL: gcc.dg/guality/pr68860-2.c   -O2 -flto -fuse-linker-plugin -fno-fat-lto-objects  -DPREVENT_OPTIMIZATION line 14 arg6 == 6
FAIL: gcc.dg/guality/pr68860-2.c   -O2 -flto -fuse-linker-plugin -fno-fat-lto-objects  -DPREVENT_OPTIMIZATION line 14 arg7 == 30
FAIL: gcc.dg/guality/pr68860-2.c   -O2 -flto -fuse-linker-plugin -fno-fat-lto-objects  -DPREVENT_OPTIMIZATION line 16 arg1 == 1
FAIL: gcc.dg/guality/pr68860-2.c   -O2 -flto -fuse-linker-plugin -fno-fat-lto-objects  -DPREVENT_OPTIMIZATION line 16 arg2 == 2
FAIL: gcc.dg/guality/pr68860-2.c   -O2 -flto -fuse-linker-plugin -fno-fat-lto-objects  -DPREVENT_OPTIMIZATION line 16 arg3 == 3
FAIL: gcc.dg/guality/pr68860-2.c   -O2 -flto -fuse-linker-plugin -fno-fat-lto-objects  -DPREVENT_OPTIMIZATION line 16 arg4 == 4
FAIL: gcc.dg/guality/pr68860-2.c   -O2 -flto -fuse-linker-plugin -fno-fat-lto-objects  -DPREVENT_OPTIMIZATION line 16 arg5 == 5
FAIL: gcc.dg/guality/pr68860-2.c   -O2 -flto -fuse-linker-plugin -fno-fat-lto-objects  -DPREVENT_OPTIMIZATION line 16 arg6 == 6
FAIL: gcc.dg/guality/pr68860-2.c   -O2 -flto -fuse-linker-plugin -fno-fat-lto-objects  -DPREVENT_OPTIMIZATION line 16 arg7 == 30
FAIL: gcc.dg/guality/pr90074.c   -O2 -flto -fuse-linker-plugin -fno-fat-lto-objects  -DPREVENT_OPTIMIZATION line 28 i + 1 == 8
FAIL: gcc.dg/guality/pr90074.c   -O2 -flto -fuse-linker-plugin -fno-fat-lto-objects  -DPREVENT_OPTIMIZATION line 28 c + 1 == 2
FAIL: gcc.dg/guality/pr90716.c   -O2 -flto -fuse-linker-plugin -fno-fat-lto-objects  -DPREVENT_OPTIMIZATION line 23 j + 1 == 9
FAIL: gcc.dg/guality/sra-1.c   -O2  -DPREVENT_OPTIMIZATION  line 43 a.j == 14
FAIL: gcc.dg/guality/sra-1.c   -O3 -g  -DPREVENT_OPTIMIZATION  line 43 a.j == 14
FAIL: gcc.dg/guality/sra-1.c   -Os  -DPREVENT_OPTIMIZATION  line 43 a.j == 14
FAIL: gcc.dg/guality/sra-1.c  -Og -DPREVENT_OPTIMIZATION  line 21 a.i == 4
FAIL: gcc.dg/guality/sra-1.c  -Og -DPREVENT_OPTIMIZATION  line 21 a.j == 14
FAIL: gcc.dg/guality/sra-1.c  -Og -DPREVENT_OPTIMIZATION  line 32 a[0] == 4
FAIL: gcc.dg/guality/sra-1.c  -Og -DPREVENT_OPTIMIZATION  line 32 a[1] == 14
FAIL: gcc.dg/guality/sra-1.c  -Og -DPREVENT_OPTIMIZATION  line 43 a.i == 4
FAIL: gcc.dg/guality/sra-1.c  -Og -DPREVENT_OPTIMIZATION  line 43 a.j == 14
FAIL: gcc.dg/guality/sra-1.c   -O2 -flto -fno-use-linker-plugin -flto-partition=none  -DPREVENT_OPTIMIZATION line 43 a.j == 14
FAIL: gcc.dg/guality/sra-1.c   -O2 -flto -fuse-linker-plugin -fno-fat-lto-objects  -DPREVENT_OPTIMIZATION line 21 a.i == 4
FAIL: gcc.dg/guality/sra-1.c   -O2 -flto -fuse-linker-plugin -fno-fat-lto-objects  -DPREVENT_OPTIMIZATION line 21 a.j == 14
FAIL: gcc.dg/guality/sra-1.c   -O2 -flto -fuse-linker-plugin -fno-fat-lto-objects  -DPREVENT_OPTIMIZATION line 32 a[0] == 4
FAIL: gcc.dg/guality/sra-1.c   -O2 -flto -fuse-linker-plugin -fno-fat-lto-objects  -DPREVENT_OPTIMIZATION line 32 a[1] == 14
FAIL: gcc.dg/guality/sra-1.c   -O2 -flto -fuse-linker-plugin -fno-fat-lto-objects  -DPREVENT_OPTIMIZATION line 43 a.i == 4
FAIL: gcc.dg/guality/sra-1.c   -O2 -flto -fuse-linker-plugin -fno-fat-lto-objects  -DPREVENT_OPTIMIZATION line 43 a.j == 14
FAIL: gcc.dg/guality/vla-1.c   -O3 -g  -DPREVENT_OPTIMIZATION  line 17 i == 5
FAIL: gcc.dg/guality/vla-1.c   -O3 -g  -DPREVENT_OPTIMIZATION  line 17 sizeof (a) == 6
FAIL: gcc.dg/guality/vla-1.c  -Og -DPREVENT_OPTIMIZATION  line 17 i == 5
FAIL: gcc.dg/guality/vla-1.c  -Og -DPREVENT_OPTIMIZATION  line 17 sizeof (a) == 6
FAIL: gcc.dg/guality/vla-1.c   -O2 -flto -fuse-linker-plugin -fno-fat-lto-objects  -DPREVENT_OPTIMIZATION line 17 i == 5
FAIL: gcc.dg/guality/vla-1.c   -O2 -flto -fuse-linker-plugin -fno-fat-lto-objects  -DPREVENT_OPTIMIZATION line 17 sizeof (a) == 6
FAIL: gcc.dg/guality/vla-1.c   -O2 -flto -fuse-linker-plugin -fno-fat-lto-objects  -DPREVENT_OPTIMIZATION line 24 i == 5
FAIL: gcc.dg/guality/vla-1.c   -O2 -flto -fuse-linker-plugin -fno-fat-lto-objects  -DPREVENT_OPTIMIZATION line 24 sizeof (a) == 17 * sizeof (short)
FAIL: gcc.target/i386/cet-sjlj-6a.c scan-assembler-times movq\\t.*buf\\\\+8 1
FAIL: gcc.target/i386/cet-sjlj-6a.c scan-assembler-times subq\\tbuf\\\\+8 1
FAIL: gcc.target/i386/cet-sjlj-6b.c scan-assembler-times movq\\t.*buf\\\\+16 1
FAIL: gcc.target/i386/cet-sjlj-6b.c scan-assembler-times subq\\tbuf\\\\+16 1
FAIL: gcc.target/i386/fentryname3.c scan-assembler 0x0f, 0x1f, 0x44, 0x00, 0x00
FAIL: gcc.target/i386/pr24414.c (test for excess errors)
UNRESOLVED: gcc.target/i386/pr24414.c compilation failed to produce executable
FAIL: gcc.target/i386/pr79793-1.c scan-assembler-times sub[lq][\\t ]*\\\\\$400,[\\t ]*%[re]sp 1
FAIL: gcc.target/i386/pr79793-1.c scan-assembler-times fxsave64[\\t ]*-120\\\\(%[re]sp\\\\) 1
FAIL: gcc.target/i386/pr79793-1.c scan-assembler-times add[lq][\\t ]*\\\\\$400,[\\t ]*%[re]sp 1
FAIL: gcc.target/i386/pr79793-2.c scan-assembler-times sub[lq][\\t ]*\\\\\$392,[\\t ]*%[re]sp 1
FAIL: gcc.target/i386/pr79793-2.c scan-assembler-times fxsave64[\\t ]*-120\\\\(%[re]sp\\\\) 1
FAIL: gcc.target/i386/pr79793-2.c scan-assembler-times add[lq][\\t ]*\\\\\$400,[\\t ]*%[re]sp 1
FAIL: gcc.target/i386/shrink_wrap_1.c scan-rtl-dump pro_and_epilogue "Performing shrink-wrapping"
FAIL: gcc.target/i386/stackalign/pr88483-1.c -mstackrealign  scan-assembler-not (sub|add)(l|q)[\\\\t ]*\\\\\$[0-9]*,[\\\\t ]*%[re]?sp
FAIL: gcc.target/i386/stackalign/pr88483-1.c -mstackrealign  scan-assembler-not and[lq]?[^\\\\n]*-[0-9]+,[^\\\\n]*sp
FAIL: gcc.target/i386/stackalign/pr88483-1.c -mno-stackrealign  scan-assembler-not (sub|add)(l|q)[\\\\t ]*\\\\\$[0-9]*,[\\\\t ]*%[re]?sp
FAIL: gcc.target/i386/stackalign/pr88483-1.c -mno-stackrealign  scan-assembler-not and[lq]?[^\\\\n]*-[0-9]+,[^\\\\n]*sp
FAIL: gcc.target/i386/stackalign/pr88483-2.c -mstackrealign  scan-assembler-not and[lq]?[^\\\\n]*-[0-9]+,[^\\\\n]*sp
FAIL: gcc.target/i386/stackalign/pr88483-2.c -mno-stackrealign  scan-assembler-not and[lq]?[^\\\\n]*-[0-9]+,[^\\\\n]*sp

		=== gcc Summary for unix/-fstack-protector ===

# of expected passes		154432
# of unexpected failures	375
# of unexpected successes	37
# of expected failures		821
# of unresolved testcases	1
# of unsupported tests		2406

		=== gcc Summary ===

# of expected passes		308907
# of unexpected failures	736
# of unexpected successes	74
# of expected failures		1642
# of unresolved testcases	2
# of unsupported tests		4807
/build/gcc-10-kNWtve/gcc-10-10.2.0/build/gcc/xgcc  version 10.2.0 (Debian 10.2.0-21) 

		=== gdc tests ===


Running target unix

		=== gdc Summary for unix ===

# of expected passes		31286

Running target unix/-fstack-protector

		=== gdc Summary for unix/-fstack-protector ===

# of expected passes		31286

		=== gdc Summary ===

# of expected passes		62572
/build/gcc-10-kNWtve/gcc-10-10.2.0/build/gcc/gdc  version 10.2.0 (Debian 10.2.0-21) 

		=== gfortran tests ===


Running target unix
FAIL: gfortran.dg/analyzer/pr93993.f90   -O  (test for excess errors)

		=== gfortran Summary for unix ===

# of expected passes		54479
# of unexpected failures	1
# of expected failures		230
# of unsupported tests		81

Running target unix/-fstack-protector
FAIL: gfortran.dg/analyzer/pr93993.f90   -O  (test for excess errors)

		=== gfortran Summary for unix/-fstack-protector ===

# of expected passes		54479
# of unexpected failures	1
# of expected failures		230
# of unsupported tests		81

		=== gfortran Summary ===

# of expected passes		108958
# of unexpected failures	2
# of expected failures		460
# of unsupported tests		162
/build/gcc-10-kNWtve/gcc-10-10.2.0/build/gcc/gfortran  version 10.2.0 (Debian 10.2.0-21) 

		=== gm2 tests ===


Running target unix
FAIL: gm2/pim/fail/TestLong4.mod,  -g  
FAIL: gm2/pim/fail/TestLong4.mod,  -O  
FAIL: gm2/pim/fail/TestLong4.mod,  -O -g  
FAIL: gm2/pim/fail/TestLong4.mod,  -Os  
FAIL: gm2/pim/fail/TestLong4.mod,  -O3 -fomit-frame-pointer  
FAIL: gm2/pim/fail/TestLong4.mod,  -O3 -fomit-frame-pointer -finline-functions  

		=== gm2 Summary for unix ===

# of expected passes		11232
# of unexpected failures	6

Running target unix/-fstack-protector
FAIL: gm2/pim/fail/TestLong4.mod,  -g  
FAIL: gm2/pim/fail/TestLong4.mod,  -O  
FAIL: gm2/pim/fail/TestLong4.mod,  -O -g  
FAIL: gm2/pim/fail/TestLong4.mod,  -Os  
FAIL: gm2/pim/fail/TestLong4.mod,  -O3 -fomit-frame-pointer  
FAIL: gm2/pim/fail/TestLong4.mod,  -O3 -fomit-frame-pointer -finline-functions  

		=== gm2 Summary for unix/-fstack-protector ===

# of expected passes		11232
# of unexpected failures	6

		=== gm2 Summary ===

# of expected passes		22464
# of unexpected failures	12
		=== gnat tests ===


Running target unix

		=== gnat Summary for unix ===

# of expected passes		3306
# of expected failures		23
# of unsupported tests		3

Running target unix/-fstack-protector

		=== gnat Summary for unix/-fstack-protector ===

# of expected passes		3306
# of expected failures		23
# of unsupported tests		3

		=== gnat Summary ===

# of expected passes		6612
# of expected failures		46
# of unsupported tests		6
/build/gcc-10-kNWtve/gcc-10-10.2.0/build/gcc/gnatmake version 10.2.0

		=== go tests ===


Running target unix

		=== go Summary for unix ===

# of expected passes		596
# of untested testcases		833

Running target unix/-fstack-protector

		=== go Summary for unix/-fstack-protector ===

# of expected passes		596
# of untested testcases		833

		=== go Summary ===

# of expected passes		1192
# of untested testcases		1666
/build/gcc-10-kNWtve/gcc-10-10.2.0/build/gcc/gccgo  version 10.2.0 (Debian 10.2.0-21) 

		=== jit tests ===


Running target unix

		=== jit Summary ===

# of expected passes		10564
		=== obj-c++ tests ===


Running target unix

		=== obj-c++ Summary for unix ===

# of expected passes		1442
# of expected failures		10
# of unsupported tests		77

Running target unix/-fstack-protector

		=== obj-c++ Summary for unix/-fstack-protector ===

# of expected passes		1442
# of expected failures		10
# of unsupported tests		77

		=== obj-c++ Summary ===

# of expected passes		2884
# of expected failures		20
# of unsupported tests		154
/build/gcc-10-kNWtve/gcc-10-10.2.0/build/gcc/xg++  version 10.2.0 (Debian 10.2.0-21) 

		=== objc tests ===


Running target unix

		=== objc Summary for unix ===

# of expected passes		2778
# of expected failures		6
# of unsupported tests		68

Running target unix/-fstack-protector

		=== objc Summary for unix/-fstack-protector ===

# of expected passes		2778
# of expected failures		6
# of unsupported tests		68

		=== objc Summary ===

# of expected passes		5556
# of expected failures		12
# of unsupported tests		136
/build/gcc-10-kNWtve/gcc-10-10.2.0/build/gcc/xgcc  version 10.2.0 (Debian 10.2.0-21) 

		=== gotools tests ===


		=== gotools Summary ===
# of expected passes		440
# of untested testcases		190
/build/gcc-10-kNWtve/gcc-10-10.2.0/build/./gcc/gccgo version 10.2.0 (Debian 10.2.0-21)

		=== libatomic tests ===


Running target unix

		=== libatomic Summary for unix ===

# of expected passes		54

Running target unix/-fstack-protector

		=== libatomic Summary for unix/-fstack-protector ===

# of expected passes		54

		=== libatomic Summary ===

# of expected passes		108
		=== libffi tests ===


Running target unix

		=== libffi Summary for unix ===

# of expected passes		2214

Running target unix/-fstack-protector

		=== libffi Summary for unix/-fstack-protector ===

# of expected passes		2214

		=== libffi Summary ===

# of expected passes		4428
		=== libgo tests ===


Running target unix
FAIL: os

		=== libgo Summary for unix ===

# of expected passes		172
# of unexpected failures	1

Running target unix/-m32
FAIL: os

		=== libgo Summary for unix/-m32 ===

# of expected passes		172
# of unexpected failures	1

Running target unix/-mx32
FAIL: archive/tar
FAIL: archive/zip
FAIL: bufio
FAIL: bytes
FAIL: cmd/go/internal/cache
FAIL: cmd/go/internal/generate
FAIL: cmd/go/internal/get
FAIL: cmd/go/internal/imports
FAIL: cmd/go/internal/load
FAIL: cmd/go/internal/lockedfile
FAIL: cmd/go/internal/lockedfile/internal/filelock
FAIL: cmd/go/internal/modconv
FAIL: cmd/go/internal/modfetch
FAIL: cmd/go/internal/modfetch/codehost
FAIL: cmd/go/internal/modload
FAIL: cmd/go/internal/mvs
FAIL: cmd/go/internal/par
FAIL: cmd/go/internal/search
FAIL: cmd/go/internal/txtar
FAIL: cmd/go/internal/work
FAIL: cmd/internal/buildid
FAIL: cmd/internal/edit
FAIL: cmd/internal/objabi
FAIL: cmd/internal/test2json
FAIL: container/heap
FAIL: container/list
FAIL: container/ring
FAIL: context
FAIL: crypto
FAIL: crypto/aes
FAIL: crypto/cipher
FAIL: crypto/des
FAIL: crypto/dsa
FAIL: crypto/ecdsa
FAIL: crypto/ed25519
FAIL: crypto/elliptic
FAIL: crypto/hmac
FAIL: crypto/internal/subtle
FAIL: crypto/md5
FAIL: crypto/rand
FAIL: crypto/rc4
FAIL: crypto/rsa
FAIL: crypto/sha1
FAIL: crypto/sha256
FAIL: crypto/sha512
FAIL: crypto/subtle
FAIL: crypto/tls
FAIL: crypto/x509
FAIL: database/sql
FAIL: database/sql/driver
FAIL: debug/dwarf
FAIL: debug/elf
FAIL: debug/macho
FAIL: debug/pe
FAIL: debug/plan9obj
FAIL: encoding/ascii85
FAIL: encoding/asn1
FAIL: encoding/base32
FAIL: encoding/base64
FAIL: encoding/binary
FAIL: encoding/csv
FAIL: encoding/gob
FAIL: encoding/hex
FAIL: encoding/json
FAIL: encoding/pem
FAIL: encoding/xml
FAIL: errors
FAIL: expvar
FAIL: flag
FAIL: fmt
FAIL: go/ast
FAIL: go/build
FAIL: go/constant
FAIL: go/doc
FAIL: go/format
FAIL: go/importer
FAIL: go/internal/gccgoimporter
FAIL: go/internal/gcimporter
FAIL: go/internal/srcimporter
FAIL: go/parser
FAIL: go/printer
FAIL: go/scanner
FAIL: go/token
FAIL: go/types
FAIL: hash
FAIL: hash/adler32
FAIL: hash/crc32
FAIL: hash/crc64
FAIL: hash/fnv
FAIL: hash/maphash
FAIL: html
FAIL: html/template
FAIL: image
FAIL: image/color
FAIL: image/draw
FAIL: image/jpeg
FAIL: image/png
FAIL: index/suffixarray
FAIL: internal/cpu
FAIL: internal/fmtsort
FAIL: internal/poll
FAIL: internal/reflectlite
FAIL: internal/singleflight
FAIL: internal/trace
FAIL: internal/xcoff
FAIL: io
FAIL: io/ioutil
FAIL: log
FAIL: log/syslog
FAIL: math
FAIL: math/big
FAIL: math/bits
FAIL: math/cmplx
FAIL: math/rand
FAIL: mime
FAIL: mime/multipart
FAIL: mime/quotedprintable
FAIL: net
FAIL: net/http
FAIL: net/http/cgi
FAIL: net/http/cookiejar
FAIL: net/http/fcgi
FAIL: net/http/httptest
FAIL: net/http/httptrace
FAIL: net/http/httputil
FAIL: net/http/internal
FAIL: net/http/pprof
FAIL: net/internal/socktest
FAIL: net/mail
FAIL: net/rpc
FAIL: net/rpc/jsonrpc
FAIL: net/smtp
FAIL: net/textproto
FAIL: net/url
FAIL: os
FAIL: os/exec
FAIL: os/signal
FAIL: os/user
FAIL: path
FAIL: path/filepath
FAIL: reflect
FAIL: regexp
FAIL: regexp/syntax
FAIL: runtime
FAIL: runtime/debug
FAIL: runtime/internal/atomic
FAIL: runtime/internal/math
FAIL: runtime/internal/sys
FAIL: runtime/pprof
FAIL: runtime/pprof/internal/profile
FAIL: runtime/trace
FAIL: sort
FAIL: strconv
FAIL: strings
FAIL: sync
FAIL: sync/atomic
FAIL: syscall
FAIL: testing
FAIL: testing/iotest
FAIL: testing/quick
FAIL: text/scanner
FAIL: text/tabwriter
FAIL: text/template
FAIL: text/template/parse
FAIL: time
FAIL: unicode
FAIL: unicode/utf16
FAIL: unicode/utf8

		=== libgo Summary for unix/-mx32 ===

# of unexpected failures	173

		=== libgo Summary ===

# of expected passes		344
# of unexpected failures	175
/build/gcc-10-kNWtve/gcc-10-10.2.0/build/./gcc/gccgo version 10.2.0 (Debian 10.2.0-21)

		=== libgomp tests ===


Running target unix
FAIL: libgomp.c/../libgomp.c-c++-common/for-11.c (test for excess errors)
FAIL: libgomp.c/../libgomp.c-c++-common/for-12.c (test for excess errors)
FAIL: libgomp.c/../libgomp.c-c++-common/for-16.c (test for excess errors)
FAIL: libgomp.c/../libgomp.c-c++-common/for-3.c (test for excess errors)
FAIL: libgomp.c/../libgomp.c-c++-common/for-5.c (test for excess errors)
FAIL: libgomp.c/../libgomp.c-c++-common/for-6.c (test for excess errors)
FAIL: libgomp.c/../libgomp.c-c++-common/for-9.c (test for excess errors)
FAIL: libgomp.c/../libgomp.c-c++-common/function-not-offloaded.c (test for excess errors)
FAIL: libgomp.c/../libgomp.c-c++-common/pr66199-2.c (test for excess errors)
FAIL: libgomp.c/../libgomp.c-c++-common/pr66199-4.c (test for excess errors)
FAIL: libgomp.c/../libgomp.c-c++-common/pr66199-5.c (test for excess errors)
FAIL: libgomp.c/../libgomp.c-c++-common/pr66199-6.c (test for excess errors)
FAIL: libgomp.c/../libgomp.c-c++-common/pr66199-7.c (test for excess errors)
FAIL: libgomp.c/../libgomp.c-c++-common/pr66199-8.c (test for excess errors)
FAIL: libgomp.c/../libgomp.c-c++-common/pr66199-9.c (test for excess errors)
FAIL: libgomp.c/../libgomp.c-c++-common/pr83046.c (test for excess errors)
FAIL: libgomp.c/../libgomp.c-c++-common/pr93515.c (test for excess errors)
UNRESOLVED: libgomp.c/../libgomp.c-c++-common/pr93515.c compilation failed to produce executable
FAIL: libgomp.c/../libgomp.c-c++-common/target-1.c (test for excess errors)
FAIL: libgomp.c/../libgomp.c-c++-common/target-10.c (test for excess errors)
FAIL: libgomp.c/../libgomp.c-c++-common/target-13.c (test for excess errors)
FAIL: libgomp.c/../libgomp.c-c++-common/target-2.c (test for excess errors)
FAIL: libgomp.c/../libgomp.c-c++-common/unmap-infinity-2.c (test for excess errors)
FAIL: libgomp.c/../libgomp.c-c++-common/variable-not-offloaded.c (test for excess errors)
FAIL: libgomp.c/examples-4/array_sections-3.c (test for excess errors)
FAIL: libgomp.c/examples-4/array_sections-4.c (test for excess errors)
FAIL: libgomp.c/examples-4/async_target-1.c (test for excess errors)
FAIL: libgomp.c/examples-4/declare_target-1.c (test for excess errors)
FAIL: libgomp.c/examples-4/declare_target-3.c (test for excess errors)
FAIL: libgomp.c/examples-4/declare_target-4.c (test for excess errors)
FAIL: libgomp.c/examples-4/declare_target-5.c (test for excess errors)
FAIL: libgomp.c/examples-4/target-1.c (test for excess errors)
FAIL: libgomp.c/examples-4/target-2.c (test for excess errors)
FAIL: libgomp.c/examples-4/target-3.c (test for excess errors)
FAIL: libgomp.c/examples-4/target-4.c (test for excess errors)
FAIL: libgomp.c/examples-4/target_data-1.c (test for excess errors)
FAIL: libgomp.c/examples-4/target_data-2.c (test for excess errors)
FAIL: libgomp.c/examples-4/target_data-3.c (test for excess errors)
FAIL: libgomp.c/examples-4/target_data-4.c (test for excess errors)
FAIL: libgomp.c/examples-4/target_update-1.c (test for excess errors)
FAIL: libgomp.c/examples-4/target_update-2.c (test for excess errors)
FAIL: libgomp.c/examples-4/teams-2.c (test for excess errors)
FAIL: libgomp.c/examples-4/teams-3.c (test for excess errors)
FAIL: libgomp.c/examples-4/teams-4.c (test for excess errors)
FAIL: libgomp.c/examples-4/teams-5.c (test for excess errors)
FAIL: libgomp.c/examples-4/teams-6.c (test for excess errors)
FAIL: libgomp.c/pr64734.c (test for excess errors)
FAIL: libgomp.c/pr86416-1.c (test for excess errors)
FAIL: libgomp.c/pr86416-2.c (test for excess errors)
FAIL: libgomp.c/pr86660.c (test for excess errors)
UNRESOLVED: libgomp.c/pr86660.c compilation failed to produce executable
FAIL: libgomp.c/pr90779.c (test for excess errors)
FAIL: libgomp.c/pr90811.c (test for excess errors)
FAIL: libgomp.c/switch-conversion-2.c (test for excess errors)
FAIL: libgomp.c/switch-conversion.c (test for excess errors)
FAIL: libgomp.c/target-12.c (test for excess errors)
FAIL: libgomp.c/target-14.c (test for excess errors)
FAIL: libgomp.c/target-15.c (test for excess errors)
FAIL: libgomp.c/target-16.c (test for excess errors)
FAIL: libgomp.c/target-17.c (test for excess errors)
FAIL: libgomp.c/target-18.c (test for excess errors)
FAIL: libgomp.c/target-19.c (test for excess errors)
FAIL: libgomp.c/target-21.c (test for excess errors)
FAIL: libgomp.c/target-22.c (test for excess errors)
FAIL: libgomp.c/target-23.c (test for excess errors)
FAIL: libgomp.c/target-24.c (test for excess errors)
FAIL: libgomp.c/target-25.c (test for excess errors)
FAIL: libgomp.c/target-26.c (test for excess errors)
FAIL: libgomp.c/target-27.c (test for excess errors)
FAIL: libgomp.c/target-28.c (test for excess errors)
FAIL: libgomp.c/target-29.c (test for excess errors)
FAIL: libgomp.c/target-3.c (test for excess errors)
UNRESOLVED: libgomp.c/target-3.c compilation failed to produce executable
FAIL: libgomp.c/target-30.c (test for excess errors)
FAIL: libgomp.c/target-31.c (test for excess errors)
FAIL: libgomp.c/target-32.c (test for excess errors)
UNRESOLVED: libgomp.c/target-32.c compilation failed to produce executable
FAIL: libgomp.c/target-33.c (test for excess errors)
FAIL: libgomp.c/target-34.c (test for excess errors)
FAIL: libgomp.c/target-35.c (test for excess errors)
FAIL: libgomp.c/target-36.c (test for excess errors)
FAIL: libgomp.c/target-37.c (test for excess errors)
FAIL: libgomp.c/target-38.c (test for excess errors)
FAIL: libgomp.c/target-4.c (test for excess errors)
UNRESOLVED: libgomp.c/target-4.c compilation failed to produce executable
FAIL: libgomp.c/target-5.c (test for excess errors)
UNRESOLVED: libgomp.c/target-5.c compilation failed to produce executable
FAIL: libgomp.c/target-6.c (test for excess errors)
UNRESOLVED: libgomp.c/target-6.c compilation failed to produce executable
FAIL: libgomp.c/target-7.c (test for excess errors)
UNRESOLVED: libgomp.c/target-7.c compilation failed to produce executable
FAIL: libgomp.c/target-8.c (test for excess errors)
FAIL: libgomp.c/target-9.c (test for excess errors)
FAIL: libgomp.c/target-critical-1.c (test for excess errors)
FAIL: libgomp.c/target-link-1.c (test for excess errors)
FAIL: libgomp.c/target-print-1.c (test for excess errors)
FAIL: libgomp.c/target-teams-1.c (test for excess errors)
FAIL: libgomp.c/thread-limit-2.c (test for excess errors)
UNRESOLVED: libgomp.c/thread-limit-2.c compilation failed to produce executable
FAIL: libgomp.c/thread-limit-3.c (test for excess errors)
UNRESOLVED: libgomp.c/thread-limit-3.c compilation failed to produce executable
FAIL: libgomp.c++/../libgomp.c-c++-common/for-11.c (test for excess errors)
FAIL: libgomp.c++/../libgomp.c-c++-common/for-12.c (test for excess errors)
FAIL: libgomp.c++/../libgomp.c-c++-common/for-16.c (test for excess errors)
FAIL: libgomp.c++/../libgomp.c-c++-common/for-3.c (test for excess errors)
FAIL: libgomp.c++/../libgomp.c-c++-common/for-5.c (test for excess errors)
FAIL: libgomp.c++/../libgomp.c-c++-common/for-6.c (test for excess errors)
FAIL: libgomp.c++/../libgomp.c-c++-common/for-9.c (test for excess errors)
FAIL: libgomp.c++/../libgomp.c-c++-common/function-not-offloaded.c (test for excess errors)
FAIL: libgomp.c++/../libgomp.c-c++-common/pr66199-2.c (test for excess errors)
FAIL: libgomp.c++/../libgomp.c-c++-common/pr66199-4.c (test for excess errors)
FAIL: libgomp.c++/../libgomp.c-c++-common/pr66199-5.c (test for excess errors)
FAIL: libgomp.c++/../libgomp.c-c++-common/pr66199-6.c (test for excess errors)
FAIL: libgomp.c++/../libgomp.c-c++-common/pr66199-7.c (test for excess errors)
FAIL: libgomp.c++/../libgomp.c-c++-common/pr66199-8.c (test for excess errors)
FAIL: libgomp.c++/../libgomp.c-c++-common/pr66199-9.c (test for excess errors)
FAIL: libgomp.c++/../libgomp.c-c++-common/pr83046.c (test for excess errors)
FAIL: libgomp.c++/../libgomp.c-c++-common/pr93515.c (test for excess errors)
UNRESOLVED: libgomp.c++/../libgomp.c-c++-common/pr93515.c compilation failed to produce executable
FAIL: libgomp.c++/../libgomp.c-c++-common/target-1.c (test for excess errors)
FAIL: libgomp.c++/../libgomp.c-c++-common/target-10.c (test for excess errors)
FAIL: libgomp.c++/../libgomp.c-c++-common/target-13.c (test for excess errors)
FAIL: libgomp.c++/../libgomp.c-c++-common/target-2.c (test for excess errors)
FAIL: libgomp.c++/../libgomp.c-c++-common/unmap-infinity-2.c (test for excess errors)
FAIL: libgomp.c++/../libgomp.c-c++-common/variable-not-offloaded.c (test for excess errors)
FAIL: libgomp.c++/examples-4/target_data-5.C (test for excess errors)
FAIL: libgomp.c++/for-15.C (test for excess errors)
UNRESOLVED: libgomp.c++/for-15.C compilation failed to produce executable
FAIL: libgomp.c++/for-24.C (test for excess errors)
UNRESOLVED: libgomp.c++/for-24.C compilation failed to produce executable
FAIL: libgomp.c++/pr63248.C (test for excess errors)
FAIL: libgomp.c++/pr69555-2.C (test for excess errors)
UNRESOLVED: libgomp.c++/pr69555-2.C compilation failed to produce executable
FAIL: libgomp.c++/target-10.C (test for excess errors)
FAIL: libgomp.c++/target-11.C (test for excess errors)
FAIL: libgomp.c++/target-12.C (test for excess errors)
FAIL: libgomp.c++/target-13.C (test for excess errors)
FAIL: libgomp.c++/target-14.C (test for excess errors)
FAIL: libgomp.c++/target-15.C (test for excess errors)
FAIL: libgomp.c++/target-16.C (test for excess errors)
FAIL: libgomp.c++/target-17.C (test for excess errors)
FAIL: libgomp.c++/target-18.C (test for excess errors)
FAIL: libgomp.c++/target-19.C (test for excess errors)
FAIL: libgomp.c++/target-2.C (test for excess errors)
FAIL: libgomp.c++/target-20.C (test for excess errors)
FAIL: libgomp.c++/target-21.C (test for excess errors)
FAIL: libgomp.c++/target-22.C (test for excess errors)
FAIL: libgomp.c++/target-6.C (test for excess errors)
FAIL: libgomp.c++/target-7.C (test for excess errors)
FAIL: libgomp.c++/target-8.C (test for excess errors)
FAIL: libgomp.c++/target-9.C (test for excess errors)
FAIL: libgomp.fortran/declare-target-1.f90   -O0  (test for excess errors)
FAIL: libgomp.fortran/declare-target-1.f90   -O1  (test for excess errors)
FAIL: libgomp.fortran/declare-target-1.f90   -O2  (test for excess errors)
FAIL: libgomp.fortran/declare-target-1.f90   -O3 -fomit-frame-pointer -funroll-loops -fpeel-loops -ftracer -finline-functions  (test for excess errors)
FAIL: libgomp.fortran/declare-target-1.f90   -O3 -g  (test for excess errors)
FAIL: libgomp.fortran/declare-target-1.f90   -Os  (test for excess errors)
FAIL: libgomp.fortran/examples-4/array_sections-3.f90   -O0  (test for excess errors)
FAIL: libgomp.fortran/examples-4/array_sections-3.f90   -O1  (test for excess errors)
FAIL: libgomp.fortran/examples-4/array_sections-3.f90   -O2  (test for excess errors)
FAIL: libgomp.fortran/examples-4/array_sections-3.f90   -O3 -fomit-frame-pointer -funroll-loops -fpeel-loops -ftracer -finline-functions  (test for excess errors)
FAIL: libgomp.fortran/examples-4/array_sections-3.f90   -O3 -g  (test for excess errors)
FAIL: libgomp.fortran/examples-4/array_sections-3.f90   -Os  (test for excess errors)
FAIL: libgomp.fortran/examples-4/array_sections-4.f90   -O0  (test for excess errors)
FAIL: libgomp.fortran/examples-4/array_sections-4.f90   -O1  (test for excess errors)
FAIL: libgomp.fortran/examples-4/array_sections-4.f90   -O2  (test for excess errors)
FAIL: libgomp.fortran/examples-4/array_sections-4.f90   -O3 -fomit-frame-pointer -funroll-loops -fpeel-loops -ftracer -finline-functions  (test for excess errors)
FAIL: libgomp.fortran/examples-4/array_sections-4.f90   -O3 -g  (test for excess errors)
FAIL: libgomp.fortran/examples-4/array_sections-4.f90   -Os  (test for excess errors)
FAIL: libgomp.fortran/examples-4/async_target-1.f90   -O0  (test for excess errors)
FAIL: libgomp.fortran/examples-4/async_target-1.f90   -O1  (test for excess errors)
FAIL: libgomp.fortran/examples-4/async_target-1.f90   -O2  (test for excess errors)
FAIL: libgomp.fortran/examples-4/async_target-1.f90   -O3 -fomit-frame-pointer -funroll-loops -fpeel-loops -ftracer -finline-functions  (test for excess errors)
FAIL: libgomp.fortran/examples-4/async_target-1.f90   -O3 -g  (test for excess errors)
FAIL: libgomp.fortran/examples-4/async_target-1.f90   -Os  (test for excess errors)
FAIL: libgomp.fortran/examples-4/declare_target-1.f90   -O0  (test for excess errors)
FAIL: libgomp.fortran/examples-4/declare_target-1.f90   -O1  (test for excess errors)
FAIL: libgomp.fortran/examples-4/declare_target-1.f90   -O2  (test for excess errors)
FAIL: libgomp.fortran/examples-4/declare_target-1.f90   -O3 -fomit-frame-pointer -funroll-loops -fpeel-loops -ftracer -finline-functions  (test for excess errors)
FAIL: libgomp.fortran/examples-4/declare_target-1.f90   -O3 -g  (test for excess errors)
FAIL: libgomp.fortran/examples-4/declare_target-1.f90   -Os  (test for excess errors)
FAIL: libgomp.fortran/examples-4/declare_target-2.f90   -O0  (test for excess errors)
FAIL: libgomp.fortran/examples-4/declare_target-2.f90   -O1  (test for excess errors)
FAIL: libgomp.fortran/examples-4/declare_target-2.f90   -O2  (test for excess errors)
FAIL: libgomp.fortran/examples-4/declare_target-2.f90   -O3 -fomit-frame-pointer -funroll-loops -fpeel-loops -ftracer -finline-functions  (test for excess errors)
FAIL: libgomp.fortran/examples-4/declare_target-2.f90   -O3 -g  (test for excess errors)
FAIL: libgomp.fortran/examples-4/declare_target-2.f90   -Os  (test for excess errors)
FAIL: libgomp.fortran/examples-4/declare_target-3.f90   -O0  (test for excess errors)
FAIL: libgomp.fortran/examples-4/declare_target-3.f90   -O1  (test for excess errors)
FAIL: libgomp.fortran/examples-4/declare_target-3.f90   -O2  (test for excess errors)
FAIL: libgomp.fortran/examples-4/declare_target-3.f90   -O3 -fomit-frame-pointer -funroll-loops -fpeel-loops -ftracer -finline-functions  (test for excess errors)
FAIL: libgomp.fortran/examples-4/declare_target-3.f90   -O3 -g  (test for excess errors)
FAIL: libgomp.fortran/examples-4/declare_target-3.f90   -Os  (test for excess errors)
FAIL: libgomp.fortran/examples-4/declare_target-4.f90   -O0  (test for excess errors)
FAIL: libgomp.fortran/examples-4/declare_target-4.f90   -O1  (test for excess errors)
FAIL: libgomp.fortran/examples-4/declare_target-4.f90   -O2  (test for excess errors)
FAIL: libgomp.fortran/examples-4/declare_target-4.f90   -O3 -fomit-frame-pointer -funroll-loops -fpeel-loops -ftracer -finline-functions  (test for excess errors)
FAIL: libgomp.fortran/examples-4/declare_target-4.f90   -O3 -g  (test for excess errors)
FAIL: libgomp.fortran/examples-4/declare_target-4.f90   -Os  (test for excess errors)
FAIL: libgomp.fortran/examples-4/declare_target-5.f90   -O0  (test for excess errors)
FAIL: libgomp.fortran/examples-4/declare_target-5.f90   -O1  (test for excess errors)
FAIL: libgomp.fortran/examples-4/declare_target-5.f90   -O2  (test for excess errors)
FAIL: libgomp.fortran/examples-4/declare_target-5.f90   -O3 -fomit-frame-pointer -funroll-loops -fpeel-loops -ftracer -finline-functions  (test for excess errors)
FAIL: libgomp.fortran/examples-4/declare_target-5.f90   -O3 -g  (test for excess errors)
FAIL: libgomp.fortran/examples-4/declare_target-5.f90   -Os  (test for excess errors)
FAIL: libgomp.fortran/examples-4/target-1.f90   -O0  (test for excess errors)
FAIL: libgomp.fortran/examples-4/target-1.f90   -O1  (test for excess errors)
FAIL: libgomp.fortran/examples-4/target-1.f90   -O2  (test for excess errors)
FAIL: libgomp.fortran/examples-4/target-1.f90   -O3 -fomit-frame-pointer -funroll-loops -fpeel-loops -ftracer -finline-functions  (test for excess errors)
FAIL: libgomp.fortran/examples-4/target-1.f90   -O3 -g  (test for excess errors)
FAIL: libgomp.fortran/examples-4/target-1.f90   -Os  (test for excess errors)
FAIL: libgomp.fortran/examples-4/target-2.f90   -O0  (test for excess errors)
FAIL: libgomp.fortran/examples-4/target-2.f90   -O1  (test for excess errors)
FAIL: libgomp.fortran/examples-4/target-2.f90   -O2  (test for excess errors)
FAIL: libgomp.fortran/examples-4/target-2.f90   -O3 -fomit-frame-pointer -funroll-loops -fpeel-loops -ftracer -finline-functions  (test for excess errors)
FAIL: libgomp.fortran/examples-4/target-2.f90   -O3 -g  (test for excess errors)
FAIL: libgomp.fortran/examples-4/target-2.f90   -Os  (test for excess errors)
FAIL: libgomp.fortran/examples-4/target-3.f90   -O0  (test for excess errors)
FAIL: libgomp.fortran/examples-4/target-3.f90   -O1  (test for excess errors)
FAIL: libgomp.fortran/examples-4/target-3.f90   -O2  (test for excess errors)
FAIL: libgomp.fortran/examples-4/target-3.f90   -O3 -fomit-frame-pointer -funroll-loops -fpeel-loops -ftracer -finline-functions  (test for excess errors)
FAIL: libgomp.fortran/examples-4/target-3.f90   -O3 -g  (test for excess errors)
FAIL: libgomp.fortran/examples-4/target-3.f90   -Os  (test for excess errors)
FAIL: libgomp.fortran/examples-4/target-4.f90   -O0  (test for excess errors)
FAIL: libgomp.fortran/examples-4/target-4.f90   -O1  (test for excess errors)
FAIL: libgomp.fortran/examples-4/target-4.f90   -O2  (test for excess errors)
FAIL: libgomp.fortran/examples-4/target-4.f90   -O3 -fomit-frame-pointer -funroll-loops -fpeel-loops -ftracer -finline-functions  (test for excess errors)
FAIL: libgomp.fortran/examples-4/target-4.f90   -O3 -g  (test for excess errors)
FAIL: libgomp.fortran/examples-4/target-4.f90   -Os  (test for excess errors)
FAIL: libgomp.fortran/examples-4/target_data-1.f90   -O0  (test for excess errors)
FAIL: libgomp.fortran/examples-4/target_data-1.f90   -O1  (test for excess errors)
FAIL: libgomp.fortran/examples-4/target_data-1.f90   -O2  (test for excess errors)
FAIL: libgomp.fortran/examples-4/target_data-1.f90   -O3 -fomit-frame-pointer -funroll-loops -fpeel-loops -ftracer -finline-functions  (test for excess errors)
FAIL: libgomp.fortran/examples-4/target_data-1.f90   -O3 -g  (test for excess errors)
FAIL: libgomp.fortran/examples-4/target_data-1.f90   -Os  (test for excess errors)
FAIL: libgomp.fortran/examples-4/target_data-2.f90   -O0  (test for excess errors)
FAIL: libgomp.fortran/examples-4/target_data-2.f90   -O1  (test for excess errors)
FAIL: libgomp.fortran/examples-4/target_data-2.f90   -O2  (test for excess errors)
FAIL: libgomp.fortran/examples-4/target_data-2.f90   -O3 -fomit-frame-pointer -funroll-loops -fpeel-loops -ftracer -finline-functions  (test for excess errors)
FAIL: libgomp.fortran/examples-4/target_data-2.f90   -O3 -g  (test for excess errors)
FAIL: libgomp.fortran/examples-4/target_data-2.f90   -Os  (test for excess errors)
FAIL: libgomp.fortran/examples-4/target_data-3.f90   -O0  (test for excess errors)
FAIL: libgomp.fortran/examples-4/target_data-3.f90   -O1  (test for excess errors)
FAIL: libgomp.fortran/examples-4/target_data-3.f90   -O2  (test for excess errors)
FAIL: libgomp.fortran/examples-4/target_data-3.f90   -O3 -fomit-frame-pointer -funroll-loops -fpeel-loops -ftracer -finline-functions  (test for excess errors)
FAIL: libgomp.fortran/examples-4/target_data-3.f90   -O3 -g  (test for excess errors)
FAIL: libgomp.fortran/examples-4/target_data-3.f90   -Os  (test for excess errors)
FAIL: libgomp.fortran/examples-4/target_data-4.f90   -O0  (test for excess errors)
FAIL: libgomp.fortran/examples-4/target_data-4.f90   -O1  (test for excess errors)
FAIL: libgomp.fortran/examples-4/target_data-4.f90   -O2  (test for excess errors)
FAIL: libgomp.fortran/examples-4/target_data-4.f90   -O3 -fomit-frame-pointer -funroll-loops -fpeel-loops -ftracer -finline-functions  (test for excess errors)
FAIL: libgomp.fortran/examples-4/target_data-4.f90   -O3 -g  (test for excess errors)
FAIL: libgomp.fortran/examples-4/target_data-4.f90   -Os  (test for excess errors)
FAIL: libgomp.fortran/examples-4/target_data-5.f90   -O0  (test for excess errors)
FAIL: libgomp.fortran/examples-4/target_data-5.f90   -O1  (test for excess errors)
FAIL: libgomp.fortran/examples-4/target_data-5.f90   -O2  (test for excess errors)
FAIL: libgomp.fortran/examples-4/target_data-5.f90   -O3 -fomit-frame-pointer -funroll-loops -fpeel-loops -ftracer -finline-functions  (test for excess errors)
FAIL: libgomp.fortran/examples-4/target_data-5.f90   -O3 -g  (test for excess errors)
FAIL: libgomp.fortran/examples-4/target_data-5.f90   -Os  (test for excess errors)
FAIL: libgomp.fortran/examples-4/target_update-1.f90   -O0  (test for excess errors)
FAIL: libgomp.fortran/examples-4/target_update-1.f90   -O1  (test for excess errors)
FAIL: libgomp.fortran/examples-4/target_update-1.f90   -O2  (test for excess errors)
FAIL: libgomp.fortran/examples-4/target_update-1.f90   -O3 -fomit-frame-pointer -funroll-loops -fpeel-loops -ftracer -finline-functions  (test for excess errors)
FAIL: libgomp.fortran/examples-4/target_update-1.f90   -O3 -g  (test for excess errors)
FAIL: libgomp.fortran/examples-4/target_update-1.f90   -Os  (test for excess errors)
FAIL: libgomp.fortran/examples-4/target_update-2.f90   -O0  (test for excess errors)
FAIL: libgomp.fortran/examples-4/target_update-2.f90   -O1  (test for excess errors)
FAIL: libgomp.fortran/examples-4/target_update-2.f90   -O2  (test for excess errors)
FAIL: libgomp.fortran/examples-4/target_update-2.f90   -O3 -fomit-frame-pointer -funroll-loops -fpeel-loops -ftracer -finline-functions  (test for excess errors)
FAIL: libgomp.fortran/examples-4/target_update-2.f90   -O3 -g  (test for excess errors)
FAIL: libgomp.fortran/examples-4/target_update-2.f90   -Os  (test for excess errors)
FAIL: libgomp.fortran/examples-4/teams-2.f90   -O0  (test for excess errors)
FAIL: libgomp.fortran/examples-4/teams-2.f90   -O1  (test for excess errors)
FAIL: libgomp.fortran/examples-4/teams-2.f90   -O2  (test for excess errors)
FAIL: libgomp.fortran/examples-4/teams-2.f90   -O3 -fomit-frame-pointer -funroll-loops -fpeel-loops -ftracer -finline-functions  (test for excess errors)
FAIL: libgomp.fortran/examples-4/teams-2.f90   -O3 -g  (test for excess errors)
FAIL: libgomp.fortran/examples-4/teams-2.f90   -Os  (test for excess errors)
FAIL: libgomp.fortran/examples-4/teams-3.f90   -O0  (test for excess errors)
FAIL: libgomp.fortran/examples-4/teams-3.f90   -O1  (test for excess errors)
FAIL: libgomp.fortran/examples-4/teams-3.f90   -O2  (test for excess errors)
FAIL: libgomp.fortran/examples-4/teams-3.f90   -O3 -fomit-frame-pointer -funroll-loops -fpeel-loops -ftracer -finline-functions  (test for excess errors)
FAIL: libgomp.fortran/examples-4/teams-3.f90   -O3 -g  (test for excess errors)
FAIL: libgomp.fortran/examples-4/teams-3.f90   -Os  (test for excess errors)
FAIL: libgomp.fortran/examples-4/teams-4.f90   -O0  (test for excess errors)
FAIL: libgomp.fortran/examples-4/teams-4.f90   -O1  (test for excess errors)
FAIL: libgomp.fortran/examples-4/teams-4.f90   -O2  (test for excess errors)
FAIL: libgomp.fortran/examples-4/teams-4.f90   -O3 -fomit-frame-pointer -funroll-loops -fpeel-loops -ftracer -finline-functions  (test for excess errors)
FAIL: libgomp.fortran/examples-4/teams-4.f90   -O3 -g  (test for excess errors)
FAIL: libgomp.fortran/examples-4/teams-4.f90   -Os  (test for excess errors)
FAIL: libgomp.fortran/examples-4/teams-5.f90   -O0  (test for excess errors)
FAIL: libgomp.fortran/examples-4/teams-5.f90   -O1  (test for excess errors)
FAIL: libgomp.fortran/examples-4/teams-5.f90   -O2  (test for excess errors)
FAIL: libgomp.fortran/examples-4/teams-5.f90   -O3 -fomit-frame-pointer -funroll-loops -fpeel-loops -ftracer -finline-functions  (test for excess errors)
FAIL: libgomp.fortran/examples-4/teams-5.f90   -O3 -g  (test for excess errors)
FAIL: libgomp.fortran/examples-4/teams-5.f90   -Os  (test for excess errors)
FAIL: libgomp.fortran/examples-4/teams-6.f90   -O0  (test for excess errors)
FAIL: libgomp.fortran/examples-4/teams-6.f90   -O1  (test for excess errors)
FAIL: libgomp.fortran/examples-4/teams-6.f90   -O2  (test for excess errors)
FAIL: libgomp.fortran/examples-4/teams-6.f90   -O3 -fomit-frame-pointer -funroll-loops -fpeel-loops -ftracer -finline-functions  (test for excess errors)
FAIL: libgomp.fortran/examples-4/teams-6.f90   -O3 -g  (test for excess errors)
FAIL: libgomp.fortran/examples-4/teams-6.f90   -Os  (test for excess errors)
FAIL: libgomp.fortran/nestedfn5.f90   -O0  (test for excess errors)
FAIL: libgomp.fortran/nestedfn5.f90   -O1  (test for excess errors)
FAIL: libgomp.fortran/nestedfn5.f90   -O2  (test for excess errors)
FAIL: libgomp.fortran/nestedfn5.f90   -O3 -fomit-frame-pointer -funroll-loops -fpeel-loops -ftracer -finline-functions  (test for excess errors)
FAIL: libgomp.fortran/nestedfn5.f90   -O3 -g  (test for excess errors)
FAIL: libgomp.fortran/nestedfn5.f90   -Os  (test for excess errors)
FAIL: libgomp.fortran/optional-map.f90   -O0  (test for excess errors)
FAIL: libgomp.fortran/optional-map.f90   -O1  (test for excess errors)
FAIL: libgomp.fortran/optional-map.f90   -O2  (test for excess errors)
FAIL: libgomp.fortran/optional-map.f90   -O3 -fomit-frame-pointer -funroll-loops -fpeel-loops -ftracer -finline-functions  (test for excess errors)
FAIL: libgomp.fortran/optional-map.f90   -O3 -g  (test for excess errors)
FAIL: libgomp.fortran/optional-map.f90   -Os  (test for excess errors)
FAIL: libgomp.fortran/pr66199-2.f90   -O  (test for excess errors)
FAIL: libgomp.fortran/pr90779.f90   -O0  (test for excess errors)
FAIL: libgomp.fortran/pr90779.f90   -O1  (test for excess errors)
FAIL: libgomp.fortran/pr90779.f90   -O2  (test for excess errors)
FAIL: libgomp.fortran/pr90779.f90   -O3 -fomit-frame-pointer -funroll-loops -fpeel-loops -ftracer -finline-functions  (test for excess errors)
FAIL: libgomp.fortran/pr90779.f90   -O3 -g  (test for excess errors)
FAIL: libgomp.fortran/pr90779.f90   -Os  (test for excess errors)
FAIL: libgomp.fortran/target-allocatable-1-1.f90   -O0  (test for excess errors)
FAIL: libgomp.fortran/target-allocatable-1-1.f90   -O0  execution test
FAIL: libgomp.fortran/target-allocatable-1-1.f90   -O1  (test for excess errors)
FAIL: libgomp.fortran/target-allocatable-1-1.f90   -O1  execution test
FAIL: libgomp.fortran/target-allocatable-1-1.f90   -O2  (test for excess errors)
FAIL: libgomp.fortran/target-allocatable-1-1.f90   -O2  execution test
FAIL: libgomp.fortran/target-allocatable-1-1.f90   -O3 -fomit-frame-pointer -funroll-loops -fpeel-loops -ftracer -finline-functions  (test for excess errors)
FAIL: libgomp.fortran/target-allocatable-1-1.f90   -O3 -fomit-frame-pointer -funroll-loops -fpeel-loops -ftracer -finline-functions  execution test
FAIL: libgomp.fortran/target-allocatable-1-1.f90   -O3 -g  (test for excess errors)
FAIL: libgomp.fortran/target-allocatable-1-1.f90   -O3 -g  execution test
FAIL: libgomp.fortran/target-allocatable-1-1.f90   -Os  (test for excess errors)
FAIL: libgomp.fortran/target-allocatable-1-1.f90   -Os  execution test
FAIL: libgomp.fortran/target-allocatable-1-2.f90   -O0  (test for excess errors)
FAIL: libgomp.fortran/target-allocatable-1-2.f90   -O0  execution test
FAIL: libgomp.fortran/target-allocatable-1-2.f90   -O1  (test for excess errors)
FAIL: libgomp.fortran/target-allocatable-1-2.f90   -O1  execution test
FAIL: libgomp.fortran/target-allocatable-1-2.f90   -O2  (test for excess errors)
FAIL: libgomp.fortran/target-allocatable-1-2.f90   -O2  execution test
FAIL: libgomp.fortran/target-allocatable-1-2.f90   -O3 -fomit-frame-pointer -funroll-loops -fpeel-loops -ftracer -finline-functions  (test for excess errors)
FAIL: libgomp.fortran/target-allocatable-1-2.f90   -O3 -fomit-frame-pointer -funroll-loops -fpeel-loops -ftracer -finline-functions  execution test
FAIL: libgomp.fortran/target-allocatable-1-2.f90   -O3 -g  (test for excess errors)
FAIL: libgomp.fortran/target-allocatable-1-2.f90   -O3 -g  execution test
FAIL: libgomp.fortran/target-allocatable-1-2.f90   -Os  (test for excess errors)
FAIL: libgomp.fortran/target-allocatable-1-2.f90   -Os  execution test
FAIL: libgomp.fortran/target-enter-data-1.f90   -O0  (test for excess errors)
FAIL: libgomp.fortran/target-enter-data-1.f90   -O1  (test for excess errors)
FAIL: libgomp.fortran/target-enter-data-1.f90   -O2  (test for excess errors)
FAIL: libgomp.fortran/target-enter-data-1.f90   -O3 -fomit-frame-pointer -funroll-loops -fpeel-loops -ftracer -finline-functions  (test for excess errors)
FAIL: libgomp.fortran/target-enter-data-1.f90   -O3 -g  (test for excess errors)
FAIL: libgomp.fortran/target-enter-data-1.f90   -Os  (test for excess errors)
FAIL: libgomp.fortran/target-enter-data-2.F90   -O0  (test for excess errors)
FAIL: libgomp.fortran/target-enter-data-2.F90   -O0  execution test
FAIL: libgomp.fortran/target-enter-data-2.F90   -O1  (test for excess errors)
FAIL: libgomp.fortran/target-enter-data-2.F90   -O1  execution test
FAIL: libgomp.fortran/target-enter-data-2.F90   -O2  (test for excess errors)
FAIL: libgomp.fortran/target-enter-data-2.F90   -O2  execution test
FAIL: libgomp.fortran/target-enter-data-2.F90   -O3 -fomit-frame-pointer -funroll-loops -fpeel-loops -ftracer -finline-functions  (test for excess errors)
FAIL: libgomp.fortran/target-enter-data-2.F90   -O3 -fomit-frame-pointer -funroll-loops -fpeel-loops -ftracer -finline-functions  execution test
FAIL: libgomp.fortran/target-enter-data-2.F90   -O3 -g  (test for excess errors)
FAIL: libgomp.fortran/target-enter-data-2.F90   -O3 -g  execution test
FAIL: libgomp.fortran/target-enter-data-2.F90   -Os  (test for excess errors)
FAIL: libgomp.fortran/target-enter-data-2.F90   -Os  execution test
FAIL: libgomp.fortran/target-simd.f90   -O0  (test for excess errors)
FAIL: libgomp.fortran/target-simd.f90   -O1  (test for excess errors)
FAIL: libgomp.fortran/target-simd.f90   -O2  (test for excess errors)
FAIL: libgomp.fortran/target-simd.f90   -O3 -fomit-frame-pointer -funroll-loops -fpeel-loops -ftracer -finline-functions  (test for excess errors)
FAIL: libgomp.fortran/target-simd.f90   -O3 -g  (test for excess errors)
FAIL: libgomp.fortran/target-simd.f90   -Os  (test for excess errors)
FAIL: libgomp.fortran/target-var.f90   -O  (test for excess errors)
FAIL: libgomp.fortran/target1.f90   -O0  (test for excess errors)
FAIL: libgomp.fortran/target1.f90   -O1  (test for excess errors)
FAIL: libgomp.fortran/target1.f90   -O2  (test for excess errors)
FAIL: libgomp.fortran/target1.f90   -O3 -fomit-frame-pointer -funroll-loops -fpeel-loops -ftracer -finline-functions  (test for excess errors)
FAIL: libgomp.fortran/target1.f90   -O3 -g  (test for excess errors)
FAIL: libgomp.fortran/target1.f90   -Os  (test for excess errors)
FAIL: libgomp.fortran/target2.f90   -O0  (test for excess errors)
FAIL: libgomp.fortran/target2.f90   -O1  (test for excess errors)
FAIL: libgomp.fortran/target2.f90   -O2  (test for excess errors)
FAIL: libgomp.fortran/target2.f90   -O3 -fomit-frame-pointer -funroll-loops -fpeel-loops -ftracer -finline-functions  (test for excess errors)
FAIL: libgomp.fortran/target2.f90   -O3 -g  (test for excess errors)
FAIL: libgomp.fortran/target2.f90   -Os  (test for excess errors)
FAIL: libgomp.fortran/target3.f90   -O0  (test for excess errors)
FAIL: libgomp.fortran/target3.f90   -O1  (test for excess errors)
FAIL: libgomp.fortran/target3.f90   -O2  (test for excess errors)
FAIL: libgomp.fortran/target3.f90   -O3 -fomit-frame-pointer -funroll-loops -fpeel-loops -ftracer -finline-functions  (test for excess errors)
FAIL: libgomp.fortran/target3.f90   -O3 -g  (test for excess errors)
FAIL: libgomp.fortran/target3.f90   -Os  (test for excess errors)
FAIL: libgomp.fortran/target4.f90   -O0  (test for excess errors)
FAIL: libgomp.fortran/target4.f90   -O1  (test for excess errors)
FAIL: libgomp.fortran/target4.f90   -O2  (test for excess errors)
FAIL: libgomp.fortran/target4.f90   -O3 -fomit-frame-pointer -funroll-loops -fpeel-loops -ftracer -finline-functions  (test for excess errors)
FAIL: libgomp.fortran/target4.f90   -O3 -g  (test for excess errors)
FAIL: libgomp.fortran/target4.f90   -Os  (test for excess errors)
FAIL: libgomp.fortran/target6.f90   -O0  (test for excess errors)
FAIL: libgomp.fortran/target6.f90   -O1  (test for excess errors)
FAIL: libgomp.fortran/target6.f90   -O2  (test for excess errors)
FAIL: libgomp.fortran/target6.f90   -O3 -fomit-frame-pointer -funroll-loops -fpeel-loops -ftracer -finline-functions  (test for excess errors)
FAIL: libgomp.fortran/target6.f90   -O3 -g  (test for excess errors)
FAIL: libgomp.fortran/target6.f90   -Os  (test for excess errors)
FAIL: libgomp.fortran/target7.f90   -O0  (test for excess errors)
FAIL: libgomp.fortran/target7.f90   -O1  (test for excess errors)
FAIL: libgomp.fortran/target7.f90   -O2  (test for excess errors)
FAIL: libgomp.fortran/target7.f90   -O3 -fomit-frame-pointer -funroll-loops -fpeel-loops -ftracer -finline-functions  (test for excess errors)
FAIL: libgomp.fortran/target7.f90   -O3 -g  (test for excess errors)
FAIL: libgomp.fortran/target7.f90   -Os  (test for excess errors)
FAIL: libgomp.fortran/target8.f90   -O0  (test for excess errors)
FAIL: libgomp.fortran/target8.f90   -O1  (test for excess errors)
FAIL: libgomp.fortran/target8.f90   -O2  (test for excess errors)
FAIL: libgomp.fortran/target8.f90   -O3 -fomit-frame-pointer -funroll-loops -fpeel-loops -ftracer -finline-functions  (test for excess errors)
FAIL: libgomp.fortran/target8.f90   -O3 -g  (test for excess errors)
FAIL: libgomp.fortran/target8.f90   -Os  (test for excess errors)
FAIL: libgomp.fortran/use_device_addr-1.f90   -O0  (test for excess errors)
FAIL: libgomp.fortran/use_device_addr-1.f90   -O1  (test for excess errors)
FAIL: libgomp.fortran/use_device_addr-1.f90   -O2  (test for excess errors)
FAIL: libgomp.fortran/use_device_addr-1.f90   -O3 -fomit-frame-pointer -funroll-loops -fpeel-loops -ftracer -finline-functions  (test for excess errors)
FAIL: libgomp.fortran/use_device_addr-1.f90   -O3 -g  (test for excess errors)
FAIL: libgomp.fortran/use_device_addr-1.f90   -Os  (test for excess errors)
FAIL: libgomp.fortran/use_device_addr-2.f90   -O0  (test for excess errors)
FAIL: libgomp.fortran/use_device_addr-2.f90   -O1  (test for excess errors)
FAIL: libgomp.fortran/use_device_addr-2.f90   -O2  (test for excess errors)
FAIL: libgomp.fortran/use_device_addr-2.f90   -O3 -fomit-frame-pointer -funroll-loops -fpeel-loops -ftracer -finline-functions  (test for excess errors)
FAIL: libgomp.fortran/use_device_addr-2.f90   -O3 -g  (test for excess errors)
FAIL: libgomp.fortran/use_device_addr-2.f90   -Os  (test for excess errors)
FAIL: libgomp.fortran/use_device_addr-3.f90   -O0  (test for excess errors)
FAIL: libgomp.fortran/use_device_addr-3.f90   -O1  (test for excess errors)
FAIL: libgomp.fortran/use_device_addr-3.f90   -O2  (test for excess errors)
FAIL: libgomp.fortran/use_device_addr-3.f90   -O3 -fomit-frame-pointer -funroll-loops -fpeel-loops -ftracer -finline-functions  (test for excess errors)
FAIL: libgomp.fortran/use_device_addr-3.f90   -O3 -g  (test for excess errors)
FAIL: libgomp.fortran/use_device_addr-3.f90   -Os  (test for excess errors)
FAIL: libgomp.fortran/use_device_addr-4.f90   -O0  (test for excess errors)
FAIL: libgomp.fortran/use_device_addr-4.f90   -O1  (test for excess errors)
FAIL: libgomp.fortran/use_device_addr-4.f90   -O2  (test for excess errors)
FAIL: libgomp.fortran/use_device_addr-4.f90   -O3 -fomit-frame-pointer -funroll-loops -fpeel-loops -ftracer -finline-functions  (test for excess errors)
FAIL: libgomp.fortran/use_device_addr-4.f90   -O3 -g  (test for excess errors)
FAIL: libgomp.fortran/use_device_addr-4.f90   -Os  (test for excess errors)
FAIL: libgomp.fortran/use_device_ptr-1.f90   -O0  (test for excess errors)
FAIL: libgomp.fortran/use_device_ptr-1.f90   -O1  (test for excess errors)
FAIL: libgomp.fortran/use_device_ptr-1.f90   -O2  (test for excess errors)
FAIL: libgomp.fortran/use_device_ptr-1.f90   -O3 -fomit-frame-pointer -funroll-loops -fpeel-loops -ftracer -finline-functions  (test for excess errors)
FAIL: libgomp.fortran/use_device_ptr-1.f90   -O3 -g  (test for excess errors)
FAIL: libgomp.fortran/use_device_ptr-1.f90   -Os  (test for excess errors)
FAIL: libgomp.fortran/use_device_ptr-optional-3.f90   -O0  (test for excess errors)
FAIL: libgomp.fortran/use_device_ptr-optional-3.f90   -O1  (test for excess errors)
FAIL: libgomp.fortran/use_device_ptr-optional-3.f90   -O2  (test for excess errors)
FAIL: libgomp.fortran/use_device_ptr-optional-3.f90   -O3 -fomit-frame-pointer -funroll-loops -fpeel-loops -ftracer -finline-functions  (test for excess errors)
FAIL: libgomp.fortran/use_device_ptr-optional-3.f90   -O3 -g  (test for excess errors)
FAIL: libgomp.fortran/use_device_ptr-optional-3.f90   -Os  (test for excess errors)

		=== libgomp Summary for unix ===

# of expected passes		7359
# of unexpected failures	433
# of expected failures		10
# of unresolved testcases	14
# of untested testcases		6
# of unsupported tests		529

Running target unix/-fstack-protector
FAIL: libgomp.c/../libgomp.c-c++-common/for-11.c (test for excess errors)
FAIL: libgomp.c/../libgomp.c-c++-common/for-12.c (test for excess errors)
FAIL: libgomp.c/../libgomp.c-c++-common/for-16.c (test for excess errors)
FAIL: libgomp.c/../libgomp.c-c++-common/for-3.c (test for excess errors)
FAIL: libgomp.c/../libgomp.c-c++-common/for-5.c (test for excess errors)
FAIL: libgomp.c/../libgomp.c-c++-common/for-6.c (test for excess errors)
FAIL: libgomp.c/../libgomp.c-c++-common/for-9.c (test for excess errors)
FAIL: libgomp.c/../libgomp.c-c++-common/function-not-offloaded.c (test for excess errors)
FAIL: libgomp.c/../libgomp.c-c++-common/pr66199-2.c (test for excess errors)
FAIL: libgomp.c/../libgomp.c-c++-common/pr66199-4.c (test for excess errors)
FAIL: libgomp.c/../libgomp.c-c++-common/pr66199-5.c (test for excess errors)
FAIL: libgomp.c/../libgomp.c-c++-common/pr66199-6.c (test for excess errors)
FAIL: libgomp.c/../libgomp.c-c++-common/pr66199-7.c (test for excess errors)
FAIL: libgomp.c/../libgomp.c-c++-common/pr66199-8.c (test for excess errors)
FAIL: libgomp.c/../libgomp.c-c++-common/pr66199-9.c (test for excess errors)
FAIL: libgomp.c/../libgomp.c-c++-common/pr83046.c (test for excess errors)
FAIL: libgomp.c/../libgomp.c-c++-common/pr93515.c (test for excess errors)
UNRESOLVED: libgomp.c/../libgomp.c-c++-common/pr93515.c compilation failed to produce executable
FAIL: libgomp.c/../libgomp.c-c++-common/target-1.c (test for excess errors)
FAIL: libgomp.c/../libgomp.c-c++-common/target-10.c (test for excess errors)
FAIL: libgomp.c/../libgomp.c-c++-common/target-13.c (test for excess errors)
FAIL: libgomp.c/../libgomp.c-c++-common/target-2.c (test for excess errors)
FAIL: libgomp.c/../libgomp.c-c++-common/unmap-infinity-2.c (test for excess errors)
FAIL: libgomp.c/../libgomp.c-c++-common/variable-not-offloaded.c (test for excess errors)
FAIL: libgomp.c/examples-4/array_sections-3.c (test for excess errors)
FAIL: libgomp.c/examples-4/array_sections-4.c (test for excess errors)
FAIL: libgomp.c/examples-4/async_target-1.c (test for excess errors)
FAIL: libgomp.c/examples-4/declare_target-1.c (test for excess errors)
FAIL: libgomp.c/examples-4/declare_target-3.c (test for excess errors)
FAIL: libgomp.c/examples-4/declare_target-4.c (test for excess errors)
FAIL: libgomp.c/examples-4/declare_target-5.c (test for excess errors)
FAIL: libgomp.c/examples-4/target-1.c (test for excess errors)
FAIL: libgomp.c/examples-4/target-2.c (test for excess errors)
FAIL: libgomp.c/examples-4/target-3.c (test for excess errors)
FAIL: libgomp.c/examples-4/target-4.c (test for excess errors)
FAIL: libgomp.c/examples-4/target_data-1.c (test for excess errors)
FAIL: libgomp.c/examples-4/target_data-2.c (test for excess errors)
FAIL: libgomp.c/examples-4/target_data-3.c (test for excess errors)
FAIL: libgomp.c/examples-4/target_data-4.c (test for excess errors)
FAIL: libgomp.c/examples-4/target_update-1.c (test for excess errors)
FAIL: libgomp.c/examples-4/target_update-2.c (test for excess errors)
FAIL: libgomp.c/examples-4/teams-2.c (test for excess errors)
FAIL: libgomp.c/examples-4/teams-3.c (test for excess errors)
FAIL: libgomp.c/examples-4/teams-4.c (test for excess errors)
FAIL: libgomp.c/examples-4/teams-5.c (test for excess errors)
FAIL: libgomp.c/examples-4/teams-6.c (test for excess errors)
FAIL: libgomp.c/pr64734.c (test for excess errors)
FAIL: libgomp.c/pr86416-1.c (test for excess errors)
FAIL: libgomp.c/pr86416-2.c (test for excess errors)
FAIL: libgomp.c/pr86660.c (test for excess errors)
UNRESOLVED: libgomp.c/pr86660.c compilation failed to produce executable
FAIL: libgomp.c/pr90779.c (test for excess errors)
FAIL: libgomp.c/pr90811.c (test for excess errors)
FAIL: libgomp.c/switch-conversion-2.c (test for excess errors)
FAIL: libgomp.c/switch-conversion.c (test for excess errors)
FAIL: libgomp.c/target-12.c (test for excess errors)
FAIL: libgomp.c/target-14.c (test for excess errors)
FAIL: libgomp.c/target-15.c (test for excess errors)
FAIL: libgomp.c/target-16.c (test for excess errors)
UNRESOLVED: libgomp.c/target-16.c compilation failed to produce executable
FAIL: libgomp.c/target-17.c (test for excess errors)
FAIL: libgomp.c/target-18.c (test for excess errors)
FAIL: libgomp.c/target-19.c (test for excess errors)
FAIL: libgomp.c/target-21.c (test for excess errors)
FAIL: libgomp.c/target-22.c (test for excess errors)
FAIL: libgomp.c/target-23.c (test for excess errors)
FAIL: libgomp.c/target-24.c (test for excess errors)
FAIL: libgomp.c/target-25.c (test for excess errors)
FAIL: libgomp.c/target-26.c (test for excess errors)
FAIL: libgomp.c/target-27.c (test for excess errors)
FAIL: libgomp.c/target-28.c (test for excess errors)
FAIL: libgomp.c/target-29.c (test for excess errors)
FAIL: libgomp.c/target-3.c (test for excess errors)
UNRESOLVED: libgomp.c/target-3.c compilation failed to produce executable
FAIL: libgomp.c/target-30.c (test for excess errors)
FAIL: libgomp.c/target-31.c (test for excess errors)
FAIL: libgomp.c/target-32.c (test for excess errors)
UNRESOLVED: libgomp.c/target-32.c compilation failed to produce executable
FAIL: libgomp.c/target-33.c (test for excess errors)
FAIL: libgomp.c/target-34.c (test for excess errors)
FAIL: libgomp.c/target-35.c (test for excess errors)
FAIL: libgomp.c/target-36.c (test for excess errors)
FAIL: libgomp.c/target-37.c (test for excess errors)
FAIL: libgomp.c/target-38.c (test for excess errors)
FAIL: libgomp.c/target-4.c (test for excess errors)
UNRESOLVED: libgomp.c/target-4.c compilation failed to produce executable
FAIL: libgomp.c/target-5.c (test for excess errors)
UNRESOLVED: libgomp.c/target-5.c compilation failed to produce executable
FAIL: libgomp.c/target-6.c (test for excess errors)
UNRESOLVED: libgomp.c/target-6.c compilation failed to produce executable
FAIL: libgomp.c/target-7.c (test for excess errors)
UNRESOLVED: libgomp.c/target-7.c compilation failed to produce executable
FAIL: libgomp.c/target-8.c (test for excess errors)
FAIL: libgomp.c/target-9.c (test for excess errors)
FAIL: libgomp.c/target-critical-1.c (test for excess errors)
FAIL: libgomp.c/target-link-1.c (test for excess errors)
FAIL: libgomp.c/target-print-1.c (test for excess errors)
FAIL: libgomp.c/target-teams-1.c (test for excess errors)
FAIL: libgomp.c/thread-limit-2.c (test for excess errors)
UNRESOLVED: libgomp.c/thread-limit-2.c compilation failed to produce executable
FAIL: libgomp.c/thread-limit-3.c (test for excess errors)
UNRESOLVED: libgomp.c/thread-limit-3.c compilation failed to produce executable
FAIL: libgomp.c++/../libgomp.c-c++-common/for-11.c (test for excess errors)
FAIL: libgomp.c++/../libgomp.c-c++-common/for-12.c (test for excess errors)
FAIL: libgomp.c++/../libgomp.c-c++-common/for-16.c (test for excess errors)
FAIL: libgomp.c++/../libgomp.c-c++-common/for-3.c (test for excess errors)
FAIL: libgomp.c++/../libgomp.c-c++-common/for-5.c (test for excess errors)
FAIL: libgomp.c++/../libgomp.c-c++-common/for-6.c (test for excess errors)
FAIL: libgomp.c++/../libgomp.c-c++-common/for-9.c (test for excess errors)
FAIL: libgomp.c++/../libgomp.c-c++-common/function-not-offloaded.c (test for excess errors)
FAIL: libgomp.c++/../libgomp.c-c++-common/pr66199-2.c (test for excess errors)
FAIL: libgomp.c++/../libgomp.c-c++-common/pr66199-4.c (test for excess errors)
FAIL: libgomp.c++/../libgomp.c-c++-common/pr66199-5.c (test for excess errors)
FAIL: libgomp.c++/../libgomp.c-c++-common/pr66199-6.c (test for excess errors)
FAIL: libgomp.c++/../libgomp.c-c++-common/pr66199-7.c (test for excess errors)
FAIL: libgomp.c++/../libgomp.c-c++-common/pr66199-8.c (test for excess errors)
FAIL: libgomp.c++/../libgomp.c-c++-common/pr66199-9.c (test for excess errors)
FAIL: libgomp.c++/../libgomp.c-c++-common/pr83046.c (test for excess errors)
FAIL: libgomp.c++/../libgomp.c-c++-common/pr93515.c (test for excess errors)
UNRESOLVED: libgomp.c++/../libgomp.c-c++-common/pr93515.c compilation failed to produce executable
FAIL: libgomp.c++/../libgomp.c-c++-common/target-1.c (test for excess errors)
FAIL: libgomp.c++/../libgomp.c-c++-common/target-10.c (test for excess errors)
FAIL: libgomp.c++/../libgomp.c-c++-common/target-13.c (test for excess errors)
FAIL: libgomp.c++/../libgomp.c-c++-common/target-2.c (test for excess errors)
FAIL: libgomp.c++/../libgomp.c-c++-common/unmap-infinity-2.c (test for excess errors)
FAIL: libgomp.c++/../libgomp.c-c++-common/variable-not-offloaded.c (test for excess errors)
FAIL: libgomp.c++/examples-4/target_data-5.C (test for excess errors)
FAIL: libgomp.c++/for-15.C (test for excess errors)
UNRESOLVED: libgomp.c++/for-15.C compilation failed to produce executable
FAIL: libgomp.c++/for-24.C (test for excess errors)
UNRESOLVED: libgomp.c++/for-24.C compilation failed to produce executable
FAIL: libgomp.c++/pr63248.C (test for excess errors)
FAIL: libgomp.c++/pr69555-2.C (test for excess errors)
UNRESOLVED: libgomp.c++/pr69555-2.C compilation failed to produce executable
FAIL: libgomp.c++/target-10.C (test for excess errors)
FAIL: libgomp.c++/target-11.C (test for excess errors)
FAIL: libgomp.c++/target-12.C (test for excess errors)
FAIL: libgomp.c++/target-13.C (test for excess errors)
FAIL: libgomp.c++/target-14.C (test for excess errors)
FAIL: libgomp.c++/target-15.C (test for excess errors)
FAIL: libgomp.c++/target-16.C (test for excess errors)
FAIL: libgomp.c++/target-17.C (test for excess errors)
FAIL: libgomp.c++/target-18.C (test for excess errors)
FAIL: libgomp.c++/target-19.C (test for excess errors)
FAIL: libgomp.c++/target-2.C (test for excess errors)
FAIL: libgomp.c++/target-20.C (test for excess errors)
FAIL: libgomp.c++/target-21.C (test for excess errors)
FAIL: libgomp.c++/target-22.C (test for excess errors)
FAIL: libgomp.c++/target-6.C (test for excess errors)
UNRESOLVED: libgomp.c++/target-6.C compilation failed to produce executable
FAIL: libgomp.c++/target-7.C (test for excess errors)
FAIL: libgomp.c++/target-8.C (test for excess errors)
FAIL: libgomp.c++/target-9.C (test for excess errors)
FAIL: libgomp.fortran/declare-target-1.f90   -O0  (test for excess errors)
FAIL: libgomp.fortran/declare-target-1.f90   -O1  (test for excess errors)
FAIL: libgomp.fortran/declare-target-1.f90   -O2  (test for excess errors)
FAIL: libgomp.fortran/declare-target-1.f90   -O3 -fomit-frame-pointer -funroll-loops -fpeel-loops -ftracer -finline-functions  (test for excess errors)
FAIL: libgomp.fortran/declare-target-1.f90   -O3 -g  (test for excess errors)
FAIL: libgomp.fortran/declare-target-1.f90   -Os  (test for excess errors)
FAIL: libgomp.fortran/examples-4/array_sections-3.f90   -O0  (test for excess errors)
FAIL: libgomp.fortran/examples-4/array_sections-3.f90   -O1  (test for excess errors)
FAIL: libgomp.fortran/examples-4/array_sections-3.f90   -O2  (test for excess errors)
FAIL: libgomp.fortran/examples-4/array_sections-3.f90   -O3 -fomit-frame-pointer -funroll-loops -fpeel-loops -ftracer -finline-functions  (test for excess errors)
FAIL: libgomp.fortran/examples-4/array_sections-3.f90   -O3 -g  (test for excess errors)
FAIL: libgomp.fortran/examples-4/array_sections-3.f90   -Os  (test for excess errors)
FAIL: libgomp.fortran/examples-4/array_sections-4.f90   -O0  (test for excess errors)
FAIL: libgomp.fortran/examples-4/array_sections-4.f90   -O1  (test for excess errors)
FAIL: libgomp.fortran/examples-4/array_sections-4.f90   -O2  (test for excess errors)
FAIL: libgomp.fortran/examples-4/array_sections-4.f90   -O3 -fomit-frame-pointer -funroll-loops -fpeel-loops -ftracer -finline-functions  (test for excess errors)
FAIL: libgomp.fortran/examples-4/array_sections-4.f90   -O3 -g  (test for excess errors)
FAIL: libgomp.fortran/examples-4/array_sections-4.f90   -Os  (test for excess errors)
FAIL: libgomp.fortran/examples-4/async_target-1.f90   -O0  (test for excess errors)
FAIL: libgomp.fortran/examples-4/async_target-1.f90   -O1  (test for excess errors)
FAIL: libgomp.fortran/examples-4/async_target-1.f90   -O2  (test for excess errors)
FAIL: libgomp.fortran/examples-4/async_target-1.f90   -O3 -fomit-frame-pointer -funroll-loops -fpeel-loops -ftracer -finline-functions  (test for excess errors)
FAIL: libgomp.fortran/examples-4/async_target-1.f90   -O3 -g  (test for excess errors)
FAIL: libgomp.fortran/examples-4/async_target-1.f90   -Os  (test for excess errors)
FAIL: libgomp.fortran/examples-4/declare_target-1.f90   -O0  (test for excess errors)
FAIL: libgomp.fortran/examples-4/declare_target-1.f90   -O1  (test for excess errors)
FAIL: libgomp.fortran/examples-4/declare_target-1.f90   -O2  (test for excess errors)
FAIL: libgomp.fortran/examples-4/declare_target-1.f90   -O3 -fomit-frame-pointer -funroll-loops -fpeel-loops -ftracer -finline-functions  (test for excess errors)
FAIL: libgomp.fortran/examples-4/declare_target-1.f90   -O3 -g  (test for excess errors)
FAIL: libgomp.fortran/examples-4/declare_target-1.f90   -Os  (test for excess errors)
FAIL: libgomp.fortran/examples-4/declare_target-2.f90   -O0  (test for excess errors)
FAIL: libgomp.fortran/examples-4/declare_target-2.f90   -O1  (test for excess errors)
FAIL: libgomp.fortran/examples-4/declare_target-2.f90   -O2  (test for excess errors)
FAIL: libgomp.fortran/examples-4/declare_target-2.f90   -O3 -fomit-frame-pointer -funroll-loops -fpeel-loops -ftracer -finline-functions  (test for excess errors)
FAIL: libgomp.fortran/examples-4/declare_target-2.f90   -O3 -g  (test for excess errors)
FAIL: libgomp.fortran/examples-4/declare_target-2.f90   -Os  (test for excess errors)
FAIL: libgomp.fortran/examples-4/declare_target-3.f90   -O0  (test for excess errors)
FAIL: libgomp.fortran/examples-4/declare_target-3.f90   -O1  (test for excess errors)
FAIL: libgomp.fortran/examples-4/declare_target-3.f90   -O2  (test for excess errors)
FAIL: libgomp.fortran/examples-4/declare_target-3.f90   -O3 -fomit-frame-pointer -funroll-loops -fpeel-loops -ftracer -finline-functions  (test for excess errors)
FAIL: libgomp.fortran/examples-4/declare_target-3.f90   -O3 -g  (test for excess errors)
FAIL: libgomp.fortran/examples-4/declare_target-3.f90   -Os  (test for excess errors)
FAIL: libgomp.fortran/examples-4/declare_target-4.f90   -O0  (test for excess errors)
FAIL: libgomp.fortran/examples-4/declare_target-4.f90   -O1  (test for excess errors)
FAIL: libgomp.fortran/examples-4/declare_target-4.f90   -O2  (test for excess errors)
FAIL: libgomp.fortran/examples-4/declare_target-4.f90   -O3 -fomit-frame-pointer -funroll-loops -fpeel-loops -ftracer -finline-functions  (test for excess errors)
FAIL: libgomp.fortran/examples-4/declare_target-4.f90   -O3 -g  (test for excess errors)
FAIL: libgomp.fortran/examples-4/declare_target-4.f90   -Os  (test for excess errors)
FAIL: libgomp.fortran/examples-4/declare_target-5.f90   -O0  (test for excess errors)
FAIL: libgomp.fortran/examples-4/declare_target-5.f90   -O1  (test for excess errors)
FAIL: libgomp.fortran/examples-4/declare_target-5.f90   -O2  (test for excess errors)
FAIL: libgomp.fortran/examples-4/declare_target-5.f90   -O3 -fomit-frame-pointer -funroll-loops -fpeel-loops -ftracer -finline-functions  (test for excess errors)
FAIL: libgomp.fortran/examples-4/declare_target-5.f90   -O3 -g  (test for excess errors)
FAIL: libgomp.fortran/examples-4/declare_target-5.f90   -Os  (test for excess errors)
FAIL: libgomp.fortran/examples-4/target-1.f90   -O0  (test for excess errors)
FAIL: libgomp.fortran/examples-4/target-1.f90   -O1  (test for excess errors)
FAIL: libgomp.fortran/examples-4/target-1.f90   -O2  (test for excess errors)
FAIL: libgomp.fortran/examples-4/target-1.f90   -O3 -fomit-frame-pointer -funroll-loops -fpeel-loops -ftracer -finline-functions  (test for excess errors)
FAIL: libgomp.fortran/examples-4/target-1.f90   -O3 -g  (test for excess errors)
FAIL: libgomp.fortran/examples-4/target-1.f90   -Os  (test for excess errors)
FAIL: libgomp.fortran/examples-4/target-2.f90   -O0  (test for excess errors)
FAIL: libgomp.fortran/examples-4/target-2.f90   -O1  (test for excess errors)
FAIL: libgomp.fortran/examples-4/target-2.f90   -O2  (test for excess errors)
FAIL: libgomp.fortran/examples-4/target-2.f90   -O3 -fomit-frame-pointer -funroll-loops -fpeel-loops -ftracer -finline-functions  (test for excess errors)
FAIL: libgomp.fortran/examples-4/target-2.f90   -O3 -g  (test for excess errors)
FAIL: libgomp.fortran/examples-4/target-2.f90   -Os  (test for excess errors)
FAIL: libgomp.fortran/examples-4/target-3.f90   -O0  (test for excess errors)
FAIL: libgomp.fortran/examples-4/target-3.f90   -O1  (test for excess errors)
FAIL: libgomp.fortran/examples-4/target-3.f90   -O2  (test for excess errors)
FAIL: libgomp.fortran/examples-4/target-3.f90   -O3 -fomit-frame-pointer -funroll-loops -fpeel-loops -ftracer -finline-functions  (test for excess errors)
FAIL: libgomp.fortran/examples-4/target-3.f90   -O3 -g  (test for excess errors)
FAIL: libgomp.fortran/examples-4/target-3.f90   -Os  (test for excess errors)
FAIL: libgomp.fortran/examples-4/target-4.f90   -O0  (test for excess errors)
FAIL: libgomp.fortran/examples-4/target-4.f90   -O1  (test for excess errors)
FAIL: libgomp.fortran/examples-4/target-4.f90   -O2  (test for excess errors)
FAIL: libgomp.fortran/examples-4/target-4.f90   -O3 -fomit-frame-pointer -funroll-loops -fpeel-loops -ftracer -finline-functions  (test for excess errors)
FAIL: libgomp.fortran/examples-4/target-4.f90   -O3 -g  (test for excess errors)
FAIL: libgomp.fortran/examples-4/target-4.f90   -Os  (test for excess errors)
FAIL: libgomp.fortran/examples-4/target_data-1.f90   -O0  (test for excess errors)
FAIL: libgomp.fortran/examples-4/target_data-1.f90   -O1  (test for excess errors)
FAIL: libgomp.fortran/examples-4/target_data-1.f90   -O2  (test for excess errors)
FAIL: libgomp.fortran/examples-4/target_data-1.f90   -O3 -fomit-frame-pointer -funroll-loops -fpeel-loops -ftracer -finline-functions  (test for excess errors)
FAIL: libgomp.fortran/examples-4/target_data-1.f90   -O3 -g  (test for excess errors)
FAIL: libgomp.fortran/examples-4/target_data-1.f90   -Os  (test for excess errors)
FAIL: libgomp.fortran/examples-4/target_data-2.f90   -O0  (test for excess errors)
FAIL: libgomp.fortran/examples-4/target_data-2.f90   -O1  (test for excess errors)
FAIL: libgomp.fortran/examples-4/target_data-2.f90   -O2  (test for excess errors)
FAIL: libgomp.fortran/examples-4/target_data-2.f90   -O3 -fomit-frame-pointer -funroll-loops -fpeel-loops -ftracer -finline-functions  (test for excess errors)
FAIL: libgomp.fortran/examples-4/target_data-2.f90   -O3 -g  (test for excess errors)
FAIL: libgomp.fortran/examples-4/target_data-2.f90   -Os  (test for excess errors)
FAIL: libgomp.fortran/examples-4/target_data-3.f90   -O0  (test for excess errors)
FAIL: libgomp.fortran/examples-4/target_data-3.f90   -O1  (test for excess errors)
FAIL: libgomp.fortran/examples-4/target_data-3.f90   -O2  (test for excess errors)
FAIL: libgomp.fortran/examples-4/target_data-3.f90   -O3 -fomit-frame-pointer -funroll-loops -fpeel-loops -ftracer -finline-functions  (test for excess errors)
FAIL: libgomp.fortran/examples-4/target_data-3.f90   -O3 -g  (test for excess errors)
FAIL: libgomp.fortran/examples-4/target_data-3.f90   -Os  (test for excess errors)
FAIL: libgomp.fortran/examples-4/target_data-4.f90   -O0  (test for excess errors)
FAIL: libgomp.fortran/examples-4/target_data-4.f90   -O1  (test for excess errors)
FAIL: libgomp.fortran/examples-4/target_data-4.f90   -O2  (test for excess errors)
FAIL: libgomp.fortran/examples-4/target_data-4.f90   -O3 -fomit-frame-pointer -funroll-loops -fpeel-loops -ftracer -finline-functions  (test for excess errors)
FAIL: libgomp.fortran/examples-4/target_data-4.f90   -O3 -g  (test for excess errors)
FAIL: libgomp.fortran/examples-4/target_data-4.f90   -Os  (test for excess errors)
FAIL: libgomp.fortran/examples-4/target_data-5.f90   -O0  (test for excess errors)
FAIL: libgomp.fortran/examples-4/target_data-5.f90   -O1  (test for excess errors)
FAIL: libgomp.fortran/examples-4/target_data-5.f90   -O2  (test for excess errors)
FAIL: libgomp.fortran/examples-4/target_data-5.f90   -O3 -fomit-frame-pointer -funroll-loops -fpeel-loops -ftracer -finline-functions  (test for excess errors)
FAIL: libgomp.fortran/examples-4/target_data-5.f90   -O3 -g  (test for excess errors)
FAIL: libgomp.fortran/examples-4/target_data-5.f90   -Os  (test for excess errors)
FAIL: libgomp.fortran/examples-4/target_update-1.f90   -O0  (test for excess errors)
FAIL: libgomp.fortran/examples-4/target_update-1.f90   -O1  (test for excess errors)
FAIL: libgomp.fortran/examples-4/target_update-1.f90   -O2  (test for excess errors)
FAIL: libgomp.fortran/examples-4/target_update-1.f90   -O3 -fomit-frame-pointer -funroll-loops -fpeel-loops -ftracer -finline-functions  (test for excess errors)
FAIL: libgomp.fortran/examples-4/target_update-1.f90   -O3 -g  (test for excess errors)
FAIL: libgomp.fortran/examples-4/target_update-1.f90   -Os  (test for excess errors)
FAIL: libgomp.fortran/examples-4/target_update-2.f90   -O0  (test for excess errors)
FAIL: libgomp.fortran/examples-4/target_update-2.f90   -O1  (test for excess errors)
FAIL: libgomp.fortran/examples-4/target_update-2.f90   -O2  (test for excess errors)
FAIL: libgomp.fortran/examples-4/target_update-2.f90   -O3 -fomit-frame-pointer -funroll-loops -fpeel-loops -ftracer -finline-functions  (test for excess errors)
FAIL: libgomp.fortran/examples-4/target_update-2.f90   -O3 -g  (test for excess errors)
FAIL: libgomp.fortran/examples-4/target_update-2.f90   -Os  (test for excess errors)
FAIL: libgomp.fortran/examples-4/teams-2.f90   -O0  (test for excess errors)
FAIL: libgomp.fortran/examples-4/teams-2.f90   -O1  (test for excess errors)
FAIL: libgomp.fortran/examples-4/teams-2.f90   -O2  (test for excess errors)
FAIL: libgomp.fortran/examples-4/teams-2.f90   -O3 -fomit-frame-pointer -funroll-loops -fpeel-loops -ftracer -finline-functions  (test for excess errors)
FAIL: libgomp.fortran/examples-4/teams-2.f90   -O3 -g  (test for excess errors)
FAIL: libgomp.fortran/examples-4/teams-2.f90   -Os  (test for excess errors)
FAIL: libgomp.fortran/examples-4/teams-3.f90   -O0  (test for excess errors)
FAIL: libgomp.fortran/examples-4/teams-3.f90   -O1  (test for excess errors)
FAIL: libgomp.fortran/examples-4/teams-3.f90   -O2  (test for excess errors)
FAIL: libgomp.fortran/examples-4/teams-3.f90   -O3 -fomit-frame-pointer -funroll-loops -fpeel-loops -ftracer -finline-functions  (test for excess errors)
FAIL: libgomp.fortran/examples-4/teams-3.f90   -O3 -g  (test for excess errors)
FAIL: libgomp.fortran/examples-4/teams-3.f90   -Os  (test for excess errors)
FAIL: libgomp.fortran/examples-4/teams-4.f90   -O0  (test for excess errors)
FAIL: libgomp.fortran/examples-4/teams-4.f90   -O1  (test for excess errors)
FAIL: libgomp.fortran/examples-4/teams-4.f90   -O2  (test for excess errors)
FAIL: libgomp.fortran/examples-4/teams-4.f90   -O3 -fomit-frame-pointer -funroll-loops -fpeel-loops -ftracer -finline-functions  (test for excess errors)
FAIL: libgomp.fortran/examples-4/teams-4.f90   -O3 -g  (test for excess errors)
FAIL: libgomp.fortran/examples-4/teams-4.f90   -Os  (test for excess errors)
FAIL: libgomp.fortran/examples-4/teams-5.f90   -O0  (test for excess errors)
FAIL: libgomp.fortran/examples-4/teams-5.f90   -O1  (test for excess errors)
FAIL: libgomp.fortran/examples-4/teams-5.f90   -O2  (test for excess errors)
FAIL: libgomp.fortran/examples-4/teams-5.f90   -O3 -fomit-frame-pointer -funroll-loops -fpeel-loops -ftracer -finline-functions  (test for excess errors)
FAIL: libgomp.fortran/examples-4/teams-5.f90   -O3 -g  (test for excess errors)
FAIL: libgomp.fortran/examples-4/teams-5.f90   -Os  (test for excess errors)
FAIL: libgomp.fortran/examples-4/teams-6.f90   -O0  (test for excess errors)
FAIL: libgomp.fortran/examples-4/teams-6.f90   -O1  (test for excess errors)
FAIL: libgomp.fortran/examples-4/teams-6.f90   -O2  (test for excess errors)
FAIL: libgomp.fortran/examples-4/teams-6.f90   -O3 -fomit-frame-pointer -funroll-loops -fpeel-loops -ftracer -finline-functions  (test for excess errors)
FAIL: libgomp.fortran/examples-4/teams-6.f90   -O3 -g  (test for excess errors)
FAIL: libgomp.fortran/examples-4/teams-6.f90   -Os  (test for excess errors)
FAIL: libgomp.fortran/nestedfn5.f90   -O0  (test for excess errors)
FAIL: libgomp.fortran/nestedfn5.f90   -O1  (test for excess errors)
FAIL: libgomp.fortran/nestedfn5.f90   -O2  (test for excess errors)
FAIL: libgomp.fortran/nestedfn5.f90   -O3 -fomit-frame-pointer -funroll-loops -fpeel-loops -ftracer -finline-functions  (test for excess errors)
FAIL: libgomp.fortran/nestedfn5.f90   -O3 -g  (test for excess errors)
FAIL: libgomp.fortran/nestedfn5.f90   -Os  (test for excess errors)
FAIL: libgomp.fortran/optional-map.f90   -O0  (test for excess errors)
FAIL: libgomp.fortran/optional-map.f90   -O1  (test for excess errors)
FAIL: libgomp.fortran/optional-map.f90   -O2  (test for excess errors)
FAIL: libgomp.fortran/optional-map.f90   -O3 -fomit-frame-pointer -funroll-loops -fpeel-loops -ftracer -finline-functions  (test for excess errors)
FAIL: libgomp.fortran/optional-map.f90   -O3 -g  (test for excess errors)
FAIL: libgomp.fortran/optional-map.f90   -Os  (test for excess errors)
FAIL: libgomp.fortran/pr66199-2.f90   -O  (test for excess errors)
FAIL: libgomp.fortran/pr90779.f90   -O0  (test for excess errors)
FAIL: libgomp.fortran/pr90779.f90   -O1  (test for excess errors)
FAIL: libgomp.fortran/pr90779.f90   -O2  (test for excess errors)
FAIL: libgomp.fortran/pr90779.f90   -O3 -fomit-frame-pointer -funroll-loops -fpeel-loops -ftracer -finline-functions  (test for excess errors)
FAIL: libgomp.fortran/pr90779.f90   -O3 -g  (test for excess errors)
FAIL: libgomp.fortran/pr90779.f90   -Os  (test for excess errors)
FAIL: libgomp.fortran/target-allocatable-1-1.f90   -O0  (test for excess errors)
FAIL: libgomp.fortran/target-allocatable-1-1.f90   -O0  execution test
FAIL: libgomp.fortran/target-allocatable-1-1.f90   -O1  (test for excess errors)
FAIL: libgomp.fortran/target-allocatable-1-1.f90   -O1  execution test
FAIL: libgomp.fortran/target-allocatable-1-1.f90   -O2  (test for excess errors)
FAIL: libgomp.fortran/target-allocatable-1-1.f90   -O2  execution test
FAIL: libgomp.fortran/target-allocatable-1-1.f90   -O3 -fomit-frame-pointer -funroll-loops -fpeel-loops -ftracer -finline-functions  (test for excess errors)
FAIL: libgomp.fortran/target-allocatable-1-1.f90   -O3 -fomit-frame-pointer -funroll-loops -fpeel-loops -ftracer -finline-functions  execution test
FAIL: libgomp.fortran/target-allocatable-1-1.f90   -O3 -g  (test for excess errors)
FAIL: libgomp.fortran/target-allocatable-1-1.f90   -O3 -g  execution test
FAIL: libgomp.fortran/target-allocatable-1-1.f90   -Os  (test for excess errors)
FAIL: libgomp.fortran/target-allocatable-1-1.f90   -Os  execution test
FAIL: libgomp.fortran/target-allocatable-1-2.f90   -O0  (test for excess errors)
FAIL: libgomp.fortran/target-allocatable-1-2.f90   -O0  execution test
FAIL: libgomp.fortran/target-allocatable-1-2.f90   -O1  (test for excess errors)
FAIL: libgomp.fortran/target-allocatable-1-2.f90   -O1  execution test
FAIL: libgomp.fortran/target-allocatable-1-2.f90   -O2  (test for excess errors)
FAIL: libgomp.fortran/target-allocatable-1-2.f90   -O2  execution test
FAIL: libgomp.fortran/target-allocatable-1-2.f90   -O3 -fomit-frame-pointer -funroll-loops -fpeel-loops -ftracer -finline-functions  (test for excess errors)
FAIL: libgomp.fortran/target-allocatable-1-2.f90   -O3 -fomit-frame-pointer -funroll-loops -fpeel-loops -ftracer -finline-functions  execution test
FAIL: libgomp.fortran/target-allocatable-1-2.f90   -O3 -g  (test for excess errors)
FAIL: libgomp.fortran/target-allocatable-1-2.f90   -O3 -g  execution test
FAIL: libgomp.fortran/target-allocatable-1-2.f90   -Os  (test for excess errors)
FAIL: libgomp.fortran/target-allocatable-1-2.f90   -Os  execution test
FAIL: libgomp.fortran/target-enter-data-1.f90   -O0  (test for excess errors)
FAIL: libgomp.fortran/target-enter-data-1.f90   -O1  (test for excess errors)
FAIL: libgomp.fortran/target-enter-data-1.f90   -O2  (test for excess errors)
FAIL: libgomp.fortran/target-enter-data-1.f90   -O3 -fomit-frame-pointer -funroll-loops -fpeel-loops -ftracer -finline-functions  (test for excess errors)
FAIL: libgomp.fortran/target-enter-data-1.f90   -O3 -g  (test for excess errors)
FAIL: libgomp.fortran/target-enter-data-1.f90   -Os  (test for excess errors)
FAIL: libgomp.fortran/target-enter-data-2.F90   -O0  (test for excess errors)
FAIL: libgomp.fortran/target-enter-data-2.F90   -O0  execution test
FAIL: libgomp.fortran/target-enter-data-2.F90   -O1  (test for excess errors)
FAIL: libgomp.fortran/target-enter-data-2.F90   -O1  execution test
FAIL: libgomp.fortran/target-enter-data-2.F90   -O2  (test for excess errors)
FAIL: libgomp.fortran/target-enter-data-2.F90   -O2  execution test
FAIL: libgomp.fortran/target-enter-data-2.F90   -O3 -fomit-frame-pointer -funroll-loops -fpeel-loops -ftracer -finline-functions  (test for excess errors)
FAIL: libgomp.fortran/target-enter-data-2.F90   -O3 -fomit-frame-pointer -funroll-loops -fpeel-loops -ftracer -finline-functions  execution test
FAIL: libgomp.fortran/target-enter-data-2.F90   -O3 -g  (test for excess errors)
FAIL: libgomp.fortran/target-enter-data-2.F90   -O3 -g  execution test
FAIL: libgomp.fortran/target-enter-data-2.F90   -Os  (test for excess errors)
FAIL: libgomp.fortran/target-enter-data-2.F90   -Os  execution test
FAIL: libgomp.fortran/target-simd.f90   -O0  (test for excess errors)
FAIL: libgomp.fortran/target-simd.f90   -O1  (test for excess errors)
FAIL: libgomp.fortran/target-simd.f90   -O2  (test for excess errors)
FAIL: libgomp.fortran/target-simd.f90   -O3 -fomit-frame-pointer -funroll-loops -fpeel-loops -ftracer -finline-functions  (test for excess errors)
FAIL: libgomp.fortran/target-simd.f90   -O3 -g  (test for excess errors)
FAIL: libgomp.fortran/target-simd.f90   -Os  (test for excess errors)
FAIL: libgomp.fortran/target-var.f90   -O  (test for excess errors)
UNRESOLVED: libgomp.fortran/target-var.f90   -O  compilation failed to produce executable
FAIL: libgomp.fortran/target1.f90   -O0  (test for excess errors)
FAIL: libgomp.fortran/target1.f90   -O1  (test for excess errors)
FAIL: libgomp.fortran/target1.f90   -O2  (test for excess errors)
FAIL: libgomp.fortran/target1.f90   -O3 -fomit-frame-pointer -funroll-loops -fpeel-loops -ftracer -finline-functions  (test for excess errors)
FAIL: libgomp.fortran/target1.f90   -O3 -g  (test for excess errors)
FAIL: libgomp.fortran/target1.f90   -Os  (test for excess errors)
FAIL: libgomp.fortran/target2.f90   -O0  (test for excess errors)
FAIL: libgomp.fortran/target2.f90   -O1  (test for excess errors)
FAIL: libgomp.fortran/target2.f90   -O2  (test for excess errors)
FAIL: libgomp.fortran/target2.f90   -O3 -fomit-frame-pointer -funroll-loops -fpeel-loops -ftracer -finline-functions  (test for excess errors)
FAIL: libgomp.fortran/target2.f90   -O3 -g  (test for excess errors)
FAIL: libgomp.fortran/target2.f90   -Os  (test for excess errors)
FAIL: libgomp.fortran/target3.f90   -O0  (test for excess errors)
FAIL: libgomp.fortran/target3.f90   -O1  (test for excess errors)
FAIL: libgomp.fortran/target3.f90   -O2  (test for excess errors)
FAIL: libgomp.fortran/target3.f90   -O3 -fomit-frame-pointer -funroll-loops -fpeel-loops -ftracer -finline-functions  (test for excess errors)
FAIL: libgomp.fortran/target3.f90   -O3 -g  (test for excess errors)
FAIL: libgomp.fortran/target3.f90   -Os  (test for excess errors)
FAIL: libgomp.fortran/target4.f90   -O0  (test for excess errors)
FAIL: libgomp.fortran/target4.f90   -O1  (test for excess errors)
FAIL: libgomp.fortran/target4.f90   -O2  (test for excess errors)
FAIL: libgomp.fortran/target4.f90   -O3 -fomit-frame-pointer -funroll-loops -fpeel-loops -ftracer -finline-functions  (test for excess errors)
FAIL: libgomp.fortran/target4.f90   -O3 -g  (test for excess errors)
FAIL: libgomp.fortran/target4.f90   -Os  (test for excess errors)
FAIL: libgomp.fortran/target6.f90   -O0  (test for excess errors)
FAIL: libgomp.fortran/target6.f90   -O1  (test for excess errors)
FAIL: libgomp.fortran/target6.f90   -O2  (test for excess errors)
FAIL: libgomp.fortran/target6.f90   -O3 -fomit-frame-pointer -funroll-loops -fpeel-loops -ftracer -finline-functions  (test for excess errors)
FAIL: libgomp.fortran/target6.f90   -O3 -g  (test for excess errors)
FAIL: libgomp.fortran/target6.f90   -Os  (test for excess errors)
FAIL: libgomp.fortran/target7.f90   -O0  (test for excess errors)
FAIL: libgomp.fortran/target7.f90   -O1  (test for excess errors)
FAIL: libgomp.fortran/target7.f90   -O2  (test for excess errors)
FAIL: libgomp.fortran/target7.f90   -O3 -fomit-frame-pointer -funroll-loops -fpeel-loops -ftracer -finline-functions  (test for excess errors)
FAIL: libgomp.fortran/target7.f90   -O3 -g  (test for excess errors)
FAIL: libgomp.fortran/target7.f90   -Os  (test for excess errors)
FAIL: libgomp.fortran/target8.f90   -O0  (test for excess errors)
FAIL: libgomp.fortran/target8.f90   -O1  (test for excess errors)
FAIL: libgomp.fortran/target8.f90   -O2  (test for excess errors)
FAIL: libgomp.fortran/target8.f90   -O3 -fomit-frame-pointer -funroll-loops -fpeel-loops -ftracer -finline-functions  (test for excess errors)
FAIL: libgomp.fortran/target8.f90   -O3 -g  (test for excess errors)
FAIL: libgomp.fortran/target8.f90   -Os  (test for excess errors)
FAIL: libgomp.fortran/use_device_addr-1.f90   -O0  (test for excess errors)
FAIL: libgomp.fortran/use_device_addr-1.f90   -O1  (test for excess errors)
FAIL: libgomp.fortran/use_device_addr-1.f90   -O2  (test for excess errors)
FAIL: libgomp.fortran/use_device_addr-1.f90   -O3 -fomit-frame-pointer -funroll-loops -fpeel-loops -ftracer -finline-functions  (test for excess errors)
FAIL: libgomp.fortran/use_device_addr-1.f90   -O3 -g  (test for excess errors)
FAIL: libgomp.fortran/use_device_addr-1.f90   -Os  (test for excess errors)
FAIL: libgomp.fortran/use_device_addr-2.f90   -O0  (test for excess errors)
FAIL: libgomp.fortran/use_device_addr-2.f90   -O1  (test for excess errors)
FAIL: libgomp.fortran/use_device_addr-2.f90   -O2  (test for excess errors)
FAIL: libgomp.fortran/use_device_addr-2.f90   -O3 -fomit-frame-pointer -funroll-loops -fpeel-loops -ftracer -finline-functions  (test for excess errors)
FAIL: libgomp.fortran/use_device_addr-2.f90   -O3 -g  (test for excess errors)
FAIL: libgomp.fortran/use_device_addr-2.f90   -Os  (test for excess errors)
FAIL: libgomp.fortran/use_device_addr-3.f90   -O0  (test for excess errors)
FAIL: libgomp.fortran/use_device_addr-3.f90   -O1  (test for excess errors)
FAIL: libgomp.fortran/use_device_addr-3.f90   -O2  (test for excess errors)
FAIL: libgomp.fortran/use_device_addr-3.f90   -O3 -fomit-frame-pointer -funroll-loops -fpeel-loops -ftracer -finline-functions  (test for excess errors)
FAIL: libgomp.fortran/use_device_addr-3.f90   -O3 -g  (test for excess errors)
FAIL: libgomp.fortran/use_device_addr-3.f90   -Os  (test for excess errors)
FAIL: libgomp.fortran/use_device_addr-4.f90   -O0  (test for excess errors)
FAIL: libgomp.fortran/use_device_addr-4.f90   -O1  (test for excess errors)
FAIL: libgomp.fortran/use_device_addr-4.f90   -O2  (test for excess errors)
FAIL: libgomp.fortran/use_device_addr-4.f90   -O3 -fomit-frame-pointer -funroll-loops -fpeel-loops -ftracer -finline-functions  (test for excess errors)
FAIL: libgomp.fortran/use_device_addr-4.f90   -O3 -g  (test for excess errors)
FAIL: libgomp.fortran/use_device_addr-4.f90   -Os  (test for excess errors)
FAIL: libgomp.fortran/use_device_ptr-1.f90   -O0  (test for excess errors)
FAIL: libgomp.fortran/use_device_ptr-1.f90   -O1  (test for excess errors)
FAIL: libgomp.fortran/use_device_ptr-1.f90   -O2  (test for excess errors)
FAIL: libgomp.fortran/use_device_ptr-1.f90   -O3 -fomit-frame-pointer -funroll-loops -fpeel-loops -ftracer -finline-functions  (test for excess errors)
FAIL: libgomp.fortran/use_device_ptr-1.f90   -O3 -g  (test for excess errors)
FAIL: libgomp.fortran/use_device_ptr-1.f90   -Os  (test for excess errors)
FAIL: libgomp.fortran/use_device_ptr-optional-3.f90   -O0  (test for excess errors)
FAIL: libgomp.fortran/use_device_ptr-optional-3.f90   -O1  (test for excess errors)
FAIL: libgomp.fortran/use_device_ptr-optional-3.f90   -O2  (test for excess errors)
FAIL: libgomp.fortran/use_device_ptr-optional-3.f90   -O3 -fomit-frame-pointer -funroll-loops -fpeel-loops -ftracer -finline-functions  (test for excess errors)
FAIL: libgomp.fortran/use_device_ptr-optional-3.f90   -O3 -g  (test for excess errors)
FAIL: libgomp.fortran/use_device_ptr-optional-3.f90   -Os  (test for excess errors)

		=== libgomp Summary for unix/-fstack-protector ===

# of expected passes		7356
# of unexpected failures	433
# of expected failures		10
# of unresolved testcases	17
# of untested testcases		6
# of unsupported tests		529

		=== libgomp Summary ===

# of expected passes		14715
# of unexpected failures	866
# of expected failures		20
# of unresolved testcases	31
# of untested testcases		12
# of unsupported tests		1058
		=== libitm tests ===


Running target unix

		=== libitm Summary for unix ===

# of expected passes		42
# of expected failures		3
# of unsupported tests		1

Running target unix/-fstack-protector

		=== libitm Summary for unix/-fstack-protector ===

# of expected passes		42
# of expected failures		3
# of unsupported tests		1

		=== libitm Summary ===

# of expected passes		84
# of expected failures		6
# of unsupported tests		2
		=== libphobos tests ===


Running target unix

		=== libphobos Summary for unix ===

# of expected passes		752
# of unsupported tests		2

Running target unix/-fstack-protector

		=== libphobos Summary for unix/-fstack-protector ===

# of expected passes		752
# of unsupported tests		2

		=== libphobos Summary ===

# of expected passes		1504
# of unsupported tests		4
		=== libstdc++ tests ===


Running target unix
FAIL: 22_locale/numpunct/members/char/3.cc execution test
FAIL: 22_locale/time_get/get_time/char/2.cc execution test
FAIL: 22_locale/time_get/get_time/char/wrapped_env.cc execution test
FAIL: 22_locale/time_get/get_time/char/wrapped_locale.cc execution test
FAIL: 22_locale/time_get/get_time/wchar_t/2.cc execution test
FAIL: 22_locale/time_get/get_time/wchar_t/wrapped_env.cc execution test
FAIL: 22_locale/time_get/get_time/wchar_t/wrapped_locale.cc execution test
FAIL: 30_threads/jthread/95989.cc execution test

		=== libstdc++ Summary for unix ===

# of expected passes		15024
# of unexpected failures	8
# of expected failures		93
# of unsupported tests		343

Running target unix/-fstack-protector
FAIL: 22_locale/numpunct/members/char/3.cc execution test
FAIL: 22_locale/time_get/get_time/char/2.cc execution test
FAIL: 22_locale/time_get/get_time/char/wrapped_env.cc execution test
FAIL: 22_locale/time_get/get_time/char/wrapped_locale.cc execution test
FAIL: 22_locale/time_get/get_time/wchar_t/2.cc execution test
FAIL: 22_locale/time_get/get_time/wchar_t/wrapped_env.cc execution test
FAIL: 22_locale/time_get/get_time/wchar_t/wrapped_locale.cc execution test
FAIL: 30_threads/jthread/95989.cc execution test

		=== libstdc++ Summary for unix/-fstack-protector ===

# of expected passes		15024
# of unexpected failures	8
# of expected failures		93
# of unsupported tests		343

		=== libstdc++ Summary ===

# of expected passes		30048
# of unexpected failures	16
# of expected failures		186
# of unsupported tests		686

Compiler version: 10.2.0 (Debian 10.2.0-21) 
Platform: x86_64-pc-linux-gnu
configure flags: -v --with-pkgversion='Debian 10.2.0-21' --with-bugurl=file:///usr/share/doc/gcc-10/README.Bugs --enable-languages=c,ada,c++,go,brig,d,fortran,objc,obj-c++,m2 --prefix=/usr --with-gcc-major-version-only --program-suffix=-10 --program-prefix=x86_64-linux-gnu- --enable-shared --enable-linker-build-id --libexecdir=/usr/lib --without-included-gettext --enable-threads=posix --libdir=/usr/lib --enable-nls --enable-bootstrap --enable-clocale=gnu --enable-libstdcxx-debug --enable-libstdcxx-time=yes --with-default-libstdcxx-abi=new --enable-gnu-unique-object --disable-vtable-verify --enable-plugin --enable-default-pie --with-system-zlib --enable-libphobos-checking=release --with-target-system-zlib=auto --enable-objc-gc=auto --enable-multiarch --disable-werror --with-arch-32=i686 --with-abi=m64 --with-multilib-list=m32,m64,mx32 --enable-multilib --with-tune=generic --enable-offload-targets=nvptx-none=/build/gcc-10-kNWtve/gcc-10-10.2.0/debian/tmp-nvptx/usr,amdgcn-amdhsa=/build/gcc-10-kNWtve/gcc-10-10.2.0/debian/tmp-gcn/usr,hsa --without-cuda-driver --enable-checking=release --build=x86_64-linux-gnu --host=x86_64-linux-gnu --target=x86_64-linux-gnu --with-build-config=bootstrap-lto-lean --enable-link-mutex
BOOT_CFLAGS=


Build Dependencies:
Desired=Unknown/Install/Remove/Purge/Hold
| Status=Not/Inst/Conf-files/Unpacked/halF-conf/Half-inst/trig-aWait/Trig-pend
|/ Err?=(none)/Reinst-required (Status,Err: uppercase=bad)
||/ Name                      Version        Architecture Description
+++-=========================-==============-============-===============================================================================
ii  binutils                  2.35.1-3       amd64        GNU assembler, linker and binary utilities
ii  binutils-common:amd64     2.35.1-3       amd64        Common files for the GNU assembler, linker and binary utilities
ii  binutils-hppa64-linux-gnu 2.35.1-3       amd64        GNU assembler, linker and binary utilities targeted for hppa64-linux
ii  binutils-x86-64-linux-gnu 2.35.1-3       amd64        GNU binary utilities, for x86-64-linux-gnu target
ii  g++-10                    10.2.0-19      amd64        GNU C++ compiler
ii  g++-10-multilib           10.2.0-19      amd64        GNU C++ compiler (multilib support)
ii  g++-9                     9.3.0-19       amd64        GNU C++ compiler
ii  g++-multilib              4:10.2.0-1     amd64        GNU C++ compiler (multilib files)
ii  libc6:amd64               2.31-5         amd64        GNU C Library: Shared libraries
ii  libgmp-dev:amd64          2:6.2.1+dfsg-1 amd64        Multiprecision arithmetic library developers tools
ii  libisl-dev:amd64          0.23-1         amd64        manipulating sets and relations of integer points bounded by linear constraints
ii  libmpc-dev:amd64          1.2.0-1        amd64        multiple precision complex floating-point library development package
ii  libmpfr-dev:amd64         4.1.0-3        amd64        multiple precision floating-point computation developers tools


git-updates:
  updates from the 10 branch upto 20201202 (e563687cf9d3).

gcc-gfdl-build:
  Build a dummy s-tm-texi without access to the texinfo sources

gcc-textdomain:
  Set gettext's domain and textdomain to the versioned package name.

gcc-distro-specs:
  Add empty distro and hardening specs

gcc-driver-extra-langs:
  Add options and specs for languages that are not built from a source
  (but built from separate sources).

gcc-hash-style-gnu:
  Link using --hash-style=gnu (aarch64, alpha, amd64, armel, armhf, ia64,
  i386, powerpc, ppc64, riscv64, s390, sparc)

libstdc++-pic:
  Build and install libstdc++_pic.a library.

libstdc++-doclink:
  adjust hrefs to point to the local documentation

libstdc++-man-3cxx:
  Install libstdc++ man pages with suffix .3cxx instead of .3

libstdc++-test-installed:
  Add support to run the libstdc++-v3 testsuite using the
  installed shared libraries.

alpha-no-ev4-directive:
  never emit .ev4 directive.

note-gnu-stack:
  Add .note.GNU-stack sections for gcc's crt files, libffi and boehm-gc
  Taken from FC.

libgomp-omp_h-multilib:
  Fix up omp.h for multilibs.

libgo-testsuite:
  Only run the libgo testsuite for flags configured in RUNTESTFLAGS

libgo-cleanfiles:

gcc-target-include-asm:
  Search \$(builddir)/sys-include for the asm header files

libgo-revert-timeout-exp:

libgo-setcontext-config:
  libgo: Overwrite the setcontext_clobbers_tls check on mips*

gcc-auto-build:
  Fix cross building a native compiler.

libitm-no-fortify-source:
  Build libitm with -U_FORTIFY_SOURCE on x86 and x86_64.

sparc64-biarch-long-double-128:
  Fix --with-long-double-128 for sparc32 when defaulting to 64-bit.

pr66368:
  PR go/66368, build libgo with -fno-stack-protector

pr67590:
  Fix PR67590, setting objdump macro.

libjit-ldflags:

libffi-pax:

libffi-race-condition:

cuda-float128:

libffi-mipsen-r6:
  libffi: mips/n32.S: disable .set mips4 on mips r6

t-libunwind-elf-Wl-z-defs:
  strip -z,defs from linker options for internal libunwind.

gcc-force-cross-layout:
  Add FORCE_CROSS_LAYOUT env var to force a cross directory layout.

gcc-search-prefixed-as-ld:
  Search for the <triplet>-as / -ld before serching for as / ld.

kfreebsd-decimal-float:
  Enable decimal float support on kfreebsd-amd64

pr87808:
  Fix PR jit/87808.

libgomp-no-werror:
  Disable -Werror for libgomp. PR libgomp/90585

gdc-cross-build:
  Fix cross building gdc

pr94253:

aarch64-offload:
  Define TARGET_OFFLOAD_OPTIONS for AArch64.

gm2:

gm2-texinfo:

gm2-bootstrap-compare:

gm2-jit-def:
  gm2: Define lang_register_spec_functions for jit.

ada-gcc-name:

ada-verbose:

ada-link-lib:

ada-libgnat_util:

ada-gnattools-cross:
  - When building a cross gnat, link against the libgnat_utilBV-dev
  package.
  This link will be done by /usr/bin/\$(host_alias)-gnat*, thus
  the native gnat with the same major version will be required.

ada-lib-info-source-date-epoch:

ada-armel-libatomic:

ada-kfreebsd:

ada-749574:

ada-perl-shebang:
  Fix perl shebang for the gnathtml binary.

gdc-texinfo:
  Add macros for the gdc texinfo documentation.

sys-auxv-header:
  Check for the sys/auxv.h header file.

gdc-dynamic-link-phobos:
  Dynamically link the phobos library.

ia64-disable-selective-scheduling:

gcc-foffload-default:
  Allow setting offload targets by OFFLOAD_TARGET_DEFAULT

libstdc++-pythondir:

arm-multilib-soft:
  ARM hard/soft float multilib support

arm-multilib-defaults:
  Set MULTILIB_DEFAULTS for ARM multilib builds

gcc-ice-dump:
  For ICEs, dump the preprocessed source file to stderr
  when in a distro build environment.

gcc-ice-apport:
  Report an ICE to apport (if apport is available
  and the environment variable GCC_NOAPPORT is not set)

skip-bootstrap-multilib:
  Skip non-default multilib and libstdc++-v3 debug builds in bootstrap builds

libffi-ro-eh_frame_sect:
  PR libffi/47248, force a read only eh frame section.

libffi-mips:
  Backport Mips go closure support, taken from libffi issue #197.

gcc-multiarch:
  - Remaining multiarch patches, not yet submitted upstream.
  - Add MULTIARCH_DIRNAME definitions for multilib configurations,
  which are used for the non-multilib builds.

config-ml:
  - Disable some biarch libraries for biarch builds.
  - Fix multilib builds on kernels which don't support all multilibs.

g++-multiarch-incdir:
  Use /usr/include/<multiarch>/c++/4.x as the include directory
  for host dependent c++ header files.

canonical-cpppath:
  Don't use any relative path names for the standard include paths.

gcc-multilib-multiarch:
  Don't auto-detect multilib osdirnames.

gcc-as-needed:
  On linux targets pass --as-needed by default to the linker, but always
  link the sanitizer libraries with --no-as-needed.

gcc-as-needed-gold:
  Use --push-state/--pop-state for gold as well when linking libtsan.

libgomp-kfreebsd-testsuite:
  Disable lock-2.c test on kfreebsd-*

go-testsuite:
  Skip Go testcase on AArch64 which hangs on the buildds.

ada-changes-in-autogen-output:

Counting all warnings,
there are 0 warnings in stage3 of this bootstrap.

Number of warnings per file:

Number of warning types:


More information about the Gcc-testresults mailing list