Results for 11.0.0 20201201 (experimental) [HEAD revision 69157fe75823] (GCC) testsuite on powerpc64-suse-linux-gnu

Andreas Schwab schwab@linux-m68k.org
Thu Dec 3 06:39:39 GMT 2020


LAST_UPDATED: Tue Dec  1 09:51:05 UTC 2020 (revision 69157fe75823)

Native configuration is powerpc64-suse-linux-gnu

		=== g++ tests ===


Running target unix/-m32
XPASS: g++.dg/cpp0x/constexpr-52830.C  -std=c++14 (internal compiler error)
FAIL: g++.dg/cpp0x/constexpr-52830.C  -std=c++14 (test for excess errors)
XPASS: g++.dg/cpp0x/constexpr-52830.C  -std=c++17 (internal compiler error)
FAIL: g++.dg/cpp0x/constexpr-52830.C  -std=c++17 (test for excess errors)
XPASS: g++.dg/cpp0x/constexpr-52830.C  -std=c++2a (internal compiler error)
FAIL: g++.dg/cpp0x/constexpr-52830.C  -std=c++2a (test for excess errors)
FAIL: g++.dg/cpp1y/lambda-generic-variadic20.C  -std=c++14 (internal compiler error)
FAIL: g++.dg/cpp1y/lambda-generic-variadic20.C  -std=c++14 (test for excess errors)
FAIL: g++.dg/cpp1y/lambda-generic-variadic20.C  -std=c++17 (internal compiler error)
FAIL: g++.dg/cpp1y/lambda-generic-variadic20.C  -std=c++17 (test for excess errors)
FAIL: g++.dg/cpp1y/lambda-generic-variadic20.C  -std=c++2a (internal compiler error)
FAIL: g++.dg/cpp1y/lambda-generic-variadic20.C  -std=c++2a (test for excess errors)

		=== g++ Summary for unix/-m32 ===

# of expected passes		189673
# of unexpected failures	9
# of unexpected successes	3
# of expected failures		970
# of unsupported tests		8891

Running target unix/-m64
FAIL: c-c++-common/asan/swapcontext-test-1.c   -O0  execution test
FAIL: c-c++-common/asan/swapcontext-test-1.c   -O1  execution test
FAIL: c-c++-common/asan/swapcontext-test-1.c   -O2  execution test
FAIL: c-c++-common/asan/swapcontext-test-1.c   -O2 -flto -fno-use-linker-plugin -flto-partition=none  execution test
FAIL: c-c++-common/asan/swapcontext-test-1.c   -O2 -flto -fuse-linker-plugin -fno-fat-lto-objects  execution test
FAIL: c-c++-common/asan/swapcontext-test-1.c   -O3 -fomit-frame-pointer -funroll-loops -fpeel-loops -ftracer -finline-functions  execution test
FAIL: c-c++-common/asan/swapcontext-test-1.c   -O3 -g  execution test
FAIL: c-c++-common/asan/swapcontext-test-1.c   -Os  execution test
XPASS: g++.dg/cpp0x/constexpr-52830.C  -std=c++14 (internal compiler error)
FAIL: g++.dg/cpp0x/constexpr-52830.C  -std=c++14 (test for excess errors)
XPASS: g++.dg/cpp0x/constexpr-52830.C  -std=c++17 (internal compiler error)
FAIL: g++.dg/cpp0x/constexpr-52830.C  -std=c++17 (test for excess errors)
XPASS: g++.dg/cpp0x/constexpr-52830.C  -std=c++2a (internal compiler error)
FAIL: g++.dg/cpp0x/constexpr-52830.C  -std=c++2a (test for excess errors)
XPASS: g++.dg/cpp1z/class-deduction76.C  -std=c++2a (internal compiler error)
FAIL: g++.dg/cpp1z/class-deduction76.C  -std=c++2a (test for excess errors)
FAIL: c-c++-common/tsan/race_on_mutex.c   -O0  output pattern test
FAIL: c-c++-common/tsan/race_on_mutex.c   -O2  output pattern test

		=== g++ Summary for unix/-m64 ===

# of expected passes		195872
# of unexpected failures	14
# of unexpected successes	4
# of expected failures		973
# of unsupported tests		8926

		=== g++ Summary ===

# of expected passes		385545
# of unexpected failures	23
# of unexpected successes	7
# of expected failures		1943
# of unsupported tests		17817
/daten/gcc/gcc-20201201/Build/gcc/xg++  version 11.0.0 20201201 (experimental) [HEAD revision 69157fe75823] (GCC) 

		=== gcc tests ===


Running target unix/-m32
FAIL: gcc.dg/analyzer/dot-output.c dg-check-dot dot-output.c.state-purge.dot
XPASS: gcc.dg/analyzer/feasibility-1.c  (test for warnings, line 58)
FAIL: gcc.dg/atomic/pr65345-4.c   -O2 -flto -fno-use-linker-plugin -flto-partition=none  (internal compiler error)
FAIL: gcc.dg/atomic/pr65345-4.c   -O2 -flto -fno-use-linker-plugin -flto-partition=none  (test for excess errors)
FAIL: gcc.dg/atomic/pr65345-4.c   -O2 -flto -fuse-linker-plugin -fno-fat-lto-objects  (internal compiler error)
FAIL: gcc.dg/atomic/pr65345-4.c   -O2 -flto -fuse-linker-plugin -fno-fat-lto-objects  (test for excess errors)
XPASS: gcc.dg/Walloca-2.c  (test for bogus messages, line 16)
FAIL: gcc.dg/Wstringop-overflow-25.c pr92814 (test for warnings, line 378)
XPASS: gcc.dg/Wstringop-overflow-43.c pr????? (test for warnings, line 172)
FAIL: gcc.dg/array-quals-1.c scan-assembler-symbol-section symbol ^_?a1\$ (found a1) has section ^\\\\.(const|rodata)|\\\\[RO\\\\] (found .sdata,"aw")
FAIL: gcc.dg/array-quals-1.c scan-assembler-symbol-section symbol ^_?b1\$ (found b1) has section ^\\\\.(const|rodata)|\\\\[RO\\\\] (found .sdata)
FAIL: gcc.dg/array-quals-1.c scan-assembler-symbol-section symbol ^_?c1\$ (found c1) has section ^\\\\.(const|rodata)|\\\\[RO\\\\] (found .sdata)
FAIL: gcc.dg/array-quals-1.c scan-assembler-symbol-section symbol ^_?d1\$ (found d1) has section ^\\\\.(const|rodata)|\\\\[RO\\\\] (found .sdata)
FAIL: gcc.dg/array-quals-1.c scan-assembler-symbol-section symbol ^_?p\$ (found p) has section ^\\\\.(const|rodata)|\\\\[RW\\\\] (found .sdata)
FAIL: gcc.dg/array-quals-1.c scan-assembler-symbol-section symbol ^_?p1\$ (found p1) has section ^\\\\.(const|rodata)|\\\\[RW\\\\] (found .sdata)
FAIL: gcc.dg/array-quals-1.c scan-assembler-symbol-section symbol ^_?q\$ (found q) has section ^\\\\.(const|rodata)|\\\\[RW\\\\] (found .sdata)
FAIL: gcc.dg/array-quals-1.c scan-assembler-symbol-section symbol ^_?q1\$ (found q1) has section ^\\\\.(const|rodata)|\\\\[RW\\\\] (found .sdata)
FAIL: gcc.dg/array-quals-1.c scan-assembler-symbol-section symbol ^_?r\$ (found r) has section ^\\\\.(const|rodata)|\\\\[RW\\\\] (found .sdata)
FAIL: gcc.dg/array-quals-1.c scan-assembler-symbol-section symbol ^_?r1\$ (found r1) has section ^\\\\.(const|rodata)|\\\\[RW\\\\] (found .sdata)
FAIL: gcc.dg/array-quals-1.c scan-assembler-symbol-section symbol ^_?s\$ (found s) has section ^\\\\.(const|rodata)|\\\\[RW\\\\] (found .sdata)
FAIL: gcc.dg/array-quals-1.c scan-assembler-symbol-section symbol ^_?s1\$ (found s1) has section ^\\\\.(const|rodata)|\\\\[RW\\\\] (found .sdata)
FAIL: gcc.dg/array-quals-1.c scan-assembler-symbol-section symbol ^_?t\$ (found t) has section ^\\\\.(const|rodata)|\\\\[RW\\\\] (found .sdata)
FAIL: gcc.dg/array-quals-1.c scan-assembler-symbol-section symbol ^_?t1\$ (found t1) has section ^\\\\.(const|rodata)|\\\\[RW\\\\] (found .sdata)
XPASS: gcc.dg/pr78973.c pr79073 (test for warnings, line 12)
FAIL: gcc.dg/sms-1.c scan-rtl-dump-times sms "SMS succeeded" 1
FAIL: gcc.dg/strlenopt-73.c scan-tree-dump-times optimized "_not_eliminated_" 0
FAIL: gcc.dg/strlenopt-73.c scan-tree-dump-times optimized "strlen" 0
FAIL: gcc.dg/strlenopt-80.c scan-tree-dump-times optimized "failure_on_line \\\\(" 0
FAIL: gcc.dg/gomp/simd-2.c scan-tree-dump-times vect "vectorized [1-9][0-9]* loops in function" 5
FAIL: gcc.dg/gomp/simd-3.c scan-tree-dump-times vect "vectorized [1-9][0-9]* loops in function" 5
XPASS: gcc.dg/graphite/pr69728.c scan-tree-dump graphite "loop nest optimized"
FAIL: gcc.dg/guality/const-volatile.c   -O0  line main type:bar == struct bar { short s; const short cs; volatile short vs; const volatile short cvs; volatile long long vll; }
FAIL: gcc.dg/guality/const-volatile.c   -O0  line main type:cfoo == const struct foo { const long cli; const signed char csc; }
FAIL: gcc.dg/guality/const-volatile.c   -O0  line main type:cvfoo == const volatile struct foo { const long cli; const signed char csc; }
FAIL: gcc.dg/guality/const-volatile.c   -O0  line main type:foo == struct foo { const long cli; const signed char csc; }
FAIL: gcc.dg/guality/const-volatile.c   -O0  line main type:vfoo == volatile struct foo { const long cli; const signed char csc; }
FAIL: gcc.dg/guality/const-volatile.c   -O0  line main type:vs == volatile struct { const long cli; const signed char csc; }
FAIL: gcc.dg/guality/const-volatile.c   -O1  -DPREVENT_OPTIMIZATION  line main type:bar == struct bar { short s; const short cs; volatile short vs; const volatile short cvs; volatile long long vll; }
FAIL: gcc.dg/guality/const-volatile.c   -O1  -DPREVENT_OPTIMIZATION  line main type:cfoo == const struct foo { const long cli; const signed char csc; }
FAIL: gcc.dg/guality/const-volatile.c   -O1  -DPREVENT_OPTIMIZATION  line main type:cvfoo == const volatile struct foo { const long cli; const signed char csc; }
FAIL: gcc.dg/guality/const-volatile.c   -O1  -DPREVENT_OPTIMIZATION  line main type:foo == struct foo { const long cli; const signed char csc; }
FAIL: gcc.dg/guality/const-volatile.c   -O1  -DPREVENT_OPTIMIZATION  line main type:vfoo == volatile struct foo { const long cli; const signed char csc; }
FAIL: gcc.dg/guality/const-volatile.c   -O1  -DPREVENT_OPTIMIZATION  line main type:vs == volatile struct { const long cli; const signed char csc; }
FAIL: gcc.dg/guality/const-volatile.c   -O2  -DPREVENT_OPTIMIZATION  line main type:bar == struct bar { short s; const short cs; volatile short vs; const volatile short cvs; volatile long long vll; }
FAIL: gcc.dg/guality/const-volatile.c   -O2  -DPREVENT_OPTIMIZATION  line main type:cfoo == const struct foo { const long cli; const signed char csc; }
FAIL: gcc.dg/guality/const-volatile.c   -O2  -DPREVENT_OPTIMIZATION  line main type:cvfoo == const volatile struct foo { const long cli; const signed char csc; }
FAIL: gcc.dg/guality/const-volatile.c   -O2  -DPREVENT_OPTIMIZATION  line main type:foo == struct foo { const long cli; const signed char csc; }
FAIL: gcc.dg/guality/const-volatile.c   -O2  -DPREVENT_OPTIMIZATION  line main type:vfoo == volatile struct foo { const long cli; const signed char csc; }
FAIL: gcc.dg/guality/const-volatile.c   -O2  -DPREVENT_OPTIMIZATION  line main type:vs == volatile struct { const long cli; const signed char csc; }
FAIL: gcc.dg/guality/const-volatile.c   -O2 -flto -fno-use-linker-plugin -flto-partition=none  -DPREVENT_OPTIMIZATION line main type:bar == struct bar { short s; const short cs; volatile short vs; const volatile short cvs; volatile long long vll; }
FAIL: gcc.dg/guality/const-volatile.c   -O2 -flto -fno-use-linker-plugin -flto-partition=none  -DPREVENT_OPTIMIZATION line main type:cfoo == const struct foo { const long cli; const signed char csc; }
FAIL: gcc.dg/guality/const-volatile.c   -O2 -flto -fno-use-linker-plugin -flto-partition=none  -DPREVENT_OPTIMIZATION line main type:cvfoo == const volatile struct foo { const long cli; const signed char csc; }
FAIL: gcc.dg/guality/const-volatile.c   -O2 -flto -fno-use-linker-plugin -flto-partition=none  -DPREVENT_OPTIMIZATION line main type:foo == struct foo { const long cli; const signed char csc; }
FAIL: gcc.dg/guality/const-volatile.c   -O2 -flto -fno-use-linker-plugin -flto-partition=none  -DPREVENT_OPTIMIZATION line main type:vfoo == volatile struct foo { const long cli; const signed char csc; }
FAIL: gcc.dg/guality/const-volatile.c   -O2 -flto -fno-use-linker-plugin -flto-partition=none  -DPREVENT_OPTIMIZATION line main type:vs == volatile struct { const long cli; const signed char csc; }
FAIL: gcc.dg/guality/const-volatile.c   -O2 -flto -fuse-linker-plugin -fno-fat-lto-objects  -DPREVENT_OPTIMIZATION line main type:bar == struct bar { short s; const short cs; volatile short vs; const volatile short cvs; volatile long long vll; }
FAIL: gcc.dg/guality/const-volatile.c   -O2 -flto -fuse-linker-plugin -fno-fat-lto-objects  -DPREVENT_OPTIMIZATION line main type:cfoo == const struct foo { const long cli; const signed char csc; }
FAIL: gcc.dg/guality/const-volatile.c   -O2 -flto -fuse-linker-plugin -fno-fat-lto-objects  -DPREVENT_OPTIMIZATION line main type:cvfoo == const volatile struct foo { const long cli; const signed char csc; }
FAIL: gcc.dg/guality/const-volatile.c   -O2 -flto -fuse-linker-plugin -fno-fat-lto-objects  -DPREVENT_OPTIMIZATION line main type:foo == struct foo { const long cli; const signed char csc; }
FAIL: gcc.dg/guality/const-volatile.c   -O2 -flto -fuse-linker-plugin -fno-fat-lto-objects  -DPREVENT_OPTIMIZATION line main type:vfoo == volatile struct foo { const long cli; const signed char csc; }
FAIL: gcc.dg/guality/const-volatile.c   -O2 -flto -fuse-linker-plugin -fno-fat-lto-objects  -DPREVENT_OPTIMIZATION line main type:vs == volatile struct { const long cli; const signed char csc; }
FAIL: gcc.dg/guality/const-volatile.c   -O3 -g  -DPREVENT_OPTIMIZATION  line main type:bar == struct bar { short s; const short cs; volatile short vs; const volatile short cvs; volatile long long vll; }
FAIL: gcc.dg/guality/const-volatile.c   -O3 -g  -DPREVENT_OPTIMIZATION  line main type:cfoo == const struct foo { const long cli; const signed char csc; }
FAIL: gcc.dg/guality/const-volatile.c   -O3 -g  -DPREVENT_OPTIMIZATION  line main type:cvfoo == const volatile struct foo { const long cli; const signed char csc; }
FAIL: gcc.dg/guality/const-volatile.c   -O3 -g  -DPREVENT_OPTIMIZATION  line main type:foo == struct foo { const long cli; const signed char csc; }
FAIL: gcc.dg/guality/const-volatile.c   -O3 -g  -DPREVENT_OPTIMIZATION  line main type:vfoo == volatile struct foo { const long cli; const signed char csc; }
FAIL: gcc.dg/guality/const-volatile.c   -O3 -g  -DPREVENT_OPTIMIZATION  line main type:vs == volatile struct { const long cli; const signed char csc; }
FAIL: gcc.dg/guality/const-volatile.c   -Os  -DPREVENT_OPTIMIZATION  line main type:bar == struct bar { short s; const short cs; volatile short vs; const volatile short cvs; volatile long long vll; }
FAIL: gcc.dg/guality/const-volatile.c   -Os  -DPREVENT_OPTIMIZATION  line main type:cfoo == const struct foo { const long cli; const signed char csc; }
FAIL: gcc.dg/guality/const-volatile.c   -Os  -DPREVENT_OPTIMIZATION  line main type:cvfoo == const volatile struct foo { const long cli; const signed char csc; }
FAIL: gcc.dg/guality/const-volatile.c   -Os  -DPREVENT_OPTIMIZATION  line main type:foo == struct foo { const long cli; const signed char csc; }
FAIL: gcc.dg/guality/const-volatile.c   -Os  -DPREVENT_OPTIMIZATION  line main type:vfoo == volatile struct foo { const long cli; const signed char csc; }
FAIL: gcc.dg/guality/const-volatile.c   -Os  -DPREVENT_OPTIMIZATION  line main type:vs == volatile struct { const long cli; const signed char csc; }
FAIL: gcc.dg/guality/const-volatile.c  -Og -DPREVENT_OPTIMIZATION  line main type:bar == struct bar { short s; const short cs; volatile short vs; const volatile short cvs; volatile long long vll; }
FAIL: gcc.dg/guality/const-volatile.c  -Og -DPREVENT_OPTIMIZATION  line main type:cfoo == const struct foo { const long cli; const signed char csc; }
FAIL: gcc.dg/guality/const-volatile.c  -Og -DPREVENT_OPTIMIZATION  line main type:cvfoo == const volatile struct foo { const long cli; const signed char csc; }
FAIL: gcc.dg/guality/const-volatile.c  -Og -DPREVENT_OPTIMIZATION  line main type:foo == struct foo { const long cli; const signed char csc; }
FAIL: gcc.dg/guality/const-volatile.c  -Og -DPREVENT_OPTIMIZATION  line main type:vfoo == volatile struct foo { const long cli; const signed char csc; }
FAIL: gcc.dg/guality/const-volatile.c  -Og -DPREVENT_OPTIMIZATION  line main type:vs == volatile struct { const long cli; const signed char csc; }
XPASS: gcc.dg/guality/example.c   -O0  execution test
XPASS: gcc.dg/guality/example.c   -O1  -DPREVENT_OPTIMIZATION  execution test
XPASS: gcc.dg/guality/example.c  -Og -DPREVENT_OPTIMIZATION  execution test
XPASS: gcc.dg/guality/guality.c   -O0  execution test
XPASS: gcc.dg/guality/guality.c   -O1  -DPREVENT_OPTIMIZATION  execution test
XPASS: gcc.dg/guality/guality.c   -O2  -DPREVENT_OPTIMIZATION  execution test
XPASS: gcc.dg/guality/guality.c   -O2 -flto -fno-use-linker-plugin -flto-partition=none  -DPREVENT_OPTIMIZATION execution test
XPASS: gcc.dg/guality/guality.c   -O2 -flto -fuse-linker-plugin -fno-fat-lto-objects  -DPREVENT_OPTIMIZATION execution test
XPASS: gcc.dg/guality/guality.c   -O3 -g  -DPREVENT_OPTIMIZATION  execution test
XPASS: gcc.dg/guality/guality.c   -Os  -DPREVENT_OPTIMIZATION  execution test
XPASS: gcc.dg/guality/guality.c  -Og -DPREVENT_OPTIMIZATION  execution test
XPASS: gcc.dg/guality/inline-params.c   -O2  -DPREVENT_OPTIMIZATION  execution test
XPASS: gcc.dg/guality/inline-params.c   -O2 -flto -fno-use-linker-plugin -flto-partition=none  -DPREVENT_OPTIMIZATION execution test
XPASS: gcc.dg/guality/inline-params.c   -O2 -flto -fuse-linker-plugin -fno-fat-lto-objects  -DPREVENT_OPTIMIZATION execution test
XPASS: gcc.dg/guality/inline-params.c   -O3 -g  -DPREVENT_OPTIMIZATION  execution test
XPASS: gcc.dg/guality/inline-params.c   -Os  -DPREVENT_OPTIMIZATION  execution test
FAIL: gcc.dg/guality/loop-1.c   -O2  -DPREVENT_OPTIMIZATION  line 20 i == 1
FAIL: gcc.dg/guality/loop-1.c   -O2 -flto -fno-use-linker-plugin -flto-partition=none  -DPREVENT_OPTIMIZATION line 20 i == 1
FAIL: gcc.dg/guality/loop-1.c   -O2 -flto -fuse-linker-plugin -fno-fat-lto-objects  -DPREVENT_OPTIMIZATION line 20 i == 1
FAIL: gcc.dg/guality/loop-1.c   -O3 -fomit-frame-pointer -funroll-loops -fpeel-loops -ftracer -finline-functions  -DPREVENT_OPTIMIZATION  line 20 i == 1
FAIL: gcc.dg/guality/loop-1.c   -O3 -g  -DPREVENT_OPTIMIZATION  line 20 i == 1
FAIL: gcc.dg/guality/pr36728-1.c   -O2 -flto -fuse-linker-plugin -fno-fat-lto-objects  -DPREVENT_OPTIMIZATION line 18 y == 2
FAIL: gcc.dg/guality/pr36728-1.c   -O3 -g  -DPREVENT_OPTIMIZATION  line 16 y == 2
FAIL: gcc.dg/guality/pr36728-1.c   -O3 -g  -DPREVENT_OPTIMIZATION  line 18 y == 2
FAIL: gcc.dg/guality/pr36728-2.c   -O2 -flto -fuse-linker-plugin -fno-fat-lto-objects  -DPREVENT_OPTIMIZATION line 16 arg1 == 1
FAIL: gcc.dg/guality/pr36728-2.c   -O2 -flto -fuse-linker-plugin -fno-fat-lto-objects  -DPREVENT_OPTIMIZATION line 16 arg2 == 2
FAIL: gcc.dg/guality/pr36728-2.c   -O2 -flto -fuse-linker-plugin -fno-fat-lto-objects  -DPREVENT_OPTIMIZATION line 16 arg3 == 3
FAIL: gcc.dg/guality/pr36728-2.c   -O2 -flto -fuse-linker-plugin -fno-fat-lto-objects  -DPREVENT_OPTIMIZATION line 16 arg4 == 4
FAIL: gcc.dg/guality/pr36728-2.c   -O2 -flto -fuse-linker-plugin -fno-fat-lto-objects  -DPREVENT_OPTIMIZATION line 16 arg5 == 5
FAIL: gcc.dg/guality/pr36728-2.c   -O2 -flto -fuse-linker-plugin -fno-fat-lto-objects  -DPREVENT_OPTIMIZATION line 16 arg6 == 6
FAIL: gcc.dg/guality/pr36728-2.c   -O2 -flto -fuse-linker-plugin -fno-fat-lto-objects  -DPREVENT_OPTIMIZATION line 16 arg7 == 30
FAIL: gcc.dg/guality/pr36728-2.c   -O2 -flto -fuse-linker-plugin -fno-fat-lto-objects  -DPREVENT_OPTIMIZATION line 16 y == 2
FAIL: gcc.dg/guality/pr36728-2.c   -O2 -flto -fuse-linker-plugin -fno-fat-lto-objects  -DPREVENT_OPTIMIZATION line 18 arg1 == 1
FAIL: gcc.dg/guality/pr36728-2.c   -O2 -flto -fuse-linker-plugin -fno-fat-lto-objects  -DPREVENT_OPTIMIZATION line 18 arg2 == 2
FAIL: gcc.dg/guality/pr36728-2.c   -O2 -flto -fuse-linker-plugin -fno-fat-lto-objects  -DPREVENT_OPTIMIZATION line 18 arg3 == 3
FAIL: gcc.dg/guality/pr36728-2.c   -O2 -flto -fuse-linker-plugin -fno-fat-lto-objects  -DPREVENT_OPTIMIZATION line 18 arg4 == 4
FAIL: gcc.dg/guality/pr36728-2.c   -O2 -flto -fuse-linker-plugin -fno-fat-lto-objects  -DPREVENT_OPTIMIZATION line 18 arg5 == 5
FAIL: gcc.dg/guality/pr36728-2.c   -O2 -flto -fuse-linker-plugin -fno-fat-lto-objects  -DPREVENT_OPTIMIZATION line 18 arg6 == 6
FAIL: gcc.dg/guality/pr36728-2.c   -O2 -flto -fuse-linker-plugin -fno-fat-lto-objects  -DPREVENT_OPTIMIZATION line 18 arg7 == 30
FAIL: gcc.dg/guality/pr36728-2.c   -O3 -g  -DPREVENT_OPTIMIZATION  line 16 arg1 == 1
FAIL: gcc.dg/guality/pr36728-2.c   -O3 -g  -DPREVENT_OPTIMIZATION  line 16 arg2 == 2
FAIL: gcc.dg/guality/pr36728-2.c   -O3 -g  -DPREVENT_OPTIMIZATION  line 16 arg3 == 3
FAIL: gcc.dg/guality/pr36728-2.c   -O3 -g  -DPREVENT_OPTIMIZATION  line 16 arg4 == 4
FAIL: gcc.dg/guality/pr36728-2.c   -O3 -g  -DPREVENT_OPTIMIZATION  line 16 arg5 == 5
FAIL: gcc.dg/guality/pr36728-2.c   -O3 -g  -DPREVENT_OPTIMIZATION  line 16 arg6 == 6
FAIL: gcc.dg/guality/pr36728-2.c   -O3 -g  -DPREVENT_OPTIMIZATION  line 16 arg7 == 30
FAIL: gcc.dg/guality/pr36728-2.c   -O3 -g  -DPREVENT_OPTIMIZATION  line 18 arg1 == 1
FAIL: gcc.dg/guality/pr36728-2.c   -O3 -g  -DPREVENT_OPTIMIZATION  line 18 arg2 == 2
FAIL: gcc.dg/guality/pr36728-2.c   -O3 -g  -DPREVENT_OPTIMIZATION  line 18 arg3 == 3
FAIL: gcc.dg/guality/pr36728-2.c   -O3 -g  -DPREVENT_OPTIMIZATION  line 18 arg4 == 4
FAIL: gcc.dg/guality/pr36728-2.c   -O3 -g  -DPREVENT_OPTIMIZATION  line 18 arg5 == 5
FAIL: gcc.dg/guality/pr36728-2.c   -O3 -g  -DPREVENT_OPTIMIZATION  line 18 arg6 == 6
FAIL: gcc.dg/guality/pr36728-2.c   -O3 -g  -DPREVENT_OPTIMIZATION  line 18 arg7 == 30
FAIL: gcc.dg/guality/pr36728-3.c   -O2 -flto -fuse-linker-plugin -fno-fat-lto-objects  -DPREVENT_OPTIMIZATION line 16 y == 2
FAIL: gcc.dg/guality/pr36728-3.c   -O3 -g  -DPREVENT_OPTIMIZATION  line 14 y == 2
FAIL: gcc.dg/guality/pr36728-3.c   -O3 -g  -DPREVENT_OPTIMIZATION  line 16 y == 2
XPASS: gcc.dg/guality/pr41353-1.c   -O0  line 28 j == 28 + 37
FAIL: gcc.dg/guality/pr41616-1.c   -O2 -flto -fuse-linker-plugin -fno-fat-lto-objects  -DPREVENT_OPTIMIZATION execution test
FAIL: gcc.dg/guality/pr54200.c   -O1  -DPREVENT_OPTIMIZATION  line 20 z == 3
FAIL: gcc.dg/guality/pr54200.c   -O2  -DPREVENT_OPTIMIZATION  line 20 z == 3
FAIL: gcc.dg/guality/pr54200.c   -O2 -flto -fno-use-linker-plugin -flto-partition=none  -DPREVENT_OPTIMIZATION line 20 z == 3
FAIL: gcc.dg/guality/pr54200.c   -O3 -g  -DPREVENT_OPTIMIZATION  line 20 z == 3
FAIL: gcc.dg/guality/pr54200.c   -Os  -DPREVENT_OPTIMIZATION  line 20 z == 3
FAIL: gcc.dg/guality/pr54519-1.c   -O2 -flto -fno-use-linker-plugin -flto-partition=none  -DPREVENT_OPTIMIZATION line 20 y == 25
FAIL: gcc.dg/guality/pr54519-1.c   -O2 -flto -fno-use-linker-plugin -flto-partition=none  -DPREVENT_OPTIMIZATION line 20 z == 6
FAIL: gcc.dg/guality/pr54519-1.c   -O2 -flto -fno-use-linker-plugin -flto-partition=none  -DPREVENT_OPTIMIZATION line 23 y == 117
FAIL: gcc.dg/guality/pr54519-1.c   -O2 -flto -fno-use-linker-plugin -flto-partition=none  -DPREVENT_OPTIMIZATION line 23 z == 8
FAIL: gcc.dg/guality/pr54519-1.c   -O2 -flto -fuse-linker-plugin -fno-fat-lto-objects  -DPREVENT_OPTIMIZATION line 20 y == 25
FAIL: gcc.dg/guality/pr54519-1.c   -O2 -flto -fuse-linker-plugin -fno-fat-lto-objects  -DPREVENT_OPTIMIZATION line 20 z == 6
FAIL: gcc.dg/guality/pr54519-1.c   -O2 -flto -fuse-linker-plugin -fno-fat-lto-objects  -DPREVENT_OPTIMIZATION line 23 y == 117
FAIL: gcc.dg/guality/pr54519-1.c   -O2 -flto -fuse-linker-plugin -fno-fat-lto-objects  -DPREVENT_OPTIMIZATION line 23 z == 8
FAIL: gcc.dg/guality/pr54519-2.c   -O2 -flto -fno-use-linker-plugin -flto-partition=none  -DPREVENT_OPTIMIZATION line 17 y == 25
FAIL: gcc.dg/guality/pr54519-2.c   -O2 -flto -fuse-linker-plugin -fno-fat-lto-objects  -DPREVENT_OPTIMIZATION line 17 y == 25
FAIL: gcc.dg/guality/pr54519-3.c   -O2 -flto -fno-use-linker-plugin -flto-partition=none  -DPREVENT_OPTIMIZATION line 20 y == 25
FAIL: gcc.dg/guality/pr54519-3.c   -O2 -flto -fno-use-linker-plugin -flto-partition=none  -DPREVENT_OPTIMIZATION line 20 z == 6
FAIL: gcc.dg/guality/pr54519-3.c   -O2 -flto -fno-use-linker-plugin -flto-partition=none  -DPREVENT_OPTIMIZATION line 23 y == 117
FAIL: gcc.dg/guality/pr54519-3.c   -O2 -flto -fno-use-linker-plugin -flto-partition=none  -DPREVENT_OPTIMIZATION line 23 z == 8
FAIL: gcc.dg/guality/pr54519-3.c   -O2 -flto -fuse-linker-plugin -fno-fat-lto-objects  -DPREVENT_OPTIMIZATION line 20 y == 25
FAIL: gcc.dg/guality/pr54519-3.c   -O2 -flto -fuse-linker-plugin -fno-fat-lto-objects  -DPREVENT_OPTIMIZATION line 20 z == 6
FAIL: gcc.dg/guality/pr54519-3.c   -O2 -flto -fuse-linker-plugin -fno-fat-lto-objects  -DPREVENT_OPTIMIZATION line 23 y == 117
FAIL: gcc.dg/guality/pr54519-3.c   -O2 -flto -fuse-linker-plugin -fno-fat-lto-objects  -DPREVENT_OPTIMIZATION line 23 z == 8
FAIL: gcc.dg/guality/pr54519-4.c   -O2 -flto -fno-use-linker-plugin -flto-partition=none  -DPREVENT_OPTIMIZATION line 17 y == 25
FAIL: gcc.dg/guality/pr54519-4.c   -O2 -flto -fuse-linker-plugin -fno-fat-lto-objects  -DPREVENT_OPTIMIZATION line 17 y == 25
FAIL: gcc.dg/guality/pr54519-5.c   -O2 -flto -fno-use-linker-plugin -flto-partition=none  -DPREVENT_OPTIMIZATION line 17 y == 25
FAIL: gcc.dg/guality/pr54519-5.c   -O2 -flto -fuse-linker-plugin -fno-fat-lto-objects  -DPREVENT_OPTIMIZATION line 17 y == 25
FAIL: gcc.dg/guality/pr54519-6.c   -Os  -DPREVENT_OPTIMIZATION  line 11 x == 2
FAIL: gcc.dg/guality/pr54693-2.c   -O2  -DPREVENT_OPTIMIZATION  line 21 i == v + 1
FAIL: gcc.dg/guality/pr54693-2.c   -O2 -flto -fno-use-linker-plugin -flto-partition=none  -DPREVENT_OPTIMIZATION line 21 i == v + 1
FAIL: gcc.dg/guality/pr54693-2.c   -O2 -flto -fuse-linker-plugin -fno-fat-lto-objects  -DPREVENT_OPTIMIZATION line 21 y == 20 - 2 * i
FAIL: gcc.dg/guality/pr54693-2.c   -O2 -flto -fuse-linker-plugin -fno-fat-lto-objects  -DPREVENT_OPTIMIZATION line 21 z == 30 - 3 * i
FAIL: gcc.dg/guality/pr54693-2.c   -O3 -g  -DPREVENT_OPTIMIZATION  line 21 i == v + 1
FAIL: gcc.dg/guality/pr54693-2.c   -Os  -DPREVENT_OPTIMIZATION  line 21 y == 20 - 2 * i
FAIL: gcc.dg/guality/pr54693-2.c   -Os  -DPREVENT_OPTIMIZATION  line 21 z == 30 - 3 * i
XPASS: gcc.dg/guality/pr54970.c   -O0  line 15 a[0] == 1
XPASS: gcc.dg/guality/pr54970.c   -O0  line 20 a[0] == 1
XPASS: gcc.dg/guality/pr54970.c   -O0  line 25 a[0] == 1
XPASS: gcc.dg/guality/pr54970.c   -O0  line 31 a[0] == 4
XPASS: gcc.dg/guality/pr54970.c   -O0  line 36 a[0] == 4
XPASS: gcc.dg/guality/pr54970.c   -O0  line 45 a[0] == 4
XPASS: gcc.dg/guality/pr54970.c   -O0  line 45 p[-2] == 4
XPASS: gcc.dg/guality/pr54970.c   -O0  line 45 q[-1] == 4
XPASS: gcc.dg/guality/pr54970.c  -Og -DPREVENT_OPTIMIZATION  line 15 a[0] == 1
XPASS: gcc.dg/guality/pr54970.c  -Og -DPREVENT_OPTIMIZATION  line 20 a[0] == 1
XPASS: gcc.dg/guality/pr54970.c  -Og -DPREVENT_OPTIMIZATION  line 25 a[0] == 1
XPASS: gcc.dg/guality/pr54970.c  -Og -DPREVENT_OPTIMIZATION  line 31 a[0] == 4
XPASS: gcc.dg/guality/pr54970.c  -Og -DPREVENT_OPTIMIZATION  line 36 a[0] == 4
XPASS: gcc.dg/guality/pr54970.c  -Og -DPREVENT_OPTIMIZATION  line 45 a[0] == 4
XPASS: gcc.dg/guality/pr54970.c  -Og -DPREVENT_OPTIMIZATION  line 45 p[-2] == 4
XPASS: gcc.dg/guality/pr54970.c  -Og -DPREVENT_OPTIMIZATION  line 45 q[-1] == 4
FAIL: gcc.dg/guality/pr68860-1.c   -O2  -DPREVENT_OPTIMIZATION  line 14 y == 2
FAIL: gcc.dg/guality/pr68860-1.c   -O2  -DPREVENT_OPTIMIZATION  line 16 y == 2
FAIL: gcc.dg/guality/pr68860-1.c   -O2 -flto -fno-use-linker-plugin -flto-partition=none  -DPREVENT_OPTIMIZATION line 16 y == 2
FAIL: gcc.dg/guality/pr68860-1.c   -O2 -flto -fuse-linker-plugin -fno-fat-lto-objects  -DPREVENT_OPTIMIZATION line 16 y == 2
FAIL: gcc.dg/guality/pr68860-1.c   -O3 -g  -DPREVENT_OPTIMIZATION  line 14 y == 2
FAIL: gcc.dg/guality/pr68860-1.c   -O3 -g  -DPREVENT_OPTIMIZATION  line 16 y == 2
FAIL: gcc.dg/guality/pr68860-2.c   -O2 -flto -fuse-linker-plugin -fno-fat-lto-objects  -DPREVENT_OPTIMIZATION line 16 y == 2
FAIL: gcc.dg/guality/pr68860-2.c   -O3 -g  -DPREVENT_OPTIMIZATION  line 14 y == 2
FAIL: gcc.dg/guality/pr68860-2.c   -O3 -g  -DPREVENT_OPTIMIZATION  line 16 y == 2
FAIL: gcc.dg/guality/pr90074.c   -O2 -flto -fuse-linker-plugin -fno-fat-lto-objects  -DPREVENT_OPTIMIZATION line 28 c + 1 == 2
FAIL: gcc.dg/guality/pr90074.c   -O2 -flto -fuse-linker-plugin -fno-fat-lto-objects  -DPREVENT_OPTIMIZATION line 28 i + 1 == 8
FAIL: gcc.dg/guality/pr90716.c   -O2 -flto -fuse-linker-plugin -fno-fat-lto-objects  -DPREVENT_OPTIMIZATION line 23 j + 1 == 9
FAIL: gcc.dg/guality/sra-1.c   -O2 -flto -fuse-linker-plugin -fno-fat-lto-objects  -DPREVENT_OPTIMIZATION line 32 a[0] == 4
FAIL: gcc.dg/guality/sra-1.c   -O2 -flto -fuse-linker-plugin -fno-fat-lto-objects  -DPREVENT_OPTIMIZATION line 32 a[1] == 14
FAIL: gcc.dg/guality/sra-1.c  -Og -DPREVENT_OPTIMIZATION  line 32 a[0] == 4
FAIL: gcc.dg/guality/sra-1.c  -Og -DPREVENT_OPTIMIZATION  line 32 a[1] == 14
FAIL: gcc.dg/guality/zero-length-array.c   -O0  line 18 type:zla == struct { int foo; int bar[0]; }
FAIL: gcc.dg/guality/zero-length-array.c   -O0  line 19 type:fam == struct { int foo; int bar[]; }
FAIL: gcc.dg/guality/zero-length-array.c   -O1  -DPREVENT_OPTIMIZATION  line 18 type:zla == struct { int foo; int bar[0]; }
FAIL: gcc.dg/guality/zero-length-array.c   -O1  -DPREVENT_OPTIMIZATION  line 19 type:fam == struct { int foo; int bar[]; }
FAIL: gcc.dg/guality/zero-length-array.c   -O2  -DPREVENT_OPTIMIZATION  line 18 type:zla == struct { int foo; int bar[0]; }
FAIL: gcc.dg/guality/zero-length-array.c   -O2  -DPREVENT_OPTIMIZATION  line 19 type:fam == struct { int foo; int bar[]; }
FAIL: gcc.dg/guality/zero-length-array.c   -O2 -flto -fno-use-linker-plugin -flto-partition=none  -DPREVENT_OPTIMIZATION line 18 type:zla == struct { int foo; int bar[0]; }
FAIL: gcc.dg/guality/zero-length-array.c   -O2 -flto -fno-use-linker-plugin -flto-partition=none  -DPREVENT_OPTIMIZATION line 19 type:fam == struct { int foo; int bar[]; }
FAIL: gcc.dg/guality/zero-length-array.c   -O2 -flto -fuse-linker-plugin -fno-fat-lto-objects  -DPREVENT_OPTIMIZATION line 18 type:zla == struct { int foo; int bar[0]; }
FAIL: gcc.dg/guality/zero-length-array.c   -O2 -flto -fuse-linker-plugin -fno-fat-lto-objects  -DPREVENT_OPTIMIZATION line 19 type:fam == struct { int foo; int bar[]; }
FAIL: gcc.dg/guality/zero-length-array.c   -O3 -g  -DPREVENT_OPTIMIZATION  line 18 type:zla == struct { int foo; int bar[0]; }
FAIL: gcc.dg/guality/zero-length-array.c   -O3 -g  -DPREVENT_OPTIMIZATION  line 19 type:fam == struct { int foo; int bar[]; }
FAIL: gcc.dg/guality/zero-length-array.c   -Os  -DPREVENT_OPTIMIZATION  line 18 type:zla == struct { int foo; int bar[0]; }
FAIL: gcc.dg/guality/zero-length-array.c   -Os  -DPREVENT_OPTIMIZATION  line 19 type:fam == struct { int foo; int bar[]; }
FAIL: gcc.dg/guality/zero-length-array.c  -Og -DPREVENT_OPTIMIZATION  line 18 type:zla == struct { int foo; int bar[0]; }
FAIL: gcc.dg/guality/zero-length-array.c  -Og -DPREVENT_OPTIMIZATION  line 19 type:fam == struct { int foo; int bar[]; }
FAIL: gcc.dg/ipa/ipa-sra-19.c (test for excess errors)
FAIL: gcc.dg/plugin/diagnostic-test-expressions-1.c -fplugin=./diagnostic_plugin_test_tree_expression_range.so  1 blank line(s) in output
FAIL: gcc.dg/plugin/diagnostic-test-expressions-1.c -fplugin=./diagnostic_plugin_test_tree_expression_range.so  expected multiline pattern lines 550-551 not found: "                            __builtin_types_compatible_p \\(long, int\\) \\+ f \\(i\\)\\);.*\\n                            ~~~~~~~~~~~~~~~~~~~~~~~~~~~~~~~~~~~~~~~~~\\^~~~~~~\\n"
FAIL: gcc.dg/plugin/diagnostic-test-expressions-1.c -fplugin=./diagnostic_plugin_test_tree_expression_range.so (test for excess errors)
FAIL: gcc.dg/torture/pr52451.c   -O0  execution test
FAIL: gcc.dg/torture/pr52451.c   -O1  execution test
FAIL: gcc.dg/torture/pr52451.c   -O2  execution test
FAIL: gcc.dg/torture/pr52451.c   -O2 -flto -fno-use-linker-plugin -flto-partition=none  execution test
FAIL: gcc.dg/torture/pr52451.c   -O2 -flto -fuse-linker-plugin -fno-fat-lto-objects  execution test
FAIL: gcc.dg/torture/pr52451.c   -O3 -g  execution test
FAIL: gcc.dg/torture/pr52451.c   -Os  execution test
FAIL: gcc.dg/torture/pr91323.c   -O0  execution test
FAIL: gcc.dg/torture/pr91323.c   -O1  execution test
FAIL: gcc.dg/torture/pr91323.c   -O2  execution test
FAIL: gcc.dg/torture/pr91323.c   -O2 -flto -fno-use-linker-plugin -flto-partition=none  execution test
FAIL: gcc.dg/torture/pr91323.c   -O2 -flto -fuse-linker-plugin -fno-fat-lto-objects  execution test
FAIL: gcc.dg/torture/pr91323.c   -O3 -g  execution test
FAIL: gcc.dg/torture/pr91323.c   -Os  execution test
FAIL: gcc.dg/vect/costmodel/ppc/costmodel-vect-31a.c scan-tree-dump-times vect "not vectorized: unsupported unaligned store" 1
FAIL: gcc.dg/vect/costmodel/ppc/costmodel-vect-76b.c scan-tree-dump-times vect "vectorization not profitable" 1
FAIL: gcc.dg/vect/costmodel/ppc/costmodel-vect-76b.c scan-tree-dump-times vect "vectorized 1 loops" 0
FAIL: gcc.dg/vect/bb-slp-pr95866.c -flto -ffat-lto-objects  scan-tree-dump slp2 "BIT_FIELD_REF"
FAIL: gcc.dg/vect/bb-slp-pr95866.c scan-tree-dump slp2 "BIT_FIELD_REF"
FAIL: gcc.dg/vect/no-tree-sra-bb-slp-pr50730.c scan-tree-dump-times slp2 "optimized: basic block" 1
FAIL: gcc.dg/vect/no-vfa-vect-depend-2.c scan-tree-dump-times vect "vectorized 1 loops" 1
FAIL: gcc.dg/vect/no-vfa-vect-depend-3.c scan-tree-dump-times vect "vectorized 1 loops" 4
FAIL: gcc.dg/vect/pr97428.c -flto -ffat-lto-objects  scan-tree-dump vect "Detected interleaving load of size 8"
FAIL: gcc.dg/vect/pr97428.c -flto -ffat-lto-objects  scan-tree-dump vect "Detected interleaving store of size 16"
FAIL: gcc.dg/vect/pr97428.c -flto -ffat-lto-objects  scan-tree-dump-times vect "vectorizing stmts using SLP" 2
FAIL: gcc.dg/vect/pr97428.c scan-tree-dump vect "Detected interleaving load of size 8"
FAIL: gcc.dg/vect/pr97428.c scan-tree-dump vect "Detected interleaving store of size 16"
FAIL: gcc.dg/vect/pr97428.c scan-tree-dump-times vect "vectorizing stmts using SLP" 2
FAIL: gcc.dg/vect/section-anchors-vect-69.c scan-tree-dump-times vect "vectorized 4 loops" 1
FAIL: gcc.dg/vect/slp-11b.c -flto -ffat-lto-objects  scan-tree-dump-times vect "vectorizing stmts using SLP" 0
FAIL: gcc.dg/vect/slp-11b.c scan-tree-dump-times vect "vectorizing stmts using SLP" 0
FAIL: gcc.dg/vect/slp-21.c -flto -ffat-lto-objects  scan-tree-dump-times vect "vectorizing stmts using SLP" 2
FAIL: gcc.dg/vect/slp-21.c scan-tree-dump-times vect "vectorizing stmts using SLP" 2
FAIL: gcc.dg/vect/slp-43.c -flto -ffat-lto-objects  scan-tree-dump-times vect "vectorized 1 loops" 2
FAIL: gcc.dg/vect/slp-43.c scan-tree-dump-times vect "vectorized 1 loops" 2
FAIL: gcc.dg/vect/slp-48.c -flto -ffat-lto-objects  scan-tree-dump-times vect "vectorizing stmts using SLP" 2
FAIL: gcc.dg/vect/slp-48.c scan-tree-dump-times vect "vectorizing stmts using SLP" 2
FAIL: gcc.dg/vect/slp-reduc-3.c -flto -ffat-lto-objects  scan-tree-dump-times vect "VEC_PERM_EXPR" 0
FAIL: gcc.dg/vect/slp-reduc-3.c scan-tree-dump-times vect "VEC_PERM_EXPR" 0
FAIL: gcc.dg/vect/vect-31.c -flto -ffat-lto-objects  scan-tree-dump-times vect "vectorized 4 loops" 1
FAIL: gcc.dg/vect/vect-31.c scan-tree-dump-times vect "vectorized 4 loops" 1
FAIL: gcc.dg/vect/vect-44.c -flto -ffat-lto-objects  scan-tree-dump-times vect "Vectorizing an unaligned access" 3
FAIL: gcc.dg/vect/vect-44.c scan-tree-dump-times vect "Vectorizing an unaligned access" 3
FAIL: gcc.dg/vect/vect-50.c -flto -ffat-lto-objects  scan-tree-dump-times vect "Vectorizing an unaligned access" 3
FAIL: gcc.dg/vect/vect-50.c scan-tree-dump-times vect "Vectorizing an unaligned access" 3
FAIL: gcc.dg/vect/vect-82.c -flto -ffat-lto-objects  scan-tree-dump-times vect "vectorized 1 loops" 1
FAIL: gcc.dg/vect/vect-82.c scan-tree-dump-times vect "vectorized 1 loops" 1
FAIL: gcc.dg/vect/vect-82_64.c -flto -ffat-lto-objects  scan-tree-dump-times vect "vectorized 1 loops" 1
FAIL: gcc.dg/vect/vect-82_64.c scan-tree-dump-times vect "vectorized 1 loops" 1
FAIL: gcc.dg/vect/vect-83.c -flto -ffat-lto-objects  scan-tree-dump-times vect "vectorized 1 loops" 1
FAIL: gcc.dg/vect/vect-83.c scan-tree-dump-times vect "vectorized 1 loops" 1
FAIL: gcc.dg/vect/vect-83_64.c -flto -ffat-lto-objects  scan-tree-dump-times vect "vectorized 1 loops" 1
FAIL: gcc.dg/vect/vect-83_64.c scan-tree-dump-times vect "vectorized 1 loops" 1
FAIL: gcc.dg/vect/vect-93.c -flto -ffat-lto-objects  scan-tree-dump-times vect "vectorized 2 loops" 2
FAIL: gcc.dg/vect/vect-93.c scan-tree-dump-times vect "vectorized 2 loops" 2
FAIL: gcc.dg/vect/vect-alias-check-18.c -flto -ffat-lto-objects  scan-tree-dump vect "using an index-based WAR/WAW test"
FAIL: gcc.dg/vect/vect-alias-check-18.c scan-tree-dump vect "using an index-based WAR/WAW test"
FAIL: gcc.dg/vect/vect-complex-5.c -flto -ffat-lto-objects  scan-tree-dump-times vect "vectorizing stmts using SLP" 2
FAIL: gcc.dg/vect/vect-complex-5.c scan-tree-dump-times vect "vectorizing stmts using SLP" 2
FAIL: gcc.dg/vect/vect-cost-model-1.c -flto -ffat-lto-objects  scan-tree-dump vect "LOOP VECTORIZED"
FAIL: gcc.dg/vect/vect-cost-model-1.c scan-tree-dump vect "LOOP VECTORIZED"
FAIL: gcc.dg/vect/vect-cost-model-3.c -flto -ffat-lto-objects  scan-tree-dump vect "LOOP VECTORIZED"
FAIL: gcc.dg/vect/vect-cost-model-3.c scan-tree-dump vect "LOOP VECTORIZED"
FAIL: gcc.dg/vect/vect-cost-model-5.c -flto -ffat-lto-objects  scan-tree-dump vect "LOOP VECTORIZED"
FAIL: gcc.dg/vect/vect-cost-model-5.c scan-tree-dump vect "LOOP VECTORIZED"
FAIL: gcc.dg/vect/vect-strided-a-u8-i2-gap.c -flto -ffat-lto-objects  scan-tree-dump-times vect "vectorized 1 loops" 1
FAIL: gcc.dg/vect/vect-strided-a-u8-i2-gap.c scan-tree-dump-times vect "vectorized 1 loops" 1
FAIL: gcc.dg/vmx/extract-vsx.c   -O0  execution test
FAIL: gcc.dg/vmx/insert-vsx.c   -O0  execution test
FAIL: gcc.dg/vmx/ld-vsx.c   -O0  execution test
FAIL: gcc.dg/vmx/ld-vsx.c   -O1  execution test
FAIL: gcc.dg/vmx/ld-vsx.c   -O2  execution test
FAIL: gcc.dg/vmx/ld-vsx.c   -O2 -flto -fno-use-linker-plugin -flto-partition=none  execution test
FAIL: gcc.dg/vmx/ld-vsx.c   -O2 -flto -fuse-linker-plugin -fno-fat-lto-objects  execution test
FAIL: gcc.dg/vmx/ld-vsx.c   -O3 -fomit-frame-pointer -funroll-loops -fpeel-loops -ftracer -finline-functions  execution test
FAIL: gcc.dg/vmx/ld-vsx.c   -O3 -g  execution test
FAIL: gcc.dg/vmx/ld-vsx.c   -Os  execution test
FAIL: gcc.dg/vmx/ldl-vsx.c   -O0  execution test
FAIL: gcc.dg/vmx/ldl-vsx.c   -O1  execution test
FAIL: gcc.dg/vmx/ldl-vsx.c   -O2  execution test
FAIL: gcc.dg/vmx/ldl-vsx.c   -O2 -flto -fno-use-linker-plugin -flto-partition=none  execution test
FAIL: gcc.dg/vmx/ldl-vsx.c   -O2 -flto -fuse-linker-plugin -fno-fat-lto-objects  execution test
FAIL: gcc.dg/vmx/ldl-vsx.c   -O3 -fomit-frame-pointer -funroll-loops -fpeel-loops -ftracer -finline-functions  execution test
FAIL: gcc.dg/vmx/ldl-vsx.c   -O3 -g  execution test
FAIL: gcc.dg/vmx/ldl-vsx.c   -Os  execution test
FAIL: gcc.dg/vmx/merge-vsx.c   -O0  execution test
FAIL: gcc.dg/vmx/merge-vsx.c   -O1  execution test
FAIL: gcc.dg/vmx/merge-vsx.c   -O2  execution test
FAIL: gcc.dg/vmx/merge-vsx.c   -O2 -flto -fno-use-linker-plugin -flto-partition=none  execution test
FAIL: gcc.dg/vmx/merge-vsx.c   -O2 -flto -fuse-linker-plugin -fno-fat-lto-objects  execution test
FAIL: gcc.dg/vmx/merge-vsx.c   -O3 -g  execution test
FAIL: gcc.dg/vmx/merge-vsx.c   -Os  execution test
FAIL: gcc.dg/vmx/splat-vsx.c   -O0  execution test
FAIL: gcc.dg/vmx/splat-vsx.c   -O1  execution test
FAIL: gcc.dg/vmx/splat-vsx.c   -O2  execution test
FAIL: gcc.dg/vmx/splat-vsx.c   -O2 -flto -fno-use-linker-plugin -flto-partition=none  execution test
FAIL: gcc.dg/vmx/splat-vsx.c   -O2 -flto -fuse-linker-plugin -fno-fat-lto-objects  execution test
FAIL: gcc.dg/vmx/splat-vsx.c   -O3 -g  execution test
FAIL: gcc.dg/vmx/splat-vsx.c   -Os  execution test
FAIL: gcc.dg/vmx/st-vsx.c   -O0  execution test
FAIL: gcc.dg/vmx/st-vsx.c   -O1  execution test
FAIL: gcc.dg/vmx/st-vsx.c   -O2  execution test
FAIL: gcc.dg/vmx/st-vsx.c   -O2 -flto -fno-use-linker-plugin -flto-partition=none  execution test
FAIL: gcc.dg/vmx/st-vsx.c   -O2 -flto -fuse-linker-plugin -fno-fat-lto-objects  execution test
FAIL: gcc.dg/vmx/st-vsx.c   -O3 -fomit-frame-pointer -funroll-loops -fpeel-loops -ftracer -finline-functions  execution test
FAIL: gcc.dg/vmx/st-vsx.c   -O3 -g  execution test
FAIL: gcc.dg/vmx/st-vsx.c   -Os  execution test
FAIL: gcc.dg/vmx/stl-vsx.c   -O0  execution test
FAIL: gcc.dg/vmx/stl-vsx.c   -O1  execution test
FAIL: gcc.dg/vmx/stl-vsx.c   -O2  execution test
FAIL: gcc.dg/vmx/stl-vsx.c   -O2 -flto -fno-use-linker-plugin -flto-partition=none  execution test
FAIL: gcc.dg/vmx/stl-vsx.c   -O2 -flto -fuse-linker-plugin -fno-fat-lto-objects  execution test
FAIL: gcc.dg/vmx/stl-vsx.c   -O3 -fomit-frame-pointer -funroll-loops -fpeel-loops -ftracer -finline-functions  execution test
FAIL: gcc.dg/vmx/stl-vsx.c   -O3 -g  execution test
FAIL: gcc.dg/vmx/stl-vsx.c   -Os  execution test
FAIL: gcc.target/powerpc/pr92488.c execution test
FAIL: gcc.target/powerpc/swaps-p8-20.c execution test
FAIL: gcc.target/powerpc/test_fpscr_rn_builtin.c execution test
FAIL: gcc.target/powerpc/vec-cmpne.c execution test
FAIL: gcc.target/powerpc/vec-mul.c execution test

		=== gcc Summary for unix/-m32 ===

# of expected passes		139851
# of unexpected failures	306
# of unexpected successes	38
# of expected failures		896
# of unsupported tests		4379

Running target unix/-m64
FAIL: gcc.dg/analyzer/dot-output.c dg-check-dot dot-output.c.state-purge.dot
XPASS: gcc.dg/analyzer/feasibility-1.c  (test for warnings, line 58)
FAIL: c-c++-common/asan/swapcontext-test-1.c   -O0  execution test
FAIL: c-c++-common/asan/swapcontext-test-1.c   -O1  execution test
FAIL: c-c++-common/asan/swapcontext-test-1.c   -O2  execution test
FAIL: c-c++-common/asan/swapcontext-test-1.c   -O2 -flto -fno-use-linker-plugin -flto-partition=none  execution test
FAIL: c-c++-common/asan/swapcontext-test-1.c   -O2 -flto -fuse-linker-plugin -fno-fat-lto-objects  execution test
FAIL: c-c++-common/asan/swapcontext-test-1.c   -O3 -fomit-frame-pointer -funroll-loops -fpeel-loops -ftracer -finline-functions  execution test
FAIL: c-c++-common/asan/swapcontext-test-1.c   -O3 -g  execution test
FAIL: c-c++-common/asan/swapcontext-test-1.c   -Os  execution test
FAIL: gcc.dg/atomic/pr65345-4.c   -O2 -flto -fno-use-linker-plugin -flto-partition=none  (internal compiler error)
FAIL: gcc.dg/atomic/pr65345-4.c   -O2 -flto -fno-use-linker-plugin -flto-partition=none  (test for excess errors)
FAIL: gcc.dg/atomic/pr65345-4.c   -O2 -flto -fuse-linker-plugin -fno-fat-lto-objects  (internal compiler error)
FAIL: gcc.dg/atomic/pr65345-4.c   -O2 -flto -fuse-linker-plugin -fno-fat-lto-objects  (test for excess errors)
FAIL: gcc.dg/Wstringop-overflow-25.c pr92814 (test for warnings, line 378)
FAIL: gcc.dg/gomp/simd-2.c scan-tree-dump-times vect "vectorized [1-9][0-9]* loops in function" 5
FAIL: gcc.dg/gomp/simd-3.c scan-tree-dump-times vect "vectorized [1-9][0-9]* loops in function" 5
XPASS: gcc.dg/graphite/pr69728.c scan-tree-dump graphite "loop nest optimized"
FAIL: gcc.dg/guality/const-volatile.c   -O0  line main type:bar == struct bar { short s; const short cs; volatile short vs; const volatile short cvs; volatile long long vll; }
FAIL: gcc.dg/guality/const-volatile.c   -O0  line main type:cfoo == const struct foo { const long cli; const signed char csc; }
FAIL: gcc.dg/guality/const-volatile.c   -O0  line main type:cvfoo == const volatile struct foo { const long cli; const signed char csc; }
FAIL: gcc.dg/guality/const-volatile.c   -O0  line main type:foo == struct foo { const long cli; const signed char csc; }
FAIL: gcc.dg/guality/const-volatile.c   -O0  line main type:vfoo == volatile struct foo { const long cli; const signed char csc; }
FAIL: gcc.dg/guality/const-volatile.c   -O0  line main type:vs == volatile struct { const long cli; const signed char csc; }
FAIL: gcc.dg/guality/const-volatile.c   -O1  -DPREVENT_OPTIMIZATION  line main type:bar == struct bar { short s; const short cs; volatile short vs; const volatile short cvs; volatile long long vll; }
FAIL: gcc.dg/guality/const-volatile.c   -O1  -DPREVENT_OPTIMIZATION  line main type:cfoo == const struct foo { const long cli; const signed char csc; }
FAIL: gcc.dg/guality/const-volatile.c   -O1  -DPREVENT_OPTIMIZATION  line main type:cvfoo == const volatile struct foo { const long cli; const signed char csc; }
FAIL: gcc.dg/guality/const-volatile.c   -O1  -DPREVENT_OPTIMIZATION  line main type:foo == struct foo { const long cli; const signed char csc; }
FAIL: gcc.dg/guality/const-volatile.c   -O1  -DPREVENT_OPTIMIZATION  line main type:vfoo == volatile struct foo { const long cli; const signed char csc; }
FAIL: gcc.dg/guality/const-volatile.c   -O1  -DPREVENT_OPTIMIZATION  line main type:vs == volatile struct { const long cli; const signed char csc; }
FAIL: gcc.dg/guality/const-volatile.c   -O2  -DPREVENT_OPTIMIZATION  line main type:bar == struct bar { short s; const short cs; volatile short vs; const volatile short cvs; volatile long long vll; }
FAIL: gcc.dg/guality/const-volatile.c   -O2  -DPREVENT_OPTIMIZATION  line main type:cfoo == const struct foo { const long cli; const signed char csc; }
FAIL: gcc.dg/guality/const-volatile.c   -O2  -DPREVENT_OPTIMIZATION  line main type:cvfoo == const volatile struct foo { const long cli; const signed char csc; }
FAIL: gcc.dg/guality/const-volatile.c   -O2  -DPREVENT_OPTIMIZATION  line main type:foo == struct foo { const long cli; const signed char csc; }
FAIL: gcc.dg/guality/const-volatile.c   -O2  -DPREVENT_OPTIMIZATION  line main type:vfoo == volatile struct foo { const long cli; const signed char csc; }
FAIL: gcc.dg/guality/const-volatile.c   -O2  -DPREVENT_OPTIMIZATION  line main type:vs == volatile struct { const long cli; const signed char csc; }
FAIL: gcc.dg/guality/const-volatile.c   -O2 -flto -fno-use-linker-plugin -flto-partition=none  -DPREVENT_OPTIMIZATION line main type:bar == struct bar { short s; const short cs; volatile short vs; const volatile short cvs; volatile long long vll; }
FAIL: gcc.dg/guality/const-volatile.c   -O2 -flto -fno-use-linker-plugin -flto-partition=none  -DPREVENT_OPTIMIZATION line main type:cfoo == const struct foo { const long cli; const signed char csc; }
FAIL: gcc.dg/guality/const-volatile.c   -O2 -flto -fno-use-linker-plugin -flto-partition=none  -DPREVENT_OPTIMIZATION line main type:cvfoo == const volatile struct foo { const long cli; const signed char csc; }
FAIL: gcc.dg/guality/const-volatile.c   -O2 -flto -fno-use-linker-plugin -flto-partition=none  -DPREVENT_OPTIMIZATION line main type:foo == struct foo { const long cli; const signed char csc; }
FAIL: gcc.dg/guality/const-volatile.c   -O2 -flto -fno-use-linker-plugin -flto-partition=none  -DPREVENT_OPTIMIZATION line main type:vfoo == volatile struct foo { const long cli; const signed char csc; }
FAIL: gcc.dg/guality/const-volatile.c   -O2 -flto -fno-use-linker-plugin -flto-partition=none  -DPREVENT_OPTIMIZATION line main type:vs == volatile struct { const long cli; const signed char csc; }
FAIL: gcc.dg/guality/const-volatile.c   -O2 -flto -fuse-linker-plugin -fno-fat-lto-objects  -DPREVENT_OPTIMIZATION line main type:bar == struct bar { short s; const short cs; volatile short vs; const volatile short cvs; volatile long long vll; }
FAIL: gcc.dg/guality/const-volatile.c   -O2 -flto -fuse-linker-plugin -fno-fat-lto-objects  -DPREVENT_OPTIMIZATION line main type:cfoo == const struct foo { const long cli; const signed char csc; }
FAIL: gcc.dg/guality/const-volatile.c   -O2 -flto -fuse-linker-plugin -fno-fat-lto-objects  -DPREVENT_OPTIMIZATION line main type:cvfoo == const volatile struct foo { const long cli; const signed char csc; }
FAIL: gcc.dg/guality/const-volatile.c   -O2 -flto -fuse-linker-plugin -fno-fat-lto-objects  -DPREVENT_OPTIMIZATION line main type:foo == struct foo { const long cli; const signed char csc; }
FAIL: gcc.dg/guality/const-volatile.c   -O2 -flto -fuse-linker-plugin -fno-fat-lto-objects  -DPREVENT_OPTIMIZATION line main type:vfoo == volatile struct foo { const long cli; const signed char csc; }
FAIL: gcc.dg/guality/const-volatile.c   -O2 -flto -fuse-linker-plugin -fno-fat-lto-objects  -DPREVENT_OPTIMIZATION line main type:vs == volatile struct { const long cli; const signed char csc; }
FAIL: gcc.dg/guality/const-volatile.c   -O3 -g  -DPREVENT_OPTIMIZATION  line main type:bar == struct bar { short s; const short cs; volatile short vs; const volatile short cvs; volatile long long vll; }
FAIL: gcc.dg/guality/const-volatile.c   -O3 -g  -DPREVENT_OPTIMIZATION  line main type:cfoo == const struct foo { const long cli; const signed char csc; }
FAIL: gcc.dg/guality/const-volatile.c   -O3 -g  -DPREVENT_OPTIMIZATION  line main type:cvfoo == const volatile struct foo { const long cli; const signed char csc; }
FAIL: gcc.dg/guality/const-volatile.c   -O3 -g  -DPREVENT_OPTIMIZATION  line main type:foo == struct foo { const long cli; const signed char csc; }
FAIL: gcc.dg/guality/const-volatile.c   -O3 -g  -DPREVENT_OPTIMIZATION  line main type:vfoo == volatile struct foo { const long cli; const signed char csc; }
FAIL: gcc.dg/guality/const-volatile.c   -O3 -g  -DPREVENT_OPTIMIZATION  line main type:vs == volatile struct { const long cli; const signed char csc; }
FAIL: gcc.dg/guality/const-volatile.c   -Os  -DPREVENT_OPTIMIZATION  line main type:bar == struct bar { short s; const short cs; volatile short vs; const volatile short cvs; volatile long long vll; }
FAIL: gcc.dg/guality/const-volatile.c   -Os  -DPREVENT_OPTIMIZATION  line main type:cfoo == const struct foo { const long cli; const signed char csc; }
FAIL: gcc.dg/guality/const-volatile.c   -Os  -DPREVENT_OPTIMIZATION  line main type:cvfoo == const volatile struct foo { const long cli; const signed char csc; }
FAIL: gcc.dg/guality/const-volatile.c   -Os  -DPREVENT_OPTIMIZATION  line main type:foo == struct foo { const long cli; const signed char csc; }
FAIL: gcc.dg/guality/const-volatile.c   -Os  -DPREVENT_OPTIMIZATION  line main type:vfoo == volatile struct foo { const long cli; const signed char csc; }
FAIL: gcc.dg/guality/const-volatile.c   -Os  -DPREVENT_OPTIMIZATION  line main type:vs == volatile struct { const long cli; const signed char csc; }
FAIL: gcc.dg/guality/const-volatile.c  -Og -DPREVENT_OPTIMIZATION  line main type:bar == struct bar { short s; const short cs; volatile short vs; const volatile short cvs; volatile long long vll; }
FAIL: gcc.dg/guality/const-volatile.c  -Og -DPREVENT_OPTIMIZATION  line main type:cfoo == const struct foo { const long cli; const signed char csc; }
FAIL: gcc.dg/guality/const-volatile.c  -Og -DPREVENT_OPTIMIZATION  line main type:cvfoo == const volatile struct foo { const long cli; const signed char csc; }
FAIL: gcc.dg/guality/const-volatile.c  -Og -DPREVENT_OPTIMIZATION  line main type:foo == struct foo { const long cli; const signed char csc; }
FAIL: gcc.dg/guality/const-volatile.c  -Og -DPREVENT_OPTIMIZATION  line main type:vfoo == volatile struct foo { const long cli; const signed char csc; }
FAIL: gcc.dg/guality/const-volatile.c  -Og -DPREVENT_OPTIMIZATION  line main type:vs == volatile struct { const long cli; const signed char csc; }
XPASS: gcc.dg/guality/example.c   -O0  execution test
XPASS: gcc.dg/guality/example.c   -O1  -DPREVENT_OPTIMIZATION  execution test
XPASS: gcc.dg/guality/example.c  -Og -DPREVENT_OPTIMIZATION  execution test
XPASS: gcc.dg/guality/guality.c   -O0  execution test
XPASS: gcc.dg/guality/guality.c   -O1  -DPREVENT_OPTIMIZATION  execution test
XPASS: gcc.dg/guality/guality.c   -O2  -DPREVENT_OPTIMIZATION  execution test
XPASS: gcc.dg/guality/guality.c   -O2 -flto -fno-use-linker-plugin -flto-partition=none  -DPREVENT_OPTIMIZATION execution test
XPASS: gcc.dg/guality/guality.c   -O2 -flto -fuse-linker-plugin -fno-fat-lto-objects  -DPREVENT_OPTIMIZATION execution test
XPASS: gcc.dg/guality/guality.c   -O3 -g  -DPREVENT_OPTIMIZATION  execution test
XPASS: gcc.dg/guality/guality.c   -Os  -DPREVENT_OPTIMIZATION  execution test
XPASS: gcc.dg/guality/guality.c  -Og -DPREVENT_OPTIMIZATION  execution test
XPASS: gcc.dg/guality/inline-params.c   -O2  -DPREVENT_OPTIMIZATION  execution test
XPASS: gcc.dg/guality/inline-params.c   -O2 -flto -fno-use-linker-plugin -flto-partition=none  -DPREVENT_OPTIMIZATION execution test
XPASS: gcc.dg/guality/inline-params.c   -O2 -flto -fuse-linker-plugin -fno-fat-lto-objects  -DPREVENT_OPTIMIZATION execution test
XPASS: gcc.dg/guality/inline-params.c   -O3 -g  -DPREVENT_OPTIMIZATION  execution test
XPASS: gcc.dg/guality/inline-params.c   -Os  -DPREVENT_OPTIMIZATION  execution test
FAIL: gcc.dg/guality/loop-1.c   -O2  -DPREVENT_OPTIMIZATION  line 20 i == 1
FAIL: gcc.dg/guality/loop-1.c   -O2 -flto -fno-use-linker-plugin -flto-partition=none  -DPREVENT_OPTIMIZATION line 20 i == 1
FAIL: gcc.dg/guality/loop-1.c   -O2 -flto -fuse-linker-plugin -fno-fat-lto-objects  -DPREVENT_OPTIMIZATION line 20 i == 1
FAIL: gcc.dg/guality/loop-1.c   -O3 -fomit-frame-pointer -funroll-loops -fpeel-loops -ftracer -finline-functions  -DPREVENT_OPTIMIZATION  line 20 i == 1
FAIL: gcc.dg/guality/loop-1.c   -O3 -g  -DPREVENT_OPTIMIZATION  line 20 i == 1
FAIL: gcc.dg/guality/pr36728-1.c   -O2 -flto -fuse-linker-plugin -fno-fat-lto-objects  -DPREVENT_OPTIMIZATION line 18 y == 2
FAIL: gcc.dg/guality/pr36728-1.c   -O3 -g  -DPREVENT_OPTIMIZATION  line 18 y == 2
FAIL: gcc.dg/guality/pr36728-2.c   -O2 -flto -fuse-linker-plugin -fno-fat-lto-objects  -DPREVENT_OPTIMIZATION line 16 arg1 == 1
FAIL: gcc.dg/guality/pr36728-2.c   -O2 -flto -fuse-linker-plugin -fno-fat-lto-objects  -DPREVENT_OPTIMIZATION line 16 arg2 == 2
FAIL: gcc.dg/guality/pr36728-2.c   -O2 -flto -fuse-linker-plugin -fno-fat-lto-objects  -DPREVENT_OPTIMIZATION line 16 arg3 == 3
FAIL: gcc.dg/guality/pr36728-2.c   -O2 -flto -fuse-linker-plugin -fno-fat-lto-objects  -DPREVENT_OPTIMIZATION line 16 arg4 == 4
FAIL: gcc.dg/guality/pr36728-2.c   -O2 -flto -fuse-linker-plugin -fno-fat-lto-objects  -DPREVENT_OPTIMIZATION line 16 arg5 == 5
FAIL: gcc.dg/guality/pr36728-2.c   -O2 -flto -fuse-linker-plugin -fno-fat-lto-objects  -DPREVENT_OPTIMIZATION line 16 arg6 == 6
FAIL: gcc.dg/guality/pr36728-2.c   -O2 -flto -fuse-linker-plugin -fno-fat-lto-objects  -DPREVENT_OPTIMIZATION line 16 arg7 == 30
FAIL: gcc.dg/guality/pr36728-2.c   -O2 -flto -fuse-linker-plugin -fno-fat-lto-objects  -DPREVENT_OPTIMIZATION line 18 arg1 == 1
FAIL: gcc.dg/guality/pr36728-2.c   -O2 -flto -fuse-linker-plugin -fno-fat-lto-objects  -DPREVENT_OPTIMIZATION line 18 arg2 == 2
FAIL: gcc.dg/guality/pr36728-2.c   -O2 -flto -fuse-linker-plugin -fno-fat-lto-objects  -DPREVENT_OPTIMIZATION line 18 arg3 == 3
FAIL: gcc.dg/guality/pr36728-2.c   -O2 -flto -fuse-linker-plugin -fno-fat-lto-objects  -DPREVENT_OPTIMIZATION line 18 arg4 == 4
FAIL: gcc.dg/guality/pr36728-2.c   -O2 -flto -fuse-linker-plugin -fno-fat-lto-objects  -DPREVENT_OPTIMIZATION line 18 arg5 == 5
FAIL: gcc.dg/guality/pr36728-2.c   -O2 -flto -fuse-linker-plugin -fno-fat-lto-objects  -DPREVENT_OPTIMIZATION line 18 arg6 == 6
FAIL: gcc.dg/guality/pr36728-2.c   -O2 -flto -fuse-linker-plugin -fno-fat-lto-objects  -DPREVENT_OPTIMIZATION line 18 arg7 == 30
FAIL: gcc.dg/guality/pr36728-2.c   -O2 -flto -fuse-linker-plugin -fno-fat-lto-objects  -DPREVENT_OPTIMIZATION line 18 y == 2
FAIL: gcc.dg/guality/pr36728-2.c   -O3 -g  -DPREVENT_OPTIMIZATION  line 16 arg1 == 1
FAIL: gcc.dg/guality/pr36728-2.c   -O3 -g  -DPREVENT_OPTIMIZATION  line 16 arg2 == 2
FAIL: gcc.dg/guality/pr36728-2.c   -O3 -g  -DPREVENT_OPTIMIZATION  line 16 arg3 == 3
FAIL: gcc.dg/guality/pr36728-2.c   -O3 -g  -DPREVENT_OPTIMIZATION  line 16 arg4 == 4
FAIL: gcc.dg/guality/pr36728-2.c   -O3 -g  -DPREVENT_OPTIMIZATION  line 16 arg5 == 5
FAIL: gcc.dg/guality/pr36728-2.c   -O3 -g  -DPREVENT_OPTIMIZATION  line 16 arg6 == 6
FAIL: gcc.dg/guality/pr36728-2.c   -O3 -g  -DPREVENT_OPTIMIZATION  line 16 arg7 == 30
FAIL: gcc.dg/guality/pr36728-2.c   -O3 -g  -DPREVENT_OPTIMIZATION  line 18 arg1 == 1
FAIL: gcc.dg/guality/pr36728-2.c   -O3 -g  -DPREVENT_OPTIMIZATION  line 18 arg2 == 2
FAIL: gcc.dg/guality/pr36728-2.c   -O3 -g  -DPREVENT_OPTIMIZATION  line 18 arg3 == 3
FAIL: gcc.dg/guality/pr36728-2.c   -O3 -g  -DPREVENT_OPTIMIZATION  line 18 arg4 == 4
FAIL: gcc.dg/guality/pr36728-2.c   -O3 -g  -DPREVENT_OPTIMIZATION  line 18 arg5 == 5
FAIL: gcc.dg/guality/pr36728-2.c   -O3 -g  -DPREVENT_OPTIMIZATION  line 18 arg6 == 6
FAIL: gcc.dg/guality/pr36728-2.c   -O3 -g  -DPREVENT_OPTIMIZATION  line 18 arg7 == 30
FAIL: gcc.dg/guality/pr36728-3.c   -O2 -flto -fuse-linker-plugin -fno-fat-lto-objects  -DPREVENT_OPTIMIZATION line 16 y == 2
FAIL: gcc.dg/guality/pr36728-3.c   -O3 -g  -DPREVENT_OPTIMIZATION  line 16 y == 2
XPASS: gcc.dg/guality/pr41353-1.c   -O0  line 28 j == 28 + 37
FAIL: gcc.dg/guality/pr41353-1.c  -Og -DPREVENT_OPTIMIZATION  line 28 i == 37
FAIL: gcc.dg/guality/pr41353-1.c  -Og -DPREVENT_OPTIMIZATION  line 28 i1 == 2 * 37
FAIL: gcc.dg/guality/pr41353-1.c  -Og -DPREVENT_OPTIMIZATION  line 28 i2 == 3 * 37
XPASS: gcc.dg/guality/pr41353-1.c  -Og -DPREVENT_OPTIMIZATION  line 28 j == 28 + 37
FAIL: gcc.dg/guality/pr41616-1.c   -O2 -flto -fuse-linker-plugin -fno-fat-lto-objects  -DPREVENT_OPTIMIZATION execution test
FAIL: gcc.dg/guality/pr43051-1.c   -O1  -DPREVENT_OPTIMIZATION  line 35 v == 1
FAIL: gcc.dg/guality/pr43051-1.c   -O1  -DPREVENT_OPTIMIZATION  line 40 v == 1
FAIL: gcc.dg/guality/pr43051-1.c   -O2  -DPREVENT_OPTIMIZATION  line 35 v == 1
FAIL: gcc.dg/guality/pr43051-1.c   -O2  -DPREVENT_OPTIMIZATION  line 40 v == 1
FAIL: gcc.dg/guality/pr43051-1.c   -O2 -flto -fno-use-linker-plugin -flto-partition=none  -DPREVENT_OPTIMIZATION line 35 v == 1
FAIL: gcc.dg/guality/pr43051-1.c   -O2 -flto -fno-use-linker-plugin -flto-partition=none  -DPREVENT_OPTIMIZATION line 40 v == 1
FAIL: gcc.dg/guality/pr43051-1.c   -O2 -flto -fuse-linker-plugin -fno-fat-lto-objects  -DPREVENT_OPTIMIZATION line 35 v == 1
FAIL: gcc.dg/guality/pr43051-1.c   -O2 -flto -fuse-linker-plugin -fno-fat-lto-objects  -DPREVENT_OPTIMIZATION line 40 v == 1
FAIL: gcc.dg/guality/pr43051-1.c   -O3 -fomit-frame-pointer -funroll-loops -fpeel-loops -ftracer -finline-functions  -DPREVENT_OPTIMIZATION  line 35 v == 1
FAIL: gcc.dg/guality/pr43051-1.c   -O3 -fomit-frame-pointer -funroll-loops -fpeel-loops -ftracer -finline-functions  -DPREVENT_OPTIMIZATION  line 40 v == 1
FAIL: gcc.dg/guality/pr43051-1.c   -O3 -g  -DPREVENT_OPTIMIZATION  line 35 v == 1
FAIL: gcc.dg/guality/pr43051-1.c   -O3 -g  -DPREVENT_OPTIMIZATION  line 40 v == 1
FAIL: gcc.dg/guality/pr43051-1.c   -Os  -DPREVENT_OPTIMIZATION  line 35 v == 1
FAIL: gcc.dg/guality/pr43051-1.c   -Os  -DPREVENT_OPTIMIZATION  line 40 v == 1
FAIL: gcc.dg/guality/pr43051-1.c  -Og -DPREVENT_OPTIMIZATION  line 35 v == 1
FAIL: gcc.dg/guality/pr43051-1.c  -Og -DPREVENT_OPTIMIZATION  line 40 v == 1
FAIL: gcc.dg/guality/pr54200.c   -O1  -DPREVENT_OPTIMIZATION  line 20 z == 3
FAIL: gcc.dg/guality/pr54200.c   -O2  -DPREVENT_OPTIMIZATION  line 20 z == 3
FAIL: gcc.dg/guality/pr54200.c   -O2 -flto -fno-use-linker-plugin -flto-partition=none  -DPREVENT_OPTIMIZATION line 20 z == 3
FAIL: gcc.dg/guality/pr54200.c   -O3 -g  -DPREVENT_OPTIMIZATION  line 20 z == 3
FAIL: gcc.dg/guality/pr54200.c   -Os  -DPREVENT_OPTIMIZATION  line 20 z == 3
FAIL: gcc.dg/guality/pr54519-1.c   -O1  -DPREVENT_OPTIMIZATION  line 20 x == 36
FAIL: gcc.dg/guality/pr54519-1.c   -O1  -DPREVENT_OPTIMIZATION  line 20 y == 25
FAIL: gcc.dg/guality/pr54519-1.c   -O1  -DPREVENT_OPTIMIZATION  line 23 x == 98
FAIL: gcc.dg/guality/pr54519-1.c   -O1  -DPREVENT_OPTIMIZATION  line 23 y == 117
FAIL: gcc.dg/guality/pr54519-1.c   -O2  -DPREVENT_OPTIMIZATION  line 20 x == 36
FAIL: gcc.dg/guality/pr54519-1.c   -O2  -DPREVENT_OPTIMIZATION  line 23 x == 98
FAIL: gcc.dg/guality/pr54519-1.c   -O2 -flto -fno-use-linker-plugin -flto-partition=none  -DPREVENT_OPTIMIZATION line 20 x == 36
FAIL: gcc.dg/guality/pr54519-1.c   -O2 -flto -fno-use-linker-plugin -flto-partition=none  -DPREVENT_OPTIMIZATION line 20 y == 25
FAIL: gcc.dg/guality/pr54519-1.c   -O2 -flto -fno-use-linker-plugin -flto-partition=none  -DPREVENT_OPTIMIZATION line 20 z == 6
FAIL: gcc.dg/guality/pr54519-1.c   -O2 -flto -fno-use-linker-plugin -flto-partition=none  -DPREVENT_OPTIMIZATION line 23 x == 98
FAIL: gcc.dg/guality/pr54519-1.c   -O2 -flto -fno-use-linker-plugin -flto-partition=none  -DPREVENT_OPTIMIZATION line 23 y == 117
FAIL: gcc.dg/guality/pr54519-1.c   -O2 -flto -fno-use-linker-plugin -flto-partition=none  -DPREVENT_OPTIMIZATION line 23 z == 8
FAIL: gcc.dg/guality/pr54519-1.c   -O2 -flto -fuse-linker-plugin -fno-fat-lto-objects  -DPREVENT_OPTIMIZATION line 20 y == 25
FAIL: gcc.dg/guality/pr54519-1.c   -O2 -flto -fuse-linker-plugin -fno-fat-lto-objects  -DPREVENT_OPTIMIZATION line 20 z == 6
FAIL: gcc.dg/guality/pr54519-1.c   -O2 -flto -fuse-linker-plugin -fno-fat-lto-objects  -DPREVENT_OPTIMIZATION line 23 y == 117
FAIL: gcc.dg/guality/pr54519-1.c   -O2 -flto -fuse-linker-plugin -fno-fat-lto-objects  -DPREVENT_OPTIMIZATION line 23 z == 8
FAIL: gcc.dg/guality/pr54519-1.c   -Os  -DPREVENT_OPTIMIZATION  line 20 x == 36
FAIL: gcc.dg/guality/pr54519-1.c   -Os  -DPREVENT_OPTIMIZATION  line 23 x == 98
FAIL: gcc.dg/guality/pr54519-1.c  -Og -DPREVENT_OPTIMIZATION  line 20 x == 36
FAIL: gcc.dg/guality/pr54519-1.c  -Og -DPREVENT_OPTIMIZATION  line 20 y == 25
FAIL: gcc.dg/guality/pr54519-1.c  -Og -DPREVENT_OPTIMIZATION  line 23 x == 98
FAIL: gcc.dg/guality/pr54519-1.c  -Og -DPREVENT_OPTIMIZATION  line 23 y == 117
FAIL: gcc.dg/guality/pr54519-2.c   -O1  -DPREVENT_OPTIMIZATION  line 17 x == 6
FAIL: gcc.dg/guality/pr54519-2.c   -O2 -flto -fno-use-linker-plugin -flto-partition=none  -DPREVENT_OPTIMIZATION line 17 y == 25
FAIL: gcc.dg/guality/pr54519-2.c   -O2 -flto -fuse-linker-plugin -fno-fat-lto-objects  -DPREVENT_OPTIMIZATION line 17 y == 25
FAIL: gcc.dg/guality/pr54519-2.c  -Og -DPREVENT_OPTIMIZATION  line 17 x == 6
FAIL: gcc.dg/guality/pr54519-3.c   -O1  -DPREVENT_OPTIMIZATION  line 20 x == 36
FAIL: gcc.dg/guality/pr54519-3.c   -O1  -DPREVENT_OPTIMIZATION  line 20 y == 25
FAIL: gcc.dg/guality/pr54519-3.c   -O1  -DPREVENT_OPTIMIZATION  line 20 z == 6
FAIL: gcc.dg/guality/pr54519-3.c   -O1  -DPREVENT_OPTIMIZATION  line 23 x == 98
FAIL: gcc.dg/guality/pr54519-3.c   -O1  -DPREVENT_OPTIMIZATION  line 23 y == 117
FAIL: gcc.dg/guality/pr54519-3.c   -O1  -DPREVENT_OPTIMIZATION  line 23 z == 8
FAIL: gcc.dg/guality/pr54519-3.c   -O2  -DPREVENT_OPTIMIZATION  line 20 z == 6
FAIL: gcc.dg/guality/pr54519-3.c   -O2  -DPREVENT_OPTIMIZATION  line 23 z == 8
FAIL: gcc.dg/guality/pr54519-3.c   -O2 -flto -fno-use-linker-plugin -flto-partition=none  -DPREVENT_OPTIMIZATION line 20 y == 25
FAIL: gcc.dg/guality/pr54519-3.c   -O2 -flto -fno-use-linker-plugin -flto-partition=none  -DPREVENT_OPTIMIZATION line 20 z == 6
FAIL: gcc.dg/guality/pr54519-3.c   -O2 -flto -fno-use-linker-plugin -flto-partition=none  -DPREVENT_OPTIMIZATION line 23 y == 117
FAIL: gcc.dg/guality/pr54519-3.c   -O2 -flto -fno-use-linker-plugin -flto-partition=none  -DPREVENT_OPTIMIZATION line 23 z == 8
FAIL: gcc.dg/guality/pr54519-3.c   -O2 -flto -fuse-linker-plugin -fno-fat-lto-objects  -DPREVENT_OPTIMIZATION line 20 y == 25
FAIL: gcc.dg/guality/pr54519-3.c   -O2 -flto -fuse-linker-plugin -fno-fat-lto-objects  -DPREVENT_OPTIMIZATION line 20 z == 6
FAIL: gcc.dg/guality/pr54519-3.c   -O2 -flto -fuse-linker-plugin -fno-fat-lto-objects  -DPREVENT_OPTIMIZATION line 23 y == 117
FAIL: gcc.dg/guality/pr54519-3.c   -O2 -flto -fuse-linker-plugin -fno-fat-lto-objects  -DPREVENT_OPTIMIZATION line 23 z == 8
FAIL: gcc.dg/guality/pr54519-3.c   -O3 -g  -DPREVENT_OPTIMIZATION  line 20 z == 6
FAIL: gcc.dg/guality/pr54519-3.c   -O3 -g  -DPREVENT_OPTIMIZATION  line 23 z == 8
FAIL: gcc.dg/guality/pr54519-3.c   -Os  -DPREVENT_OPTIMIZATION  line 20 z == 6
FAIL: gcc.dg/guality/pr54519-3.c   -Os  -DPREVENT_OPTIMIZATION  line 23 z == 8
FAIL: gcc.dg/guality/pr54519-3.c  -Og -DPREVENT_OPTIMIZATION  line 20 x == 36
FAIL: gcc.dg/guality/pr54519-3.c  -Og -DPREVENT_OPTIMIZATION  line 20 y == 25
FAIL: gcc.dg/guality/pr54519-3.c  -Og -DPREVENT_OPTIMIZATION  line 20 z == 6
FAIL: gcc.dg/guality/pr54519-3.c  -Og -DPREVENT_OPTIMIZATION  line 23 x == 98
FAIL: gcc.dg/guality/pr54519-3.c  -Og -DPREVENT_OPTIMIZATION  line 23 y == 117
FAIL: gcc.dg/guality/pr54519-3.c  -Og -DPREVENT_OPTIMIZATION  line 23 z == 8
FAIL: gcc.dg/guality/pr54519-4.c   -O1  -DPREVENT_OPTIMIZATION  line 17 x == 6
FAIL: gcc.dg/guality/pr54519-4.c   -O1  -DPREVENT_OPTIMIZATION  line 17 y == 25
FAIL: gcc.dg/guality/pr54519-4.c   -O2  -DPREVENT_OPTIMIZATION  line 17 y == 25
FAIL: gcc.dg/guality/pr54519-4.c   -O2 -flto -fno-use-linker-plugin -flto-partition=none  -DPREVENT_OPTIMIZATION line 17 y == 25
FAIL: gcc.dg/guality/pr54519-4.c   -O2 -flto -fuse-linker-plugin -fno-fat-lto-objects  -DPREVENT_OPTIMIZATION line 17 y == 25
FAIL: gcc.dg/guality/pr54519-4.c   -O3 -g  -DPREVENT_OPTIMIZATION  line 17 y == 25
FAIL: gcc.dg/guality/pr54519-4.c   -Os  -DPREVENT_OPTIMIZATION  line 17 y == 25
FAIL: gcc.dg/guality/pr54519-4.c  -Og -DPREVENT_OPTIMIZATION  line 17 x == 6
FAIL: gcc.dg/guality/pr54519-4.c  -Og -DPREVENT_OPTIMIZATION  line 17 y == 25
FAIL: gcc.dg/guality/pr54519-5.c   -O1  -DPREVENT_OPTIMIZATION  line 17 x == 6
FAIL: gcc.dg/guality/pr54519-5.c   -O1  -DPREVENT_OPTIMIZATION  line 17 y == 25
FAIL: gcc.dg/guality/pr54519-5.c   -O2  -DPREVENT_OPTIMIZATION  line 17 y == 25
FAIL: gcc.dg/guality/pr54519-5.c   -O2 -flto -fno-use-linker-plugin -flto-partition=none  -DPREVENT_OPTIMIZATION line 17 y == 25
FAIL: gcc.dg/guality/pr54519-5.c   -O2 -flto -fuse-linker-plugin -fno-fat-lto-objects  -DPREVENT_OPTIMIZATION line 17 y == 25
FAIL: gcc.dg/guality/pr54519-5.c   -O3 -g  -DPREVENT_OPTIMIZATION  line 17 y == 25
FAIL: gcc.dg/guality/pr54519-5.c   -Os  -DPREVENT_OPTIMIZATION  line 17 y == 25
FAIL: gcc.dg/guality/pr54519-5.c  -Og -DPREVENT_OPTIMIZATION  line 17 x == 6
FAIL: gcc.dg/guality/pr54519-5.c  -Og -DPREVENT_OPTIMIZATION  line 17 y == 25
FAIL: gcc.dg/guality/pr54519-6.c   -Os  -DPREVENT_OPTIMIZATION  line 11 x == 2
FAIL: gcc.dg/guality/pr54551.c   -O1  -DPREVENT_OPTIMIZATION  line 18 a == 4
FAIL: gcc.dg/guality/pr54551.c   -O2  -DPREVENT_OPTIMIZATION  line 18 a == 4
FAIL: gcc.dg/guality/pr54551.c   -O2 -flto -fno-use-linker-plugin -flto-partition=none  -DPREVENT_OPTIMIZATION line 18 a == 4
FAIL: gcc.dg/guality/pr54551.c   -O3 -g  -DPREVENT_OPTIMIZATION  line 18 a == 4
FAIL: gcc.dg/guality/pr54551.c   -Os  -DPREVENT_OPTIMIZATION  line 18 a == 4
FAIL: gcc.dg/guality/pr54551.c  -Og -DPREVENT_OPTIMIZATION  line 18 a == 4
FAIL: gcc.dg/guality/pr54693-2.c   -O1  -DPREVENT_OPTIMIZATION  line 21 x == 10 - i
FAIL: gcc.dg/guality/pr54693-2.c   -O1  -DPREVENT_OPTIMIZATION  line 21 y == 20 - 2 * i
FAIL: gcc.dg/guality/pr54693-2.c   -O2  -DPREVENT_OPTIMIZATION  line 21 x == 10 - i
FAIL: gcc.dg/guality/pr54693-2.c   -O2  -DPREVENT_OPTIMIZATION  line 21 y == 20 - 2 * i
FAIL: gcc.dg/guality/pr54693-2.c   -O2 -flto -fno-use-linker-plugin -flto-partition=none  -DPREVENT_OPTIMIZATION line 21 x == 10 - i
FAIL: gcc.dg/guality/pr54693-2.c   -O2 -flto -fno-use-linker-plugin -flto-partition=none  -DPREVENT_OPTIMIZATION line 21 y == 20 - 2 * i
FAIL: gcc.dg/guality/pr54693-2.c   -O2 -flto -fuse-linker-plugin -fno-fat-lto-objects  -DPREVENT_OPTIMIZATION line 21 y == 20 - 2 * i
FAIL: gcc.dg/guality/pr54693-2.c   -O2 -flto -fuse-linker-plugin -fno-fat-lto-objects  -DPREVENT_OPTIMIZATION line 21 z == 30 - 3 * i
FAIL: gcc.dg/guality/pr54693-2.c   -O3 -fomit-frame-pointer -funroll-loops -fpeel-loops -ftracer -finline-functions  -DPREVENT_OPTIMIZATION  line 21 y == 20 - 2 * i
FAIL: gcc.dg/guality/pr54693-2.c   -O3 -g  -DPREVENT_OPTIMIZATION  line 21 x == 10 - i
FAIL: gcc.dg/guality/pr54693-2.c   -O3 -g  -DPREVENT_OPTIMIZATION  line 21 y == 20 - 2 * i
FAIL: gcc.dg/guality/pr54693-2.c   -Os  -DPREVENT_OPTIMIZATION  line 21 y == 20 - 2 * i
FAIL: gcc.dg/guality/pr54693-2.c   -Os  -DPREVENT_OPTIMIZATION  line 21 z == 30 - 3 * i
XPASS: gcc.dg/guality/pr54970.c   -O0  line 15 a[0] == 1
XPASS: gcc.dg/guality/pr54970.c   -O0  line 20 a[0] == 1
XPASS: gcc.dg/guality/pr54970.c   -O0  line 25 a[0] == 1
XPASS: gcc.dg/guality/pr54970.c   -O0  line 31 a[0] == 4
XPASS: gcc.dg/guality/pr54970.c   -O0  line 36 a[0] == 4
XPASS: gcc.dg/guality/pr54970.c   -O0  line 45 a[0] == 4
XPASS: gcc.dg/guality/pr54970.c   -O0  line 45 p[-2] == 4
XPASS: gcc.dg/guality/pr54970.c   -O0  line 45 q[-1] == 4
XPASS: gcc.dg/guality/pr54970.c  -Og -DPREVENT_OPTIMIZATION  line 15 a[0] == 1
XPASS: gcc.dg/guality/pr54970.c  -Og -DPREVENT_OPTIMIZATION  line 20 a[0] == 1
XPASS: gcc.dg/guality/pr54970.c  -Og -DPREVENT_OPTIMIZATION  line 25 a[0] == 1
XPASS: gcc.dg/guality/pr54970.c  -Og -DPREVENT_OPTIMIZATION  line 31 a[0] == 4
XPASS: gcc.dg/guality/pr54970.c  -Og -DPREVENT_OPTIMIZATION  line 36 a[0] == 4
XPASS: gcc.dg/guality/pr54970.c  -Og -DPREVENT_OPTIMIZATION  line 45 a[0] == 4
XPASS: gcc.dg/guality/pr54970.c  -Og -DPREVENT_OPTIMIZATION  line 45 p[-2] == 4
XPASS: gcc.dg/guality/pr54970.c  -Og -DPREVENT_OPTIMIZATION  line 45 q[-1] == 4
FAIL: gcc.dg/guality/pr68860-1.c   -O2  -DPREVENT_OPTIMIZATION  line 16 y == 2
FAIL: gcc.dg/guality/pr68860-1.c   -O2 -flto -fno-use-linker-plugin -flto-partition=none  -DPREVENT_OPTIMIZATION line 16 y == 2
FAIL: gcc.dg/guality/pr68860-1.c   -O2 -flto -fuse-linker-plugin -fno-fat-lto-objects  -DPREVENT_OPTIMIZATION line 16 y == 2
FAIL: gcc.dg/guality/pr68860-1.c   -O3 -g  -DPREVENT_OPTIMIZATION  line 16 y == 2
FAIL: gcc.dg/guality/pr68860-1.c   -Os  -DPREVENT_OPTIMIZATION  line 16 y == 2
FAIL: gcc.dg/guality/pr68860-2.c   -O2 -flto -fuse-linker-plugin -fno-fat-lto-objects  -DPREVENT_OPTIMIZATION line 16 y == 2
FAIL: gcc.dg/guality/pr68860-2.c   -O3 -g  -DPREVENT_OPTIMIZATION  line 16 y == 2
FAIL: gcc.dg/guality/pr90074.c   -O2 -flto -fuse-linker-plugin -fno-fat-lto-objects  -DPREVENT_OPTIMIZATION line 28 c + 1 == 2
FAIL: gcc.dg/guality/pr90074.c   -O2 -flto -fuse-linker-plugin -fno-fat-lto-objects  -DPREVENT_OPTIMIZATION line 28 i + 1 == 8
FAIL: gcc.dg/guality/pr90716.c   -O2 -flto -fuse-linker-plugin -fno-fat-lto-objects  -DPREVENT_OPTIMIZATION line 23 j + 1 == 9
FAIL: gcc.dg/guality/sra-1.c   -O2 -flto -fuse-linker-plugin -fno-fat-lto-objects  -DPREVENT_OPTIMIZATION line 32 a[0] == 4
FAIL: gcc.dg/guality/sra-1.c   -O2 -flto -fuse-linker-plugin -fno-fat-lto-objects  -DPREVENT_OPTIMIZATION line 32 a[1] == 14
FAIL: gcc.dg/guality/sra-1.c  -Og -DPREVENT_OPTIMIZATION  line 32 a[0] == 4
FAIL: gcc.dg/guality/sra-1.c  -Og -DPREVENT_OPTIMIZATION  line 32 a[1] == 14
FAIL: gcc.dg/guality/vla-2.c   -O2 -flto -fuse-linker-plugin -fno-fat-lto-objects  -DPREVENT_OPTIMIZATION line 25 sizeof (a) == 6 * sizeof (int)
FAIL: gcc.dg/guality/zero-length-array.c   -O0  line 18 type:zla == struct { int foo; int bar[0]; }
FAIL: gcc.dg/guality/zero-length-array.c   -O0  line 19 type:fam == struct { int foo; int bar[]; }
FAIL: gcc.dg/guality/zero-length-array.c   -O1  -DPREVENT_OPTIMIZATION  line 18 type:zla == struct { int foo; int bar[0]; }
FAIL: gcc.dg/guality/zero-length-array.c   -O1  -DPREVENT_OPTIMIZATION  line 19 type:fam == struct { int foo; int bar[]; }
FAIL: gcc.dg/guality/zero-length-array.c   -O2  -DPREVENT_OPTIMIZATION  line 18 type:zla == struct { int foo; int bar[0]; }
FAIL: gcc.dg/guality/zero-length-array.c   -O2  -DPREVENT_OPTIMIZATION  line 19 type:fam == struct { int foo; int bar[]; }
FAIL: gcc.dg/guality/zero-length-array.c   -O2 -flto -fno-use-linker-plugin -flto-partition=none  -DPREVENT_OPTIMIZATION line 18 type:zla == struct { int foo; int bar[0]; }
FAIL: gcc.dg/guality/zero-length-array.c   -O2 -flto -fno-use-linker-plugin -flto-partition=none  -DPREVENT_OPTIMIZATION line 19 type:fam == struct { int foo; int bar[]; }
FAIL: gcc.dg/guality/zero-length-array.c   -O2 -flto -fuse-linker-plugin -fno-fat-lto-objects  -DPREVENT_OPTIMIZATION line 18 type:zla == struct { int foo; int bar[0]; }
FAIL: gcc.dg/guality/zero-length-array.c   -O2 -flto -fuse-linker-plugin -fno-fat-lto-objects  -DPREVENT_OPTIMIZATION line 19 type:fam == struct { int foo; int bar[]; }
FAIL: gcc.dg/guality/zero-length-array.c   -O3 -g  -DPREVENT_OPTIMIZATION  line 18 type:zla == struct { int foo; int bar[0]; }
FAIL: gcc.dg/guality/zero-length-array.c   -O3 -g  -DPREVENT_OPTIMIZATION  line 19 type:fam == struct { int foo; int bar[]; }
FAIL: gcc.dg/guality/zero-length-array.c   -Os  -DPREVENT_OPTIMIZATION  line 18 type:zla == struct { int foo; int bar[0]; }
FAIL: gcc.dg/guality/zero-length-array.c   -Os  -DPREVENT_OPTIMIZATION  line 19 type:fam == struct { int foo; int bar[]; }
FAIL: gcc.dg/guality/zero-length-array.c  -Og -DPREVENT_OPTIMIZATION  line 18 type:zla == struct { int foo; int bar[0]; }
FAIL: gcc.dg/guality/zero-length-array.c  -Og -DPREVENT_OPTIMIZATION  line 19 type:fam == struct { int foo; int bar[]; }
FAIL: gcc.dg/plugin/diagnostic-test-expressions-1.c -fplugin=./diagnostic_plugin_test_tree_expression_range.so  1 blank line(s) in output
FAIL: gcc.dg/plugin/diagnostic-test-expressions-1.c -fplugin=./diagnostic_plugin_test_tree_expression_range.so  expected multiline pattern lines 550-551 not found: "                            __builtin_types_compatible_p \\(long, int\\) \\+ f \\(i\\)\\);.*\\n                            ~~~~~~~~~~~~~~~~~~~~~~~~~~~~~~~~~~~~~~~~~\\^~~~~~~\\n"
FAIL: gcc.dg/plugin/diagnostic-test-expressions-1.c -fplugin=./diagnostic_plugin_test_tree_expression_range.so (test for excess errors)
FAIL: gcc.dg/torture/pr52451.c   -O0  execution test
FAIL: gcc.dg/torture/pr52451.c   -O1  execution test
FAIL: gcc.dg/torture/pr52451.c   -O2  execution test
FAIL: gcc.dg/torture/pr52451.c   -O2 -flto -fno-use-linker-plugin -flto-partition=none  execution test
FAIL: gcc.dg/torture/pr52451.c   -O2 -flto -fuse-linker-plugin -fno-fat-lto-objects  execution test
FAIL: gcc.dg/torture/pr52451.c   -O3 -g  execution test
FAIL: gcc.dg/torture/pr52451.c   -Os  execution test
FAIL: gcc.dg/torture/pr91323.c   -O0  execution test
FAIL: gcc.dg/torture/pr91323.c   -O1  execution test
FAIL: gcc.dg/torture/pr91323.c   -O2  execution test
FAIL: gcc.dg/torture/pr91323.c   -O2 -flto -fno-use-linker-plugin -flto-partition=none  execution test
FAIL: gcc.dg/torture/pr91323.c   -O2 -flto -fuse-linker-plugin -fno-fat-lto-objects  execution test
FAIL: gcc.dg/torture/pr91323.c   -O3 -g  execution test
FAIL: gcc.dg/torture/pr91323.c   -Os  execution test
XPASS: gcc.dg/tree-ssa/ssa-dom-cse-2.c scan-tree-dump optimized "return 28;"
FAIL: c-c++-common/tsan/race_on_mutex.c   -O0  output pattern test
FAIL: c-c++-common/tsan/race_on_mutex.c   -O2  output pattern test
FAIL: gcc.dg/vect/costmodel/ppc/costmodel-vect-31a.c scan-tree-dump-times vect "not vectorized: unsupported unaligned store" 1
FAIL: gcc.dg/vect/costmodel/ppc/costmodel-vect-76b.c scan-tree-dump-times vect "vectorization not profitable" 1
FAIL: gcc.dg/vect/costmodel/ppc/costmodel-vect-76b.c scan-tree-dump-times vect "vectorized 1 loops" 0
FAIL: gcc.dg/vect/bb-slp-pr95866.c -flto -ffat-lto-objects  scan-tree-dump slp2 "BIT_FIELD_REF"
FAIL: gcc.dg/vect/bb-slp-pr95866.c scan-tree-dump slp2 "BIT_FIELD_REF"
FAIL: gcc.dg/vect/no-tree-sra-bb-slp-pr50730.c scan-tree-dump-times slp2 "optimized: basic block" 1
FAIL: gcc.dg/vect/no-vfa-vect-depend-2.c scan-tree-dump-times vect "vectorized 1 loops" 1
FAIL: gcc.dg/vect/no-vfa-vect-depend-3.c scan-tree-dump-times vect "vectorized 1 loops" 4
FAIL: gcc.dg/vect/pr97428.c -flto -ffat-lto-objects  scan-tree-dump vect "Detected interleaving load of size 8"
FAIL: gcc.dg/vect/pr97428.c -flto -ffat-lto-objects  scan-tree-dump vect "Detected interleaving store of size 16"
FAIL: gcc.dg/vect/pr97428.c -flto -ffat-lto-objects  scan-tree-dump-times vect "vectorizing stmts using SLP" 2
FAIL: gcc.dg/vect/pr97428.c scan-tree-dump vect "Detected interleaving load of size 8"
FAIL: gcc.dg/vect/pr97428.c scan-tree-dump vect "Detected interleaving store of size 16"
FAIL: gcc.dg/vect/pr97428.c scan-tree-dump-times vect "vectorizing stmts using SLP" 2
FAIL: gcc.dg/vect/section-anchors-vect-69.c scan-tree-dump-times vect "vectorized 4 loops" 1
FAIL: gcc.dg/vect/slp-11b.c -flto -ffat-lto-objects  scan-tree-dump-times vect "vectorizing stmts using SLP" 0
FAIL: gcc.dg/vect/slp-11b.c scan-tree-dump-times vect "vectorizing stmts using SLP" 0
FAIL: gcc.dg/vect/slp-21.c -flto -ffat-lto-objects  scan-tree-dump-times vect "vectorizing stmts using SLP" 2
FAIL: gcc.dg/vect/slp-21.c scan-tree-dump-times vect "vectorizing stmts using SLP" 2
FAIL: gcc.dg/vect/slp-43.c -flto -ffat-lto-objects  scan-tree-dump-times vect "vectorized 1 loops" 2
FAIL: gcc.dg/vect/slp-43.c scan-tree-dump-times vect "vectorized 1 loops" 2
FAIL: gcc.dg/vect/slp-48.c -flto -ffat-lto-objects  scan-tree-dump-times vect "vectorizing stmts using SLP" 2
FAIL: gcc.dg/vect/slp-48.c scan-tree-dump-times vect "vectorizing stmts using SLP" 2
FAIL: gcc.dg/vect/slp-reduc-3.c -flto -ffat-lto-objects  scan-tree-dump-times vect "VEC_PERM_EXPR" 0
FAIL: gcc.dg/vect/slp-reduc-3.c scan-tree-dump-times vect "VEC_PERM_EXPR" 0
FAIL: gcc.dg/vect/vect-31.c -flto -ffat-lto-objects  scan-tree-dump-times vect "vectorized 4 loops" 1
FAIL: gcc.dg/vect/vect-31.c scan-tree-dump-times vect "vectorized 4 loops" 1
FAIL: gcc.dg/vect/vect-44.c -flto -ffat-lto-objects  scan-tree-dump-times vect "Vectorizing an unaligned access" 3
FAIL: gcc.dg/vect/vect-44.c scan-tree-dump-times vect "Vectorizing an unaligned access" 3
FAIL: gcc.dg/vect/vect-50.c -flto -ffat-lto-objects  scan-tree-dump-times vect "Vectorizing an unaligned access" 3
FAIL: gcc.dg/vect/vect-50.c scan-tree-dump-times vect "Vectorizing an unaligned access" 3
FAIL: gcc.dg/vect/vect-82.c -flto -ffat-lto-objects  scan-tree-dump-times vect "vectorized 1 loops" 1
FAIL: gcc.dg/vect/vect-82.c scan-tree-dump-times vect "vectorized 1 loops" 1
FAIL: gcc.dg/vect/vect-82_64.c -flto -ffat-lto-objects  scan-tree-dump-times vect "vectorized 1 loops" 1
FAIL: gcc.dg/vect/vect-82_64.c scan-tree-dump-times vect "vectorized 1 loops" 1
FAIL: gcc.dg/vect/vect-83.c -flto -ffat-lto-objects  scan-tree-dump-times vect "vectorized 1 loops" 1
FAIL: gcc.dg/vect/vect-83.c scan-tree-dump-times vect "vectorized 1 loops" 1
FAIL: gcc.dg/vect/vect-83_64.c -flto -ffat-lto-objects  scan-tree-dump-times vect "vectorized 1 loops" 1
FAIL: gcc.dg/vect/vect-83_64.c scan-tree-dump-times vect "vectorized 1 loops" 1
FAIL: gcc.dg/vect/vect-93.c -flto -ffat-lto-objects  scan-tree-dump-times vect "vectorized 2 loops" 2
FAIL: gcc.dg/vect/vect-93.c scan-tree-dump-times vect "vectorized 2 loops" 2
FAIL: gcc.dg/vect/vect-alias-check-18.c -flto -ffat-lto-objects  scan-tree-dump vect "using an index-based WAR/WAW test"
FAIL: gcc.dg/vect/vect-alias-check-18.c scan-tree-dump vect "using an index-based WAR/WAW test"
FAIL: gcc.dg/vect/vect-complex-5.c -flto -ffat-lto-objects  scan-tree-dump-times vect "vectorizing stmts using SLP" 2
FAIL: gcc.dg/vect/vect-complex-5.c scan-tree-dump-times vect "vectorizing stmts using SLP" 2
FAIL: gcc.dg/vect/vect-cost-model-1.c -flto -ffat-lto-objects  scan-tree-dump vect "LOOP VECTORIZED"
FAIL: gcc.dg/vect/vect-cost-model-1.c scan-tree-dump vect "LOOP VECTORIZED"
FAIL: gcc.dg/vect/vect-cost-model-3.c -flto -ffat-lto-objects  scan-tree-dump vect "LOOP VECTORIZED"
FAIL: gcc.dg/vect/vect-cost-model-3.c scan-tree-dump vect "LOOP VECTORIZED"
FAIL: gcc.dg/vect/vect-cost-model-5.c -flto -ffat-lto-objects  scan-tree-dump vect "LOOP VECTORIZED"
FAIL: gcc.dg/vect/vect-cost-model-5.c scan-tree-dump vect "LOOP VECTORIZED"
FAIL: gcc.dg/vect/vect-strided-a-u8-i2-gap.c -flto -ffat-lto-objects  scan-tree-dump-times vect "vectorized 1 loops" 1
FAIL: gcc.dg/vect/vect-strided-a-u8-i2-gap.c scan-tree-dump-times vect "vectorized 1 loops" 1
FAIL: gcc.dg/vmx/extract-vsx.c   -O0  execution test
FAIL: gcc.dg/vmx/insert-vsx.c   -O0  execution test
FAIL: gcc.dg/vmx/ld-vsx.c   -O0  execution test
FAIL: gcc.dg/vmx/ld-vsx.c   -O1  execution test
FAIL: gcc.dg/vmx/ld-vsx.c   -O2  execution test
FAIL: gcc.dg/vmx/ld-vsx.c   -O2 -flto -fno-use-linker-plugin -flto-partition=none  execution test
FAIL: gcc.dg/vmx/ld-vsx.c   -O2 -flto -fuse-linker-plugin -fno-fat-lto-objects  execution test
FAIL: gcc.dg/vmx/ld-vsx.c   -O3 -fomit-frame-pointer -funroll-loops -fpeel-loops -ftracer -finline-functions  execution test
FAIL: gcc.dg/vmx/ld-vsx.c   -O3 -g  execution test
FAIL: gcc.dg/vmx/ld-vsx.c   -Os  execution test
FAIL: gcc.dg/vmx/ldl-vsx.c   -O0  execution test
FAIL: gcc.dg/vmx/ldl-vsx.c   -O1  execution test
FAIL: gcc.dg/vmx/ldl-vsx.c   -O2  execution test
FAIL: gcc.dg/vmx/ldl-vsx.c   -O2 -flto -fno-use-linker-plugin -flto-partition=none  execution test
FAIL: gcc.dg/vmx/ldl-vsx.c   -O2 -flto -fuse-linker-plugin -fno-fat-lto-objects  execution test
FAIL: gcc.dg/vmx/ldl-vsx.c   -O3 -fomit-frame-pointer -funroll-loops -fpeel-loops -ftracer -finline-functions  execution test
FAIL: gcc.dg/vmx/ldl-vsx.c   -O3 -g  execution test
FAIL: gcc.dg/vmx/ldl-vsx.c   -Os  execution test
FAIL: gcc.dg/vmx/merge-vsx.c   -O0  execution test
FAIL: gcc.dg/vmx/merge-vsx.c   -O1  execution test
FAIL: gcc.dg/vmx/merge-vsx.c   -O2  execution test
FAIL: gcc.dg/vmx/merge-vsx.c   -O2 -flto -fno-use-linker-plugin -flto-partition=none  execution test
FAIL: gcc.dg/vmx/merge-vsx.c   -O2 -flto -fuse-linker-plugin -fno-fat-lto-objects  execution test
FAIL: gcc.dg/vmx/merge-vsx.c   -O3 -g  execution test
FAIL: gcc.dg/vmx/merge-vsx.c   -Os  execution test
FAIL: gcc.dg/vmx/splat-vsx.c   -O0  execution test
FAIL: gcc.dg/vmx/splat-vsx.c   -O1  execution test
FAIL: gcc.dg/vmx/splat-vsx.c   -O2  execution test
FAIL: gcc.dg/vmx/splat-vsx.c   -O2 -flto -fno-use-linker-plugin -flto-partition=none  execution test
FAIL: gcc.dg/vmx/splat-vsx.c   -O2 -flto -fuse-linker-plugin -fno-fat-lto-objects  execution test
FAIL: gcc.dg/vmx/splat-vsx.c   -O3 -g  execution test
FAIL: gcc.dg/vmx/splat-vsx.c   -Os  execution test
FAIL: gcc.dg/vmx/st-vsx.c   -O0  execution test
FAIL: gcc.dg/vmx/st-vsx.c   -O1  execution test
FAIL: gcc.dg/vmx/st-vsx.c   -O2  execution test
FAIL: gcc.dg/vmx/st-vsx.c   -O2 -flto -fno-use-linker-plugin -flto-partition=none  execution test
FAIL: gcc.dg/vmx/st-vsx.c   -O2 -flto -fuse-linker-plugin -fno-fat-lto-objects  execution test
FAIL: gcc.dg/vmx/st-vsx.c   -O3 -fomit-frame-pointer -funroll-loops -fpeel-loops -ftracer -finline-functions  execution test
FAIL: gcc.dg/vmx/st-vsx.c   -O3 -g  execution test
FAIL: gcc.dg/vmx/st-vsx.c   -Os  execution test
FAIL: gcc.dg/vmx/stl-vsx.c   -O0  execution test
FAIL: gcc.dg/vmx/stl-vsx.c   -O1  execution test
FAIL: gcc.dg/vmx/stl-vsx.c   -O2  execution test
FAIL: gcc.dg/vmx/stl-vsx.c   -O2 -flto -fno-use-linker-plugin -flto-partition=none  execution test
FAIL: gcc.dg/vmx/stl-vsx.c   -O2 -flto -fuse-linker-plugin -fno-fat-lto-objects  execution test
FAIL: gcc.dg/vmx/stl-vsx.c   -O3 -fomit-frame-pointer -funroll-loops -fpeel-loops -ftracer -finline-functions  execution test
FAIL: gcc.dg/vmx/stl-vsx.c   -O3 -g  execution test
FAIL: gcc.dg/vmx/stl-vsx.c   -Os  execution test
FAIL: gcc.target/powerpc/20050603-3.c scan-assembler-not \\\\mrldic
FAIL: gcc.target/powerpc/pr17381.c scan-assembler-times fmr 1
FAIL: gcc.target/powerpc/pr92488.c execution test
FAIL: gcc.target/powerpc/rlwimi-2.c scan-assembler-times (?n)^\\\\s+[a-z] 20217
FAIL: gcc.target/powerpc/swaps-p8-20.c execution test
FAIL: gcc.target/powerpc/test_fpscr_rn_builtin.c execution test
FAIL: gcc.target/powerpc/vec-cmpne.c execution test
FAIL: gcc.target/powerpc/vec-mul.c execution test
FAIL: gcc.target/powerpc/vsx-vector-5.c execution test

		=== gcc Summary for unix/-m64 ===

# of expected passes		145062
# of unexpected failures	377
# of unexpected successes	37
# of expected failures		905
# of unsupported tests		3913

		=== gcc Summary ===

# of expected passes		284913
# of unexpected failures	683
# of unexpected successes	75
# of expected failures		1801
# of unsupported tests		8292
/daten/gcc/gcc-20201201/Build/gcc/xgcc  version 11.0.0 20201201 (experimental) [HEAD revision 69157fe75823] (GCC) 

		=== gdc tests ===


Running target unix/-m32

		=== gdc Summary for unix/-m32 ===

# of expected passes		9023
# of unsupported tests		704

Running target unix/-m64
UNRESOLVED: gdc.test/runnable/traits_getPointerBitmap.d   compilation failed to produce executable
UNRESOLVED: gdc.test/runnable/traits_getPointerBitmap.d -shared-libphobos   compilation failed to produce executable

		=== gdc Summary for unix/-m64 ===

# of expected passes		9021
# of unresolved testcases	2
# of unsupported tests		704

		=== gdc Summary ===

# of expected passes		18044
# of unresolved testcases	2
# of unsupported tests		1408
/daten/gcc/gcc-20201201/Build/gcc/gdc  version 11.0.0 20201201 (experimental) [HEAD revision 69157fe75823] (GCC) 

		=== gfortran tests ===


Running target unix/-m32
FAIL: gfortran.dg/ieee/large_2.f90   -O0  execution test
FAIL: gfortran.dg/ieee/large_2.f90   -O1  execution test
FAIL: gfortran.dg/ieee/large_2.f90   -O2  execution test
FAIL: gfortran.dg/ieee/large_2.f90   -O3 -fomit-frame-pointer -funroll-loops -fpeel-loops -ftracer -finline-functions  execution test
FAIL: gfortran.dg/ieee/large_2.f90   -O3 -g  execution test
FAIL: gfortran.dg/ieee/large_2.f90   -Os  execution test
FAIL: gfortran.dg/vect/pr32380.f   -O   scan-tree-dump-times vect "vectorized 1 loops" 1
FAIL: gfortran.dg/vect/pr48329.f90   -O   scan-tree-dump-times vect "vectorized 1 loops" 1
FAIL: gfortran.dg/vect/pr62283-2.f   -O   scan-tree-dump slp2 "optimized: basic block"

		=== gfortran Summary for unix/-m32 ===

# of expected passes		55395
# of unexpected failures	9
# of expected failures		252
# of unsupported tests		263

Running target unix/-m64
UNRESOLVED: gfortran.dg/pr96711.f90   -O0   scan-tree-dump-times original "_gfortran_stop_numeric" 2
FAIL: gfortran.dg/pr96711.f90   -O0  (internal compiler error)
FAIL: gfortran.dg/pr96711.f90   -O0  (test for excess errors)
UNRESOLVED: gfortran.dg/pr96711.f90   -O0  compilation failed to produce executable
UNRESOLVED: gfortran.dg/pr96711.f90   -O1   scan-tree-dump-times original "_gfortran_stop_numeric" 2
FAIL: gfortran.dg/pr96711.f90   -O1  (internal compiler error)
FAIL: gfortran.dg/pr96711.f90   -O1  (test for excess errors)
UNRESOLVED: gfortran.dg/pr96711.f90   -O1  compilation failed to produce executable
UNRESOLVED: gfortran.dg/pr96711.f90   -O2   scan-tree-dump-times original "_gfortran_stop_numeric" 2
FAIL: gfortran.dg/pr96711.f90   -O2  (internal compiler error)
FAIL: gfortran.dg/pr96711.f90   -O2  (test for excess errors)
UNRESOLVED: gfortran.dg/pr96711.f90   -O2  compilation failed to produce executable
UNRESOLVED: gfortran.dg/pr96711.f90   -O3 -fomit-frame-pointer -funroll-loops -fpeel-loops -ftracer -finline-functions   scan-tree-dump-times original "_gfortran_stop_numeric" 2
FAIL: gfortran.dg/pr96711.f90   -O3 -fomit-frame-pointer -funroll-loops -fpeel-loops -ftracer -finline-functions  (internal compiler error)
FAIL: gfortran.dg/pr96711.f90   -O3 -fomit-frame-pointer -funroll-loops -fpeel-loops -ftracer -finline-functions  (test for excess errors)
UNRESOLVED: gfortran.dg/pr96711.f90   -O3 -fomit-frame-pointer -funroll-loops -fpeel-loops -ftracer -finline-functions  compilation failed to produce executable
UNRESOLVED: gfortran.dg/pr96711.f90   -O3 -g   scan-tree-dump-times original "_gfortran_stop_numeric" 2
FAIL: gfortran.dg/pr96711.f90   -O3 -g  (internal compiler error)
FAIL: gfortran.dg/pr96711.f90   -O3 -g  (test for excess errors)
UNRESOLVED: gfortran.dg/pr96711.f90   -O3 -g  compilation failed to produce executable
UNRESOLVED: gfortran.dg/pr96711.f90   -Os   scan-tree-dump-times original "_gfortran_stop_numeric" 2
FAIL: gfortran.dg/pr96711.f90   -Os  (internal compiler error)
FAIL: gfortran.dg/pr96711.f90   -Os  (test for excess errors)
UNRESOLVED: gfortran.dg/pr96711.f90   -Os  compilation failed to produce executable
FAIL: gfortran.dg/ieee/large_2.f90   -O0  execution test
FAIL: gfortran.dg/ieee/large_2.f90   -O1  execution test
FAIL: gfortran.dg/ieee/large_2.f90   -O2  execution test
FAIL: gfortran.dg/ieee/large_2.f90   -O3 -fomit-frame-pointer -funroll-loops -fpeel-loops -ftracer -finline-functions  execution test
FAIL: gfortran.dg/ieee/large_2.f90   -O3 -g  execution test
FAIL: gfortran.dg/ieee/large_2.f90   -Os  execution test
FAIL: gfortran.dg/vect/pr32380.f   -O   scan-tree-dump-times vect "vectorized 1 loops" 1
FAIL: gfortran.dg/vect/pr48329.f90   -O   scan-tree-dump-times vect "vectorized 1 loops" 1
FAIL: gfortran.dg/vect/pr62283-2.f   -O   scan-tree-dump slp2 "optimized: basic block"

		=== gfortran Summary for unix/-m64 ===

# of expected passes		55668
# of unexpected failures	21
# of expected failures		250
# of unresolved testcases	12
# of unsupported tests		130

		=== gfortran Summary ===

# of expected passes		111063
# of unexpected failures	30
# of expected failures		502
# of unresolved testcases	12
# of unsupported tests		393
/daten/gcc/gcc-20201201/Build/gcc/gfortran  version 11.0.0 20201201 (experimental) [HEAD revision 69157fe75823] (GCC) 

		=== gnat tests ===


Running target unix/-m32
FAIL: gnat.dg/opt39.adb scan-tree-dump-not optimized "tmp"
FAIL: gnat.dg/opt86a.adb scan-tree-dump-times optimized ">>" 4

		=== gnat Summary for unix/-m32 ===

# of expected passes		3313
# of unexpected failures	2
# of expected failures		23
# of unsupported tests		22

Running target unix/-m64
FAIL: gnat.dg/derived_type3.adb (test for excess errors)
UNRESOLVED: gnat.dg/derived_type3.adb compilation failed to produce executable
FAIL: gnat.dg/invalid1.adb (test for excess errors)
UNRESOLVED: gnat.dg/invalid1.adb compilation failed to produce executable
FAIL: gnat.dg/opt39.adb scan-tree-dump-not optimized "tmp"
FAIL: gnat.dg/opt86a.adb scan-tree-dump-times optimized ">>" 4
FAIL: gnat.dg/sso16.adb (test for excess errors)
UNRESOLVED: gnat.dg/sso16.adb compilation failed to produce executable
FAIL: gnat.dg/validity_check.adb (test for excess errors)
UNRESOLVED: gnat.dg/validity_check.adb compilation failed to produce executable

		=== gnat Summary for unix/-m64 ===

# of expected passes		3303
# of unexpected failures	6
# of expected failures		23
# of unresolved testcases	4
# of unsupported tests		22

		=== gnat Summary ===

# of expected passes		6616
# of unexpected failures	8
# of expected failures		46
# of unresolved testcases	4
# of unsupported tests		44
/daten/gcc/gcc-20201201/Build/gcc/gnatmake version 11.0.0 20201201 (experimental) [HEAD revision 69157fe75823]

		=== go tests ===


Running target unix/-m32
FAIL: ./index0-out.go execution,  -O0 -g -fno-var-tracking-assignments 
FAIL: go.test/test/ken/cplx2.go execution,  -O2 -g 
FAIL: issue4458.go   -O   (test for errors, line 19)
FAIL: issue4458.go   -O  (test for excess errors)

		=== go Summary for unix/-m32 ===

# of expected passes		7445
# of unexpected failures	4
# of expected failures		1
# of untested testcases		11
# of unsupported tests		3

Running target unix/-m64
FAIL: ./index0-out.go execution,  -O0 -g -fno-var-tracking-assignments 
FAIL: go.test/test/ken/cplx2.go execution,  -O2 -g 
FAIL: go.test/test/nilptr2.go execution,  -O2 -g 
FAIL: issue4458.go   -O   (test for errors, line 19)
FAIL: issue4458.go   -O  (test for excess errors)

		=== go Summary for unix/-m64 ===

# of expected passes		7332
# of unexpected failures	5
# of expected failures		1
# of untested testcases		7
# of unsupported tests		3

		=== go Summary ===

# of expected passes		14777
# of unexpected failures	9
# of expected failures		2
# of untested testcases		18
# of unsupported tests		6
/daten/gcc/gcc-20201201/Build/gcc/gccgo  version 11.0.0 20201201 (experimental) [HEAD revision 69157fe75823] (GCC) 

		=== objc tests ===


Running target unix/-m32

		=== objc Summary for unix/-m32 ===

# of expected passes		2825
# of unsupported tests		68

Running target unix/-m64

		=== objc Summary for unix/-m64 ===

# of expected passes		2825
# of unsupported tests		68

		=== objc Summary ===

# of expected passes		5650
# of unsupported tests		136
/daten/gcc/gcc-20201201/Build/gcc/xgcc  version 11.0.0 20201201 (experimental) [HEAD revision 69157fe75823] (GCC) 

		=== gotools tests ===


		=== gotools Summary ===
# of expected passes		377
# of untested testcases		122
/daten/gcc/gcc-20201201/Build/./gcc/gccgo version 11.0.0 20201201 (experimental) [HEAD revision 69157fe75823] (GCC)

		=== libatomic tests ===


Running target unix/-m32

		=== libatomic Summary for unix/-m32 ===

# of expected passes		44
# of unsupported tests		5

Running target unix/-m64

		=== libatomic Summary for unix/-m64 ===

# of expected passes		54

		=== libatomic Summary ===

# of expected passes		98
# of unsupported tests		5
		=== libffi tests ===


Running target unix/-m32

		=== libffi Summary for unix/-m32 ===

# of expected passes		1934
# of unsupported tests		28

Running target unix/-m64

		=== libffi Summary for unix/-m64 ===

# of expected passes		1934
# of unsupported tests		28

		=== libffi Summary ===

# of expected passes		3868
# of unsupported tests		56
		=== libgo tests ===


Running target unix

		=== libgo Summary for unix ===

# of expected passes		176

Running target unix/-m32
FAIL: crypto/ed25519
FAIL: crypto/tls
FAIL: crypto/x509
FAIL: runtime
FAIL: runtime/pprof
FAIL: sync/atomic

		=== libgo Summary for unix/-m32 ===

# of expected passes		170
# of unexpected failures	6

		=== libgo Summary ===

# of expected passes		346
# of unexpected failures	6
/daten/gcc/gcc-20201201/Build/./gcc/gccgo version 11.0.0 20201201 (experimental) [HEAD revision 69157fe75823] (GCC)

		=== libgomp tests ===


Running target unix/-m32

		=== libgomp Summary for unix/-m32 ===

# of expected passes		8011
# of expected failures		6
# of unsupported tests		610

Running target unix/-m64
FAIL: libgomp.fortran/alloc-2.F90   -O  execution test

		=== libgomp Summary for unix/-m64 ===

# of expected passes		8010
# of unexpected failures	1
# of expected failures		6
# of unsupported tests		610

		=== libgomp Summary ===

# of expected passes		16021
# of unexpected failures	1
# of expected failures		12
# of unsupported tests		1220
		=== libitm tests ===


Running target unix/-m32

		=== libitm Summary for unix/-m32 ===

# of expected passes		42
# of expected failures		3
# of unsupported tests		1

Running target unix/-m64

		=== libitm Summary for unix/-m64 ===

# of expected passes		42
# of expected failures		3
# of unsupported tests		1

		=== libitm Summary ===

# of expected passes		84
# of expected failures		6
# of unsupported tests		2
		=== libphobos tests ===


Running target unix/-m32

		=== libphobos Summary for unix/-m32 ===

# of expected passes		296

Running target unix/-m64
FAIL: libphobos.shared/finalize.d -shared-libphobos -ldl execution test

		=== libphobos Summary for unix/-m64 ===

# of expected passes		295
# of unexpected failures	1

		=== libphobos Summary ===

# of expected passes		591
# of unexpected failures	1
		=== libstdc++ tests ===


Running target unix/-m32
FAIL: 29_atomics/atomic_float/wait_notify.cc (test for excess errors)
UNRESOLVED: 29_atomics/atomic_float/wait_notify.cc compilation failed to produce executable
FAIL: 29_atomics/atomic_integral/wait_notify.cc (test for excess errors)
UNRESOLVED: 29_atomics/atomic_integral/wait_notify.cc compilation failed to produce executable
FAIL: 29_atomics/atomic_ref/wait_notify.cc (test for excess errors)
UNRESOLVED: 29_atomics/atomic_ref/wait_notify.cc compilation failed to produce executable
FAIL: libstdc++-prettyprinters/48362.cc print t2
FAIL: libstdc++-prettyprinters/48362.cc print t2
FAIL: libstdc++-prettyprinters/59161.cc print diter
FAIL: libstdc++-prettyprinters/59161.cc print diter
FAIL: libstdc++-prettyprinters/59161.cc print liter
FAIL: libstdc++-prettyprinters/59161.cc print liter
FAIL: libstdc++-prettyprinters/59161.cc print siter
FAIL: libstdc++-prettyprinters/59161.cc print siter
FAIL: libstdc++-prettyprinters/59161.cc print sliter
FAIL: libstdc++-prettyprinters/59161.cc print sliter
FAIL: libstdc++-prettyprinters/59161.cc print viter
FAIL: libstdc++-prettyprinters/59161.cc print viter
FAIL: libstdc++-prettyprinters/91997.cc print a
FAIL: libstdc++-prettyprinters/91997.cc print a
FAIL: libstdc++-prettyprinters/91997.cc print flit
FAIL: libstdc++-prettyprinters/91997.cc print flit
FAIL: libstdc++-prettyprinters/91997.cc print lit
FAIL: libstdc++-prettyprinters/91997.cc print lit
FAIL: libstdc++-prettyprinters/91997.cc print mit
FAIL: libstdc++-prettyprinters/91997.cc print mit
FAIL: libstdc++-prettyprinters/91997.cc print sit
FAIL: libstdc++-prettyprinters/91997.cc print sit
FAIL: libstdc++-prettyprinters/compat.cc print o
FAIL: libstdc++-prettyprinters/compat.cc print o
FAIL: libstdc++-prettyprinters/compat.cc print ob
FAIL: libstdc++-prettyprinters/compat.cc print ob
FAIL: libstdc++-prettyprinters/compat.cc print oi
FAIL: libstdc++-prettyprinters/compat.cc print oi
FAIL: libstdc++-prettyprinters/compat.cc print op
FAIL: libstdc++-prettyprinters/compat.cc print op
FAIL: libstdc++-prettyprinters/compat.cc print ruptr
FAIL: libstdc++-prettyprinters/compat.cc print ruptr
FAIL: libstdc++-prettyprinters/compat.cc print uptr
FAIL: libstdc++-prettyprinters/compat.cc print uptr
FAIL: libstdc++-prettyprinters/cxx11.cc print arrptr
FAIL: libstdc++-prettyprinters/cxx11.cc print arrptr
FAIL: libstdc++-prettyprinters/cxx11.cc print efl
FAIL: libstdc++-prettyprinters/cxx11.cc print efl
FAIL: libstdc++-prettyprinters/cxx11.cc print empty_ptr
FAIL: libstdc++-prettyprinters/cxx11.cc print empty_ptr
FAIL: libstdc++-prettyprinters/cxx11.cc print eum
FAIL: libstdc++-prettyprinters/cxx11.cc print eum
FAIL: libstdc++-prettyprinters/cxx11.cc print eumm
FAIL: libstdc++-prettyprinters/cxx11.cc print eumm
FAIL: libstdc++-prettyprinters/cxx11.cc print eums
FAIL: libstdc++-prettyprinters/cxx11.cc print eums
FAIL: libstdc++-prettyprinters/cxx11.cc print eus
FAIL: libstdc++-prettyprinters/cxx11.cc print eus
FAIL: libstdc++-prettyprinters/cxx11.cc print fl
FAIL: libstdc++-prettyprinters/cxx11.cc print fl
FAIL: libstdc++-prettyprinters/cxx11.cc print rarrptr
FAIL: libstdc++-prettyprinters/cxx11.cc print rarrptr
FAIL: libstdc++-prettyprinters/cxx11.cc print refl
FAIL: libstdc++-prettyprinters/cxx11.cc print refl
FAIL: libstdc++-prettyprinters/cxx11.cc print rempty_ptr
FAIL: libstdc++-prettyprinters/cxx11.cc print rempty_ptr
FAIL: libstdc++-prettyprinters/cxx11.cc print reum
FAIL: libstdc++-prettyprinters/cxx11.cc print reum
FAIL: libstdc++-prettyprinters/cxx11.cc print reumm
FAIL: libstdc++-prettyprinters/cxx11.cc print reumm
FAIL: libstdc++-prettyprinters/cxx11.cc print reums
FAIL: libstdc++-prettyprinters/cxx11.cc print reums
FAIL: libstdc++-prettyprinters/cxx11.cc print reus
FAIL: libstdc++-prettyprinters/cxx11.cc print reus
FAIL: libstdc++-prettyprinters/cxx11.cc print rfl
FAIL: libstdc++-prettyprinters/cxx11.cc print rfl
FAIL: libstdc++-prettyprinters/cxx11.cc print rtpl
FAIL: libstdc++-prettyprinters/cxx11.cc print rtpl
FAIL: libstdc++-prettyprinters/cxx11.cc print ruom
FAIL: libstdc++-prettyprinters/cxx11.cc print ruom
FAIL: libstdc++-prettyprinters/cxx11.cc print ruomm
FAIL: libstdc++-prettyprinters/cxx11.cc print ruomm
FAIL: libstdc++-prettyprinters/cxx11.cc print ruoms
FAIL: libstdc++-prettyprinters/cxx11.cc print ruoms
FAIL: libstdc++-prettyprinters/cxx11.cc print ruos
FAIL: libstdc++-prettyprinters/cxx11.cc print ruos
FAIL: libstdc++-prettyprinters/cxx11.cc print ruptr
FAIL: libstdc++-prettyprinters/cxx11.cc print ruptr
FAIL: libstdc++-prettyprinters/cxx11.cc print tpl
FAIL: libstdc++-prettyprinters/cxx11.cc print tpl
FAIL: libstdc++-prettyprinters/cxx11.cc print uom
FAIL: libstdc++-prettyprinters/cxx11.cc print uom
FAIL: libstdc++-prettyprinters/cxx11.cc print uomm
FAIL: libstdc++-prettyprinters/cxx11.cc print uomm
FAIL: libstdc++-prettyprinters/cxx11.cc print uoms
FAIL: libstdc++-prettyprinters/cxx11.cc print uoms
FAIL: libstdc++-prettyprinters/cxx11.cc print uos
FAIL: libstdc++-prettyprinters/cxx11.cc print uos
FAIL: libstdc++-prettyprinters/cxx11.cc print uptr
FAIL: libstdc++-prettyprinters/cxx11.cc print uptr
FAIL: libstdc++-prettyprinters/cxx17.cc print a
FAIL: libstdc++-prettyprinters/cxx17.cc print a
FAIL: libstdc++-prettyprinters/cxx17.cc print ab
FAIL: libstdc++-prettyprinters/cxx17.cc print ab
FAIL: libstdc++-prettyprinters/cxx17.cc print ai
FAIL: libstdc++-prettyprinters/cxx17.cc print ai
FAIL: libstdc++-prettyprinters/cxx17.cc print al
FAIL: libstdc++-prettyprinters/cxx17.cc print al
FAIL: libstdc++-prettyprinters/cxx17.cc print am
FAIL: libstdc++-prettyprinters/cxx17.cc print am
FAIL: libstdc++-prettyprinters/cxx17.cc print ap
FAIL: libstdc++-prettyprinters/cxx17.cc print ap
FAIL: libstdc++-prettyprinters/cxx17.cc print as
FAIL: libstdc++-prettyprinters/cxx17.cc print as
FAIL: libstdc++-prettyprinters/cxx17.cc print as2
FAIL: libstdc++-prettyprinters/cxx17.cc print as2
FAIL: libstdc++-prettyprinters/cxx17.cc print o
FAIL: libstdc++-prettyprinters/cxx17.cc print o
FAIL: libstdc++-prettyprinters/cxx17.cc print ob
FAIL: libstdc++-prettyprinters/cxx17.cc print ob
FAIL: libstdc++-prettyprinters/cxx17.cc print oi
FAIL: libstdc++-prettyprinters/cxx17.cc print oi
FAIL: libstdc++-prettyprinters/cxx17.cc print om
FAIL: libstdc++-prettyprinters/cxx17.cc print om
FAIL: libstdc++-prettyprinters/cxx17.cc print op
FAIL: libstdc++-prettyprinters/cxx17.cc print op
FAIL: libstdc++-prettyprinters/cxx17.cc print os
FAIL: libstdc++-prettyprinters/cxx17.cc print os
FAIL: libstdc++-prettyprinters/cxx17.cc print p
FAIL: libstdc++-prettyprinters/cxx17.cc print p
FAIL: libstdc++-prettyprinters/cxx17.cc print path0
FAIL: libstdc++-prettyprinters/cxx17.cc print path0
FAIL: libstdc++-prettyprinters/cxx17.cc print path1
FAIL: libstdc++-prettyprinters/cxx17.cc print path1
FAIL: libstdc++-prettyprinters/cxx17.cc print path2
FAIL: libstdc++-prettyprinters/cxx17.cc print path2
FAIL: libstdc++-prettyprinters/cxx17.cc print q
FAIL: libstdc++-prettyprinters/cxx17.cc print q
FAIL: libstdc++-prettyprinters/cxx17.cc print str
FAIL: libstdc++-prettyprinters/cxx17.cc print str
FAIL: libstdc++-prettyprinters/cxx17.cc print v0
FAIL: libstdc++-prettyprinters/cxx17.cc print v0
FAIL: libstdc++-prettyprinters/cxx17.cc print v1
FAIL: libstdc++-prettyprinters/cxx17.cc print v1
FAIL: libstdc++-prettyprinters/cxx17.cc print v2
FAIL: libstdc++-prettyprinters/cxx17.cc print v2
FAIL: libstdc++-prettyprinters/cxx17.cc print v3
FAIL: libstdc++-prettyprinters/cxx17.cc print v3
FAIL: libstdc++-prettyprinters/cxx17.cc print v4
FAIL: libstdc++-prettyprinters/cxx17.cc print v4
FAIL: libstdc++-prettyprinters/cxx17.cc print wp
FAIL: libstdc++-prettyprinters/cxx17.cc print wp
FAIL: libstdc++-prettyprinters/cxx17.cc print wq
FAIL: libstdc++-prettyprinters/cxx17.cc print wq
FAIL: libstdc++-prettyprinters/cxx20.cc print c1
FAIL: libstdc++-prettyprinters/cxx20.cc print c1
FAIL: libstdc++-prettyprinters/cxx20.cc print c10
FAIL: libstdc++-prettyprinters/cxx20.cc print c10
FAIL: libstdc++-prettyprinters/cxx20.cc print c2
FAIL: libstdc++-prettyprinters/cxx20.cc print c2
FAIL: libstdc++-prettyprinters/cxx20.cc print c3
FAIL: libstdc++-prettyprinters/cxx20.cc print c3
FAIL: libstdc++-prettyprinters/cxx20.cc print c4
FAIL: libstdc++-prettyprinters/cxx20.cc print c4
FAIL: libstdc++-prettyprinters/cxx20.cc print c5
FAIL: libstdc++-prettyprinters/cxx20.cc print c5
FAIL: libstdc++-prettyprinters/cxx20.cc print c6
FAIL: libstdc++-prettyprinters/cxx20.cc print c6
FAIL: libstdc++-prettyprinters/cxx20.cc print c7
FAIL: libstdc++-prettyprinters/cxx20.cc print c7
FAIL: libstdc++-prettyprinters/cxx20.cc print c8
FAIL: libstdc++-prettyprinters/cxx20.cc print c8
FAIL: libstdc++-prettyprinters/cxx20.cc print c9
FAIL: libstdc++-prettyprinters/cxx20.cc print c9
FAIL: libstdc++-prettyprinters/debug.cc print bs
FAIL: libstdc++-prettyprinters/debug.cc print bs
FAIL: libstdc++-prettyprinters/debug.cc print const_intset
FAIL: libstdc++-prettyprinters/debug.cc print const_intset
FAIL: libstdc++-prettyprinters/debug.cc print deq
FAIL: libstdc++-prettyprinters/debug.cc print deq
FAIL: libstdc++-prettyprinters/debug.cc print deqiter
FAIL: libstdc++-prettyprinters/debug.cc print deqiter
FAIL: libstdc++-prettyprinters/debug.cc print lst
FAIL: libstdc++-prettyprinters/debug.cc print lst
FAIL: libstdc++-prettyprinters/debug.cc print lstciter
FAIL: libstdc++-prettyprinters/debug.cc print lstciter
FAIL: libstdc++-prettyprinters/debug.cc print lstiter
FAIL: libstdc++-prettyprinters/debug.cc print lstiter
FAIL: libstdc++-prettyprinters/debug.cc print mp
FAIL: libstdc++-prettyprinters/debug.cc print mp
FAIL: libstdc++-prettyprinters/debug.cc print mpiter
FAIL: libstdc++-prettyprinters/debug.cc print mpiter
FAIL: libstdc++-prettyprinters/debug.cc print sll
FAIL: libstdc++-prettyprinters/debug.cc print sll
FAIL: libstdc++-prettyprinters/debug.cc print slliter
FAIL: libstdc++-prettyprinters/debug.cc print slliter
FAIL: libstdc++-prettyprinters/debug.cc print sp
FAIL: libstdc++-prettyprinters/debug.cc print sp
FAIL: libstdc++-prettyprinters/debug.cc print spciter
FAIL: libstdc++-prettyprinters/debug.cc print spciter
FAIL: libstdc++-prettyprinters/debug.cc print str
FAIL: libstdc++-prettyprinters/debug.cc print str
FAIL: libstdc++-prettyprinters/debug.cc print v
FAIL: libstdc++-prettyprinters/debug.cc print v
FAIL: libstdc++-prettyprinters/debug.cc print viter0
FAIL: libstdc++-prettyprinters/debug.cc print viter0
FAIL: libstdc++-prettyprinters/debug.cc print viter1
FAIL: libstdc++-prettyprinters/debug.cc print viter1
FAIL: libstdc++-prettyprinters/debug.cc print viter2
FAIL: libstdc++-prettyprinters/debug.cc print viter2
FAIL: libstdc++-prettyprinters/debug.cc print viter3
FAIL: libstdc++-prettyprinters/debug.cc print viter3
FAIL: libstdc++-prettyprinters/debug_cxx11.cc print *flstciter
FAIL: libstdc++-prettyprinters/debug_cxx11.cc print *flstciter
FAIL: libstdc++-prettyprinters/debug_cxx11.cc print *flstiter1
FAIL: libstdc++-prettyprinters/debug_cxx11.cc print *flstiter1
FAIL: libstdc++-prettyprinters/debug_cxx11.cc print *flstiter2
FAIL: libstdc++-prettyprinters/debug_cxx11.cc print *flstiter2
FAIL: libstdc++-prettyprinters/debug_cxx11.cc print flst
FAIL: libstdc++-prettyprinters/debug_cxx11.cc print flst
FAIL: libstdc++-prettyprinters/debug_cxx11.cc print flstiter0
FAIL: libstdc++-prettyprinters/debug_cxx11.cc print flstiter0
FAIL: libstdc++-prettyprinters/debug_cxx11.cc print um
FAIL: libstdc++-prettyprinters/debug_cxx11.cc print um
FAIL: libstdc++-prettyprinters/libfundts.cc print a
FAIL: libstdc++-prettyprinters/libfundts.cc print a
FAIL: libstdc++-prettyprinters/libfundts.cc print ab
FAIL: libstdc++-prettyprinters/libfundts.cc print ab
FAIL: libstdc++-prettyprinters/libfundts.cc print ai
FAIL: libstdc++-prettyprinters/libfundts.cc print ai
FAIL: libstdc++-prettyprinters/libfundts.cc print am
FAIL: libstdc++-prettyprinters/libfundts.cc print am
FAIL: libstdc++-prettyprinters/libfundts.cc print ap
FAIL: libstdc++-prettyprinters/libfundts.cc print ap
FAIL: libstdc++-prettyprinters/libfundts.cc print as
FAIL: libstdc++-prettyprinters/libfundts.cc print as
FAIL: libstdc++-prettyprinters/libfundts.cc print as2
FAIL: libstdc++-prettyprinters/libfundts.cc print as2
FAIL: libstdc++-prettyprinters/libfundts.cc print o
FAIL: libstdc++-prettyprinters/libfundts.cc print o
FAIL: libstdc++-prettyprinters/libfundts.cc print ob
FAIL: libstdc++-prettyprinters/libfundts.cc print ob
FAIL: libstdc++-prettyprinters/libfundts.cc print oi
FAIL: libstdc++-prettyprinters/libfundts.cc print oi
FAIL: libstdc++-prettyprinters/libfundts.cc print om
FAIL: libstdc++-prettyprinters/libfundts.cc print om
FAIL: libstdc++-prettyprinters/libfundts.cc print op
FAIL: libstdc++-prettyprinters/libfundts.cc print op
FAIL: libstdc++-prettyprinters/libfundts.cc print os
FAIL: libstdc++-prettyprinters/libfundts.cc print os
FAIL: libstdc++-prettyprinters/libfundts.cc print str
FAIL: libstdc++-prettyprinters/libfundts.cc print str
FAIL: libstdc++-prettyprinters/shared_ptr.cc print esp
FAIL: libstdc++-prettyprinters/shared_ptr.cc print esp
FAIL: libstdc++-prettyprinters/shared_ptr.cc print ewp1
FAIL: libstdc++-prettyprinters/shared_ptr.cc print ewp1
FAIL: libstdc++-prettyprinters/shared_ptr.cc print ewp2
FAIL: libstdc++-prettyprinters/shared_ptr.cc print ewp2
FAIL: libstdc++-prettyprinters/shared_ptr.cc print sp1
FAIL: libstdc++-prettyprinters/shared_ptr.cc print sp1
FAIL: libstdc++-prettyprinters/shared_ptr.cc print wp1
FAIL: libstdc++-prettyprinters/shared_ptr.cc print wp1
FAIL: libstdc++-prettyprinters/shared_ptr.cc print wp2
FAIL: libstdc++-prettyprinters/shared_ptr.cc print wp2
FAIL: libstdc++-prettyprinters/simple.cc print bs
FAIL: libstdc++-prettyprinters/simple.cc print bs
FAIL: libstdc++-prettyprinters/simple.cc print const_intset
FAIL: libstdc++-prettyprinters/simple.cc print const_intset
FAIL: libstdc++-prettyprinters/simple.cc print deq
FAIL: libstdc++-prettyprinters/simple.cc print deq
FAIL: libstdc++-prettyprinters/simple.cc print deqiter
FAIL: libstdc++-prettyprinters/simple.cc print deqiter
FAIL: libstdc++-prettyprinters/simple.cc print deqiter0
FAIL: libstdc++-prettyprinters/simple.cc print deqiter0
FAIL: libstdc++-prettyprinters/simple.cc print lst
FAIL: libstdc++-prettyprinters/simple.cc print lst
FAIL: libstdc++-prettyprinters/simple.cc print lstciter
FAIL: libstdc++-prettyprinters/simple.cc print lstciter
FAIL: libstdc++-prettyprinters/simple.cc print lstiter
FAIL: libstdc++-prettyprinters/simple.cc print lstiter
FAIL: libstdc++-prettyprinters/simple.cc print lstiter0
FAIL: libstdc++-prettyprinters/simple.cc print lstiter0
FAIL: libstdc++-prettyprinters/simple.cc print mp
FAIL: libstdc++-prettyprinters/simple.cc print mp
FAIL: libstdc++-prettyprinters/simple.cc print mpiter
FAIL: libstdc++-prettyprinters/simple.cc print mpiter
FAIL: libstdc++-prettyprinters/simple.cc print mpiter0
FAIL: libstdc++-prettyprinters/simple.cc print mpiter0
FAIL: libstdc++-prettyprinters/simple.cc print sll
FAIL: libstdc++-prettyprinters/simple.cc print sll
FAIL: libstdc++-prettyprinters/simple.cc print slliter
FAIL: libstdc++-prettyprinters/simple.cc print slliter
FAIL: libstdc++-prettyprinters/simple.cc print slliter0
FAIL: libstdc++-prettyprinters/simple.cc print slliter0
FAIL: libstdc++-prettyprinters/simple.cc print sp
FAIL: libstdc++-prettyprinters/simple.cc print sp
FAIL: libstdc++-prettyprinters/simple.cc print spciter
FAIL: libstdc++-prettyprinters/simple.cc print spciter
FAIL: libstdc++-prettyprinters/simple.cc print spiter0
FAIL: libstdc++-prettyprinters/simple.cc print spiter0
FAIL: libstdc++-prettyprinters/simple.cc print str
FAIL: libstdc++-prettyprinters/simple.cc print str
FAIL: libstdc++-prettyprinters/simple.cc print v
FAIL: libstdc++-prettyprinters/simple.cc print v
FAIL: libstdc++-prettyprinters/simple.cc print vb
FAIL: libstdc++-prettyprinters/simple.cc print vb
FAIL: libstdc++-prettyprinters/simple.cc print viter0
FAIL: libstdc++-prettyprinters/simple.cc print viter0
FAIL: libstdc++-prettyprinters/simple.cc print viter3
FAIL: libstdc++-prettyprinters/simple.cc print viter3
FAIL: libstdc++-prettyprinters/simple11.cc print bs
FAIL: libstdc++-prettyprinters/simple11.cc print bs
FAIL: libstdc++-prettyprinters/simple11.cc print const_intset
FAIL: libstdc++-prettyprinters/simple11.cc print const_intset
FAIL: libstdc++-prettyprinters/simple11.cc print deq
FAIL: libstdc++-prettyprinters/simple11.cc print deq
FAIL: libstdc++-prettyprinters/simple11.cc print deqiter
FAIL: libstdc++-prettyprinters/simple11.cc print deqiter
FAIL: libstdc++-prettyprinters/simple11.cc print deqiter0
FAIL: libstdc++-prettyprinters/simple11.cc print deqiter0
FAIL: libstdc++-prettyprinters/simple11.cc print lst
FAIL: libstdc++-prettyprinters/simple11.cc print lst
FAIL: libstdc++-prettyprinters/simple11.cc print lstciter
FAIL: libstdc++-prettyprinters/simple11.cc print lstciter
FAIL: libstdc++-prettyprinters/simple11.cc print lstiter
FAIL: libstdc++-prettyprinters/simple11.cc print lstiter
FAIL: libstdc++-prettyprinters/simple11.cc print lstiter0
FAIL: libstdc++-prettyprinters/simple11.cc print lstiter0
FAIL: libstdc++-prettyprinters/simple11.cc print mp
FAIL: libstdc++-prettyprinters/simple11.cc print mp
FAIL: libstdc++-prettyprinters/simple11.cc print mpiter
FAIL: libstdc++-prettyprinters/simple11.cc print mpiter
FAIL: libstdc++-prettyprinters/simple11.cc print mpiter0
FAIL: libstdc++-prettyprinters/simple11.cc print mpiter0
FAIL: libstdc++-prettyprinters/simple11.cc print sll
FAIL: libstdc++-prettyprinters/simple11.cc print sll
FAIL: libstdc++-prettyprinters/simple11.cc print slliter
FAIL: libstdc++-prettyprinters/simple11.cc print slliter
FAIL: libstdc++-prettyprinters/simple11.cc print slliter0
FAIL: libstdc++-prettyprinters/simple11.cc print slliter0
FAIL: libstdc++-prettyprinters/simple11.cc print sp
FAIL: libstdc++-prettyprinters/simple11.cc print sp
FAIL: libstdc++-prettyprinters/simple11.cc print spciter
FAIL: libstdc++-prettyprinters/simple11.cc print spciter
FAIL: libstdc++-prettyprinters/simple11.cc print spiter0
FAIL: libstdc++-prettyprinters/simple11.cc print spiter0
FAIL: libstdc++-prettyprinters/simple11.cc print str
FAIL: libstdc++-prettyprinters/simple11.cc print str
FAIL: libstdc++-prettyprinters/simple11.cc print v
FAIL: libstdc++-prettyprinters/simple11.cc print v
FAIL: libstdc++-prettyprinters/simple11.cc print vb
FAIL: libstdc++-prettyprinters/simple11.cc print vb
FAIL: libstdc++-prettyprinters/simple11.cc print viter0
FAIL: libstdc++-prettyprinters/simple11.cc print viter0
FAIL: libstdc++-prettyprinters/simple11.cc print viter3
FAIL: libstdc++-prettyprinters/simple11.cc print viter3
FAIL: libstdc++-prettyprinters/tr1.cc print eum
FAIL: libstdc++-prettyprinters/tr1.cc print eum
FAIL: libstdc++-prettyprinters/tr1.cc print eumm
FAIL: libstdc++-prettyprinters/tr1.cc print eumm
FAIL: libstdc++-prettyprinters/tr1.cc print eums
FAIL: libstdc++-prettyprinters/tr1.cc print eums
FAIL: libstdc++-prettyprinters/tr1.cc print eus
FAIL: libstdc++-prettyprinters/tr1.cc print eus
FAIL: libstdc++-prettyprinters/tr1.cc print uom
FAIL: libstdc++-prettyprinters/tr1.cc print uom
FAIL: libstdc++-prettyprinters/tr1.cc print uomm
FAIL: libstdc++-prettyprinters/tr1.cc print uomm
FAIL: libstdc++-prettyprinters/tr1.cc print uoms
FAIL: libstdc++-prettyprinters/tr1.cc print uoms
FAIL: libstdc++-prettyprinters/tr1.cc print uos
FAIL: libstdc++-prettyprinters/tr1.cc print uos
FAIL: libstdc++-xmethods/array.cc
FAIL: libstdc++-xmethods/associative-containers.cc
FAIL: libstdc++-xmethods/deque.cc
FAIL: libstdc++-xmethods/list.cc
FAIL: libstdc++-xmethods/shared_ptr.cc
FAIL: libstdc++-xmethods/unique_ptr.cc
FAIL: libstdc++-xmethods/vector.cc

		=== libstdc++ Summary for unix/-m32 ===

# of expected passes		14893
# of unexpected failures	372
# of expected failures		104
# of unresolved testcases	3
# of unsupported tests		358

Running target unix/-m64
FAIL: libstdc++-prettyprinters/48362.cc print t2
FAIL: libstdc++-prettyprinters/48362.cc print t2
FAIL: libstdc++-prettyprinters/59161.cc print diter
FAIL: libstdc++-prettyprinters/59161.cc print diter
FAIL: libstdc++-prettyprinters/59161.cc print liter
FAIL: libstdc++-prettyprinters/59161.cc print liter
FAIL: libstdc++-prettyprinters/59161.cc print siter
FAIL: libstdc++-prettyprinters/59161.cc print siter
FAIL: libstdc++-prettyprinters/59161.cc print sliter
FAIL: libstdc++-prettyprinters/59161.cc print sliter
FAIL: libstdc++-prettyprinters/59161.cc print viter
FAIL: libstdc++-prettyprinters/59161.cc print viter
FAIL: libstdc++-prettyprinters/91997.cc print a
FAIL: libstdc++-prettyprinters/91997.cc print a
FAIL: libstdc++-prettyprinters/91997.cc print flit
FAIL: libstdc++-prettyprinters/91997.cc print flit
FAIL: libstdc++-prettyprinters/91997.cc print lit
FAIL: libstdc++-prettyprinters/91997.cc print lit
FAIL: libstdc++-prettyprinters/91997.cc print mit
FAIL: libstdc++-prettyprinters/91997.cc print mit
FAIL: libstdc++-prettyprinters/91997.cc print sit
FAIL: libstdc++-prettyprinters/91997.cc print sit
FAIL: libstdc++-prettyprinters/compat.cc print o
FAIL: libstdc++-prettyprinters/compat.cc print o
FAIL: libstdc++-prettyprinters/compat.cc print ob
FAIL: libstdc++-prettyprinters/compat.cc print ob
FAIL: libstdc++-prettyprinters/compat.cc print oi
FAIL: libstdc++-prettyprinters/compat.cc print oi
FAIL: libstdc++-prettyprinters/compat.cc print op
FAIL: libstdc++-prettyprinters/compat.cc print op
FAIL: libstdc++-prettyprinters/compat.cc print ruptr
FAIL: libstdc++-prettyprinters/compat.cc print ruptr
FAIL: libstdc++-prettyprinters/compat.cc print uptr
FAIL: libstdc++-prettyprinters/compat.cc print uptr
FAIL: libstdc++-prettyprinters/cxx11.cc print arrptr
FAIL: libstdc++-prettyprinters/cxx11.cc print arrptr
FAIL: libstdc++-prettyprinters/cxx11.cc print efl
FAIL: libstdc++-prettyprinters/cxx11.cc print efl
FAIL: libstdc++-prettyprinters/cxx11.cc print empty_ptr
FAIL: libstdc++-prettyprinters/cxx11.cc print empty_ptr
FAIL: libstdc++-prettyprinters/cxx11.cc print eum
FAIL: libstdc++-prettyprinters/cxx11.cc print eum
FAIL: libstdc++-prettyprinters/cxx11.cc print eumm
FAIL: libstdc++-prettyprinters/cxx11.cc print eumm
FAIL: libstdc++-prettyprinters/cxx11.cc print eums
FAIL: libstdc++-prettyprinters/cxx11.cc print eums
FAIL: libstdc++-prettyprinters/cxx11.cc print eus
FAIL: libstdc++-prettyprinters/cxx11.cc print eus
FAIL: libstdc++-prettyprinters/cxx11.cc print fl
FAIL: libstdc++-prettyprinters/cxx11.cc print fl
FAIL: libstdc++-prettyprinters/cxx11.cc print rarrptr
FAIL: libstdc++-prettyprinters/cxx11.cc print rarrptr
FAIL: libstdc++-prettyprinters/cxx11.cc print refl
FAIL: libstdc++-prettyprinters/cxx11.cc print refl
FAIL: libstdc++-prettyprinters/cxx11.cc print rempty_ptr
FAIL: libstdc++-prettyprinters/cxx11.cc print rempty_ptr
FAIL: libstdc++-prettyprinters/cxx11.cc print reum
FAIL: libstdc++-prettyprinters/cxx11.cc print reum
FAIL: libstdc++-prettyprinters/cxx11.cc print reumm
FAIL: libstdc++-prettyprinters/cxx11.cc print reumm
FAIL: libstdc++-prettyprinters/cxx11.cc print reums
FAIL: libstdc++-prettyprinters/cxx11.cc print reums
FAIL: libstdc++-prettyprinters/cxx11.cc print reus
FAIL: libstdc++-prettyprinters/cxx11.cc print reus
FAIL: libstdc++-prettyprinters/cxx11.cc print rfl
FAIL: libstdc++-prettyprinters/cxx11.cc print rfl
FAIL: libstdc++-prettyprinters/cxx11.cc print rtpl
FAIL: libstdc++-prettyprinters/cxx11.cc print rtpl
FAIL: libstdc++-prettyprinters/cxx11.cc print ruom
FAIL: libstdc++-prettyprinters/cxx11.cc print ruom
FAIL: libstdc++-prettyprinters/cxx11.cc print ruomm
FAIL: libstdc++-prettyprinters/cxx11.cc print ruomm
FAIL: libstdc++-prettyprinters/cxx11.cc print ruoms
FAIL: libstdc++-prettyprinters/cxx11.cc print ruoms
FAIL: libstdc++-prettyprinters/cxx11.cc print ruos
FAIL: libstdc++-prettyprinters/cxx11.cc print ruos
FAIL: libstdc++-prettyprinters/cxx11.cc print ruptr
FAIL: libstdc++-prettyprinters/cxx11.cc print ruptr
FAIL: libstdc++-prettyprinters/cxx11.cc print tpl
FAIL: libstdc++-prettyprinters/cxx11.cc print tpl
FAIL: libstdc++-prettyprinters/cxx11.cc print uom
FAIL: libstdc++-prettyprinters/cxx11.cc print uom
FAIL: libstdc++-prettyprinters/cxx11.cc print uomm
FAIL: libstdc++-prettyprinters/cxx11.cc print uomm
FAIL: libstdc++-prettyprinters/cxx11.cc print uoms
FAIL: libstdc++-prettyprinters/cxx11.cc print uoms
FAIL: libstdc++-prettyprinters/cxx11.cc print uos
FAIL: libstdc++-prettyprinters/cxx11.cc print uos
FAIL: libstdc++-prettyprinters/cxx11.cc print uptr
FAIL: libstdc++-prettyprinters/cxx11.cc print uptr
FAIL: libstdc++-prettyprinters/cxx17.cc print a
FAIL: libstdc++-prettyprinters/cxx17.cc print a
FAIL: libstdc++-prettyprinters/cxx17.cc print ab
FAIL: libstdc++-prettyprinters/cxx17.cc print ab
FAIL: libstdc++-prettyprinters/cxx17.cc print ai
FAIL: libstdc++-prettyprinters/cxx17.cc print ai
FAIL: libstdc++-prettyprinters/cxx17.cc print al
FAIL: libstdc++-prettyprinters/cxx17.cc print al
FAIL: libstdc++-prettyprinters/cxx17.cc print am
FAIL: libstdc++-prettyprinters/cxx17.cc print am
FAIL: libstdc++-prettyprinters/cxx17.cc print ap
FAIL: libstdc++-prettyprinters/cxx17.cc print ap
FAIL: libstdc++-prettyprinters/cxx17.cc print as
FAIL: libstdc++-prettyprinters/cxx17.cc print as
FAIL: libstdc++-prettyprinters/cxx17.cc print as2
FAIL: libstdc++-prettyprinters/cxx17.cc print as2
FAIL: libstdc++-prettyprinters/cxx17.cc print o
FAIL: libstdc++-prettyprinters/cxx17.cc print o
FAIL: libstdc++-prettyprinters/cxx17.cc print ob
FAIL: libstdc++-prettyprinters/cxx17.cc print ob
FAIL: libstdc++-prettyprinters/cxx17.cc print oi
FAIL: libstdc++-prettyprinters/cxx17.cc print oi
FAIL: libstdc++-prettyprinters/cxx17.cc print om
FAIL: libstdc++-prettyprinters/cxx17.cc print om
FAIL: libstdc++-prettyprinters/cxx17.cc print op
FAIL: libstdc++-prettyprinters/cxx17.cc print op
FAIL: libstdc++-prettyprinters/cxx17.cc print os
FAIL: libstdc++-prettyprinters/cxx17.cc print os
FAIL: libstdc++-prettyprinters/cxx17.cc print p
FAIL: libstdc++-prettyprinters/cxx17.cc print p
FAIL: libstdc++-prettyprinters/cxx17.cc print path0
FAIL: libstdc++-prettyprinters/cxx17.cc print path0
FAIL: libstdc++-prettyprinters/cxx17.cc print path1
FAIL: libstdc++-prettyprinters/cxx17.cc print path1
FAIL: libstdc++-prettyprinters/cxx17.cc print path2
FAIL: libstdc++-prettyprinters/cxx17.cc print path2
FAIL: libstdc++-prettyprinters/cxx17.cc print q
FAIL: libstdc++-prettyprinters/cxx17.cc print q
FAIL: libstdc++-prettyprinters/cxx17.cc print str
FAIL: libstdc++-prettyprinters/cxx17.cc print str
FAIL: libstdc++-prettyprinters/cxx17.cc print v0
FAIL: libstdc++-prettyprinters/cxx17.cc print v0
FAIL: libstdc++-prettyprinters/cxx17.cc print v1
FAIL: libstdc++-prettyprinters/cxx17.cc print v1
FAIL: libstdc++-prettyprinters/cxx17.cc print v2
FAIL: libstdc++-prettyprinters/cxx17.cc print v2
FAIL: libstdc++-prettyprinters/cxx17.cc print v3
FAIL: libstdc++-prettyprinters/cxx17.cc print v3
FAIL: libstdc++-prettyprinters/cxx17.cc print v4
FAIL: libstdc++-prettyprinters/cxx17.cc print v4
FAIL: libstdc++-prettyprinters/cxx17.cc print wp
FAIL: libstdc++-prettyprinters/cxx17.cc print wp
FAIL: libstdc++-prettyprinters/cxx17.cc print wq
FAIL: libstdc++-prettyprinters/cxx17.cc print wq
FAIL: libstdc++-prettyprinters/cxx20.cc print c1
FAIL: libstdc++-prettyprinters/cxx20.cc print c1
FAIL: libstdc++-prettyprinters/cxx20.cc print c10
FAIL: libstdc++-prettyprinters/cxx20.cc print c10
FAIL: libstdc++-prettyprinters/cxx20.cc print c2
FAIL: libstdc++-prettyprinters/cxx20.cc print c2
FAIL: libstdc++-prettyprinters/cxx20.cc print c3
FAIL: libstdc++-prettyprinters/cxx20.cc print c3
FAIL: libstdc++-prettyprinters/cxx20.cc print c4
FAIL: libstdc++-prettyprinters/cxx20.cc print c4
FAIL: libstdc++-prettyprinters/cxx20.cc print c5
FAIL: libstdc++-prettyprinters/cxx20.cc print c5
FAIL: libstdc++-prettyprinters/cxx20.cc print c6
FAIL: libstdc++-prettyprinters/cxx20.cc print c6
FAIL: libstdc++-prettyprinters/cxx20.cc print c7
FAIL: libstdc++-prettyprinters/cxx20.cc print c7
FAIL: libstdc++-prettyprinters/cxx20.cc print c8
FAIL: libstdc++-prettyprinters/cxx20.cc print c8
FAIL: libstdc++-prettyprinters/cxx20.cc print c9
FAIL: libstdc++-prettyprinters/cxx20.cc print c9
FAIL: libstdc++-prettyprinters/debug.cc print bs
FAIL: libstdc++-prettyprinters/debug.cc print bs
FAIL: libstdc++-prettyprinters/debug.cc print const_intset
FAIL: libstdc++-prettyprinters/debug.cc print const_intset
FAIL: libstdc++-prettyprinters/debug.cc print deq
FAIL: libstdc++-prettyprinters/debug.cc print deq
FAIL: libstdc++-prettyprinters/debug.cc print deqiter
FAIL: libstdc++-prettyprinters/debug.cc print deqiter
FAIL: libstdc++-prettyprinters/debug.cc print lst
FAIL: libstdc++-prettyprinters/debug.cc print lst
FAIL: libstdc++-prettyprinters/debug.cc print lstciter
FAIL: libstdc++-prettyprinters/debug.cc print lstciter
FAIL: libstdc++-prettyprinters/debug.cc print lstiter
FAIL: libstdc++-prettyprinters/debug.cc print lstiter
FAIL: libstdc++-prettyprinters/debug.cc print mp
FAIL: libstdc++-prettyprinters/debug.cc print mp
FAIL: libstdc++-prettyprinters/debug.cc print mpiter
FAIL: libstdc++-prettyprinters/debug.cc print mpiter
FAIL: libstdc++-prettyprinters/debug.cc print sll
FAIL: libstdc++-prettyprinters/debug.cc print sll
FAIL: libstdc++-prettyprinters/debug.cc print slliter
FAIL: libstdc++-prettyprinters/debug.cc print slliter
FAIL: libstdc++-prettyprinters/debug.cc print sp
FAIL: libstdc++-prettyprinters/debug.cc print sp
FAIL: libstdc++-prettyprinters/debug.cc print spciter
FAIL: libstdc++-prettyprinters/debug.cc print spciter
FAIL: libstdc++-prettyprinters/debug.cc print str
FAIL: libstdc++-prettyprinters/debug.cc print str
FAIL: libstdc++-prettyprinters/debug.cc print v
FAIL: libstdc++-prettyprinters/debug.cc print v
FAIL: libstdc++-prettyprinters/debug.cc print viter0
FAIL: libstdc++-prettyprinters/debug.cc print viter0
FAIL: libstdc++-prettyprinters/debug.cc print viter1
FAIL: libstdc++-prettyprinters/debug.cc print viter1
FAIL: libstdc++-prettyprinters/debug.cc print viter2
FAIL: libstdc++-prettyprinters/debug.cc print viter2
FAIL: libstdc++-prettyprinters/debug.cc print viter3
FAIL: libstdc++-prettyprinters/debug.cc print viter3
FAIL: libstdc++-prettyprinters/debug_cxx11.cc print *flstciter
FAIL: libstdc++-prettyprinters/debug_cxx11.cc print *flstciter
FAIL: libstdc++-prettyprinters/debug_cxx11.cc print *flstiter1
FAIL: libstdc++-prettyprinters/debug_cxx11.cc print *flstiter1
FAIL: libstdc++-prettyprinters/debug_cxx11.cc print *flstiter2
FAIL: libstdc++-prettyprinters/debug_cxx11.cc print *flstiter2
FAIL: libstdc++-prettyprinters/debug_cxx11.cc print flst
FAIL: libstdc++-prettyprinters/debug_cxx11.cc print flst
FAIL: libstdc++-prettyprinters/debug_cxx11.cc print flstiter0
FAIL: libstdc++-prettyprinters/debug_cxx11.cc print flstiter0
FAIL: libstdc++-prettyprinters/debug_cxx11.cc print um
FAIL: libstdc++-prettyprinters/debug_cxx11.cc print um
FAIL: libstdc++-prettyprinters/libfundts.cc print a
FAIL: libstdc++-prettyprinters/libfundts.cc print a
FAIL: libstdc++-prettyprinters/libfundts.cc print ab
FAIL: libstdc++-prettyprinters/libfundts.cc print ab
FAIL: libstdc++-prettyprinters/libfundts.cc print ai
FAIL: libstdc++-prettyprinters/libfundts.cc print ai
FAIL: libstdc++-prettyprinters/libfundts.cc print am
FAIL: libstdc++-prettyprinters/libfundts.cc print am
FAIL: libstdc++-prettyprinters/libfundts.cc print ap
FAIL: libstdc++-prettyprinters/libfundts.cc print ap
FAIL: libstdc++-prettyprinters/libfundts.cc print as
FAIL: libstdc++-prettyprinters/libfundts.cc print as
FAIL: libstdc++-prettyprinters/libfundts.cc print as2
FAIL: libstdc++-prettyprinters/libfundts.cc print as2
FAIL: libstdc++-prettyprinters/libfundts.cc print o
FAIL: libstdc++-prettyprinters/libfundts.cc print o
FAIL: libstdc++-prettyprinters/libfundts.cc print ob
FAIL: libstdc++-prettyprinters/libfundts.cc print ob
FAIL: libstdc++-prettyprinters/libfundts.cc print oi
FAIL: libstdc++-prettyprinters/libfundts.cc print oi
FAIL: libstdc++-prettyprinters/libfundts.cc print om
FAIL: libstdc++-prettyprinters/libfundts.cc print om
FAIL: libstdc++-prettyprinters/libfundts.cc print op
FAIL: libstdc++-prettyprinters/libfundts.cc print op
FAIL: libstdc++-prettyprinters/libfundts.cc print os
FAIL: libstdc++-prettyprinters/libfundts.cc print os
FAIL: libstdc++-prettyprinters/libfundts.cc print str
FAIL: libstdc++-prettyprinters/libfundts.cc print str
FAIL: libstdc++-prettyprinters/shared_ptr.cc print esp
FAIL: libstdc++-prettyprinters/shared_ptr.cc print esp
FAIL: libstdc++-prettyprinters/shared_ptr.cc print ewp1
FAIL: libstdc++-prettyprinters/shared_ptr.cc print ewp1
FAIL: libstdc++-prettyprinters/shared_ptr.cc print ewp2
FAIL: libstdc++-prettyprinters/shared_ptr.cc print ewp2
FAIL: libstdc++-prettyprinters/shared_ptr.cc print sp1
FAIL: libstdc++-prettyprinters/shared_ptr.cc print sp1
FAIL: libstdc++-prettyprinters/shared_ptr.cc print wp1
FAIL: libstdc++-prettyprinters/shared_ptr.cc print wp1
FAIL: libstdc++-prettyprinters/shared_ptr.cc print wp2
FAIL: libstdc++-prettyprinters/shared_ptr.cc print wp2
FAIL: libstdc++-prettyprinters/simple.cc print bs
FAIL: libstdc++-prettyprinters/simple.cc print bs
FAIL: libstdc++-prettyprinters/simple.cc print const_intset
FAIL: libstdc++-prettyprinters/simple.cc print const_intset
FAIL: libstdc++-prettyprinters/simple.cc print deq
FAIL: libstdc++-prettyprinters/simple.cc print deq
FAIL: libstdc++-prettyprinters/simple.cc print deqiter
FAIL: libstdc++-prettyprinters/simple.cc print deqiter
FAIL: libstdc++-prettyprinters/simple.cc print deqiter0
FAIL: libstdc++-prettyprinters/simple.cc print deqiter0
FAIL: libstdc++-prettyprinters/simple.cc print lst
FAIL: libstdc++-prettyprinters/simple.cc print lst
FAIL: libstdc++-prettyprinters/simple.cc print lstciter
FAIL: libstdc++-prettyprinters/simple.cc print lstciter
FAIL: libstdc++-prettyprinters/simple.cc print lstiter
FAIL: libstdc++-prettyprinters/simple.cc print lstiter
FAIL: libstdc++-prettyprinters/simple.cc print lstiter0
FAIL: libstdc++-prettyprinters/simple.cc print lstiter0
FAIL: libstdc++-prettyprinters/simple.cc print mp
FAIL: libstdc++-prettyprinters/simple.cc print mp
FAIL: libstdc++-prettyprinters/simple.cc print mpiter
FAIL: libstdc++-prettyprinters/simple.cc print mpiter
FAIL: libstdc++-prettyprinters/simple.cc print mpiter0
FAIL: libstdc++-prettyprinters/simple.cc print mpiter0
FAIL: libstdc++-prettyprinters/simple.cc print sll
FAIL: libstdc++-prettyprinters/simple.cc print sll
FAIL: libstdc++-prettyprinters/simple.cc print slliter
FAIL: libstdc++-prettyprinters/simple.cc print slliter
FAIL: libstdc++-prettyprinters/simple.cc print slliter0
FAIL: libstdc++-prettyprinters/simple.cc print slliter0
FAIL: libstdc++-prettyprinters/simple.cc print sp
FAIL: libstdc++-prettyprinters/simple.cc print sp
FAIL: libstdc++-prettyprinters/simple.cc print spciter
FAIL: libstdc++-prettyprinters/simple.cc print spciter
FAIL: libstdc++-prettyprinters/simple.cc print spiter0
FAIL: libstdc++-prettyprinters/simple.cc print spiter0
FAIL: libstdc++-prettyprinters/simple.cc print str
FAIL: libstdc++-prettyprinters/simple.cc print str
FAIL: libstdc++-prettyprinters/simple.cc print v
FAIL: libstdc++-prettyprinters/simple.cc print v
FAIL: libstdc++-prettyprinters/simple.cc print vb
FAIL: libstdc++-prettyprinters/simple.cc print vb
FAIL: libstdc++-prettyprinters/simple.cc print viter0
FAIL: libstdc++-prettyprinters/simple.cc print viter0
FAIL: libstdc++-prettyprinters/simple.cc print viter3
FAIL: libstdc++-prettyprinters/simple.cc print viter3
FAIL: libstdc++-prettyprinters/simple11.cc print bs
FAIL: libstdc++-prettyprinters/simple11.cc print bs
FAIL: libstdc++-prettyprinters/simple11.cc print const_intset
FAIL: libstdc++-prettyprinters/simple11.cc print const_intset
FAIL: libstdc++-prettyprinters/simple11.cc print deq
FAIL: libstdc++-prettyprinters/simple11.cc print deq
FAIL: libstdc++-prettyprinters/simple11.cc print deqiter
FAIL: libstdc++-prettyprinters/simple11.cc print deqiter
FAIL: libstdc++-prettyprinters/simple11.cc print deqiter0
FAIL: libstdc++-prettyprinters/simple11.cc print deqiter0
FAIL: libstdc++-prettyprinters/simple11.cc print lst
FAIL: libstdc++-prettyprinters/simple11.cc print lst
FAIL: libstdc++-prettyprinters/simple11.cc print lstciter
FAIL: libstdc++-prettyprinters/simple11.cc print lstciter
FAIL: libstdc++-prettyprinters/simple11.cc print lstiter
FAIL: libstdc++-prettyprinters/simple11.cc print lstiter
FAIL: libstdc++-prettyprinters/simple11.cc print lstiter0
FAIL: libstdc++-prettyprinters/simple11.cc print lstiter0
FAIL: libstdc++-prettyprinters/simple11.cc print mp
FAIL: libstdc++-prettyprinters/simple11.cc print mp
FAIL: libstdc++-prettyprinters/simple11.cc print mpiter
FAIL: libstdc++-prettyprinters/simple11.cc print mpiter
FAIL: libstdc++-prettyprinters/simple11.cc print mpiter0
FAIL: libstdc++-prettyprinters/simple11.cc print mpiter0
FAIL: libstdc++-prettyprinters/simple11.cc print sll
FAIL: libstdc++-prettyprinters/simple11.cc print sll
FAIL: libstdc++-prettyprinters/simple11.cc print slliter
FAIL: libstdc++-prettyprinters/simple11.cc print slliter
FAIL: libstdc++-prettyprinters/simple11.cc print slliter0
FAIL: libstdc++-prettyprinters/simple11.cc print slliter0
FAIL: libstdc++-prettyprinters/simple11.cc print sp
FAIL: libstdc++-prettyprinters/simple11.cc print sp
FAIL: libstdc++-prettyprinters/simple11.cc print spciter
FAIL: libstdc++-prettyprinters/simple11.cc print spciter
FAIL: libstdc++-prettyprinters/simple11.cc print spiter0
FAIL: libstdc++-prettyprinters/simple11.cc print spiter0
FAIL: libstdc++-prettyprinters/simple11.cc print str
FAIL: libstdc++-prettyprinters/simple11.cc print str
FAIL: libstdc++-prettyprinters/simple11.cc print v
FAIL: libstdc++-prettyprinters/simple11.cc print v
FAIL: libstdc++-prettyprinters/simple11.cc print vb
FAIL: libstdc++-prettyprinters/simple11.cc print vb
FAIL: libstdc++-prettyprinters/simple11.cc print viter0
FAIL: libstdc++-prettyprinters/simple11.cc print viter0
FAIL: libstdc++-prettyprinters/simple11.cc print viter3
FAIL: libstdc++-prettyprinters/simple11.cc print viter3
FAIL: libstdc++-prettyprinters/tr1.cc print eum
FAIL: libstdc++-prettyprinters/tr1.cc print eum
FAIL: libstdc++-prettyprinters/tr1.cc print eumm
FAIL: libstdc++-prettyprinters/tr1.cc print eumm
FAIL: libstdc++-prettyprinters/tr1.cc print eums
FAIL: libstdc++-prettyprinters/tr1.cc print eums
FAIL: libstdc++-prettyprinters/tr1.cc print eus
FAIL: libstdc++-prettyprinters/tr1.cc print eus
FAIL: libstdc++-prettyprinters/tr1.cc print uom
FAIL: libstdc++-prettyprinters/tr1.cc print uom
FAIL: libstdc++-prettyprinters/tr1.cc print uomm
FAIL: libstdc++-prettyprinters/tr1.cc print uomm
FAIL: libstdc++-prettyprinters/tr1.cc print uoms
FAIL: libstdc++-prettyprinters/tr1.cc print uoms
FAIL: libstdc++-prettyprinters/tr1.cc print uos
FAIL: libstdc++-prettyprinters/tr1.cc print uos
FAIL: libstdc++-xmethods/array.cc
FAIL: libstdc++-xmethods/associative-containers.cc
FAIL: libstdc++-xmethods/deque.cc
FAIL: libstdc++-xmethods/list.cc
FAIL: libstdc++-xmethods/shared_ptr.cc
FAIL: libstdc++-xmethods/unique_ptr.cc
FAIL: libstdc++-xmethods/vector.cc

		=== libstdc++ Summary for unix/-m64 ===

# of expected passes		14895
# of unexpected failures	369
# of expected failures		104
# of unsupported tests		360

		=== libstdc++ Summary ===

# of expected passes		29788
# of unexpected failures	741
# of expected failures		208
# of unresolved testcases	3
# of unsupported tests		718

Compiler version: 11.0.0 20201201 (experimental) [HEAD revision 69157fe75823] (GCC) 
Platform: powerpc64-suse-linux-gnu
configure flags: --prefix=/usr --build=powerpc64-suse-linux --enable-shared --with-system-zlib CFLAGS='-O2 -g' CXXFLAGS='-O2 -g' --enable-checking=release --with-cpu-64=power4 --enable-secureplt --with-long-double-128


More information about the Gcc-testresults mailing list