Results for 9.3.1 (DEFMODE=arm DEFCPU=arm10tdmi DEFFPU=vfp TESTFLAGS=) [r9-9094] (GCC) testsuite on arm-none-linux-gnueabihf

Christophe LYON christophe.lyon@st.com
Thu Dec 3 00:59:18 GMT 2020


LAST_UPDATED: Wed Dec  2 23:48:48 UTC 2020 (revision r9-9094-g53d76fe758a3e8e0c1f049e75030278427a8fe5d) TARGET=arm-none-linux-gnueabihf CPU=arm10tdmi FPU=vfp MODE=arm

Target is arm-none-linux-gnueabihf
Host   is arm-none-linux-gnueabihf

		=== libatomic tests ===


Running target qemu

		=== libatomic Summary ===

# of expected passes		44
# of unsupported tests		5
Host   is arm-none-linux-gnueabihf

		=== libitm tests ===


Running target qemu
FAIL: libitm.c/alloc-1.c (test for excess errors)
UNRESOLVED: libitm.c/alloc-1.c compilation failed to produce executable
FAIL: libitm.c/cancel.c (test for excess errors)
UNRESOLVED: libitm.c/cancel.c compilation failed to produce executable
FAIL: libitm.c/clone-1.c (test for excess errors)
UNRESOLVED: libitm.c/clone-1.c compilation failed to produce executable
FAIL: libitm.c/dropref-2.c (test for excess errors)
UNRESOLVED: libitm.c/dropref-2.c compilation failed to produce executable
FAIL: libitm.c/dropref.c (test for excess errors)
UNRESOLVED: libitm.c/dropref.c compilation failed to produce executable
FAIL: libitm.c/memcpy-1.c (test for excess errors)
UNRESOLVED: libitm.c/memcpy-1.c compilation failed to produce executable
FAIL: libitm.c/memset-1.c (test for excess errors)
UNRESOLVED: libitm.c/memset-1.c compilation failed to produce executable
FAIL: libitm.c/notx.c (test for excess errors)
UNRESOLVED: libitm.c/notx.c compilation failed to produce executable
FAIL: libitm.c/priv-1.c (test for excess errors)
UNRESOLVED: libitm.c/priv-1.c compilation failed to produce executable
FAIL: libitm.c/reentrant.c (test for excess errors)
UNRESOLVED: libitm.c/reentrant.c compilation failed to produce executable
FAIL: libitm.c/simple-1.c (test for excess errors)
UNRESOLVED: libitm.c/simple-1.c compilation failed to produce executable
FAIL: libitm.c/simple-2.c (test for excess errors)
UNRESOLVED: libitm.c/simple-2.c compilation failed to produce executable
FAIL: libitm.c/stackundo.c (test for excess errors)
UNRESOLVED: libitm.c/stackundo.c compilation failed to produce executable
FAIL: libitm.c/txrelease.c (test for excess errors)
UNRESOLVED: libitm.c/txrelease.c compilation failed to produce executable
FAIL: libitm.c++/dropref.C (test for excess errors)
UNRESOLVED: libitm.c++/dropref.C compilation failed to produce executable
FAIL: libitm.c++/eh-1.C (test for excess errors)
UNRESOLVED: libitm.c++/eh-1.C compilation failed to produce executable
FAIL: libitm.c++/eh-2.C (test for excess errors)
UNRESOLVED: libitm.c++/eh-2.C compilation failed to produce executable
FAIL: libitm.c++/eh-3.C (test for excess errors)
UNRESOLVED: libitm.c++/eh-3.C compilation failed to produce executable
FAIL: libitm.c++/eh-4.C (test for excess errors)
UNRESOLVED: libitm.c++/eh-4.C compilation failed to produce executable
FAIL: libitm.c++/eh-5.C (test for excess errors)
UNRESOLVED: libitm.c++/eh-5.C compilation failed to produce executable
FAIL: libitm.c++/libstdc++-safeexc.C (test for excess errors)
UNRESOLVED: libitm.c++/libstdc++-safeexc.C compilation failed to produce executable
FAIL: libitm.c++/newdelete.C (test for excess errors)
UNRESOLVED: libitm.c++/newdelete.C compilation failed to produce executable

		=== libitm Summary ===

# of expected passes		1
# of unexpected failures	22
# of unresolved testcases	22
# of unsupported tests		1
Host   is arm-none-linux-gnueabihf

		=== libstdc++ tests ===


Running target qemu
WARNING: 23_containers/list/pthread1.cc execution test (Killed, timed out) program timed out.
WARNING: 30_threads/condition_variable/54185.cc execution test (Killed, timed out) program timed out.

		=== libstdc++ Summary ===

# of expected passes		12151
# of expected failures		78
# of untested testcases		2
# of unsupported tests		721
Host   is x86_64-pc-linux-gnu

		=== gcc tests ===


Running target qemu
WARNING: skipping asan tests due to ulimit -v
WARNING: skipping asan tests due to ulimit -v
WARNING: skipping asan tests due to ulimit -v
WARNING: skipping asan tests due to ulimit -v
FAIL: gcc.dg/ira-shrinkwrap-prep-1.c scan-rtl-dump pro_and_epilogue "Performing shrink-wrapping"
FAIL: gcc.dg/vect/pr88598-1.c -flto -ffat-lto-objects execution test
FAIL: gcc.dg/vect/pr88598-1.c execution test
FAIL: gcc.dg/vect/pr88598-2.c -flto -ffat-lto-objects execution test
FAIL: gcc.dg/vect/pr88598-2.c execution test
FAIL: gcc.dg/vect/pr88598-3.c -flto -ffat-lto-objects execution test
FAIL: gcc.dg/vect/pr88598-3.c execution test
FAIL: gcc.dg/vect/pr88598-4.c -flto -ffat-lto-objects execution test
FAIL: gcc.dg/vect/pr88598-4.c execution test
FAIL: gcc.dg/vect/pr88598-5.c -flto -ffat-lto-objects execution test
FAIL: gcc.dg/vect/pr88598-5.c execution test
FAIL: gcc.dg/vect/pr88598-6.c -flto -ffat-lto-objects execution test
FAIL: gcc.dg/vect/pr88598-6.c execution test
FAIL: gcc.dg/vect/pr89440.c -flto -ffat-lto-objects execution test
FAIL: gcc.dg/vect/pr89440.c execution test
FAIL: gcc.dg/vect/pr91293-1.c -flto -ffat-lto-objects execution test
FAIL: gcc.dg/vect/pr91293-1.c execution test
FAIL: gcc.dg/vect/pr91293-2.c -flto -ffat-lto-objects execution test
FAIL: gcc.dg/vect/pr91293-2.c execution test
FAIL: gcc.dg/vect/pr91293-3.c -flto -ffat-lto-objects execution test
FAIL: gcc.dg/vect/pr91293-3.c execution test
XPASS: gcc.dg/vect/vect-cond-1.c -flto -ffat-lto-objects  scan-tree-dump-times vect "OUTER LOOP VECTORIZED" 1
XPASS: gcc.dg/vect/vect-cond-1.c scan-tree-dump-times vect "OUTER LOOP VECTORIZED" 1
XPASS: gcc.dg/vect/vect-cond-3.c -flto -ffat-lto-objects  scan-tree-dump-times vect "OUTER LOOP VECTORIZED" 1
XPASS: gcc.dg/vect/vect-cond-3.c scan-tree-dump-times vect "OUTER LOOP VECTORIZED" 1
XPASS: gcc.dg/vect/vect-cond-4.c -flto -ffat-lto-objects  scan-tree-dump-times vect "OUTER LOOP VECTORIZED" 1
XPASS: gcc.dg/vect/vect-cond-4.c scan-tree-dump-times vect "OUTER LOOP VECTORIZED" 1
UNRESOLVED: gcc.target/aarch64/advsimd-intrinsics/vld1x2.c   -O0  compilation failed to produce executable
UNRESOLVED: gcc.target/aarch64/advsimd-intrinsics/vld1x2.c   -O1  compilation failed to produce executable
UNRESOLVED: gcc.target/aarch64/advsimd-intrinsics/vld1x2.c   -O2  compilation failed to produce executable
UNRESOLVED: gcc.target/aarch64/advsimd-intrinsics/vld1x2.c   -O2 -flto -fno-use-linker-plugin -flto-partition=none  compilation failed to produce executable
UNRESOLVED: gcc.target/aarch64/advsimd-intrinsics/vld1x2.c   -O2 -flto -fuse-linker-plugin -fno-fat-lto-objects  compilation failed to produce executable
UNRESOLVED: gcc.target/aarch64/advsimd-intrinsics/vld1x2.c   -O3 -fomit-frame-pointer -funroll-loops -fpeel-loops -ftracer -finline-functions  compilation failed to produce executable
UNRESOLVED: gcc.target/aarch64/advsimd-intrinsics/vld1x2.c   -O3 -g  compilation failed to produce executable
UNRESOLVED: gcc.target/aarch64/advsimd-intrinsics/vld1x2.c   -Og -g  compilation failed to produce executable
UNRESOLVED: gcc.target/aarch64/advsimd-intrinsics/vld1x2.c   -Os  compilation failed to produce executable
UNRESOLVED: gcc.target/aarch64/advsimd-intrinsics/vld1x3.c   -O0  compilation failed to produce executable
UNRESOLVED: gcc.target/aarch64/advsimd-intrinsics/vld1x3.c   -O1  compilation failed to produce executable
UNRESOLVED: gcc.target/aarch64/advsimd-intrinsics/vld1x3.c   -O2  compilation failed to produce executable
UNRESOLVED: gcc.target/aarch64/advsimd-intrinsics/vld1x3.c   -O2 -flto -fno-use-linker-plugin -flto-partition=none  compilation failed to produce executable
UNRESOLVED: gcc.target/aarch64/advsimd-intrinsics/vld1x3.c   -O2 -flto -fuse-linker-plugin -fno-fat-lto-objects  compilation failed to produce executable
UNRESOLVED: gcc.target/aarch64/advsimd-intrinsics/vld1x3.c   -O3 -fomit-frame-pointer -funroll-loops -fpeel-loops -ftracer -finline-functions  compilation failed to produce executable
UNRESOLVED: gcc.target/aarch64/advsimd-intrinsics/vld1x3.c   -O3 -g  compilation failed to produce executable
UNRESOLVED: gcc.target/aarch64/advsimd-intrinsics/vld1x3.c   -Og -g  compilation failed to produce executable
UNRESOLVED: gcc.target/aarch64/advsimd-intrinsics/vld1x3.c   -Os  compilation failed to produce executable
UNRESOLVED: gcc.target/aarch64/advsimd-intrinsics/vld1x4.c   -O0  compilation failed to produce executable
UNRESOLVED: gcc.target/aarch64/advsimd-intrinsics/vld1x4.c   -O1  compilation failed to produce executable
UNRESOLVED: gcc.target/aarch64/advsimd-intrinsics/vld1x4.c   -O2  compilation failed to produce executable
UNRESOLVED: gcc.target/aarch64/advsimd-intrinsics/vld1x4.c   -O2 -flto -fno-use-linker-plugin -flto-partition=none  compilation failed to produce executable
UNRESOLVED: gcc.target/aarch64/advsimd-intrinsics/vld1x4.c   -O2 -flto -fuse-linker-plugin -fno-fat-lto-objects  compilation failed to produce executable
UNRESOLVED: gcc.target/aarch64/advsimd-intrinsics/vld1x4.c   -O3 -fomit-frame-pointer -funroll-loops -fpeel-loops -ftracer -finline-functions  compilation failed to produce executable
UNRESOLVED: gcc.target/aarch64/advsimd-intrinsics/vld1x4.c   -O3 -g  compilation failed to produce executable
UNRESOLVED: gcc.target/aarch64/advsimd-intrinsics/vld1x4.c   -Og -g  compilation failed to produce executable
UNRESOLVED: gcc.target/aarch64/advsimd-intrinsics/vld1x4.c   -Os  compilation failed to produce executable
UNRESOLVED: gcc.target/aarch64/advsimd-intrinsics/vst1x2.c   -O0  compilation failed to produce executable
UNRESOLVED: gcc.target/aarch64/advsimd-intrinsics/vst1x2.c   -O1  compilation failed to produce executable
UNRESOLVED: gcc.target/aarch64/advsimd-intrinsics/vst1x2.c   -O2  compilation failed to produce executable
UNRESOLVED: gcc.target/aarch64/advsimd-intrinsics/vst1x2.c   -O2 -flto -fno-use-linker-plugin -flto-partition=none  compilation failed to produce executable
UNRESOLVED: gcc.target/aarch64/advsimd-intrinsics/vst1x2.c   -O2 -flto -fuse-linker-plugin -fno-fat-lto-objects  compilation failed to produce executable
UNRESOLVED: gcc.target/aarch64/advsimd-intrinsics/vst1x2.c   -O3 -fomit-frame-pointer -funroll-loops -fpeel-loops -ftracer -finline-functions  compilation failed to produce executable
UNRESOLVED: gcc.target/aarch64/advsimd-intrinsics/vst1x2.c   -O3 -g  compilation failed to produce executable
UNRESOLVED: gcc.target/aarch64/advsimd-intrinsics/vst1x2.c   -Og -g  compilation failed to produce executable
UNRESOLVED: gcc.target/aarch64/advsimd-intrinsics/vst1x2.c   -Os  compilation failed to produce executable
UNRESOLVED: gcc.target/aarch64/advsimd-intrinsics/vst1x3.c   -O0  compilation failed to produce executable
UNRESOLVED: gcc.target/aarch64/advsimd-intrinsics/vst1x3.c   -O1  compilation failed to produce executable
UNRESOLVED: gcc.target/aarch64/advsimd-intrinsics/vst1x3.c   -O2  compilation failed to produce executable
UNRESOLVED: gcc.target/aarch64/advsimd-intrinsics/vst1x3.c   -O2 -flto -fno-use-linker-plugin -flto-partition=none  compilation failed to produce executable
UNRESOLVED: gcc.target/aarch64/advsimd-intrinsics/vst1x3.c   -O2 -flto -fuse-linker-plugin -fno-fat-lto-objects  compilation failed to produce executable
UNRESOLVED: gcc.target/aarch64/advsimd-intrinsics/vst1x3.c   -O3 -fomit-frame-pointer -funroll-loops -fpeel-loops -ftracer -finline-functions  compilation failed to produce executable
UNRESOLVED: gcc.target/aarch64/advsimd-intrinsics/vst1x3.c   -O3 -g  compilation failed to produce executable
UNRESOLVED: gcc.target/aarch64/advsimd-intrinsics/vst1x3.c   -Og -g  compilation failed to produce executable
UNRESOLVED: gcc.target/aarch64/advsimd-intrinsics/vst1x3.c   -Os  compilation failed to produce executable
UNRESOLVED: gcc.target/aarch64/advsimd-intrinsics/vst1x4.c   -O0  compilation failed to produce executable
UNRESOLVED: gcc.target/aarch64/advsimd-intrinsics/vst1x4.c   -O1  compilation failed to produce executable
UNRESOLVED: gcc.target/aarch64/advsimd-intrinsics/vst1x4.c   -O2  compilation failed to produce executable
UNRESOLVED: gcc.target/aarch64/advsimd-intrinsics/vst1x4.c   -O2 -flto -fno-use-linker-plugin -flto-partition=none  compilation failed to produce executable
UNRESOLVED: gcc.target/aarch64/advsimd-intrinsics/vst1x4.c   -O2 -flto -fuse-linker-plugin -fno-fat-lto-objects  compilation failed to produce executable
UNRESOLVED: gcc.target/aarch64/advsimd-intrinsics/vst1x4.c   -O3 -fomit-frame-pointer -funroll-loops -fpeel-loops -ftracer -finline-functions  compilation failed to produce executable
UNRESOLVED: gcc.target/aarch64/advsimd-intrinsics/vst1x4.c   -O3 -g  compilation failed to produce executable
UNRESOLVED: gcc.target/aarch64/advsimd-intrinsics/vst1x4.c   -Og -g  compilation failed to produce executable
UNRESOLVED: gcc.target/aarch64/advsimd-intrinsics/vst1x4.c   -Os  compilation failed to produce executable
FAIL: gcc.target/arm/addr-modes-float.c scan-assembler vst3.8\\t{d[02468], d[02468], d[02468]}, \\\\[r[0-9]+\\\\]!
FAIL: gcc.target/arm/memcpy-aligned-1.c scan-assembler-not ldr\\t
FAIL: gcc.target/arm/memcpy-aligned-1.c scan-assembler-times str\\t 1
FAIL: gcc.target/arm/polytypes.c  (test for warnings, line 31)
FAIL: gcc.target/arm/pr42575.c scan-assembler-not mov
FAIL: gcc.target/arm/pr51968.c (test for excess errors)
FAIL: gcc.target/arm/reg_equal_test.c scan-rtl-dump expand "expr_list:REG_EQUAL \\\\(const_int -942519458"

		=== gcc Summary ===

# of expected passes		116559
# of unexpected failures	28
# of unexpected successes	6
# of expected failures		483
# of unresolved testcases	54
# of unsupported tests		6099
/tmp/8218777_14.tmpdir/aci-gcc-fsf/builds/gcc-fsf-gccsrc/obj-arm-none-linux-gnueabihf/gcc3/gcc/xgcc  version 9.3.1  (DEFMODE=arm DEFCPU=arm10tdmi DEFFPU=vfp TESTFLAGS=) [r9-9094] (GCC) 

Host   is x86_64-pc-linux-gnu

		=== gfortran tests ===


Running target qemu
FAIL: gfortran.dg/elemental_subroutine_3.f90   -O1  (test for excess errors)
FAIL: gfortran.dg/elemental_subroutine_3.f90   -O2  (test for excess errors)
FAIL: gfortran.dg/elemental_subroutine_3.f90   -O3 -fomit-frame-pointer -funroll-loops -fpeel-loops -ftracer -finline-functions  (test for excess errors)
FAIL: gfortran.dg/elemental_subroutine_3.f90   -O3 -g  (test for excess errors)
FAIL: gfortran.dg/elemental_subroutine_3.f90   -Os  (test for excess errors)
FAIL: gfortran.dg/ieee/ieee_6.f90   -O0  execution test
FAIL: gfortran.dg/ieee/ieee_6.f90   -O1  execution test
FAIL: gfortran.dg/ieee/ieee_6.f90   -O2  execution test
FAIL: gfortran.dg/ieee/ieee_6.f90   -O3 -fomit-frame-pointer -funroll-loops -fpeel-loops -ftracer -finline-functions  execution test
FAIL: gfortran.dg/ieee/ieee_6.f90   -O3 -g  execution test
FAIL: gfortran.dg/ieee/ieee_6.f90   -Os  execution test
XPASS: gfortran.dg/ieee/ieee_8.f90   -O0  execution test
XPASS: gfortran.dg/ieee/ieee_8.f90   -O1  execution test
XPASS: gfortran.dg/ieee/ieee_8.f90   -O2  execution test
XPASS: gfortran.dg/ieee/ieee_8.f90   -O3 -fomit-frame-pointer -funroll-loops -fpeel-loops -ftracer -finline-functions  execution test
XPASS: gfortran.dg/ieee/ieee_8.f90   -O3 -g  execution test
XPASS: gfortran.dg/ieee/ieee_8.f90   -Os  execution test
FAIL: gfortran.dg/ieee/ieee_9.f90   -O0  (test for excess errors)
UNRESOLVED: gfortran.dg/ieee/ieee_9.f90   -O0  compilation failed to produce executable
FAIL: gfortran.dg/ieee/ieee_9.f90   -O1  (test for excess errors)
UNRESOLVED: gfortran.dg/ieee/ieee_9.f90   -O1  compilation failed to produce executable
FAIL: gfortran.dg/ieee/ieee_9.f90   -O2  (test for excess errors)
UNRESOLVED: gfortran.dg/ieee/ieee_9.f90   -O2  compilation failed to produce executable
FAIL: gfortran.dg/ieee/ieee_9.f90   -O3 -fomit-frame-pointer -funroll-loops -fpeel-loops -ftracer -finline-functions  (test for excess errors)
UNRESOLVED: gfortran.dg/ieee/ieee_9.f90   -O3 -fomit-frame-pointer -funroll-loops -fpeel-loops -ftracer -finline-functions  compilation failed to produce executable
FAIL: gfortran.dg/ieee/ieee_9.f90   -O3 -g  (test for excess errors)
UNRESOLVED: gfortran.dg/ieee/ieee_9.f90   -O3 -g  compilation failed to produce executable
FAIL: gfortran.dg/ieee/ieee_9.f90   -Os  (test for excess errors)
UNRESOLVED: gfortran.dg/ieee/ieee_9.f90   -Os  compilation failed to produce executable
FAIL: gfortran.dg/vect/pr85853.f90   -O0  execution test
FAIL: gfortran.dg/vect/pr85853.f90   -O1  execution test
FAIL: gfortran.dg/vect/pr85853.f90   -O2  execution test
FAIL: gfortran.dg/vect/pr85853.f90   -O3 -fomit-frame-pointer -funroll-loops -fpeel-loops -ftracer -finline-functions  execution test
FAIL: gfortran.dg/vect/pr85853.f90   -O3 -g  execution test
FAIL: gfortran.dg/vect/pr85853.f90   -Os  execution test
FAIL: gfortran.dg/vect/vect-alias-check-1.F90   -O0  execution test
FAIL: gfortran.dg/vect/vect-alias-check-1.F90   -O1  execution test
FAIL: gfortran.dg/vect/vect-alias-check-1.F90   -O2  execution test
FAIL: gfortran.dg/vect/vect-alias-check-1.F90   -O3 -fomit-frame-pointer -funroll-loops -fpeel-loops -ftracer -finline-functions  execution test
FAIL: gfortran.dg/vect/vect-alias-check-1.F90   -O3 -g  execution test
FAIL: gfortran.dg/vect/vect-alias-check-1.F90   -Os  execution test

		=== gfortran Summary ===

# of expected passes		49780
# of unexpected failures	29
# of unexpected successes	6
# of expected failures		177
# of unresolved testcases	6
# of unsupported tests		397
/tmp/8218777_14.tmpdir/aci-gcc-fsf/builds/gcc-fsf-gccsrc/obj-arm-none-linux-gnueabihf/gcc3/gcc/gfortran  version 9.3.1  (DEFMODE=arm DEFCPU=arm10tdmi DEFFPU=vfp TESTFLAGS=) [r9-9094] (GCC) 

Host   is x86_64-pc-linux-gnu

		=== g++ tests ===


Running target qemu
WARNING: skipping asan tests due to ulimit -v
WARNING: skipping asan tests due to ulimit -v
WARNING: skipping asan tests due to ulimit -v
WARNING: skipping asan tests due to ulimit -v
WARNING: skipping asan tests due to ulimit -v
FAIL: g++.dg/inherit/thunk10.C  -std=gnu++14 (test for excess errors)
UNRESOLVED: g++.dg/inherit/thunk10.C  -std=gnu++14 compilation failed to produce executable
FAIL: g++.dg/inherit/thunk10.C  -std=gnu++17 (test for excess errors)
UNRESOLVED: g++.dg/inherit/thunk10.C  -std=gnu++17 compilation failed to produce executable
FAIL: g++.dg/inherit/thunk10.C  -std=gnu++98 (test for excess errors)
UNRESOLVED: g++.dg/inherit/thunk10.C  -std=gnu++98 compilation failed to produce executable
FAIL: g++.dg/lto/pr65276 cp_lto_pr65276_0.o-cp_lto_pr65276_1.o link, -flto -O0 -std=c++11
FAIL: g++.dg/vect/pr87914.cc  -std=c++14 execution test
FAIL: g++.dg/vect/pr87914.cc  -std=c++17 execution test
FAIL: g++.dg/vect/pr87914.cc  -std=c++98 execution test

		=== g++ Summary ===

# of expected passes		128097
# of unexpected failures	7
# of expected failures		516
# of unresolved testcases	3
# of unsupported tests		6491
/tmp/8218777_14.tmpdir/aci-gcc-fsf/builds/gcc-fsf-gccsrc/obj-arm-none-linux-gnueabihf/gcc3/gcc/xg++  version 9.3.1  (DEFMODE=arm DEFCPU=arm10tdmi DEFFPU=vfp TESTFLAGS=) [r9-9094] (GCC) 


Compiler version: 9.3.1 (DEFMODE=arm DEFCPU=arm10tdmi DEFFPU=vfp TESTFLAGS=) [r9-9094] (GCC) 
Platform: arm-none-linux-gnueabihf
configure flags: --target=arm-none-linux-gnueabihf --prefix=/tmp/8218777_14.tmpdir/aci-gcc-fsf/builds/gcc-fsf-gccsrc/tools --with-sysroot=/tmp/8218777_14.tmpdir/aci-gcc-fsf/builds/gcc-fsf-gccsrc/sysroot-arm-none-linux-gnueabihf --disable-nls --disable-libgomp --disable-libmudflap --disable-libcilkrts --enable-checking --enable-languages=c,c++,fortran --with-float=hard --enable-build-with-cxx --with-mode=arm --with-cpu=arm10tdmi --with-fpu=vfp


More information about the Gcc-testresults mailing list