Results for 10.2.1 (DEFMODE=thumb DEFCPU=cortex-a5 DEFFPU=vfpv3-d16-fp16 TESTFLAGS=) [r10-9110] (GCC) testsuite on arm-none-linux-gnueabihf

Christophe LYON christophe.lyon@st.com
Wed Dec 2 22:30:20 GMT 2020


LAST_UPDATED: Wed Dec  2 21:05:51 UTC 2020 (revision r10-9110-g20fc59de1e21aaddc9ae08bc9d7e060df6706579) TARGET=arm-none-linux-gnueabihf CPU=cortex-a5 FPU=vfpv3-d16-fp16 MODE=thumb

Target is arm-none-linux-gnueabihf
Host   is arm-none-linux-gnueabihf

		=== libatomic tests ===


Running target qemu

		=== libatomic Summary ===

# of expected passes		44
# of unsupported tests		5
Host   is arm-none-linux-gnueabihf

		=== libitm tests ===


Running target qemu

		=== libitm Summary ===

# of expected passes		42
# of expected failures		3
# of unsupported tests		1
Host   is arm-none-linux-gnueabihf

		=== libstdc++ tests ===


Running target qemu
FAIL: 30_threads/jthread/95989.cc execution test
FAIL: experimental/net/internet/resolver/ops/lookup.cc execution test

		=== libstdc++ Summary ===

# of expected passes		13361
# of unexpected failures	2
# of expected failures		93
# of untested testcases		1
# of unsupported tests		723
Host   is x86_64-pc-linux-gnu

		=== gcc tests ===


Running target qemu
WARNING: skipping asan tests due to ulimit -v
WARNING: skipping asan tests due to ulimit -v
WARNING: skipping asan tests due to ulimit -v
WARNING: skipping asan tests due to ulimit -v
WARNING: skipping asan tests due to ulimit -v
WARNING: skipping asan tests due to ulimit -v
WARNING: skipping asan tests due to ulimit -v
WARNING: skipping asan tests due to ulimit -v
WARNING: skipping asan tests due to ulimit -v
WARNING: skipping asan tests due to ulimit -v
FAIL: gcc.dg/debug/dwarf2/pr97060.c scan-assembler-times DW_AT_declaration 2
FAIL: gcc.dg/strlenopt-73.c scan-tree-dump-times optimized "_not_eliminated_" 0
FAIL: gcc.dg/strlenopt-73.c scan-tree-dump-times optimized "strlen" 0
FAIL: gcc.dg/tree-prof/pr77698.c scan-rtl-dump-times alignments "internal loop alignment added" 1
FAIL: gcc.dg/tree-ssa/gen-vect-26.c scan-tree-dump-times vect "Alignment of access forced using peeling" 1
FAIL: gcc.dg/tree-ssa/gen-vect-26.c scan-tree-dump-times vect "Vectorizing an unaligned access" 0
FAIL: gcc.dg/tree-ssa/gen-vect-28.c scan-tree-dump-times vect "Alignment of access forced using peeling" 1
FAIL: gcc.dg/tree-ssa/gen-vect-28.c scan-tree-dump-times vect "Vectorizing an unaligned access" 0
FAIL: gcc.dg/tree-ssa/pr87022.c (test for excess errors)
UNRESOLVED: gcc.target/aarch64/advsimd-intrinsics/vld1x2.c   -O0  compilation failed to produce executable
UNRESOLVED: gcc.target/aarch64/advsimd-intrinsics/vld1x2.c   -O1  compilation failed to produce executable
UNRESOLVED: gcc.target/aarch64/advsimd-intrinsics/vld1x2.c   -O2  compilation failed to produce executable
UNRESOLVED: gcc.target/aarch64/advsimd-intrinsics/vld1x2.c   -O2 -flto -fno-use-linker-plugin -flto-partition=none  compilation failed to produce executable
UNRESOLVED: gcc.target/aarch64/advsimd-intrinsics/vld1x2.c   -O2 -flto -fuse-linker-plugin -fno-fat-lto-objects  compilation failed to produce executable
UNRESOLVED: gcc.target/aarch64/advsimd-intrinsics/vld1x2.c   -O3 -fomit-frame-pointer -funroll-loops -fpeel-loops -ftracer -finline-functions  compilation failed to produce executable
UNRESOLVED: gcc.target/aarch64/advsimd-intrinsics/vld1x2.c   -O3 -g  compilation failed to produce executable
UNRESOLVED: gcc.target/aarch64/advsimd-intrinsics/vld1x2.c   -Og -g  compilation failed to produce executable
UNRESOLVED: gcc.target/aarch64/advsimd-intrinsics/vld1x2.c   -Os  compilation failed to produce executable
UNRESOLVED: gcc.target/aarch64/advsimd-intrinsics/vld1x3.c   -O0  compilation failed to produce executable
UNRESOLVED: gcc.target/aarch64/advsimd-intrinsics/vld1x3.c   -O1  compilation failed to produce executable
UNRESOLVED: gcc.target/aarch64/advsimd-intrinsics/vld1x3.c   -O2  compilation failed to produce executable
UNRESOLVED: gcc.target/aarch64/advsimd-intrinsics/vld1x3.c   -O2 -flto -fno-use-linker-plugin -flto-partition=none  compilation failed to produce executable
UNRESOLVED: gcc.target/aarch64/advsimd-intrinsics/vld1x3.c   -O2 -flto -fuse-linker-plugin -fno-fat-lto-objects  compilation failed to produce executable
UNRESOLVED: gcc.target/aarch64/advsimd-intrinsics/vld1x3.c   -O3 -fomit-frame-pointer -funroll-loops -fpeel-loops -ftracer -finline-functions  compilation failed to produce executable
UNRESOLVED: gcc.target/aarch64/advsimd-intrinsics/vld1x3.c   -O3 -g  compilation failed to produce executable
UNRESOLVED: gcc.target/aarch64/advsimd-intrinsics/vld1x3.c   -Og -g  compilation failed to produce executable
UNRESOLVED: gcc.target/aarch64/advsimd-intrinsics/vld1x3.c   -Os  compilation failed to produce executable
UNRESOLVED: gcc.target/aarch64/advsimd-intrinsics/vld1x4.c   -O0  compilation failed to produce executable
UNRESOLVED: gcc.target/aarch64/advsimd-intrinsics/vld1x4.c   -O1  compilation failed to produce executable
UNRESOLVED: gcc.target/aarch64/advsimd-intrinsics/vld1x4.c   -O2  compilation failed to produce executable
UNRESOLVED: gcc.target/aarch64/advsimd-intrinsics/vld1x4.c   -O2 -flto -fno-use-linker-plugin -flto-partition=none  compilation failed to produce executable
UNRESOLVED: gcc.target/aarch64/advsimd-intrinsics/vld1x4.c   -O2 -flto -fuse-linker-plugin -fno-fat-lto-objects  compilation failed to produce executable
UNRESOLVED: gcc.target/aarch64/advsimd-intrinsics/vld1x4.c   -O3 -fomit-frame-pointer -funroll-loops -fpeel-loops -ftracer -finline-functions  compilation failed to produce executable
UNRESOLVED: gcc.target/aarch64/advsimd-intrinsics/vld1x4.c   -O3 -g  compilation failed to produce executable
UNRESOLVED: gcc.target/aarch64/advsimd-intrinsics/vld1x4.c   -Og -g  compilation failed to produce executable
UNRESOLVED: gcc.target/aarch64/advsimd-intrinsics/vld1x4.c   -Os  compilation failed to produce executable
UNRESOLVED: gcc.target/aarch64/advsimd-intrinsics/vst1x2.c   -O0  compilation failed to produce executable
UNRESOLVED: gcc.target/aarch64/advsimd-intrinsics/vst1x2.c   -O1  compilation failed to produce executable
UNRESOLVED: gcc.target/aarch64/advsimd-intrinsics/vst1x2.c   -O2  compilation failed to produce executable
UNRESOLVED: gcc.target/aarch64/advsimd-intrinsics/vst1x2.c   -O2 -flto -fno-use-linker-plugin -flto-partition=none  compilation failed to produce executable
UNRESOLVED: gcc.target/aarch64/advsimd-intrinsics/vst1x2.c   -O2 -flto -fuse-linker-plugin -fno-fat-lto-objects  compilation failed to produce executable
UNRESOLVED: gcc.target/aarch64/advsimd-intrinsics/vst1x2.c   -O3 -fomit-frame-pointer -funroll-loops -fpeel-loops -ftracer -finline-functions  compilation failed to produce executable
UNRESOLVED: gcc.target/aarch64/advsimd-intrinsics/vst1x2.c   -O3 -g  compilation failed to produce executable
UNRESOLVED: gcc.target/aarch64/advsimd-intrinsics/vst1x2.c   -Og -g  compilation failed to produce executable
UNRESOLVED: gcc.target/aarch64/advsimd-intrinsics/vst1x2.c   -Os  compilation failed to produce executable
UNRESOLVED: gcc.target/aarch64/advsimd-intrinsics/vst1x3.c   -O0  compilation failed to produce executable
UNRESOLVED: gcc.target/aarch64/advsimd-intrinsics/vst1x3.c   -O1  compilation failed to produce executable
UNRESOLVED: gcc.target/aarch64/advsimd-intrinsics/vst1x3.c   -O2  compilation failed to produce executable
UNRESOLVED: gcc.target/aarch64/advsimd-intrinsics/vst1x3.c   -O2 -flto -fno-use-linker-plugin -flto-partition=none  compilation failed to produce executable
UNRESOLVED: gcc.target/aarch64/advsimd-intrinsics/vst1x3.c   -O2 -flto -fuse-linker-plugin -fno-fat-lto-objects  compilation failed to produce executable
UNRESOLVED: gcc.target/aarch64/advsimd-intrinsics/vst1x3.c   -O3 -fomit-frame-pointer -funroll-loops -fpeel-loops -ftracer -finline-functions  compilation failed to produce executable
UNRESOLVED: gcc.target/aarch64/advsimd-intrinsics/vst1x3.c   -O3 -g  compilation failed to produce executable
UNRESOLVED: gcc.target/aarch64/advsimd-intrinsics/vst1x3.c   -Og -g  compilation failed to produce executable
UNRESOLVED: gcc.target/aarch64/advsimd-intrinsics/vst1x3.c   -Os  compilation failed to produce executable
UNRESOLVED: gcc.target/aarch64/advsimd-intrinsics/vst1x4.c   -O0  compilation failed to produce executable
UNRESOLVED: gcc.target/aarch64/advsimd-intrinsics/vst1x4.c   -O1  compilation failed to produce executable
UNRESOLVED: gcc.target/aarch64/advsimd-intrinsics/vst1x4.c   -O2  compilation failed to produce executable
UNRESOLVED: gcc.target/aarch64/advsimd-intrinsics/vst1x4.c   -O2 -flto -fno-use-linker-plugin -flto-partition=none  compilation failed to produce executable
UNRESOLVED: gcc.target/aarch64/advsimd-intrinsics/vst1x4.c   -O2 -flto -fuse-linker-plugin -fno-fat-lto-objects  compilation failed to produce executable
UNRESOLVED: gcc.target/aarch64/advsimd-intrinsics/vst1x4.c   -O3 -fomit-frame-pointer -funroll-loops -fpeel-loops -ftracer -finline-functions  compilation failed to produce executable
UNRESOLVED: gcc.target/aarch64/advsimd-intrinsics/vst1x4.c   -O3 -g  compilation failed to produce executable
UNRESOLVED: gcc.target/aarch64/advsimd-intrinsics/vst1x4.c   -Og -g  compilation failed to produce executable
UNRESOLVED: gcc.target/aarch64/advsimd-intrinsics/vst1x4.c   -Os  compilation failed to produce executable
FAIL: gcc.target/arm/addr-modes-float.c scan-assembler vst3.8\\t{d[02468], d[02468], d[02468]}, \\\\[r[0-9]+\\\\]!
FAIL: gcc.target/arm/bf16_dup.c (test for excess errors)
UNRESOLVED: gcc.target/arm/bf16_dup.c scan-assembler vdot.bf16\\\\td[0-9]+, d[0-9]+, d[0-9]+
UNRESOLVED: gcc.target/arm/bf16_dup.c scan-assembler vdup\\\\.16\\\\td[0-9]+, r[0-9]+
UNRESOLVED: gcc.target/arm/bf16_dup.c scan-assembler vdup\\\\.16\\\\tq[0-9]+, r[0-9]+
UNRESOLVED: gcc.target/arm/bf16_dup.c scan-assembler-times vdup\\\\.16\\\\td[0-9]+, d[0-9]+\\\\[1\\\\] 1
UNRESOLVED: gcc.target/arm/bf16_dup.c scan-assembler-times vdup\\\\.16\\\\tq[0-9]+, d[0-9]+\\\\[1\\\\] 1
FAIL: gcc.target/arm/bfloat16_simd_1_2.c (test for excess errors)
UNRESOLVED: gcc.target/arm/bfloat16_simd_1_2.c check-function-bodies stacktest1
UNRESOLVED: gcc.target/arm/bfloat16_simd_1_2.c check-function-bodies stacktest2
UNRESOLVED: gcc.target/arm/bfloat16_simd_1_2.c check-function-bodies stacktest3
FAIL: gcc.target/arm/bfloat16_simd_2_2.c (test for excess errors)
UNRESOLVED: gcc.target/arm/bfloat16_simd_2_2.c check-function-bodies stacktest1
UNRESOLVED: gcc.target/arm/bfloat16_simd_2_2.c check-function-bodies stacktest2
UNRESOLVED: gcc.target/arm/bfloat16_simd_2_2.c check-function-bodies stacktest3
FAIL: gcc.target/arm/bfloat16_simd_3_2.c (test for excess errors)
UNRESOLVED: gcc.target/arm/bfloat16_simd_3_2.c check-function-bodies stacktest1
UNRESOLVED: gcc.target/arm/bfloat16_simd_3_2.c check-function-bodies stacktest2
UNRESOLVED: gcc.target/arm/bfloat16_simd_3_2.c check-function-bodies stacktest3
UNRESOLVED: gcc.target/arm/lp1243022.c scan-rtl-dump subreg2 "REG_INC"
FAIL: gcc.target/arm/pr43920-2.c scan-assembler-times pop 2
FAIL: gcc.target/arm/pr45701-2.c scan-assembler push\\t{r3
FAIL: gcc.target/arm/pr45701-3.c scan-assembler push\\t.*r8
FAIL: gcc.target/arm/pr51968.c (test for excess errors)
FAIL: gcc.target/arm/thumb-ifcvt.c scan-assembler asrne
FAIL: gcc.target/arm/thumb-ifcvt.c scan-assembler lslne
FAIL: gcc.target/arm/thumb2-cond-cmp-1.c scan-assembler cmpne
FAIL: gcc.target/arm/thumb2-cond-cmp-2.c scan-assembler cmpeq
FAIL: gcc.target/arm/thumb2-cond-cmp-3.c scan-assembler cmpgt
FAIL: gcc.target/arm/thumb2-cond-cmp-4.c scan-assembler cmpgt
FAIL: gcc.target/arm/simd/bf16_vldn_1.c check-function-bodies test_vld3q_bf16
FAIL: gcc.target/arm/simd/vmmla_1.c (test for excess errors)
FAIL: gcc.target/arm/simd/vmmla_1.c scan-assembler-times \\\\tvsmmla.s8\\\\tq[0-9]+, q[0-9]+, q[0-9]+ 1
FAIL: gcc.target/arm/simd/vmmla_1.c scan-assembler-times \\\\tvummla.u8\\\\tq[0-9]+, q[0-9]+, q[0-9]+ 1
FAIL: gcc.target/arm/simd/vmmla_1.c scan-assembler-times \\\\tvusmmla.s8\\\\tq[0-9]+, q[0-9]+, q[0-9]+ 1

		=== gcc Summary ===

# of expected passes		141954
# of unexpected failures	29
# of expected failures		705
# of unresolved testcases	69
# of unsupported tests		6425
/tmp/8146814_22.tmpdir/aci-gcc-fsf/builds/gcc-fsf-gccsrc-thumb/obj-arm-none-linux-gnueabihf/gcc3/gcc/xgcc  version 10.2.1  (DEFMODE=thumb DEFCPU=cortex-a5 DEFFPU=vfpv3-d16-fp16 TESTFLAGS=) [r10-9110] (GCC) 

Host   is x86_64-pc-linux-gnu

		=== gfortran tests ===


Running target qemu
FAIL: gfortran.dg/analyzer/pr93993.f90   -O  (test for excess errors)
FAIL: gfortran.dg/pr45636.f90   -O   scan-tree-dump-times forwprop2 "memset" 0
FAIL: gfortran.dg/pr95690.f90   -O   (test for errors, line 5)
FAIL: gfortran.dg/pr95690.f90   -O  (test for excess errors)
FAIL: gfortran.dg/ieee/ieee_6.f90   -O0  execution test
FAIL: gfortran.dg/ieee/ieee_6.f90   -O1  execution test
FAIL: gfortran.dg/ieee/ieee_6.f90   -O2  execution test
FAIL: gfortran.dg/ieee/ieee_6.f90   -O3 -fomit-frame-pointer -funroll-loops -fpeel-loops -ftracer -finline-functions  execution test
FAIL: gfortran.dg/ieee/ieee_6.f90   -O3 -g  execution test
FAIL: gfortran.dg/ieee/ieee_6.f90   -Os  execution test
XPASS: gfortran.dg/ieee/ieee_8.f90   -O0  execution test
XPASS: gfortran.dg/ieee/ieee_8.f90   -O1  execution test
XPASS: gfortran.dg/ieee/ieee_8.f90   -O2  execution test
XPASS: gfortran.dg/ieee/ieee_8.f90   -O3 -fomit-frame-pointer -funroll-loops -fpeel-loops -ftracer -finline-functions  execution test
XPASS: gfortran.dg/ieee/ieee_8.f90   -O3 -g  execution test
XPASS: gfortran.dg/ieee/ieee_8.f90   -Os  execution test
FAIL: gfortran.dg/ieee/ieee_9.f90   -O0  (test for excess errors)
UNRESOLVED: gfortran.dg/ieee/ieee_9.f90   -O0  compilation failed to produce executable
FAIL: gfortran.dg/ieee/ieee_9.f90   -O1  (test for excess errors)
UNRESOLVED: gfortran.dg/ieee/ieee_9.f90   -O1  compilation failed to produce executable
FAIL: gfortran.dg/ieee/ieee_9.f90   -O2  (test for excess errors)
UNRESOLVED: gfortran.dg/ieee/ieee_9.f90   -O2  compilation failed to produce executable
FAIL: gfortran.dg/ieee/ieee_9.f90   -O3 -fomit-frame-pointer -funroll-loops -fpeel-loops -ftracer -finline-functions  (test for excess errors)
UNRESOLVED: gfortran.dg/ieee/ieee_9.f90   -O3 -fomit-frame-pointer -funroll-loops -fpeel-loops -ftracer -finline-functions  compilation failed to produce executable
FAIL: gfortran.dg/ieee/ieee_9.f90   -O3 -g  (test for excess errors)
UNRESOLVED: gfortran.dg/ieee/ieee_9.f90   -O3 -g  compilation failed to produce executable
FAIL: gfortran.dg/ieee/ieee_9.f90   -Os  (test for excess errors)
UNRESOLVED: gfortran.dg/ieee/ieee_9.f90   -Os  compilation failed to produce executable

		=== gfortran Summary ===

# of expected passes		53041
# of unexpected failures	16
# of unexpected successes	6
# of expected failures		222
# of unresolved testcases	6
# of unsupported tests		406
/tmp/8146814_22.tmpdir/aci-gcc-fsf/builds/gcc-fsf-gccsrc-thumb/obj-arm-none-linux-gnueabihf/gcc3/gcc/gfortran  version 10.2.1  (DEFMODE=thumb DEFCPU=cortex-a5 DEFFPU=vfpv3-d16-fp16 TESTFLAGS=) [r10-9110] (GCC) 

Host   is x86_64-pc-linux-gnu

		=== g++ tests ===


Running target qemu
WARNING: skipping asan tests due to ulimit -v
WARNING: skipping asan tests due to ulimit -v
WARNING: skipping asan tests due to ulimit -v
WARNING: skipping asan tests due to ulimit -v
WARNING: skipping asan tests due to ulimit -v
WARNING: skipping asan tests due to ulimit -v
FAIL: g++.dg/opt/store-merging-2.C  -std=gnu++14  scan-tree-dump store-merging "New sequence of 2 stores to replace old one of 3 stores"
FAIL: g++.dg/opt/store-merging-2.C  -std=gnu++17  scan-tree-dump store-merging "New sequence of 2 stores to replace old one of 3 stores"
FAIL: g++.dg/opt/store-merging-2.C  -std=gnu++2a  scan-tree-dump store-merging "New sequence of 2 stores to replace old one of 3 stores"
FAIL: g++.dg/opt/store-merging-2.C  -std=gnu++98  scan-tree-dump store-merging "New sequence of 2 stores to replace old one of 3 stores"
FAIL: g++.dg/lto/pr65276 cp_lto_pr65276_0.o-cp_lto_pr65276_1.o link, -flto -O0 -std=c++11

		=== g++ Summary ===

# of expected passes		193480
# of unexpected failures	5
# of expected failures		886
# of unsupported tests		8622
/tmp/8146814_22.tmpdir/aci-gcc-fsf/builds/gcc-fsf-gccsrc-thumb/obj-arm-none-linux-gnueabihf/gcc3/gcc/xg++  version 10.2.1  (DEFMODE=thumb DEFCPU=cortex-a5 DEFFPU=vfpv3-d16-fp16 TESTFLAGS=) [r10-9110] (GCC) 


Compiler version: 10.2.1 (DEFMODE=thumb DEFCPU=cortex-a5 DEFFPU=vfpv3-d16-fp16 TESTFLAGS=) [r10-9110] (GCC) 
Platform: arm-none-linux-gnueabihf
configure flags: --target=arm-none-linux-gnueabihf --prefix=/tmp/8146814_22.tmpdir/aci-gcc-fsf/builds/gcc-fsf-gccsrc-thumb/tools --with-sysroot=/tmp/8146814_22.tmpdir/aci-gcc-fsf/builds/gcc-fsf-gccsrc-thumb/sysroot-arm-none-linux-gnueabihf --disable-nls --disable-libgomp --disable-libmudflap --disable-libcilkrts --enable-checking --enable-languages=c,c++,fortran --with-float=hard --enable-build-with-cxx --with-mode=thumb --with-cpu=cortex-a5 --with-fpu=vfpv3-d16-fp16


More information about the Gcc-testresults mailing list