Results for 11.0.0 20201128 (experimental) [master revision r11-5509-ge87559d202d9] (GCC) testsuite on x86_64-apple-darwin12

Iain Sandoe iains.gcc@gmail.com
Wed Dec 2 20:52:54 GMT 2020


LAST_UPDATED: Sat Nov 28 09:18:43 UTC 2020 (revision r11-5509-ge87559d202d9)

Native configuration is x86_64-apple-darwin12

		=== g++ tests ===


Running target unix/-m32
WARNING: g++.dg/coroutines/torture/class-04-lambda-1.C (test for excess errors) program timed out.
FAIL: g++.dg/coroutines/torture/class-04-lambda-1.C (test for excess errors)
WARNING: c-c++-common/cpp/openacc-define-2.c  -std=gnu++2a (test for excess errors) program timed out.
FAIL: c-c++-common/cpp/openacc-define-2.c  -std=gnu++2a (test for excess errors)
WARNING: g++.dg/cpp0x/variadic-nested3.C  -std=c++2a  (test for errors, line 10) program timed out.
FAIL: g++.dg/ext/pr84828.C  -std=gnu++14 (internal compiler error)
FAIL: g++.dg/ext/pr84828.C  -std=gnu++14 (test for excess errors)
FAIL: g++.dg/ext/pr84828.C  -std=gnu++17 (internal compiler error)
FAIL: g++.dg/ext/pr84828.C  -std=gnu++17 (test for excess errors)
FAIL: g++.dg/ext/pr84828.C  -std=gnu++2a (internal compiler error)
FAIL: g++.dg/ext/pr84828.C  -std=gnu++2a (test for excess errors)
FAIL: g++.dg/ext/pr84828.C  -std=gnu++98 (internal compiler error)
FAIL: g++.dg/ext/pr84828.C  -std=gnu++98 (test for excess errors)
FAIL: g++.dg/ipa/pr67056.C   scan-ipa-dump cp "Speculative outer type:struct CompositeClass"
FAIL: g++.dg/opt/const4.C  -std=c++14  scan-assembler-symbol-section symbol constant_variable (found __ZL17constant_variable) has section ^\\\\.(const|rodata)|\\\\[RO\\\\] (no section detected)
FAIL: g++.dg/opt/const4.C  -std=c++17  scan-assembler-symbol-section symbol constant_variable (found __ZL17constant_variable) has section ^\\\\.(const|rodata)|\\\\[RO\\\\] (no section detected)
FAIL: g++.dg/opt/const4.C  -std=c++2a  scan-assembler-symbol-section symbol constant_variable (found __ZL17constant_variable) has section ^\\\\.(const|rodata)|\\\\[RO\\\\] (no section detected)
FAIL: g++.dg/opt/const4.C  -std=c++98  scan-assembler-symbol-section symbol constant_variable (found __ZL17constant_variable) has section ^\\\\.(const|rodata)|\\\\[RO\\\\] (no section detected)
WARNING: g++.dg/tree-ssa/pr33604.C  -std=gnu++17 (test for excess errors) program timed out.
FAIL: g++.dg/tree-ssa/pr33604.C  -std=gnu++17 (test for excess errors)
WARNING: c-c++-common/gomp/loop-1.c  -std=c++2a  (test for errors, line 85) program timed out.
FAIL: g++.dg/gomp/pr88182.C  -std=gnu++14 (test for excess errors)
UNRESOLVED: g++.dg/gomp/pr88182.C  -std=gnu++14 compilation failed to produce executable
FAIL: g++.dg/gomp/pr88182.C  -std=gnu++17 (test for excess errors)
UNRESOLVED: g++.dg/gomp/pr88182.C  -std=gnu++17 compilation failed to produce executable
FAIL: g++.dg/gomp/pr88182.C  -std=gnu++2a (test for excess errors)
UNRESOLVED: g++.dg/gomp/pr88182.C  -std=gnu++2a compilation failed to produce executable
FAIL: g++.dg/gomp/pr88182.C  -std=gnu++98 (test for excess errors)
UNRESOLVED: g++.dg/gomp/pr88182.C  -std=gnu++98 compilation failed to produce executable
FAIL: g++.dg/gomp/tls-5.C  -std=c++14  scan-assembler-symbol-section symbol ^_?_ZGR2ir_\$ (symbol not found) has section ^\\\\.tdata|\\\\[TL\\\\]
FAIL: g++.dg/gomp/tls-5.C  -std=c++14  scan-assembler-symbol-section symbol ^_?ir\$ (symbol not found) has section ^\\\\.tbss|\\\\[TL\\\\]
FAIL: g++.dg/gomp/tls-5.C  -std=c++17  scan-assembler-symbol-section symbol ^_?_ZGR2ir_\$ (symbol not found) has section ^\\\\.tdata|\\\\[TL\\\\]
FAIL: g++.dg/gomp/tls-5.C  -std=c++17  scan-assembler-symbol-section symbol ^_?ir\$ (symbol not found) has section ^\\\\.tbss|\\\\[TL\\\\]
FAIL: g++.dg/gomp/tls-5.C  -std=c++2a  scan-assembler-symbol-section symbol ^_?_ZGR2ir_\$ (symbol not found) has section ^\\\\.tdata|\\\\[TL\\\\]
FAIL: g++.dg/gomp/tls-5.C  -std=c++2a  scan-assembler-symbol-section symbol ^_?ir\$ (symbol not found) has section ^\\\\.tbss|\\\\[TL\\\\]
FAIL: g++.dg/lto/pr65276 cp_lto_pr65276_0.o-cp_lto_pr65276_1.o link, -flto -O0 -std=c++11
FAIL: g++.dg/lto/pr89335 cp_lto_pr89335_0.o assemble, -O2 -flto -Wsuggest-final-methods
FAIL: g++.dg/tls/thread_local-order2.C  -std=c++14 execution test
FAIL: g++.dg/tls/thread_local-order2.C  -std=c++17 execution test
FAIL: g++.dg/tls/thread_local-order2.C  -std=c++2a execution test
WARNING: g++.old-deja/g++.mike/opr-as1.C  -std=c++17 (test for excess errors) program timed out.
FAIL: g++.old-deja/g++.mike/opr-as1.C  -std=c++17 (test for excess errors)

		=== g++ Summary for unix/-m32 ===

# of expected passes		187277
# of unexpected failures	32
# of expected failures		993
# of unresolved testcases	4
# of unsupported tests		8530

Running target unix/-m64
WARNING: g++.dg/compat/decimal/pass-1_main.C program timed out.
WARNING: g++.dg/abi/pr83489.C  -std=gnu++17  (test for errors, line 6) program timed out.
WARNING: g++.dg/cpp0x/constexpr-59937-1.C  -std=c++17 (test for excess errors) program timed out.
FAIL: g++.dg/cpp0x/constexpr-59937-1.C  -std=c++17 (test for excess errors)
WARNING: g++.dg/cpp0x/constexpr-virtual5.C  -std=c++14  (test for errors, line 5) program timed out.
WARNING: g++.dg/cpp0x/trailing8.C  -std=c++17 (test for excess errors) program timed out.
FAIL: g++.dg/cpp0x/trailing8.C  -std=c++17 (test for excess errors)
WARNING: g++.dg/eh/builtin9.C  -std=c++2a  (test for warnings, line 4) program timed out.
WARNING: g++.dg/init/new11.C  -std=c++2a (test for excess errors) program timed out.
FAIL: g++.dg/init/new11.C  -std=c++2a (test for excess errors)
WARNING: g++.dg/ipa/pr60640-3.C  -std=gnu++98 (test for excess errors) program timed out.
FAIL: g++.dg/ipa/pr60640-3.C  -std=gnu++98 (test for excess errors)
FAIL: g++.dg/ipa/pr67056.C   scan-ipa-dump cp "Speculative outer type:struct CompositeClass"
FAIL: g++.dg/opt/const4.C  -std=c++14  scan-assembler-symbol-section symbol constant_variable (found __ZL17constant_variable) has section ^\\\\.(const|rodata)|\\\\[RO\\\\] (no section detected)
FAIL: g++.dg/opt/const4.C  -std=c++17  scan-assembler-symbol-section symbol constant_variable (found __ZL17constant_variable) has section ^\\\\.(const|rodata)|\\\\[RO\\\\] (no section detected)
FAIL: g++.dg/opt/const4.C  -std=c++2a  scan-assembler-symbol-section symbol constant_variable (found __ZL17constant_variable) has section ^\\\\.(const|rodata)|\\\\[RO\\\\] (no section detected)
FAIL: g++.dg/opt/const4.C  -std=c++98  scan-assembler-symbol-section symbol constant_variable (found __ZL17constant_variable) has section ^\\\\.(const|rodata)|\\\\[RO\\\\] (no section detected)
WARNING: g++.dg/template/inherit3.C  -std=c++2a (test for excess errors) program timed out.
FAIL: g++.dg/template/inherit3.C  -std=c++2a (test for excess errors)
FAIL: g++.dg/gomp/pr88182.C  -std=gnu++14 (test for excess errors)
UNRESOLVED: g++.dg/gomp/pr88182.C  -std=gnu++14 compilation failed to produce executable
FAIL: g++.dg/gomp/pr88182.C  -std=gnu++17 (test for excess errors)
UNRESOLVED: g++.dg/gomp/pr88182.C  -std=gnu++17 compilation failed to produce executable
FAIL: g++.dg/gomp/pr88182.C  -std=gnu++2a (test for excess errors)
UNRESOLVED: g++.dg/gomp/pr88182.C  -std=gnu++2a compilation failed to produce executable
FAIL: g++.dg/gomp/pr88182.C  -std=gnu++98 (test for excess errors)
UNRESOLVED: g++.dg/gomp/pr88182.C  -std=gnu++98 compilation failed to produce executable
FAIL: g++.dg/gomp/tls-5.C  -std=c++14  scan-assembler-symbol-section symbol ^_?_ZGR2ir_\$ (symbol not found) has section ^\\\\.tdata|\\\\[TL\\\\]
FAIL: g++.dg/gomp/tls-5.C  -std=c++14  scan-assembler-symbol-section symbol ^_?ir\$ (symbol not found) has section ^\\\\.tbss|\\\\[TL\\\\]
FAIL: g++.dg/gomp/tls-5.C  -std=c++17  scan-assembler-symbol-section symbol ^_?_ZGR2ir_\$ (symbol not found) has section ^\\\\.tdata|\\\\[TL\\\\]
FAIL: g++.dg/gomp/tls-5.C  -std=c++17  scan-assembler-symbol-section symbol ^_?ir\$ (symbol not found) has section ^\\\\.tbss|\\\\[TL\\\\]
FAIL: g++.dg/gomp/tls-5.C  -std=c++2a  scan-assembler-symbol-section symbol ^_?_ZGR2ir_\$ (symbol not found) has section ^\\\\.tdata|\\\\[TL\\\\]
FAIL: g++.dg/gomp/tls-5.C  -std=c++2a  scan-assembler-symbol-section symbol ^_?ir\$ (symbol not found) has section ^\\\\.tbss|\\\\[TL\\\\]
FAIL: g++.dg/lto/pr65276 cp_lto_pr65276_0.o-cp_lto_pr65276_1.o link, -flto -O0 -std=c++11
FAIL: g++.dg/lto/pr89335 cp_lto_pr89335_0.o assemble, -O2 -flto -Wsuggest-final-methods
FAIL: g++.dg/tls/thread_local-order2.C  -std=c++14 execution test
FAIL: g++.dg/tls/thread_local-order2.C  -std=c++17 execution test
FAIL: g++.dg/tls/thread_local-order2.C  -std=c++2a execution test
WARNING: g++.old-deja/g++.brendan/operators2.C  -std=c++2a  (test for errors, line 4) program timed out.
WARNING: g++.old-deja/g++.jason/template4.C  -std=c++17  (test for warnings, line 20) program timed out.
WARNING: g++.target/i386/mv8.C  -std=gnu++98  (test for errors, line 5) program timed out.

		=== g++ Summary for unix/-m64 ===

# of expected passes		189506
# of unexpected failures	25
# of expected failures		997
# of unresolved testcases	4
# of unsupported tests		8717

		=== g++ Summary ===

# of expected passes		376783
# of unexpected failures	57
# of expected failures		1990
# of unresolved testcases	8
# of unsupported tests		17247
/scratch/10-12-ml/gcc-master/gcc/xg++  version 11.0.0 20201128 (experimental) [master revision r11-5509-ge87559d202d9] (GCC) 

		=== gcc tests ===


Running target unix/-m32
FAIL: gcc.c-torture/compile/pr97576.c   -O0  (test for excess errors)
FAIL: gcc.c-torture/compile/pr97576.c   -O1  (test for excess errors)
FAIL: gcc.c-torture/compile/pr97576.c   -O2  (test for excess errors)
FAIL: gcc.c-torture/compile/pr97576.c   -O2 -flto  (test for excess errors)
FAIL: gcc.c-torture/compile/pr97576.c   -O2 -flto -flto-partition=none  (test for excess errors)
FAIL: gcc.c-torture/compile/pr97576.c   -O3 -g  (test for excess errors)
FAIL: gcc.c-torture/compile/pr97576.c   -Os  (test for excess errors)
XPASS: gcc.dg/analyzer/feasibility-1.c  (test for warnings, line 58)
XPASS: gcc.dg/analyzer/pr94851-1.c bogus leak (test for bogus messages, line 43)
FAIL: gcc.dg/analyzer/write-to-string-literal-1.c  (test for warnings, line 15)
FAIL: gcc.dg/atomic/pr65345-4.c   -O2 -flto  (internal compiler error)
FAIL: gcc.dg/atomic/pr65345-4.c   -O2 -flto  (test for excess errors)
FAIL: gcc.dg/atomic/pr65345-4.c   -O2 -flto -flto-partition=none  (internal compiler error)
FAIL: gcc.dg/atomic/pr65345-4.c   -O2 -flto -flto-partition=none  (test for excess errors)
FAIL: gcc.dg/debug/dwarf2/inline4.c scan-assembler DW_TAG_inlined_subroutine[^\\\\(]*\\\\([^\\\\)]*\\\\)[^\\\\(]*\\\\(DIE \\\\(0x[0-9a-f]*\\\\) DW_TAG_formal_parameter[^\\\\(]*\\\\(DIE \\\\(0x[0-9a-f]*\\\\) DW_TAG_variable
FAIL: gcc.dg/debug/dwarf2/inline5.c scan-assembler-not \\\\(DIE \\\\(0x([0-9a-f]*)\\\\) DW_TAG_lexical_block\\\\)[^#/!@;\\\\|]*[#/!@;\\\\|]+ +[^(].*DW_TAG_lexical_block\\\\)[^#/!@;\\\\|x]*x\\\\1[^#/!@;\\\\|]*[#/!@;\\\\|] +DW_AT_abstract_origin
FAIL: gcc.dg/20021029-1.c scan-assembler-symbol-section symbol ar (found _ar.0) has section ^\\\\.(const|rodata)|\\\\[RO\\\\] (no section detected)
XPASS: gcc.dg/Walloca-2.c  (test for bogus messages, line 16)
FAIL: gcc.dg/array-quals-1.c scan-assembler-symbol-section symbol ^_?a\$ (found _a) has section ^\\\\.(const|rodata)|\\\\[RO\\\\] (no section detected)
FAIL: gcc.dg/array-quals-1.c scan-assembler-symbol-section symbol ^_?a1\$ (found _a1) has section ^\\\\.(const|rodata)|\\\\[RO\\\\] (no section detected)
FAIL: gcc.dg/array-quals-1.c scan-assembler-symbol-section symbol ^_?b\$ (found _b) has section ^\\\\.(const|rodata)|\\\\[RO\\\\] (no section detected)
FAIL: gcc.dg/array-quals-1.c scan-assembler-symbol-section symbol ^_?b1\$ (found _b1) has section ^\\\\.(const|rodata)|\\\\[RO\\\\] (no section detected)
FAIL: gcc.dg/array-quals-1.c scan-assembler-symbol-section symbol ^_?c\$ (found _c) has section ^\\\\.(const|rodata)|\\\\[RO\\\\] (no section detected)
FAIL: gcc.dg/array-quals-1.c scan-assembler-symbol-section symbol ^_?c1\$ (found _c1) has section ^\\\\.(const|rodata)|\\\\[RO\\\\] (no section detected)
FAIL: gcc.dg/array-quals-1.c scan-assembler-symbol-section symbol ^_?d\$ (found _d) has section ^\\\\.(const|rodata)|\\\\[RO\\\\] (no section detected)
FAIL: gcc.dg/array-quals-1.c scan-assembler-symbol-section symbol ^_?d1\$ (found _d1) has section ^\\\\.(const|rodata)|\\\\[RO\\\\] (no section detected)
FAIL: gcc.dg/array-quals-1.c scan-assembler-symbol-section symbol ^_?e\$ (found _e) has section ^\\\\.(const|rodata)|\\\\[RO\\\\] (no section detected)
FAIL: gcc.dg/array-quals-1.c scan-assembler-symbol-section symbol ^_?e1\$ (found _e1) has section ^\\\\.(const|rodata)|\\\\[RO\\\\] (no section detected)
FAIL: gcc.dg/array-quals-1.c scan-assembler-symbol-section symbol ^_?p\$ (found _p) has section ^\\\\.(const|rodata)|\\\\[RW\\\\] (no section detected)
FAIL: gcc.dg/array-quals-1.c scan-assembler-symbol-section symbol ^_?p1\$ (found _p1) has section ^\\\\.(const|rodata)|\\\\[RW\\\\] (no section detected)
FAIL: gcc.dg/array-quals-1.c scan-assembler-symbol-section symbol ^_?q\$ (found _q) has section ^\\\\.(const|rodata)|\\\\[RW\\\\] (no section detected)
FAIL: gcc.dg/array-quals-1.c scan-assembler-symbol-section symbol ^_?q1\$ (found _q1) has section ^\\\\.(const|rodata)|\\\\[RW\\\\] (no section detected)
FAIL: gcc.dg/array-quals-1.c scan-assembler-symbol-section symbol ^_?r\$ (found _r) has section ^\\\\.(const|rodata)|\\\\[RW\\\\] (no section detected)
FAIL: gcc.dg/array-quals-1.c scan-assembler-symbol-section symbol ^_?r1\$ (found _r1) has section ^\\\\.(const|rodata)|\\\\[RW\\\\] (no section detected)
FAIL: gcc.dg/array-quals-1.c scan-assembler-symbol-section symbol ^_?s\$ (found _s) has section ^\\\\.(const|rodata)|\\\\[RW\\\\] (no section detected)
FAIL: gcc.dg/array-quals-1.c scan-assembler-symbol-section symbol ^_?s1\$ (found _s1) has section ^\\\\.(const|rodata)|\\\\[RW\\\\] (no section detected)
FAIL: gcc.dg/array-quals-1.c scan-assembler-symbol-section symbol ^_?t\$ (found _t) has section ^\\\\.(const|rodata)|\\\\[RW\\\\] (no section detected)
FAIL: gcc.dg/array-quals-1.c scan-assembler-symbol-section symbol ^_?t1\$ (found _t1) has section ^\\\\.(const|rodata)|\\\\[RW\\\\] (no section detected)
FAIL: gcc.dg/darwin-sections.c scan-assembler-symbol-section symbol ^_a\$ (symbol not found) has section \\\\.data
FAIL: gcc.dg/darwin-sections.c scan-assembler-symbol-section symbol ^_b\$ (symbol not found) has section \\\\.data
XPASS: gcc.dg/pr78973.c pr79073 (test for warnings, line 12)
FAIL: gcc.dg/stack-layout-dynamic-1.c (test for excess errors)
UNRESOLVED: gcc.dg/stack-layout-dynamic-1.c scan-assembler-not cfi_def_cfa_register
FAIL: c-c++-common/goacc/firstprivate-mappings-1.c scan-tree-dump omplower "(?n)#pragma omp target oacc_parallel map\\\\(from:array_so \\\\[len: 4\\\\]\\\\) firstprivate\\\\(array_li.[0-9]+\\\\) map\\\\(tofrom:\\\\(\\\\*array.[0-9]+\\\\) \\\\[len: D\\\\.[0-9]+\\\\]\\\\) map\\\\(firstprivate:array \\\\[pointer assign, bias: 0\\\\]\\\\) \\\\["
FAIL: gcc.dg/graphite/scop-19.c scan-tree-dump-times graphite "number of SCoPs: 0" 1
FAIL: gcc.dg/ipa/ipa-icf-38.c scan-ltrans-tree-dump-not optimized "Function bar"
FAIL: gcc-dg-lto-modref-3-01.exe scan-wpa-ipa-dump modref "parm 1 flags: nodirectescape"
FAIL: gcc-dg-lto-modref-4-01.exe scan-wpa-ipa-dump modref "parm 1 flags: nodirectescape"
FAIL: gcc.dg/lto/modref-3 c_lto_modref-3_0.o-c_lto_modref-3_1.o execute -O2 -flto-partition=max -fdump-ipa-modref -fno-ipa-sra -fno-ipa-cp -flto
FAIL: gcc.dg/lto/modref-4 c_lto_modref-4_0.o-c_lto_modref-4_1.o execute -O2 -flto-partition=max -fdump-ipa-modref -fno-ipa-sra -flto
FAIL: gcc.dg/lto/pr94157 c_lto_pr94157_0.o assemble,  -O0 -fipa-vrp -flto -Wa,--noexecstack -Wa,--noexecstack -Wa,--execstack  -Wa,--execstack -Wa,--execstack -Wa,--execstack -Wa,--execstack -Wa,--execstack -Wa,--execstack -Wa,--execstack -Wa,--execstack -Wa,--execstack -Wa,--execstack -Wa,--execstack -Wa,--execstack -Wa,--execstack 
UNRESOLVED: gcc.dg/lto/pr94157 c_lto_pr94157_0.o-c_lto_pr94157_0.o execute  -O0 -fipa-vrp -flto -Wa,--noexecstack -Wa,--noexecstack -Wa,--execstack  -Wa,--execstack -Wa,--execstack -Wa,--execstack -Wa,--execstack -Wa,--execstack -Wa,--execstack -Wa,--execstack -Wa,--execstack -Wa,--execstack -Wa,--execstack -Wa,--execstack -Wa,--execstack -Wa,--execstack 
UNRESOLVED: gcc.dg/lto/pr94157 c_lto_pr94157_0.o-c_lto_pr94157_0.o link  -O0 -fipa-vrp -flto -Wa,--noexecstack -Wa,--noexecstack -Wa,--execstack  -Wa,--execstack -Wa,--execstack -Wa,--execstack -Wa,--execstack -Wa,--execstack -Wa,--execstack -Wa,--execstack -Wa,--execstack -Wa,--execstack -Wa,--execstack -Wa,--execstack -Wa,--execstack -Wa,--execstack 
FAIL: gcc.dg/torture/builtin-self.c   -O0   scan-assembler-not \\tcall
FAIL: gcc.dg/torture/pr71522.c   -O1  execution test
FAIL: gcc.dg/torture/pr71522.c   -O2  execution test
FAIL: gcc.dg/torture/pr71522.c   -O2 -flto  execution test
FAIL: gcc.dg/torture/pr71522.c   -O2 -flto -flto-partition=none  execution test
FAIL: gcc.dg/torture/pr71522.c   -O3 -g  execution test
FAIL: gcc.dg/torture/pr71522.c   -Os  execution test
FAIL: gcc.dg/tree-ssa/scev-3.c scan-tree-dump-times ivopts "&a" 1
FAIL: gcc.dg/tree-ssa/scev-5.c scan-tree-dump-times ivopts "&a" 1
FAIL: gcc.dg/tree-ssa/ssa-dse-36.c scan-tree-dump-times dse1 "Deleted redundant call" 3
XPASS: gcc.dg/vect/vect-reduc-in-order-1.c -flto -ffat-lto-objects execution test
XPASS: gcc.dg/vect/vect-reduc-in-order-1.c execution test
XPASS: gcc.dg/vect/vect-reduc-in-order-2.c -flto -ffat-lto-objects execution test
XPASS: gcc.dg/vect/vect-reduc-in-order-2.c execution test
XPASS: gcc.dg/vect/vect-reduc-in-order-3.c -flto -ffat-lto-objects execution test
XPASS: gcc.dg/vect/vect-reduc-in-order-3.c execution test
XPASS: gcc.dg/vect/vect-reduc-in-order-4.c -flto -ffat-lto-objects execution test
XPASS: gcc.dg/vect/vect-reduc-in-order-4.c execution test
FAIL: gcc.target/i386/avx2-shiftqihi-constant-2.c (test for excess errors)
UNRESOLVED: gcc.target/i386/avx2-shiftqihi-constant-2.c compilation failed to produce executable
FAIL: gcc.target/i386/avx512bw-shiftqihi-constant-2.c (test for excess errors)
UNRESOLVED: gcc.target/i386/avx512bw-shiftqihi-constant-2.c compilation failed to produce executable
FAIL: gcc.target/i386/pad-3.c scan-assembler-not nop
FAIL: gcc.target/i386/pr15184-1.c scan-assembler-times movb[ \\\\t]+%al 4
FAIL: gcc.target/i386/pr15184-2.c scan-assembler-times movb[ \\\\t]+%al 2
FAIL: gcc.target/i386/pr36502.c scan-assembler-not esp
FAIL: gcc.target/i386/pr54855-3.c scan-assembler-not movsd
FAIL: gcc.target/i386/pr54855-7.c scan-assembler-not movss
FAIL: gcc.target/i386/pr66334.c scan-assembler movl[ \\\\t].+, %ebx
FAIL: gcc.target/i386/pr71245-1.c scan-assembler-not (fistp|fild)
FAIL: gcc.target/i386/pr71245-2.c scan-assembler-not movlps
FAIL: gcc.target/i386/pr71321.c scan-assembler-not lea.*0
FAIL: gcc.target/i386/pr78035.c scan-assembler-times cmp 2
FAIL: gcc.target/i386/pr81736-5.c scan-assembler-not %[re]bp
XPASS: gcc.target/i386/pr84101.c scan-tree-dump-not slp2 "optimized: basic block"
FAIL: gcc.target/i386/pr84278.c scan-assembler-not \\\\(%.sp\\\\)
FAIL: gcc.target/i386/pr85667-6.c scan-assembler-times flds[^\\n\\r]* 1
FAIL: gcc.target/i386/pr92651.c scan-assembler-times sub 2
FAIL: gcc.target/i386/pr97873-1.c scan-assembler pabsq
FAIL: gcc.target/i386/ret-thunk-22.c scan-assembler call[ \\\\t]*___x86.get_pc_thunk.cx
FAIL: gcc.target/i386/ret-thunk-23.c scan-assembler call[ \\\\t]*___x86.get_pc_thunk.cx
FAIL: gcc.target/i386/ret-thunk-24.c scan-assembler call[ \\\\t]*___x86.get_pc_thunk.cx
FAIL: gcc.target/i386/vect8-ret.c scan-assembler-times movq 1

		=== gcc Summary for unix/-m32 ===

# of expected passes		141871
# of unexpected failures	78
# of unexpected successes	13
# of expected failures		838
# of unresolved testcases	5
# of unsupported tests		5152

Running target unix/-m64
FAIL: gcc.c-torture/compile/pr97576.c   -O0  (test for excess errors)
FAIL: gcc.c-torture/compile/pr97576.c   -O1  (test for excess errors)
FAIL: gcc.c-torture/compile/pr97576.c   -O2  (test for excess errors)
FAIL: gcc.c-torture/compile/pr97576.c   -O2 -flto  (test for excess errors)
FAIL: gcc.c-torture/compile/pr97576.c   -O2 -flto -flto-partition=none  (test for excess errors)
FAIL: gcc.c-torture/compile/pr97576.c   -O3 -g  (test for excess errors)
FAIL: gcc.c-torture/compile/pr97576.c   -Os  (test for excess errors)
WARNING: gcc.c-torture/execute/pr59358.c   -O2 -flto  (test for excess errors) program timed out.
FAIL: gcc.c-torture/execute/pr59358.c   -O2 -flto  (test for excess errors)
WARNING: gcc.c-torture/execute/pr61682.c   -O2  (test for excess errors) program timed out.
FAIL: gcc.c-torture/execute/pr61682.c   -O2  (test for excess errors)
XPASS: gcc.dg/analyzer/feasibility-1.c  (test for warnings, line 58)
XPASS: gcc.dg/analyzer/pr94851-1.c bogus leak (test for bogus messages, line 43)
XPASS: gcc.dg/analyzer/unknown-fns-4.c  (test for warnings, line 13)
FAIL: gcc.dg/analyzer/write-to-string-literal-1.c  (test for warnings, line 15)
FAIL: gcc.dg/atomic/pr65345-4.c   -O2 -flto  (internal compiler error)
FAIL: gcc.dg/atomic/pr65345-4.c   -O2 -flto  (test for excess errors)
FAIL: gcc.dg/atomic/pr65345-4.c   -O2 -flto -flto-partition=none  (internal compiler error)
FAIL: gcc.dg/atomic/pr65345-4.c   -O2 -flto -flto-partition=none  (test for excess errors)
FAIL: gcc.dg/debug/dwarf2/inline4.c scan-assembler DW_TAG_inlined_subroutine[^\\\\(]*\\\\([^\\\\)]*\\\\)[^\\\\(]*\\\\(DIE \\\\(0x[0-9a-f]*\\\\) DW_TAG_formal_parameter[^\\\\(]*\\\\(DIE \\\\(0x[0-9a-f]*\\\\) DW_TAG_variable
FAIL: gcc.dg/debug/dwarf2/inline5.c scan-assembler-not \\\\(DIE \\\\(0x([0-9a-f]*)\\\\) DW_TAG_lexical_block\\\\)[^#/!@;\\\\|]*[#/!@;\\\\|]+ +[^(].*DW_TAG_lexical_block\\\\)[^#/!@;\\\\|x]*x\\\\1[^#/!@;\\\\|]*[#/!@;\\\\|] +DW_AT_abstract_origin
FAIL: gcc.dg/20021029-1.c scan-assembler-symbol-section symbol ar (found _ar.0) has section ^\\\\.(const|rodata)|\\\\[RO\\\\] (no section detected)
FAIL: gcc.dg/array-quals-1.c scan-assembler-symbol-section symbol ^_?a\$ (found _a) has section ^\\\\.(const|rodata)|\\\\[RO\\\\] (no section detected)
FAIL: gcc.dg/array-quals-1.c scan-assembler-symbol-section symbol ^_?a1\$ (found _a1) has section ^\\\\.(const|rodata)|\\\\[RO\\\\] (no section detected)
FAIL: gcc.dg/array-quals-1.c scan-assembler-symbol-section symbol ^_?b\$ (found _b) has section ^\\\\.(const|rodata)|\\\\[RO\\\\] (no section detected)
FAIL: gcc.dg/array-quals-1.c scan-assembler-symbol-section symbol ^_?b1\$ (found _b1) has section ^\\\\.(const|rodata)|\\\\[RO\\\\] (no section detected)
FAIL: gcc.dg/array-quals-1.c scan-assembler-symbol-section symbol ^_?c\$ (found _c) has section ^\\\\.(const|rodata)|\\\\[RO\\\\] (no section detected)
FAIL: gcc.dg/array-quals-1.c scan-assembler-symbol-section symbol ^_?c1\$ (found _c1) has section ^\\\\.(const|rodata)|\\\\[RO\\\\] (no section detected)
FAIL: gcc.dg/array-quals-1.c scan-assembler-symbol-section symbol ^_?d\$ (found _d) has section ^\\\\.(const|rodata)|\\\\[RO\\\\] (no section detected)
FAIL: gcc.dg/array-quals-1.c scan-assembler-symbol-section symbol ^_?d1\$ (found _d1) has section ^\\\\.(const|rodata)|\\\\[RO\\\\] (no section detected)
FAIL: gcc.dg/array-quals-1.c scan-assembler-symbol-section symbol ^_?e\$ (found _e) has section ^\\\\.(const|rodata)|\\\\[RO\\\\] (no section detected)
FAIL: gcc.dg/array-quals-1.c scan-assembler-symbol-section symbol ^_?e1\$ (found _e1) has section ^\\\\.(const|rodata)|\\\\[RO\\\\] (no section detected)
FAIL: gcc.dg/array-quals-1.c scan-assembler-symbol-section symbol ^_?p\$ (found _p) has section ^\\\\.(const|rodata)|\\\\[RW\\\\] (no section detected)
FAIL: gcc.dg/array-quals-1.c scan-assembler-symbol-section symbol ^_?p1\$ (found _p1) has section ^\\\\.(const|rodata)|\\\\[RW\\\\] (no section detected)
FAIL: gcc.dg/array-quals-1.c scan-assembler-symbol-section symbol ^_?q\$ (found _q) has section ^\\\\.(const|rodata)|\\\\[RW\\\\] (no section detected)
FAIL: gcc.dg/array-quals-1.c scan-assembler-symbol-section symbol ^_?q1\$ (found _q1) has section ^\\\\.(const|rodata)|\\\\[RW\\\\] (no section detected)
FAIL: gcc.dg/array-quals-1.c scan-assembler-symbol-section symbol ^_?r\$ (found _r) has section ^\\\\.(const|rodata)|\\\\[RW\\\\] (no section detected)
FAIL: gcc.dg/array-quals-1.c scan-assembler-symbol-section symbol ^_?r1\$ (found _r1) has section ^\\\\.(const|rodata)|\\\\[RW\\\\] (no section detected)
FAIL: gcc.dg/array-quals-1.c scan-assembler-symbol-section symbol ^_?s\$ (found _s) has section ^\\\\.(const|rodata)|\\\\[RW\\\\] (no section detected)
FAIL: gcc.dg/array-quals-1.c scan-assembler-symbol-section symbol ^_?s1\$ (found _s1) has section ^\\\\.(const|rodata)|\\\\[RW\\\\] (no section detected)
FAIL: gcc.dg/array-quals-1.c scan-assembler-symbol-section symbol ^_?t\$ (found _t) has section ^\\\\.(const|rodata)|\\\\[RW\\\\] (no section detected)
FAIL: gcc.dg/array-quals-1.c scan-assembler-symbol-section symbol ^_?t1\$ (found _t1) has section ^\\\\.(const|rodata)|\\\\[RW\\\\] (no section detected)
FAIL: gcc.dg/darwin-sections.c scan-assembler-symbol-section symbol ^_a\$ (symbol not found) has section \\\\.data
FAIL: gcc.dg/darwin-sections.c scan-assembler-symbol-section symbol ^_b\$ (symbol not found) has section \\\\.data
FAIL: gcc.dg/stack-layout-dynamic-1.c (test for excess errors)
UNRESOLVED: gcc.dg/stack-layout-dynamic-1.c scan-assembler-not cfi_def_cfa_register
FAIL: gcc.dg/strlenopt-82.c scan-tree-dump-times optimized "call_in_true_branch_not_eliminated_" 0
FAIL: gcc.dg/graphite/scop-19.c scan-tree-dump-times graphite "number of SCoPs: 0" 1
FAIL: gcc.dg/ipa/ipa-icf-38.c scan-ltrans-tree-dump-not optimized "Function bar"
FAIL: gcc-dg-lto-modref-3-01.exe scan-wpa-ipa-dump modref "parm 1 flags: nodirectescape"
FAIL: gcc-dg-lto-modref-4-01.exe scan-wpa-ipa-dump modref "parm 1 flags: nodirectescape"
FAIL: gcc.dg/lto/modref-3 c_lto_modref-3_0.o-c_lto_modref-3_1.o execute -O2 -flto-partition=max -fdump-ipa-modref -fno-ipa-sra -fno-ipa-cp -flto
FAIL: gcc.dg/lto/modref-4 c_lto_modref-4_0.o-c_lto_modref-4_1.o execute -O2 -flto-partition=max -fdump-ipa-modref -fno-ipa-sra -flto
FAIL: gcc.dg/lto/pr94157 c_lto_pr94157_0.o assemble,  -O0 -fipa-vrp -flto -Wa,--noexecstack -Wa,--noexecstack -Wa,--execstack  -Wa,--execstack -Wa,--execstack -Wa,--execstack -Wa,--execstack -Wa,--execstack -Wa,--execstack -Wa,--execstack -Wa,--execstack -Wa,--execstack -Wa,--execstack -Wa,--execstack -Wa,--execstack -Wa,--execstack 
UNRESOLVED: gcc.dg/lto/pr94157 c_lto_pr94157_0.o-c_lto_pr94157_0.o execute  -O0 -fipa-vrp -flto -Wa,--noexecstack -Wa,--noexecstack -Wa,--execstack  -Wa,--execstack -Wa,--execstack -Wa,--execstack -Wa,--execstack -Wa,--execstack -Wa,--execstack -Wa,--execstack -Wa,--execstack -Wa,--execstack -Wa,--execstack -Wa,--execstack -Wa,--execstack -Wa,--execstack 
UNRESOLVED: gcc.dg/lto/pr94157 c_lto_pr94157_0.o-c_lto_pr94157_0.o link  -O0 -fipa-vrp -flto -Wa,--noexecstack -Wa,--noexecstack -Wa,--execstack  -Wa,--execstack -Wa,--execstack -Wa,--execstack -Wa,--execstack -Wa,--execstack -Wa,--execstack -Wa,--execstack -Wa,--execstack -Wa,--execstack -Wa,--execstack -Wa,--execstack -Wa,--execstack -Wa,--execstack 
WARNING: gcc.dg/pch/valid-6.c   -Os  -I. -Dwith_PCH (test for excess errors) program timed out.
FAIL: gcc.dg/pch/valid-6.c   -Os  -I. -Dwith_PCH (test for excess errors)
FAIL: gcc.dg/rtl/x86_64/final.c (internal compiler error)
FAIL: gcc.dg/rtl/x86_64/final.c (test for excess errors)
UNRESOLVED: gcc.dg/rtl/x86_64/final.c scan-assembler .cfi_endproc
UNRESOLVED: gcc.dg/rtl/x86_64/final.c scan-assembler .cfi_startproc
UNRESOLVED: gcc.dg/rtl/x86_64/final.c scan-assembler ret
UNRESOLVED: gcc.dg/rtl/x86_64/final.c scan-assembler test_1:
XPASS: gcc.dg/tree-ssa/pr91091-2.c scan-tree-dump-times fre1 " = [^;]*x;" 1
XPASS: gcc.dg/tree-ssa/pr91091-2.c scan-tree-dump-times fre1 "x = " 1
FAIL: gcc.dg/tree-ssa/ssa-dse-36.c scan-tree-dump-times dse1 "Deleted redundant call" 3
XPASS: gcc.dg/tree-ssa/ssa-fre-77.c scan-tree-dump fre1 "return 1;"
FAIL: gcc.target/i386/avx2-shiftqihi-constant-2.c (test for excess errors)
UNRESOLVED: gcc.target/i386/avx2-shiftqihi-constant-2.c compilation failed to produce executable
FAIL: gcc.target/i386/avx512bw-pr88465.c scan-assembler-times kxnor[dq][ \\t] 2
FAIL: gcc.target/i386/avx512bw-shiftqihi-constant-2.c (test for excess errors)
UNRESOLVED: gcc.target/i386/avx512bw-shiftqihi-constant-2.c compilation failed to produce executable
FAIL: gcc.target/i386/avx512dq-pr88465.c scan-assembler-times kxnorb[ \\t] 1
FAIL: gcc.target/i386/avx512f-pr88465.c scan-assembler-times kxnorw[ \\t] 1
FAIL: gcc.target/i386/pr34256.c scan-assembler-times mov 5
FAIL: gcc.target/i386/pr71321.c scan-assembler-not lea.*0
FAIL: gcc.target/i386/pr78035.c scan-assembler-times cmp 2
WARNING: gcc.target/i386/pr82990-6.c (test for excess errors) program timed out.
FAIL: gcc.target/i386/pr82990-6.c (test for excess errors)
FAIL: gcc.target/i386/pr85667-10.c scan-assembler-times movq[ \\t]*%r8, .* 1
FAIL: gcc.target/i386/pr85667-10.c scan-assembler-times movq[ \\t]*%r9, .* 1
FAIL: gcc.target/i386/pr85667-10.c scan-assembler-times movq[ \\t]*%rcx, .* 1
FAIL: gcc.target/i386/pr85667-10.c scan-assembler-times movq[ \\t]*%rdx, .* 1
FAIL: gcc.target/i386/pr85667-10.c scan-assembler-times movq[^\\n\\r]*, %rax 1
FAIL: gcc.target/i386/pr92651.c scan-assembler-times sub 2
FAIL: gcc.target/i386/pr94650.c scan-assembler-not movabs
FAIL: gcc.target/i386/pr94650.c scan-assembler-times shr 3
FAIL: gcc.target/i386/stackalign/pr88483-1.c -mno-stackrealign  scan-assembler-not and[lq]?[^\\\\n]*-[0-9]+,[^\\\\n]*sp
FAIL: gcc.target/i386/stackalign/pr88483-1.c -mstackrealign  scan-assembler-not and[lq]?[^\\\\n]*-[0-9]+,[^\\\\n]*sp
FAIL: gcc.target/i386/stackalign/pr88483-2.c -mno-stackrealign  scan-assembler-not (sub|add)(l|q)[\\\\t ]*\\\\\$[0-9]*,[\\\\t ]*%[re]?sp
FAIL: gcc.target/i386/stackalign/pr88483-2.c -mno-stackrealign  scan-assembler-not and[lq]?[^\\\\n]*-[0-9]+,[^\\\\n]*sp
FAIL: gcc.target/i386/stackalign/pr88483-2.c -mstackrealign  scan-assembler-not (sub|add)(l|q)[\\\\t ]*\\\\\$[0-9]*,[\\\\t ]*%[re]?sp
FAIL: gcc.target/i386/stackalign/pr88483-2.c -mstackrealign  scan-assembler-not and[lq]?[^\\\\n]*-[0-9]+,[^\\\\n]*sp

		=== gcc Summary for unix/-m64 ===

# of expected passes		144067
# of unexpected failures	75
# of unexpected successes	6
# of expected failures		851
# of unresolved testcases	9
# of unsupported tests		4818

		=== gcc Summary ===

# of expected passes		285938
# of unexpected failures	153
# of unexpected successes	19
# of expected failures		1689
# of unresolved testcases	14
# of unsupported tests		9970
/scratch/10-12-ml/gcc-master/gcc/xgcc  version 11.0.0 20201128 (experimental) [master revision r11-5509-ge87559d202d9] (GCC) 

		=== gfortran tests ===


Running target unix/-m32
WARNING: gfortran.dg/extends_2.f03   -O3 -fomit-frame-pointer -funroll-loops -fpeel-loops -ftracer -finline-functions  (test for excess errors) program timed out.
FAIL: gfortran.dg/extends_2.f03   -O3 -fomit-frame-pointer -funroll-loops -fpeel-loops -ftracer -finline-functions  (test for excess errors)
WARNING: gfortran.dg/gomp/appendix-a/a.31.2.f90   -O  (test for excess errors) program timed out.
FAIL: gfortran.dg/gomp/appendix-a/a.31.2.f90   -O  (test for excess errors)
WARNING: gfortran.fortran-torture/compile/pr37236.f,  -O2 -fomit-frame-pointer -finline-functions   program timed out.
FAIL: gfortran.fortran-torture/compile/pr37236.f,  -O2 -fomit-frame-pointer -finline-functions  
WARNING: gfortran.fortran-torture/execute/equiv_4.f90 compilation,  -O1  program timed out.

		=== gfortran Summary for unix/-m32 ===

# of expected passes		55439
# of unexpected failures	3
# of expected failures		234
# of unsupported tests		214

Running target unix/-m64
WARNING: gfortran.dg/complex_write.f90   -O3 -g  (test for excess errors) program timed out.
FAIL: gfortran.dg/complex_write.f90   -O3 -g  (test for excess errors)
WARNING: gfortran.dg/elemental_optional_args_7.f90   -O1  (test for excess errors) program timed out.
FAIL: gfortran.dg/elemental_optional_args_7.f90   -O1  (test for excess errors)

		=== gfortran Summary for unix/-m64 ===

# of expected passes		55689
# of unexpected failures	2
# of expected failures		232
# of unsupported tests		99

		=== gfortran Summary ===

# of expected passes		111128
# of unexpected failures	5
# of expected failures		466
# of unsupported tests		313
/scratch/10-12-ml/gcc-master/gcc/gfortran  version 11.0.0 20201128 (experimental) [master revision r11-5509-ge87559d202d9] (GCC) 

		=== gnat tests ===


Running target unix/-m32
FAIL: gnat.dg/bias1.adb scan-assembler DW_AT_GNU_bias

		=== gnat Summary for unix/-m32 ===

# of expected passes		3329
# of unexpected failures	1
# of expected failures		23
# of unsupported tests		13

Running target unix/-m64
FAIL: gnat.dg/bias1.adb scan-assembler DW_AT_GNU_bias

		=== gnat Summary for unix/-m64 ===

# of expected passes		3327
# of unexpected failures	1
# of expected failures		23
# of unsupported tests		13

		=== gnat Summary ===

# of expected passes		6656
# of unexpected failures	2
# of expected failures		46
# of unsupported tests		26
/scratch/10-12-ml/gcc-master/gcc/gnatmake version 11.0.0 20201128 (experimental) [master revision r11-5509-ge87559d202d9]

		=== obj-c++ tests ===


Running target unix/-m64
FAIL: obj-c++.dg/property/at-property-13.mm -fgnu-runtime -Wno-objc-root-class execution test

		=== obj-c++ Summary for unix/-m64 ===

# of expected passes		3152
# of unexpected failures	1
# of expected failures		22
# of unsupported tests		68

Running target unix/-m32
WARNING: program timed out
WARNING: program timed out
FAIL: obj-c++.dg/torture/strings/const-str-9.mm   -Os  -fnext-runtime  -Wno-objc-root-class (test for excess errors)

		=== obj-c++ Summary for unix/-m32 ===

# of expected passes		3190
# of unexpected failures	1
# of expected failures		4
# of unsupported tests		64

		=== obj-c++ Summary ===

# of expected passes		6342
# of unexpected failures	2
# of expected failures		26
# of unsupported tests		132
/scratch/10-12-ml/gcc-master/gcc/xg++  version 11.0.0 20201128 (experimental) [master revision r11-5509-ge87559d202d9] (GCC) 

		=== objc tests ===


Running target unix/-m32

		=== objc Summary for unix/-m32 ===

# of expected passes		5734
# of expected failures		6
# of unsupported tests		79

Running target unix/-m64
FAIL: objc.dg/property/at-property-13.m -fgnu-runtime -Wno-objc-root-class execution test

		=== objc Summary for unix/-m64 ===

# of expected passes		5705
# of unexpected failures	1
# of expected failures		12
# of unsupported tests		84

		=== objc Summary ===

# of expected passes		11439
# of unexpected failures	1
# of expected failures		18
# of unsupported tests		163
/scratch/10-12-ml/gcc-master/gcc/xgcc  version 11.0.0 20201128 (experimental) [master revision r11-5509-ge87559d202d9] (GCC) 

		=== libatomic tests ===


Running target unix/-m64

		=== libatomic Summary for unix/-m64 ===

# of expected passes		54

Running target unix/-m32

		=== libatomic Summary for unix/-m32 ===

# of expected passes		44
# of unsupported tests		5

		=== libatomic Summary ===

# of expected passes		98
# of unsupported tests		5
		=== libgomp tests ===


Running target unix/-m64
FAIL: libgomp.c/../libgomp.c-c++-common/for-11.c execution test
FAIL: libgomp.c/../libgomp.c-c++-common/for-6.c execution test
FAIL: libgomp.c/../libgomp.c-c++-common/pr96390.c (test for excess errors)
UNRESOLVED: libgomp.c/../libgomp.c-c++-common/pr96390.c compilation failed to produce executable
FAIL: libgomp.c/../libgomp.c-c++-common/pr96390.c scan-tree-dump-times omplower "__attribute__..omp declare target" 1
FAIL: libgomp.c/pr95620.c (test for excess errors)
FAIL: libgomp.c++/../libgomp.c-c++-common/pr96390.c (test for excess errors)
UNRESOLVED: libgomp.c++/../libgomp.c-c++-common/pr96390.c compilation failed to produce executable
FAIL: libgomp.c++/../libgomp.c-c++-common/pr96390.c scan-tree-dump-times omplower "__attribute__..omp declare target" 1

		=== libgomp Summary for unix/-m64 ===

# of expected passes		8020
# of unexpected failures	7
# of expected failures		6
# of unresolved testcases	2
# of unsupported tests		609

Running target unix/-m32
FAIL: libgomp.c/../libgomp.c-c++-common/for-6.c execution test
FAIL: libgomp.c/../libgomp.c-c++-common/pr96390.c (test for excess errors)
UNRESOLVED: libgomp.c/../libgomp.c-c++-common/pr96390.c compilation failed to produce executable
FAIL: libgomp.c/../libgomp.c-c++-common/pr96390.c scan-tree-dump-times omplower "__attribute__..omp declare target" 1
FAIL: libgomp.c++/../libgomp.c-c++-common/pr96390.c (test for excess errors)
UNRESOLVED: libgomp.c++/../libgomp.c-c++-common/pr96390.c compilation failed to produce executable
FAIL: libgomp.c++/../libgomp.c-c++-common/pr96390.c scan-tree-dump-times omplower "__attribute__..omp declare target" 1
WARNING: program timed out.
FAIL: libgomp.fortran/target7.f90   -O1  execution test
FAIL: libgomp.fortran/use_device_addr-4.f90   -O1  execution test
FAIL: libgomp.oacc-fortran/lib-2.f -DACC_DEVICE_TYPE_host=1 -DACC_MEM_SHARED=1 -foffload=disable  -O3 -g  (test for excess errors)

		=== libgomp Summary for unix/-m32 ===

# of expected passes		8018
# of unexpected failures	8
# of expected failures		6
# of unresolved testcases	2
# of unsupported tests		610

		=== libgomp Summary ===

# of expected passes		16038
# of unexpected failures	15
# of expected failures		12
# of unresolved testcases	4
# of unsupported tests		1219
		=== libitm tests ===


Running target unix/-m64

		=== libitm Summary for unix/-m64 ===

# of expected passes		40
# of expected failures		3
# of unsupported tests		2

Running target unix/-m32

		=== libitm Summary for unix/-m32 ===

# of expected passes		40
# of expected failures		3
# of unsupported tests		2

		=== libitm Summary ===

# of expected passes		80
# of expected failures		6
# of unsupported tests		4
		=== libstdc++ tests ===


Running target unix/-m32
FAIL: 23_containers/vector/cons/clear_allocator.cc (test for excess errors)
WARNING: 30_threads/future/members/93456.cc execution test program timed out.
FAIL: 30_threads/future/members/93456.cc execution test
FAIL: 30_threads/future/members/poll.cc execution test
FAIL: 30_threads/recursive_timed_mutex/native_handle/1.cc (test for excess errors)
UNRESOLVED: 30_threads/recursive_timed_mutex/native_handle/1.cc compilation failed to produce executable
FAIL: 30_threads/recursive_timed_mutex/native_handle/typesizes.cc (test for excess errors)
UNRESOLVED: 30_threads/recursive_timed_mutex/native_handle/typesizes.cc compilation failed to produce executable
FAIL: 30_threads/recursive_timed_mutex/requirements/typedefs.cc (test for excess errors)
FAIL: 30_threads/timed_mutex/native_handle/1.cc (test for excess errors)
UNRESOLVED: 30_threads/timed_mutex/native_handle/1.cc compilation failed to produce executable
FAIL: 30_threads/timed_mutex/native_handle/typesizes.cc (test for excess errors)
UNRESOLVED: 30_threads/timed_mutex/native_handle/typesizes.cc compilation failed to produce executable
FAIL: 30_threads/timed_mutex/requirements/typedefs.cc (test for excess errors)

		=== libstdc++ Summary for unix/-m32 ===

# of expected passes		13682
# of unexpected failures	9
# of expected failures		104
# of unresolved testcases	4
# of unsupported tests		748

Running target unix/-m64
WARNING: 25_algorithms/mismatch/check_type2.cc (test for excess errors) program timed out.
FAIL: 25_algorithms/mismatch/check_type2.cc (test for excess errors)
WARNING: 27_io/fpos/mbstate_t/6.cc (test for excess errors) program timed out.
FAIL: 27_io/fpos/mbstate_t/6.cc (test for excess errors)
WARNING: 30_threads/future/members/93456.cc execution test program timed out.
FAIL: 30_threads/future/members/93456.cc execution test
FAIL: 30_threads/future/members/poll.cc execution test
FAIL: 30_threads/recursive_timed_mutex/native_handle/1.cc (test for excess errors)
UNRESOLVED: 30_threads/recursive_timed_mutex/native_handle/1.cc compilation failed to produce executable
FAIL: 30_threads/recursive_timed_mutex/native_handle/typesizes.cc (test for excess errors)
UNRESOLVED: 30_threads/recursive_timed_mutex/native_handle/typesizes.cc compilation failed to produce executable
FAIL: 30_threads/recursive_timed_mutex/requirements/typedefs.cc (test for excess errors)
FAIL: 30_threads/timed_mutex/native_handle/1.cc (test for excess errors)
UNRESOLVED: 30_threads/timed_mutex/native_handle/1.cc compilation failed to produce executable
FAIL: 30_threads/timed_mutex/native_handle/typesizes.cc (test for excess errors)
UNRESOLVED: 30_threads/timed_mutex/native_handle/typesizes.cc compilation failed to produce executable
FAIL: 30_threads/timed_mutex/requirements/typedefs.cc (test for excess errors)
WARNING: ext/debug_allocator/56170.cc (test for excess errors) program timed out.
FAIL: ext/debug_allocator/56170.cc (test for excess errors)

		=== libstdc++ Summary for unix/-m64 ===

# of expected passes		13674
# of unexpected failures	11
# of expected failures		104
# of unresolved testcases	4
# of unsupported tests		751

		=== libstdc++ Summary ===

# of expected passes		27356
# of unexpected failures	20
# of expected failures		208
# of unresolved testcases	8
# of unsupported tests		1499

Compiler version: 11.0.0 20201128 (experimental) [master revision r11-5509-ge87559d202d9] (GCC) 
Platform: x86_64-apple-darwin12
configure flags: --prefix=/opt/iains/x86_64-apple-darwin12/gcc-11-0-0 --target=x86_64-apple-darwin12 --host=x86_64-apple-darwin12 --build=x86_64-apple-darwin12 --with-sysroot=/Library/Developer/CommandLineTools/SDKs/MacOSX.sdk --enable-languages=all --disable-libsanitizer CC=x86_64-apple-darwin12-gcc CXX=x86_64-apple-darwin12-g++



More information about the Gcc-testresults mailing list