Results for 9.3.1 (DEFMODE=default DEFCPU=default DEFFPU=default TESTFLAGS=) [r9-9086] (GCC) testsuite on arm-none-eabi

Christophe LYON christophe.lyon@st.com
Wed Dec 2 14:31:47 GMT 2020


LAST_UPDATED: Wed Dec  2 12:36:14 UTC 2020 (revision r9-9086-g6178c27b4bbea186305ecbfeb4b9939dece75a9d) TARGET=arm-none-eabi CPU=default FPU=default MODE=default

Target is arm-none-eabi
Host   is arm-none-eabi

		=== libstdc++ tests ===


Running target myarm-sim
FAIL: 20_util/to_address/debug.cc (test for excess errors)
UNRESOLVED: 20_util/to_address/debug.cc compilation failed to produce executable
FAIL: 21_strings/basic_string/debug/1_neg.cc (test for excess errors)
UNRESOLVED: 21_strings/basic_string/debug/1_neg.cc compilation failed to produce executable
FAIL: 21_strings/basic_string/debug/2_neg.cc (test for excess errors)
UNRESOLVED: 21_strings/basic_string/debug/2_neg.cc compilation failed to produce executable
FAIL: 21_strings/debug/shrink_to_fit.cc (test for excess errors)
UNRESOLVED: 21_strings/debug/shrink_to_fit.cc compilation failed to produce executable
FAIL: 22_locale/codecvt/always_noconv/char/wrapped_locale.cc execution test
FAIL: 22_locale/codecvt/always_noconv/wchar_t/2.cc execution test
FAIL: 22_locale/codecvt/always_noconv/wchar_t/3.cc execution test
FAIL: 22_locale/codecvt/always_noconv/wchar_t/4.cc execution test
FAIL: 22_locale/codecvt/always_noconv/wchar_t/wrapped_locale.cc execution test
FAIL: 22_locale/codecvt/encoding/char/wrapped_locale.cc execution test
FAIL: 22_locale/codecvt/encoding/wchar_t/2.cc execution test
FAIL: 22_locale/codecvt/encoding/wchar_t/3.cc execution test
FAIL: 22_locale/codecvt/encoding/wchar_t/4.cc execution test
FAIL: 22_locale/codecvt/encoding/wchar_t/wrapped_locale.cc execution test
FAIL: 22_locale/codecvt/in/char/wrapped_locale.cc execution test
FAIL: 22_locale/codecvt/in/wchar_t/2.cc execution test
FAIL: 22_locale/codecvt/in/wchar_t/3.cc execution test
FAIL: 22_locale/codecvt/in/wchar_t/4.cc execution test
FAIL: 22_locale/codecvt/in/wchar_t/7.cc execution test
FAIL: 22_locale/codecvt/in/wchar_t/8.cc execution test
FAIL: 22_locale/codecvt/in/wchar_t/9.cc execution test
FAIL: 22_locale/codecvt/in/wchar_t/wrapped_locale.cc execution test
FAIL: 22_locale/codecvt/length/char/wrapped_locale.cc execution test
FAIL: 22_locale/codecvt/length/wchar_t/2.cc execution test
FAIL: 22_locale/codecvt/length/wchar_t/3.cc execution test
FAIL: 22_locale/codecvt/length/wchar_t/4.cc execution test
FAIL: 22_locale/codecvt/length/wchar_t/7.cc execution test
FAIL: 22_locale/codecvt/length/wchar_t/wrapped_locale.cc execution test
FAIL: 22_locale/codecvt/max_length/char/wrapped_locale.cc execution test
FAIL: 22_locale/codecvt/max_length/wchar_t/2.cc execution test
FAIL: 22_locale/codecvt/max_length/wchar_t/3.cc execution test
FAIL: 22_locale/codecvt/max_length/wchar_t/4.cc execution test
FAIL: 22_locale/codecvt/max_length/wchar_t/wrapped_locale.cc execution test
FAIL: 22_locale/codecvt/out/char/wrapped_locale.cc execution test
FAIL: 22_locale/codecvt/out/wchar_t/2.cc execution test
FAIL: 22_locale/codecvt/out/wchar_t/3.cc execution test
FAIL: 22_locale/codecvt/out/wchar_t/4.cc execution test
FAIL: 22_locale/codecvt/out/wchar_t/7.cc execution test
FAIL: 22_locale/codecvt/out/wchar_t/wrapped_locale.cc execution test
FAIL: 22_locale/codecvt/unshift/char/wrapped_locale.cc execution test
FAIL: 22_locale/codecvt/unshift/wchar_t/2.cc execution test
FAIL: 22_locale/codecvt/unshift/wchar_t/3.cc execution test
FAIL: 22_locale/codecvt/unshift/wchar_t/4.cc execution test
FAIL: 22_locale/codecvt/unshift/wchar_t/wrapped_locale.cc execution test
FAIL: 22_locale/codecvt_byname/50714.cc execution test
FAIL: 22_locale/collate/compare/char/1.cc execution test
FAIL: 22_locale/collate/compare/char/2.cc execution test
FAIL: 22_locale/collate/compare/char/3.cc execution test
FAIL: 22_locale/collate/compare/char/wrapped_locale.cc execution test
FAIL: 22_locale/collate/compare/wchar_t/1.cc execution test
FAIL: 22_locale/collate/compare/wchar_t/3.cc execution test
FAIL: 22_locale/collate/hash/char/2.cc execution test
FAIL: 22_locale/collate/hash/char/wrapped_locale.cc execution test
FAIL: 22_locale/collate/transform/char/2.cc execution test
FAIL: 22_locale/collate/transform/char/3.cc execution test
FAIL: 22_locale/collate/transform/char/wrapped_locale.cc execution test
FAIL: 22_locale/collate/transform/wchar_t/3.cc execution test
FAIL: 22_locale/collate_byname/named_equivalence.cc execution test
FAIL: 22_locale/ctype/cons/char/wrapped_locale.cc execution test
FAIL: 22_locale/ctype/is/char/wrapped_locale.cc execution test
FAIL: 22_locale/ctype/is/wchar_t/wrapped_locale.cc execution test
FAIL: 22_locale/ctype/narrow/char/wrapped_locale.cc execution test
FAIL: 22_locale/ctype/narrow/wchar_t/3.cc execution test
FAIL: 22_locale/ctype/narrow/wchar_t/wrapped_locale.cc execution test
FAIL: 22_locale/ctype/scan/char/wrapped_locale.cc execution test
FAIL: 22_locale/ctype/scan/wchar_t/wrapped_locale.cc execution test
FAIL: 22_locale/ctype/to/char/wrapped_locale.cc execution test
FAIL: 22_locale/ctype/to/wchar_t/wrapped_locale.cc execution test
FAIL: 22_locale/ctype/widen/char/wrapped_locale.cc execution test
FAIL: 22_locale/ctype/widen/wchar_t/2.cc execution test
FAIL: 22_locale/ctype/widen/wchar_t/3.cc execution test
FAIL: 22_locale/ctype/widen/wchar_t/wrapped_locale.cc execution test
FAIL: 22_locale/facet/2.cc execution test
FAIL: 22_locale/locale/cons/2.cc execution test
FAIL: 22_locale/locale/cons/29217.cc execution test
FAIL: 22_locale/locale/cons/38365.cc execution test
FAIL: 22_locale/locale/cons/38368.cc execution test
FAIL: 22_locale/locale/cons/40184.cc execution test
FAIL: 22_locale/locale/cons/7.cc execution test
FAIL: 22_locale/locale/global_locale_objects/14071.cc execution test
FAIL: 22_locale/messages/13631.cc execution test
FAIL: 22_locale/messages/members/char/1.cc execution test
FAIL: 22_locale/messages/members/char/2.cc execution test
FAIL: 22_locale/messages/members/char/3.cc execution test
FAIL: 22_locale/messages/members/char/wrapped_locale.cc execution test
FAIL: 22_locale/messages_byname/named_equivalence.cc execution test
FAIL: 22_locale/money_get/get/char/1.cc execution test
FAIL: 22_locale/money_get/get/char/10.cc execution test
FAIL: 22_locale/money_get/get/char/11.cc execution test
FAIL: 22_locale/money_get/get/char/11528.cc execution test
FAIL: 22_locale/money_get/get/char/12.cc execution test
FAIL: 22_locale/money_get/get/char/13.cc execution test
FAIL: 22_locale/money_get/get/char/15.cc execution test
FAIL: 22_locale/money_get/get/char/16.cc execution test
FAIL: 22_locale/money_get/get/char/17.cc execution test
FAIL: 22_locale/money_get/get/char/18.cc execution test
FAIL: 22_locale/money_get/get/char/2.cc execution test
FAIL: 22_locale/money_get/get/char/3.cc execution test
FAIL: 22_locale/money_get/get/char/4.cc execution test
FAIL: 22_locale/money_get/get/char/wrapped_locale.cc execution test
FAIL: 22_locale/money_get/get/wchar_t/1.cc execution test
FAIL: 22_locale/money_get/get/wchar_t/10.cc execution test
FAIL: 22_locale/money_get/get/wchar_t/11.cc execution test
FAIL: 22_locale/money_get/get/wchar_t/11528.cc execution test
FAIL: 22_locale/money_get/get/wchar_t/12.cc execution test
FAIL: 22_locale/money_get/get/wchar_t/13.cc execution test
FAIL: 22_locale/money_get/get/wchar_t/15.cc execution test
FAIL: 22_locale/money_get/get/wchar_t/16.cc execution test
FAIL: 22_locale/money_get/get/wchar_t/17.cc execution test
FAIL: 22_locale/money_get/get/wchar_t/18.cc execution test
FAIL: 22_locale/money_get/get/wchar_t/2.cc execution test
FAIL: 22_locale/money_get/get/wchar_t/3.cc execution test
FAIL: 22_locale/money_get/get/wchar_t/4.cc execution test
FAIL: 22_locale/money_get/get/wchar_t/wrapped_locale.cc execution test
FAIL: 22_locale/money_put/put/char/1.cc execution test
FAIL: 22_locale/money_put/put/char/2.cc execution test
FAIL: 22_locale/money_put/put/char/3.cc execution test
FAIL: 22_locale/money_put/put/char/9780-3.cc execution test
FAIL: 22_locale/money_put/put/char/wrapped_locale.cc execution test
FAIL: 22_locale/money_put/put/wchar_t/1.cc execution test
FAIL: 22_locale/money_put/put/wchar_t/2.cc execution test
FAIL: 22_locale/money_put/put/wchar_t/3.cc execution test
FAIL: 22_locale/money_put/put/wchar_t/wrapped_locale.cc execution test
FAIL: 22_locale/moneypunct/40712.cc execution test
FAIL: 22_locale/moneypunct/members/char/2.cc execution test
FAIL: 22_locale/moneypunct/members/char/wrapped_locale.cc execution test
FAIL: 22_locale/moneypunct/members/wchar_t/2.cc execution test
FAIL: 22_locale/moneypunct/members/wchar_t/wrapped_locale.cc execution test
FAIL: 22_locale/moneypunct_byname/named_equivalence.cc execution test
FAIL: 22_locale/num_get/get/char/1.cc execution test
FAIL: 22_locale/num_get/get/char/3.cc execution test
FAIL: 22_locale/num_get/get/char/5.cc execution test
FAIL: 22_locale/num_get/get/char/6.cc execution test
FAIL: 22_locale/num_get/get/char/9.cc execution test
FAIL: 22_locale/num_get/get/char/wrapped_locale.cc execution test
FAIL: 22_locale/num_get/get/wchar_t/1.cc execution test
FAIL: 22_locale/num_get/get/wchar_t/3.cc execution test
FAIL: 22_locale/num_get/get/wchar_t/5.cc execution test
FAIL: 22_locale/num_get/get/wchar_t/6.cc execution test
FAIL: 22_locale/num_get/get/wchar_t/9.cc execution test
FAIL: 22_locale/num_get/get/wchar_t/wrapped_locale.cc execution test
FAIL: 22_locale/num_put/put/char/1.cc execution test
FAIL: 22_locale/num_put/put/char/20909.cc execution test
FAIL: 22_locale/num_put/put/char/20914.cc execution test
FAIL: 22_locale/num_put/put/char/3.cc execution test
FAIL: 22_locale/num_put/put/char/5.cc execution test
FAIL: 22_locale/num_put/put/char/9780-2.cc execution test
FAIL: 22_locale/num_put/put/char/wrapped_locale.cc execution test
FAIL: 22_locale/num_put/put/wchar_t/1.cc execution test
FAIL: 22_locale/num_put/put/wchar_t/20909.cc execution test
FAIL: 22_locale/num_put/put/wchar_t/20914.cc execution test
FAIL: 22_locale/num_put/put/wchar_t/3.cc execution test
FAIL: 22_locale/num_put/put/wchar_t/5.cc execution test
FAIL: 22_locale/num_put/put/wchar_t/wrapped_locale.cc execution test
FAIL: 22_locale/numpunct/members/char/2.cc execution test
FAIL: 22_locale/numpunct/members/char/3.cc execution test
FAIL: 22_locale/numpunct/members/char/wrapped_locale.cc execution test
FAIL: 22_locale/numpunct/members/wchar_t/2.cc execution test
FAIL: 22_locale/numpunct/members/wchar_t/wrapped_locale.cc execution test
FAIL: 22_locale/numpunct_byname/named_equivalence.cc execution test
FAIL: 22_locale/time_get/date_order/char/wrapped_locale.cc execution test
FAIL: 22_locale/time_get/date_order/wchar_t/wrapped_locale.cc execution test
FAIL: 22_locale/time_get/get/char/2.cc execution test
FAIL: 22_locale/time_get/get/wchar_t/2.cc execution test
FAIL: 22_locale/time_get/get_date/char/12750.cc execution test
FAIL: 22_locale/time_get/get_date/char/2.cc execution test
FAIL: 22_locale/time_get/get_date/char/26701.cc execution test
FAIL: 22_locale/time_get/get_date/char/wrapped_locale.cc execution test
FAIL: 22_locale/time_get/get_date/wchar_t/12750.cc execution test
FAIL: 22_locale/time_get/get_date/wchar_t/2.cc execution test
FAIL: 22_locale/time_get/get_date/wchar_t/26701.cc execution test
FAIL: 22_locale/time_get/get_date/wchar_t/4.cc execution test
FAIL: 22_locale/time_get/get_date/wchar_t/wrapped_locale.cc execution test
FAIL: 22_locale/time_get/get_monthname/char/2.cc execution test
FAIL: 22_locale/time_get/get_monthname/char/wrapped_locale.cc execution test
FAIL: 22_locale/time_get/get_monthname/wchar_t/2.cc execution test
FAIL: 22_locale/time_get/get_monthname/wchar_t/wrapped_locale.cc execution test
FAIL: 22_locale/time_get/get_time/char/1.cc execution test
FAIL: 22_locale/time_get/get_time/char/2.cc execution test
FAIL: 22_locale/time_get/get_time/char/wrapped_locale.cc execution test
FAIL: 22_locale/time_get/get_time/wchar_t/1.cc execution test
FAIL: 22_locale/time_get/get_time/wchar_t/2.cc execution test
FAIL: 22_locale/time_get/get_time/wchar_t/wrapped_locale.cc execution test
FAIL: 22_locale/time_get/get_weekday/char/2.cc execution test
FAIL: 22_locale/time_get/get_weekday/char/38081-1.cc execution test
FAIL: 22_locale/time_get/get_weekday/char/38081-2.cc execution test
FAIL: 22_locale/time_get/get_weekday/char/wrapped_locale.cc execution test
FAIL: 22_locale/time_get/get_weekday/wchar_t/2.cc execution test
FAIL: 22_locale/time_get/get_weekday/wchar_t/wrapped_locale.cc execution test
FAIL: 22_locale/time_get/get_year/char/wrapped_locale.cc execution test
FAIL: 22_locale/time_get/get_year/wchar_t/wrapped_locale.cc execution test
FAIL: 22_locale/time_put/put/char/17038.cc execution test
FAIL: 22_locale/time_put/put/char/2.cc execution test
FAIL: 22_locale/time_put/put/char/3.cc execution test
FAIL: 22_locale/time_put/put/char/4.cc execution test
FAIL: 22_locale/time_put/put/char/6.cc execution test
FAIL: 22_locale/time_put/put/char/7.cc execution test
FAIL: 22_locale/time_put/put/char/8.cc execution test
FAIL: 22_locale/time_put/put/char/9780-1.cc execution test
FAIL: 22_locale/time_put/put/char/wrapped_locale.cc execution test
FAIL: 22_locale/time_put/put/wchar_t/17038.cc execution test
FAIL: 22_locale/time_put/put/wchar_t/2.cc execution test
FAIL: 22_locale/time_put/put/wchar_t/3.cc execution test
FAIL: 22_locale/time_put/put/wchar_t/4.cc execution test
FAIL: 22_locale/time_put/put/wchar_t/6.cc execution test
FAIL: 22_locale/time_put/put/wchar_t/7.cc execution test
FAIL: 22_locale/time_put/put/wchar_t/8.cc execution test
FAIL: 22_locale/time_put/put/wchar_t/wrapped_locale.cc execution test
FAIL: 23_containers/deque/debug/assign4_neg.cc (test for excess errors)
UNRESOLVED: 23_containers/deque/debug/assign4_neg.cc compilation failed to produce executable
FAIL: 23_containers/deque/debug/construct4_neg.cc (test for excess errors)
UNRESOLVED: 23_containers/deque/debug/construct4_neg.cc compilation failed to produce executable
FAIL: 23_containers/deque/debug/insert4_neg.cc (test for excess errors)
UNRESOLVED: 23_containers/deque/debug/insert4_neg.cc compilation failed to produce executable
FAIL: 23_containers/deque/debug/invalidation/1.cc (test for excess errors)
UNRESOLVED: 23_containers/deque/debug/invalidation/1.cc compilation failed to produce executable
FAIL: 23_containers/deque/debug/invalidation/2.cc (test for excess errors)
UNRESOLVED: 23_containers/deque/debug/invalidation/2.cc compilation failed to produce executable
FAIL: 23_containers/deque/debug/invalidation/3.cc (test for excess errors)
UNRESOLVED: 23_containers/deque/debug/invalidation/3.cc compilation failed to produce executable
FAIL: 23_containers/deque/debug/invalidation/4.cc (test for excess errors)
UNRESOLVED: 23_containers/deque/debug/invalidation/4.cc compilation failed to produce executable
FAIL: 23_containers/forward_list/debug/construct4_neg.cc (test for excess errors)
UNRESOLVED: 23_containers/forward_list/debug/construct4_neg.cc compilation failed to produce executable
FAIL: 23_containers/forward_list/debug/move_assign_neg.cc (test for excess errors)
UNRESOLVED: 23_containers/forward_list/debug/move_assign_neg.cc compilation failed to produce executable
FAIL: 23_containers/forward_list/debug/move_neg.cc (test for excess errors)
UNRESOLVED: 23_containers/forward_list/debug/move_neg.cc compilation failed to produce executable
FAIL: 23_containers/list/debug/assign4_neg.cc (test for excess errors)
UNRESOLVED: 23_containers/list/debug/assign4_neg.cc compilation failed to produce executable
FAIL: 23_containers/list/debug/construct4_neg.cc (test for excess errors)
UNRESOLVED: 23_containers/list/debug/construct4_neg.cc compilation failed to produce executable
FAIL: 23_containers/list/debug/insert4_neg.cc (test for excess errors)
UNRESOLVED: 23_containers/list/debug/insert4_neg.cc compilation failed to produce executable
FAIL: 23_containers/list/debug/invalidation/1.cc (test for excess errors)
UNRESOLVED: 23_containers/list/debug/invalidation/1.cc compilation failed to produce executable
FAIL: 23_containers/list/debug/invalidation/2.cc (test for excess errors)
UNRESOLVED: 23_containers/list/debug/invalidation/2.cc compilation failed to produce executable
FAIL: 23_containers/list/debug/invalidation/3.cc (test for excess errors)
UNRESOLVED: 23_containers/list/debug/invalidation/3.cc compilation failed to produce executable
FAIL: 23_containers/list/debug/invalidation/4.cc (test for excess errors)
UNRESOLVED: 23_containers/list/debug/invalidation/4.cc compilation failed to produce executable
FAIL: 23_containers/map/debug/construct4_neg.cc (test for excess errors)
UNRESOLVED: 23_containers/map/debug/construct4_neg.cc compilation failed to produce executable
FAIL: 23_containers/map/debug/construct5_neg.cc (test for excess errors)
UNRESOLVED: 23_containers/map/debug/construct5_neg.cc compilation failed to produce executable
FAIL: 23_containers/map/debug/insert4_neg.cc (test for excess errors)
UNRESOLVED: 23_containers/map/debug/insert4_neg.cc compilation failed to produce executable
FAIL: 23_containers/map/debug/invalidation/1.cc (test for excess errors)
UNRESOLVED: 23_containers/map/debug/invalidation/1.cc compilation failed to produce executable
FAIL: 23_containers/map/debug/invalidation/2.cc (test for excess errors)
UNRESOLVED: 23_containers/map/debug/invalidation/2.cc compilation failed to produce executable
FAIL: 23_containers/map/debug/move_assign_neg.cc (test for excess errors)
UNRESOLVED: 23_containers/map/debug/move_assign_neg.cc compilation failed to produce executable
FAIL: 23_containers/map/debug/move_neg.cc (test for excess errors)
UNRESOLVED: 23_containers/map/debug/move_neg.cc compilation failed to produce executable
FAIL: 23_containers/map/modifiers/insert/16813.cc (test for excess errors)
UNRESOLVED: 23_containers/map/modifiers/insert/16813.cc compilation failed to produce executable
FAIL: 23_containers/multimap/debug/construct4_neg.cc (test for excess errors)
UNRESOLVED: 23_containers/multimap/debug/construct4_neg.cc compilation failed to produce executable
FAIL: 23_containers/multimap/debug/construct5_neg.cc (test for excess errors)
UNRESOLVED: 23_containers/multimap/debug/construct5_neg.cc compilation failed to produce executable
FAIL: 23_containers/multimap/debug/insert4_neg.cc (test for excess errors)
UNRESOLVED: 23_containers/multimap/debug/insert4_neg.cc compilation failed to produce executable
FAIL: 23_containers/multimap/debug/invalidation/1.cc (test for excess errors)
UNRESOLVED: 23_containers/multimap/debug/invalidation/1.cc compilation failed to produce executable
FAIL: 23_containers/multimap/debug/invalidation/2.cc (test for excess errors)
UNRESOLVED: 23_containers/multimap/debug/invalidation/2.cc compilation failed to produce executable
FAIL: 23_containers/multimap/debug/move_assign_neg.cc (test for excess errors)
UNRESOLVED: 23_containers/multimap/debug/move_assign_neg.cc compilation failed to produce executable
FAIL: 23_containers/multimap/debug/move_neg.cc (test for excess errors)
UNRESOLVED: 23_containers/multimap/debug/move_neg.cc compilation failed to produce executable
FAIL: 23_containers/multiset/debug/construct4_neg.cc (test for excess errors)
UNRESOLVED: 23_containers/multiset/debug/construct4_neg.cc compilation failed to produce executable
FAIL: 23_containers/multiset/debug/construct5_neg.cc (test for excess errors)
UNRESOLVED: 23_containers/multiset/debug/construct5_neg.cc compilation failed to produce executable
FAIL: 23_containers/multiset/debug/insert4_neg.cc (test for excess errors)
UNRESOLVED: 23_containers/multiset/debug/insert4_neg.cc compilation failed to produce executable
FAIL: 23_containers/multiset/debug/invalidation/1.cc (test for excess errors)
UNRESOLVED: 23_containers/multiset/debug/invalidation/1.cc compilation failed to produce executable
FAIL: 23_containers/multiset/debug/invalidation/2.cc (test for excess errors)
UNRESOLVED: 23_containers/multiset/debug/invalidation/2.cc compilation failed to produce executable
FAIL: 23_containers/multiset/debug/move_assign_neg.cc (test for excess errors)
UNRESOLVED: 23_containers/multiset/debug/move_assign_neg.cc compilation failed to produce executable
FAIL: 23_containers/multiset/debug/move_neg.cc (test for excess errors)
UNRESOLVED: 23_containers/multiset/debug/move_neg.cc compilation failed to produce executable
FAIL: 23_containers/set/debug/construct4_neg.cc (test for excess errors)
UNRESOLVED: 23_containers/set/debug/construct4_neg.cc compilation failed to produce executable
FAIL: 23_containers/set/debug/construct5_neg.cc (test for excess errors)
UNRESOLVED: 23_containers/set/debug/construct5_neg.cc compilation failed to produce executable
FAIL: 23_containers/set/debug/insert4_neg.cc (test for excess errors)
UNRESOLVED: 23_containers/set/debug/insert4_neg.cc compilation failed to produce executable
FAIL: 23_containers/set/debug/invalidation/1.cc (test for excess errors)
UNRESOLVED: 23_containers/set/debug/invalidation/1.cc compilation failed to produce executable
FAIL: 23_containers/set/debug/invalidation/2.cc (test for excess errors)
UNRESOLVED: 23_containers/set/debug/invalidation/2.cc compilation failed to produce executable
FAIL: 23_containers/set/debug/move_assign_neg.cc (test for excess errors)
UNRESOLVED: 23_containers/set/debug/move_assign_neg.cc compilation failed to produce executable
FAIL: 23_containers/set/debug/move_neg.cc (test for excess errors)
UNRESOLVED: 23_containers/set/debug/move_neg.cc compilation failed to produce executable
FAIL: 23_containers/unordered_map/debug/construct4_neg.cc (test for excess errors)
UNRESOLVED: 23_containers/unordered_map/debug/construct4_neg.cc compilation failed to produce executable
FAIL: 23_containers/unordered_map/debug/construct5_neg.cc (test for excess errors)
UNRESOLVED: 23_containers/unordered_map/debug/construct5_neg.cc compilation failed to produce executable
FAIL: 23_containers/unordered_map/debug/insert4_neg.cc (test for excess errors)
UNRESOLVED: 23_containers/unordered_map/debug/insert4_neg.cc compilation failed to produce executable
FAIL: 23_containers/unordered_map/debug/move_assign_neg.cc (test for excess errors)
UNRESOLVED: 23_containers/unordered_map/debug/move_assign_neg.cc compilation failed to produce executable
FAIL: 23_containers/unordered_map/debug/move_neg.cc (test for excess errors)
UNRESOLVED: 23_containers/unordered_map/debug/move_neg.cc compilation failed to produce executable
FAIL: 23_containers/unordered_multimap/debug/construct4_neg.cc (test for excess errors)
UNRESOLVED: 23_containers/unordered_multimap/debug/construct4_neg.cc compilation failed to produce executable
FAIL: 23_containers/unordered_multimap/debug/construct5_neg.cc (test for excess errors)
UNRESOLVED: 23_containers/unordered_multimap/debug/construct5_neg.cc compilation failed to produce executable
FAIL: 23_containers/unordered_multimap/debug/insert4_neg.cc (test for excess errors)
UNRESOLVED: 23_containers/unordered_multimap/debug/insert4_neg.cc compilation failed to produce executable
FAIL: 23_containers/unordered_multimap/debug/move_assign_neg.cc (test for excess errors)
UNRESOLVED: 23_containers/unordered_multimap/debug/move_assign_neg.cc compilation failed to produce executable
FAIL: 23_containers/unordered_multimap/debug/move_neg.cc (test for excess errors)
UNRESOLVED: 23_containers/unordered_multimap/debug/move_neg.cc compilation failed to produce executable
FAIL: 23_containers/unordered_multiset/debug/construct4_neg.cc (test for excess errors)
UNRESOLVED: 23_containers/unordered_multiset/debug/construct4_neg.cc compilation failed to produce executable
FAIL: 23_containers/unordered_multiset/debug/construct5_neg.cc (test for excess errors)
UNRESOLVED: 23_containers/unordered_multiset/debug/construct5_neg.cc compilation failed to produce executable
FAIL: 23_containers/unordered_multiset/debug/insert4_neg.cc (test for excess errors)
UNRESOLVED: 23_containers/unordered_multiset/debug/insert4_neg.cc compilation failed to produce executable
FAIL: 23_containers/unordered_multiset/debug/move_assign_neg.cc (test for excess errors)
UNRESOLVED: 23_containers/unordered_multiset/debug/move_assign_neg.cc compilation failed to produce executable
FAIL: 23_containers/unordered_multiset/debug/move_neg.cc (test for excess errors)
UNRESOLVED: 23_containers/unordered_multiset/debug/move_neg.cc compilation failed to produce executable
FAIL: 23_containers/unordered_set/debug/construct4_neg.cc (test for excess errors)
UNRESOLVED: 23_containers/unordered_set/debug/construct4_neg.cc compilation failed to produce executable
FAIL: 23_containers/unordered_set/debug/construct5_neg.cc (test for excess errors)
UNRESOLVED: 23_containers/unordered_set/debug/construct5_neg.cc compilation failed to produce executable
FAIL: 23_containers/unordered_set/debug/insert4_neg.cc (test for excess errors)
UNRESOLVED: 23_containers/unordered_set/debug/insert4_neg.cc compilation failed to produce executable
FAIL: 23_containers/unordered_set/debug/move_assign_neg.cc (test for excess errors)
UNRESOLVED: 23_containers/unordered_set/debug/move_assign_neg.cc compilation failed to produce executable
FAIL: 23_containers/unordered_set/debug/move_neg.cc (test for excess errors)
UNRESOLVED: 23_containers/unordered_set/debug/move_neg.cc compilation failed to produce executable
FAIL: 23_containers/vector/debug/assign4_neg.cc (test for excess errors)
UNRESOLVED: 23_containers/vector/debug/assign4_neg.cc compilation failed to produce executable
FAIL: 23_containers/vector/debug/construct4_neg.cc (test for excess errors)
UNRESOLVED: 23_containers/vector/debug/construct4_neg.cc compilation failed to produce executable
FAIL: 23_containers/vector/debug/insert4_neg.cc (test for excess errors)
UNRESOLVED: 23_containers/vector/debug/insert4_neg.cc compilation failed to produce executable
FAIL: 23_containers/vector/debug/insert6_neg.cc (test for excess errors)
UNRESOLVED: 23_containers/vector/debug/insert6_neg.cc compilation failed to produce executable
FAIL: 23_containers/vector/debug/insert7_neg.cc (test for excess errors)
UNRESOLVED: 23_containers/vector/debug/insert7_neg.cc compilation failed to produce executable
FAIL: 23_containers/vector/debug/invalidation/1.cc (test for excess errors)
UNRESOLVED: 23_containers/vector/debug/invalidation/1.cc compilation failed to produce executable
FAIL: 23_containers/vector/debug/invalidation/2.cc (test for excess errors)
UNRESOLVED: 23_containers/vector/debug/invalidation/2.cc compilation failed to produce executable
FAIL: 23_containers/vector/debug/invalidation/3.cc (test for excess errors)
UNRESOLVED: 23_containers/vector/debug/invalidation/3.cc compilation failed to produce executable
FAIL: 23_containers/vector/debug/invalidation/4.cc (test for excess errors)
UNRESOLVED: 23_containers/vector/debug/invalidation/4.cc compilation failed to produce executable
FAIL: 23_containers/vector/debug/move_assign_neg.cc (test for excess errors)
UNRESOLVED: 23_containers/vector/debug/move_assign_neg.cc compilation failed to produce executable
FAIL: 23_containers/vector/debug/move_neg.cc (test for excess errors)
UNRESOLVED: 23_containers/vector/debug/move_neg.cc compilation failed to produce executable
FAIL: 23_containers/vector/debug/mutex_association.cc (test for excess errors)
UNRESOLVED: 23_containers/vector/debug/mutex_association.cc compilation failed to produce executable
FAIL: 24_iterators/move_iterator/debug_neg.cc (test for excess errors)
UNRESOLVED: 24_iterators/move_iterator/debug_neg.cc compilation failed to produce executable
FAIL: 24_iterators/normal_iterator/debug_neg.cc (test for excess errors)
UNRESOLVED: 24_iterators/normal_iterator/debug_neg.cc compilation failed to produce executable
FAIL: 24_iterators/reverse_iterator/debug_neg.cc (test for excess errors)
UNRESOLVED: 24_iterators/reverse_iterator/debug_neg.cc compilation failed to produce executable
FAIL: 25_algorithms/binary_search/partitioned.cc (test for excess errors)
UNRESOLVED: 25_algorithms/binary_search/partitioned.cc compilation failed to produce executable
FAIL: 25_algorithms/copy/86658.cc (test for excess errors)
UNRESOLVED: 25_algorithms/copy/86658.cc compilation failed to produce executable
FAIL: 25_algorithms/equal_range/partitioned.cc (test for excess errors)
UNRESOLVED: 25_algorithms/equal_range/partitioned.cc compilation failed to produce executable
FAIL: 25_algorithms/for_each/for_each_n_debug.cc (test for excess errors)
UNRESOLVED: 25_algorithms/for_each/for_each_n_debug.cc compilation failed to produce executable
FAIL: 25_algorithms/lower_bound/partitioned.cc (test for excess errors)
UNRESOLVED: 25_algorithms/lower_bound/partitioned.cc compilation failed to produce executable
FAIL: 25_algorithms/upper_bound/partitioned.cc (test for excess errors)
UNRESOLVED: 25_algorithms/upper_bound/partitioned.cc compilation failed to produce executable
FAIL: 27_io/basic_filebuf/imbue/char/13007.cc execution test
FAIL: 27_io/basic_filebuf/imbue/char/13171-1.cc execution test
FAIL: 27_io/basic_filebuf/imbue/char/13171-4.cc execution test
FAIL: 27_io/basic_filebuf/imbue/char/14975-1.cc execution test
FAIL: 27_io/basic_filebuf/imbue/char/2.cc execution test
FAIL: 27_io/basic_filebuf/imbue/char/9322.cc execution test
FAIL: 27_io/basic_filebuf/imbue/wchar_t/12868.cc execution test
FAIL: 27_io/basic_filebuf/imbue/wchar_t/13007.cc execution test
FAIL: 27_io/basic_filebuf/imbue/wchar_t/13171-3.cc execution test
FAIL: 27_io/basic_filebuf/imbue/wchar_t/13582-3.cc execution test
FAIL: 27_io/basic_filebuf/imbue/wchar_t/2.cc execution test
FAIL: 27_io/basic_filebuf/imbue/wchar_t/9322.cc execution test
FAIL: 27_io/basic_filebuf/overflow/wchar_t/11305-1.cc execution test
FAIL: 27_io/basic_filebuf/overflow/wchar_t/11305-2.cc execution test
FAIL: 27_io/basic_filebuf/overflow/wchar_t/11305-3.cc execution test
FAIL: 27_io/basic_filebuf/overflow/wchar_t/11305-4.cc execution test
FAIL: 27_io/basic_filebuf/seekoff/wchar_t/1.cc execution test
FAIL: 27_io/basic_filebuf/seekoff/wchar_t/2.cc execution test
FAIL: 27_io/basic_filebuf/seekpos/wchar_t/9874.cc execution test
FAIL: 27_io/basic_filebuf/underflow/wchar_t/1.cc execution test
FAIL: 27_io/basic_filebuf/underflow/wchar_t/11389-1.cc execution test
FAIL: 27_io/basic_filebuf/underflow/wchar_t/11389-2.cc execution test
FAIL: 27_io/basic_filebuf/underflow/wchar_t/11389-3.cc execution test
FAIL: 27_io/basic_filebuf/underflow/wchar_t/11389-4.cc execution test
FAIL: 27_io/basic_filebuf/underflow/wchar_t/11603.cc execution test
FAIL: 27_io/basic_filebuf/underflow/wchar_t/2.cc execution test
FAIL: 27_io/basic_filebuf/underflow/wchar_t/3.cc execution test
FAIL: 27_io/basic_filebuf/underflow/wchar_t/4.cc execution test
FAIL: 27_io/basic_filebuf/underflow/wchar_t/5.cc execution test
FAIL: 27_io/basic_filebuf/underflow/wchar_t/9520.cc execution test
FAIL: 27_io/basic_fstream/53984.cc execution test
FAIL: 27_io/basic_ios/copyfmt/char/2.cc execution test
FAIL: 27_io/basic_ostream/inserters_arithmetic/char/2.cc execution test
FAIL: 27_io/basic_ostream/inserters_arithmetic/wchar_t/2.cc execution test
FAIL: 27_io/basic_streambuf/cons/57394.cc execution test
FAIL: 27_io/basic_streambuf/imbue/char/13007-1.cc execution test
FAIL: 27_io/basic_streambuf/imbue/char/13007-2.cc execution test
FAIL: 27_io/basic_streambuf/imbue/char/9322.cc execution test
FAIL: 27_io/basic_streambuf/imbue/wchar_t/13007-1.cc execution test
FAIL: 27_io/basic_streambuf/imbue/wchar_t/13007-2.cc execution test
FAIL: 27_io/basic_streambuf/imbue/wchar_t/9322.cc execution test
FAIL: 27_io/basic_stringbuf/imbue/char/9322.cc execution test
FAIL: 27_io/basic_stringbuf/imbue/wchar_t/9322.cc execution test
FAIL: 27_io/manipulators/extended/get_money/char/1.cc execution test
FAIL: 27_io/manipulators/extended/get_money/char/51288.cc execution test
FAIL: 27_io/manipulators/extended/get_money/wchar_t/1.cc execution test
FAIL: 27_io/manipulators/extended/get_money/wchar_t/51288.cc execution test
FAIL: 27_io/manipulators/extended/get_time/char/2.cc execution test
FAIL: 27_io/manipulators/extended/get_time/wchar_t/2.cc execution test
FAIL: 27_io/manipulators/extended/put_money/char/1.cc execution test
FAIL: 27_io/manipulators/extended/put_money/char/51288.cc execution test
FAIL: 27_io/manipulators/extended/put_money/wchar_t/1.cc execution test
FAIL: 27_io/manipulators/extended/put_money/wchar_t/51288.cc execution test
FAIL: 27_io/manipulators/extended/put_time/char/2.cc execution test
FAIL: 27_io/manipulators/extended/put_time/wchar_t/2.cc execution test
FAIL: 27_io/objects/wchar_t/10.cc execution test
FAIL: 27_io/objects/wchar_t/11.cc execution test
FAIL: 27_io/objects/wchar_t/12.cc (test for excess errors)
UNRESOLVED: 27_io/objects/wchar_t/12.cc compilation failed to produce executable
FAIL: 27_io/objects/wchar_t/13.cc (test for excess errors)
UNRESOLVED: 27_io/objects/wchar_t/13.cc compilation failed to produce executable
FAIL: 27_io/objects/wchar_t/9520.cc execution test
FAIL: 28_regex/algorithms/regex_match/extended/wstring_locale.cc execution test
FAIL: 28_regex/iterators/regex_iterator/wchar_t/string_02.cc execution test
FAIL: abi/header_cxxabi.c (test for excess errors)
FAIL: experimental/polymorphic_allocator/construct_pair.cc (test for excess errors)
UNRESOLVED: experimental/polymorphic_allocator/construct_pair.cc compilation failed to produce executable
XPASS: ext/stdio_filebuf/char/10063-2.cc execution test
XPASS: ext/stdio_filebuf/char/10063-3.cc execution test
FAIL: ext/stdio_sync_filebuf/wchar_t/12077.cc execution test

		=== libstdc++ Summary ===

# of expected passes		11449
# of unexpected failures	360
# of unexpected successes	2
# of expected failures		24
# of unresolved testcases	94
# of unsupported tests		570
Host   is x86_64-pc-linux-gnu

		=== gcc tests ===


Running target myarm-sim
FAIL: gcc.c-torture/execute/pr64242.c   -O2  execution test
FAIL: gcc.c-torture/execute/pr64242.c   -O2 -flto -fno-use-linker-plugin -flto-partition=none  execution test
FAIL: gcc.c-torture/execute/pr64242.c   -O2 -flto -fuse-linker-plugin -fno-fat-lto-objects  execution test
FAIL: gcc.c-torture/execute/pr64242.c   -O3 -g  execution test
FAIL: gcc.dg/gimplefe-28.c (internal compiler error)
FAIL: gcc.dg/gimplefe-28.c (test for excess errors)
FAIL: gcc.dg/ira-shrinkwrap-prep-1.c scan-rtl-dump pro_and_epilogue "Performing shrink-wrapping"
FAIL: gcc.dg/vect/pr88598-1.c -flto -ffat-lto-objects execution test
FAIL: gcc.dg/vect/pr88598-1.c execution test
FAIL: gcc.dg/vect/pr88598-2.c -flto -ffat-lto-objects execution test
FAIL: gcc.dg/vect/pr88598-2.c execution test
FAIL: gcc.dg/vect/pr88598-3.c -flto -ffat-lto-objects execution test
FAIL: gcc.dg/vect/pr88598-3.c execution test
FAIL: gcc.dg/vect/pr88598-4.c -flto -ffat-lto-objects execution test
FAIL: gcc.dg/vect/pr88598-4.c execution test
FAIL: gcc.dg/vect/pr88598-5.c -flto -ffat-lto-objects execution test
FAIL: gcc.dg/vect/pr88598-5.c execution test
FAIL: gcc.dg/vect/pr88598-6.c -flto -ffat-lto-objects execution test
FAIL: gcc.dg/vect/pr88598-6.c execution test
FAIL: gcc.dg/vect/pr89440.c -flto -ffat-lto-objects execution test
FAIL: gcc.dg/vect/pr89440.c execution test
FAIL: gcc.dg/vect/pr91293-1.c -flto -ffat-lto-objects execution test
FAIL: gcc.dg/vect/pr91293-1.c execution test
FAIL: gcc.dg/vect/pr91293-2.c -flto -ffat-lto-objects execution test
FAIL: gcc.dg/vect/pr91293-2.c execution test
FAIL: gcc.dg/vect/pr91293-3.c -flto -ffat-lto-objects execution test
FAIL: gcc.dg/vect/pr91293-3.c execution test
XPASS: gcc.dg/vect/vect-cond-1.c -flto -ffat-lto-objects  scan-tree-dump-times vect "OUTER LOOP VECTORIZED" 1
XPASS: gcc.dg/vect/vect-cond-1.c scan-tree-dump-times vect "OUTER LOOP VECTORIZED" 1
XPASS: gcc.dg/vect/vect-cond-3.c -flto -ffat-lto-objects  scan-tree-dump-times vect "OUTER LOOP VECTORIZED" 1
XPASS: gcc.dg/vect/vect-cond-3.c scan-tree-dump-times vect "OUTER LOOP VECTORIZED" 1
XPASS: gcc.dg/vect/vect-cond-4.c -flto -ffat-lto-objects  scan-tree-dump-times vect "OUTER LOOP VECTORIZED" 1
XPASS: gcc.dg/vect/vect-cond-4.c scan-tree-dump-times vect "OUTER LOOP VECTORIZED" 1
UNRESOLVED: gcc.target/aarch64/advsimd-intrinsics/vld1x2.c   -O0  compilation failed to produce executable
UNRESOLVED: gcc.target/aarch64/advsimd-intrinsics/vld1x2.c   -O1  compilation failed to produce executable
UNRESOLVED: gcc.target/aarch64/advsimd-intrinsics/vld1x2.c   -O2  compilation failed to produce executable
UNRESOLVED: gcc.target/aarch64/advsimd-intrinsics/vld1x2.c   -O2 -flto -fno-use-linker-plugin -flto-partition=none  compilation failed to produce executable
UNRESOLVED: gcc.target/aarch64/advsimd-intrinsics/vld1x2.c   -O2 -flto -fuse-linker-plugin -fno-fat-lto-objects  compilation failed to produce executable
UNRESOLVED: gcc.target/aarch64/advsimd-intrinsics/vld1x2.c   -O3 -fomit-frame-pointer -funroll-loops -fpeel-loops -ftracer -finline-functions  compilation failed to produce executable
UNRESOLVED: gcc.target/aarch64/advsimd-intrinsics/vld1x2.c   -O3 -g  compilation failed to produce executable
UNRESOLVED: gcc.target/aarch64/advsimd-intrinsics/vld1x2.c   -Og -g  compilation failed to produce executable
UNRESOLVED: gcc.target/aarch64/advsimd-intrinsics/vld1x2.c   -Os  compilation failed to produce executable
UNRESOLVED: gcc.target/aarch64/advsimd-intrinsics/vld1x3.c   -O0  compilation failed to produce executable
UNRESOLVED: gcc.target/aarch64/advsimd-intrinsics/vld1x3.c   -O1  compilation failed to produce executable
UNRESOLVED: gcc.target/aarch64/advsimd-intrinsics/vld1x3.c   -O2  compilation failed to produce executable
UNRESOLVED: gcc.target/aarch64/advsimd-intrinsics/vld1x3.c   -O2 -flto -fno-use-linker-plugin -flto-partition=none  compilation failed to produce executable
UNRESOLVED: gcc.target/aarch64/advsimd-intrinsics/vld1x3.c   -O2 -flto -fuse-linker-plugin -fno-fat-lto-objects  compilation failed to produce executable
UNRESOLVED: gcc.target/aarch64/advsimd-intrinsics/vld1x3.c   -O3 -fomit-frame-pointer -funroll-loops -fpeel-loops -ftracer -finline-functions  compilation failed to produce executable
UNRESOLVED: gcc.target/aarch64/advsimd-intrinsics/vld1x3.c   -O3 -g  compilation failed to produce executable
UNRESOLVED: gcc.target/aarch64/advsimd-intrinsics/vld1x3.c   -Og -g  compilation failed to produce executable
UNRESOLVED: gcc.target/aarch64/advsimd-intrinsics/vld1x3.c   -Os  compilation failed to produce executable
UNRESOLVED: gcc.target/aarch64/advsimd-intrinsics/vld1x4.c   -O0  compilation failed to produce executable
UNRESOLVED: gcc.target/aarch64/advsimd-intrinsics/vld1x4.c   -O1  compilation failed to produce executable
UNRESOLVED: gcc.target/aarch64/advsimd-intrinsics/vld1x4.c   -O2  compilation failed to produce executable
UNRESOLVED: gcc.target/aarch64/advsimd-intrinsics/vld1x4.c   -O2 -flto -fno-use-linker-plugin -flto-partition=none  compilation failed to produce executable
UNRESOLVED: gcc.target/aarch64/advsimd-intrinsics/vld1x4.c   -O2 -flto -fuse-linker-plugin -fno-fat-lto-objects  compilation failed to produce executable
UNRESOLVED: gcc.target/aarch64/advsimd-intrinsics/vld1x4.c   -O3 -fomit-frame-pointer -funroll-loops -fpeel-loops -ftracer -finline-functions  compilation failed to produce executable
UNRESOLVED: gcc.target/aarch64/advsimd-intrinsics/vld1x4.c   -O3 -g  compilation failed to produce executable
UNRESOLVED: gcc.target/aarch64/advsimd-intrinsics/vld1x4.c   -Og -g  compilation failed to produce executable
UNRESOLVED: gcc.target/aarch64/advsimd-intrinsics/vld1x4.c   -Os  compilation failed to produce executable
UNRESOLVED: gcc.target/aarch64/advsimd-intrinsics/vst1x2.c   -O0  compilation failed to produce executable
UNRESOLVED: gcc.target/aarch64/advsimd-intrinsics/vst1x2.c   -O1  compilation failed to produce executable
UNRESOLVED: gcc.target/aarch64/advsimd-intrinsics/vst1x2.c   -O2  compilation failed to produce executable
UNRESOLVED: gcc.target/aarch64/advsimd-intrinsics/vst1x2.c   -O2 -flto -fno-use-linker-plugin -flto-partition=none  compilation failed to produce executable
UNRESOLVED: gcc.target/aarch64/advsimd-intrinsics/vst1x2.c   -O2 -flto -fuse-linker-plugin -fno-fat-lto-objects  compilation failed to produce executable
UNRESOLVED: gcc.target/aarch64/advsimd-intrinsics/vst1x2.c   -O3 -fomit-frame-pointer -funroll-loops -fpeel-loops -ftracer -finline-functions  compilation failed to produce executable
UNRESOLVED: gcc.target/aarch64/advsimd-intrinsics/vst1x2.c   -O3 -g  compilation failed to produce executable
UNRESOLVED: gcc.target/aarch64/advsimd-intrinsics/vst1x2.c   -Og -g  compilation failed to produce executable
UNRESOLVED: gcc.target/aarch64/advsimd-intrinsics/vst1x2.c   -Os  compilation failed to produce executable
UNRESOLVED: gcc.target/aarch64/advsimd-intrinsics/vst1x3.c   -O0  compilation failed to produce executable
UNRESOLVED: gcc.target/aarch64/advsimd-intrinsics/vst1x3.c   -O1  compilation failed to produce executable
UNRESOLVED: gcc.target/aarch64/advsimd-intrinsics/vst1x3.c   -O2  compilation failed to produce executable
UNRESOLVED: gcc.target/aarch64/advsimd-intrinsics/vst1x3.c   -O2 -flto -fno-use-linker-plugin -flto-partition=none  compilation failed to produce executable
UNRESOLVED: gcc.target/aarch64/advsimd-intrinsics/vst1x3.c   -O2 -flto -fuse-linker-plugin -fno-fat-lto-objects  compilation failed to produce executable
UNRESOLVED: gcc.target/aarch64/advsimd-intrinsics/vst1x3.c   -O3 -fomit-frame-pointer -funroll-loops -fpeel-loops -ftracer -finline-functions  compilation failed to produce executable
UNRESOLVED: gcc.target/aarch64/advsimd-intrinsics/vst1x3.c   -O3 -g  compilation failed to produce executable
UNRESOLVED: gcc.target/aarch64/advsimd-intrinsics/vst1x3.c   -Og -g  compilation failed to produce executable
UNRESOLVED: gcc.target/aarch64/advsimd-intrinsics/vst1x3.c   -Os  compilation failed to produce executable
UNRESOLVED: gcc.target/aarch64/advsimd-intrinsics/vst1x4.c   -O0  compilation failed to produce executable
UNRESOLVED: gcc.target/aarch64/advsimd-intrinsics/vst1x4.c   -O1  compilation failed to produce executable
UNRESOLVED: gcc.target/aarch64/advsimd-intrinsics/vst1x4.c   -O2  compilation failed to produce executable
UNRESOLVED: gcc.target/aarch64/advsimd-intrinsics/vst1x4.c   -O2 -flto -fno-use-linker-plugin -flto-partition=none  compilation failed to produce executable
UNRESOLVED: gcc.target/aarch64/advsimd-intrinsics/vst1x4.c   -O2 -flto -fuse-linker-plugin -fno-fat-lto-objects  compilation failed to produce executable
UNRESOLVED: gcc.target/aarch64/advsimd-intrinsics/vst1x4.c   -O3 -fomit-frame-pointer -funroll-loops -fpeel-loops -ftracer -finline-functions  compilation failed to produce executable
UNRESOLVED: gcc.target/aarch64/advsimd-intrinsics/vst1x4.c   -O3 -g  compilation failed to produce executable
UNRESOLVED: gcc.target/aarch64/advsimd-intrinsics/vst1x4.c   -Og -g  compilation failed to produce executable
UNRESOLVED: gcc.target/aarch64/advsimd-intrinsics/vst1x4.c   -Os  compilation failed to produce executable
FAIL: gcc.target/arm/addr-modes-float.c scan-assembler vst3.8\\t{d[02468], d[02468], d[02468]}, \\\\[r[0-9]+\\\\]!
FAIL: gcc.target/arm/armv8_2-fp16-scalar-2.c scan-assembler-times vmov.f16\\\\ts[0-9]+, #1\\\\.0e\\\\+0 4
FAIL: gcc.target/arm/memcpy-aligned-1.c scan-assembler-not ldr\\t
FAIL: gcc.target/arm/memcpy-aligned-1.c scan-assembler-times str\\t 1
FAIL: gcc.target/arm/polytypes.c  (test for warnings, line 31)
FAIL: gcc.target/arm/pr42575.c scan-assembler-not mov
FAIL: gcc.target/arm/pr45701-1.c scan-assembler push\\t{r3
FAIL: gcc.target/arm/reg_equal_test.c scan-rtl-dump expand "expr_list:REG_EQUAL \\\\(const_int -942519458"

		=== gcc Summary ===

# of expected passes		106660
# of unexpected failures	35
# of unexpected successes	6
# of expected failures		412
# of unresolved testcases	54
# of unsupported tests		6270
/tmp/8043851_30.tmpdir/aci-gcc-fsf/builds/gcc-fsf-gccsrc/obj-arm-none-eabi/gcc3/gcc/xgcc  version 9.3.1  (DEFMODE=default DEFCPU=default DEFFPU=default TESTFLAGS=) [r9-9086] (GCC) 

Host   is x86_64-pc-linux-gnu

		=== g++ tests ===


Running target myarm-sim
FAIL: g++.dg/compat/init/init-ref2 cp_compat_x_tst.o-cp_compat_y_tst.o link
XPASS: g++.dg/cpp0x/lambda/lambda-eh.C  -std=c++14 execution test
XPASS: g++.dg/cpp0x/lambda/lambda-eh.C  -std=c++17 execution test
FAIL: g++.dg/cpp1y/lambda-generic-69078-1.C  -std=gnu++14 (test for excess errors)
UNRESOLVED: g++.dg/cpp1y/lambda-generic-69078-1.C  -std=gnu++14 compilation failed to produce executable
FAIL: g++.dg/cpp1y/lambda-generic-69078-1.C  -std=gnu++17 (test for excess errors)
UNRESOLVED: g++.dg/cpp1y/lambda-generic-69078-1.C  -std=gnu++17 compilation failed to produce executable
FAIL: g++.dg/cpp1y/lambda-init1.C  -std=gnu++14 (test for excess errors)
UNRESOLVED: g++.dg/cpp1y/lambda-init1.C  -std=gnu++14 compilation failed to produce executable
FAIL: g++.dg/cpp1y/lambda-init1.C  -std=gnu++17 (test for excess errors)
UNRESOLVED: g++.dg/cpp1y/lambda-init1.C  -std=gnu++17 compilation failed to produce executable
FAIL: g++.dg/expr/ptrmem8.C  -std=c++14 (test for excess errors)
UNRESOLVED: g++.dg/expr/ptrmem8.C  -std=c++14 compilation failed to produce executable
FAIL: g++.dg/expr/ptrmem8.C  -std=c++17 (test for excess errors)
UNRESOLVED: g++.dg/expr/ptrmem8.C  -std=c++17 compilation failed to produce executable
FAIL: g++.dg/expr/ptrmem8.C  -std=c++98 (test for excess errors)
UNRESOLVED: g++.dg/expr/ptrmem8.C  -std=c++98 compilation failed to produce executable
FAIL: g++.dg/expr/ptrmem9.C  -std=c++14 (test for excess errors)
UNRESOLVED: g++.dg/expr/ptrmem9.C  -std=c++14 compilation failed to produce executable
FAIL: g++.dg/expr/ptrmem9.C  -std=c++17 (test for excess errors)
UNRESOLVED: g++.dg/expr/ptrmem9.C  -std=c++17 compilation failed to produce executable
FAIL: g++.dg/expr/ptrmem9.C  -std=c++98 (test for excess errors)
UNRESOLVED: g++.dg/expr/ptrmem9.C  -std=c++98 compilation failed to produce executable
FAIL: g++.dg/init/array54.C  -std=c++14 (test for excess errors)
UNRESOLVED: g++.dg/init/array54.C  -std=c++14 compilation failed to produce executable
FAIL: g++.dg/init/array54.C  -std=c++17 (test for excess errors)
UNRESOLVED: g++.dg/init/array54.C  -std=c++17 compilation failed to produce executable
FAIL: g++.dg/init/init-ref2.C  -std=c++14 (test for excess errors)
UNRESOLVED: g++.dg/init/init-ref2.C  -std=c++14 compilation failed to produce executable
FAIL: g++.dg/init/init-ref2.C  -std=c++17 (test for excess errors)
UNRESOLVED: g++.dg/init/init-ref2.C  -std=c++17 compilation failed to produce executable
FAIL: g++.dg/init/init-ref2.C  -std=c++98 (test for excess errors)
UNRESOLVED: g++.dg/init/init-ref2.C  -std=c++98 compilation failed to produce executable
FAIL: g++.dg/init/ref15.C  -std=c++14 (test for excess errors)
UNRESOLVED: g++.dg/init/ref15.C  -std=c++14 compilation failed to produce executable
FAIL: g++.dg/init/ref15.C  -std=c++17 (test for excess errors)
UNRESOLVED: g++.dg/init/ref15.C  -std=c++17 compilation failed to produce executable
FAIL: g++.dg/init/ref15.C  -std=c++98 (test for excess errors)
UNRESOLVED: g++.dg/init/ref15.C  -std=c++98 compilation failed to produce executable
FAIL: g++.dg/init/vector1.C  -std=gnu++14 (test for excess errors)
UNRESOLVED: g++.dg/init/vector1.C  -std=gnu++14 compilation failed to produce executable
FAIL: g++.dg/init/vector1.C  -std=gnu++17 (test for excess errors)
UNRESOLVED: g++.dg/init/vector1.C  -std=gnu++17 compilation failed to produce executable
FAIL: g++.dg/init/vector1.C  -std=gnu++98 (test for excess errors)
UNRESOLVED: g++.dg/init/vector1.C  -std=gnu++98 compilation failed to produce executable
FAIL: g++.dg/ipa/devirt-28a.C  -std=gnu++14 (test for excess errors)
FAIL: g++.dg/ipa/devirt-28a.C  -std=gnu++17 (test for excess errors)
FAIL: g++.dg/ipa/devirt-28a.C  -std=gnu++98 (test for excess errors)
FAIL: g++.dg/opt/pr23478.C  -std=gnu++14 (test for excess errors)
UNRESOLVED: g++.dg/opt/pr23478.C  -std=gnu++14 compilation failed to produce executable
FAIL: g++.dg/opt/pr23478.C  -std=gnu++17 (test for excess errors)
UNRESOLVED: g++.dg/opt/pr23478.C  -std=gnu++17 compilation failed to produce executable
FAIL: g++.dg/opt/pr23478.C  -std=gnu++98 (test for excess errors)
UNRESOLVED: g++.dg/opt/pr23478.C  -std=gnu++98 compilation failed to produce executable
FAIL: g++.dg/opt/static5.C  -std=gnu++14 (test for excess errors)
UNRESOLVED: g++.dg/opt/static5.C  -std=gnu++14 compilation failed to produce executable
FAIL: g++.dg/opt/static5.C  -std=gnu++17 (test for excess errors)
UNRESOLVED: g++.dg/opt/static5.C  -std=gnu++17 compilation failed to produce executable
FAIL: g++.dg/opt/static5.C  -std=gnu++98 (test for excess errors)
UNRESOLVED: g++.dg/opt/static5.C  -std=gnu++98 compilation failed to produce executable
FAIL: g++.dg/template/static34.C  -std=c++14 (test for excess errors)
FAIL: g++.dg/template/static34.C  -std=c++17 (test for excess errors)
FAIL: g++.dg/template/static34.C  -std=c++98 (test for excess errors)
XPASS: g++.dg/warn/pr33738.C  -std=gnu++14  (test for warnings, line 18)
XPASS: g++.dg/warn/pr33738.C  -std=gnu++14  (test for warnings, line 22)
XPASS: g++.dg/warn/pr33738.C  -std=gnu++17  (test for warnings, line 18)
XPASS: g++.dg/warn/pr33738.C  -std=gnu++17  (test for warnings, line 22)
XPASS: g++.dg/warn/pr33738.C  -std=gnu++98  (test for warnings, line 18)
XPASS: g++.dg/warn/pr33738.C  -std=gnu++98  (test for warnings, line 22)
FAIL: g++.dg/lto/20091219 cp_lto_20091219_0.o-cp_lto_20091219_0.o link, -O3 -flto
FAIL: g++.dg/lto/pr65276 cp_lto_pr65276_0.o-cp_lto_pr65276_1.o link, -flto -O0 -std=c++11
FAIL: g++.dg/torture/pr31863.C   -O0  (test for excess errors)
FAIL: g++.dg/torture/pr31863.C   -O1  (test for excess errors)
FAIL: g++.dg/torture/pr31863.C   -O2  (test for excess errors)
FAIL: g++.dg/torture/pr31863.C   -O2 -flto -fno-use-linker-plugin -flto-partition=none  (test for excess errors)
FAIL: g++.dg/torture/pr31863.C   -O3 -g  (test for excess errors)
FAIL: g++.dg/torture/pr31863.C   -Os  (test for excess errors)
FAIL: g++.dg/vect/pr87914.cc  -std=c++14 execution test
FAIL: g++.dg/vect/pr87914.cc  -std=c++17 execution test
FAIL: g++.dg/vect/pr87914.cc  -std=c++98 execution test
FAIL: g++.old-deja/g++.jason/pmf7.C  -std=c++98 (test for excess errors)
UNRESOLVED: g++.old-deja/g++.jason/pmf7.C  -std=c++98 compilation failed to produce executable
FAIL: g++.old-deja/g++.mike/init1.C  -std=c++14 (test for excess errors)
UNRESOLVED: g++.old-deja/g++.mike/init1.C  -std=c++14 compilation failed to produce executable
FAIL: g++.old-deja/g++.mike/init1.C  -std=c++17 (test for excess errors)
UNRESOLVED: g++.old-deja/g++.mike/init1.C  -std=c++17 compilation failed to produce executable
FAIL: g++.old-deja/g++.mike/init1.C  -std=c++98 (test for excess errors)
UNRESOLVED: g++.old-deja/g++.mike/init1.C  -std=c++98 compilation failed to produce executable
FAIL: g++.old-deja/g++.mike/leak1.C  -std=c++14 (test for excess errors)
UNRESOLVED: g++.old-deja/g++.mike/leak1.C  -std=c++14 compilation failed to produce executable
FAIL: g++.old-deja/g++.mike/leak1.C  -std=c++17 (test for excess errors)
UNRESOLVED: g++.old-deja/g++.mike/leak1.C  -std=c++17 compilation failed to produce executable
FAIL: g++.old-deja/g++.mike/leak1.C  -std=c++98 (test for excess errors)
UNRESOLVED: g++.old-deja/g++.mike/leak1.C  -std=c++98 compilation failed to produce executable
FAIL: g++.old-deja/g++.mike/p2736.C  -std=c++14 (test for excess errors)
UNRESOLVED: g++.old-deja/g++.mike/p2736.C  -std=c++14 compilation failed to produce executable
FAIL: g++.old-deja/g++.mike/p2736.C  -std=c++17 (test for excess errors)
UNRESOLVED: g++.old-deja/g++.mike/p2736.C  -std=c++17 compilation failed to produce executable
FAIL: g++.old-deja/g++.mike/p2736.C  -std=c++98 (test for excess errors)
UNRESOLVED: g++.old-deja/g++.mike/p2736.C  -std=c++98 compilation failed to produce executable
FAIL: g++.old-deja/g++.mike/p3041.C  -std=c++14 (test for excess errors)
UNRESOLVED: g++.old-deja/g++.mike/p3041.C  -std=c++14 compilation failed to produce executable
FAIL: g++.old-deja/g++.mike/p3041.C  -std=c++17 (test for excess errors)
UNRESOLVED: g++.old-deja/g++.mike/p3041.C  -std=c++17 compilation failed to produce executable
FAIL: g++.old-deja/g++.mike/p3041.C  -std=c++98 (test for excess errors)
UNRESOLVED: g++.old-deja/g++.mike/p3041.C  -std=c++98 compilation failed to produce executable
FAIL: g++.old-deja/g++.other/init5.C  -std=c++14 (test for excess errors)
UNRESOLVED: g++.old-deja/g++.other/init5.C  -std=c++14 compilation failed to produce executable
FAIL: g++.old-deja/g++.other/init5.C  -std=c++17 (test for excess errors)
UNRESOLVED: g++.old-deja/g++.other/init5.C  -std=c++17 compilation failed to produce executable
FAIL: g++.old-deja/g++.other/init5.C  -std=c++98 (test for excess errors)
UNRESOLVED: g++.old-deja/g++.other/init5.C  -std=c++98 compilation failed to produce executable
FAIL: g++.old-deja/g++.other/init7.C  -std=c++14 (test for excess errors)
UNRESOLVED: g++.old-deja/g++.other/init7.C  -std=c++14 compilation failed to produce executable
FAIL: g++.old-deja/g++.other/init7.C  -std=c++17 (test for excess errors)
UNRESOLVED: g++.old-deja/g++.other/init7.C  -std=c++17 compilation failed to produce executable
FAIL: g++.old-deja/g++.other/init7.C  -std=c++98 (test for excess errors)
UNRESOLVED: g++.old-deja/g++.other/init7.C  -std=c++98 compilation failed to produce executable
FAIL: g++.old-deja/g++.other/singleton.C  -std=c++14 (test for excess errors)
UNRESOLVED: g++.old-deja/g++.other/singleton.C  -std=c++14 compilation failed to produce executable
FAIL: g++.old-deja/g++.other/singleton.C  -std=c++17 (test for excess errors)
UNRESOLVED: g++.old-deja/g++.other/singleton.C  -std=c++17 compilation failed to produce executable
FAIL: g++.old-deja/g++.other/singleton.C  -std=c++98 (test for excess errors)
UNRESOLVED: g++.old-deja/g++.other/singleton.C  -std=c++98 compilation failed to produce executable
FAIL: g++.old-deja/g++.other/static7.C  -std=c++14 (test for excess errors)
UNRESOLVED: g++.old-deja/g++.other/static7.C  -std=c++14 compilation failed to produce executable
FAIL: g++.old-deja/g++.other/static7.C  -std=c++17 (test for excess errors)
UNRESOLVED: g++.old-deja/g++.other/static7.C  -std=c++17 compilation failed to produce executable
FAIL: g++.old-deja/g++.other/static7.C  -std=c++98 (test for excess errors)
UNRESOLVED: g++.old-deja/g++.other/static7.C  -std=c++98 compilation failed to produce executable

		=== g++ Summary ===

# of expected passes		110500
# of unexpected failures	70
# of unexpected successes	8
# of expected failures		408
# of unresolved testcases	52
# of unsupported tests		6364
/tmp/8043851_30.tmpdir/aci-gcc-fsf/builds/gcc-fsf-gccsrc/obj-arm-none-eabi/gcc3/gcc/xg++  version 9.3.1  (DEFMODE=default DEFCPU=default DEFFPU=default TESTFLAGS=) [r9-9086] (GCC) 


Compiler version: 9.3.1 (DEFMODE=default DEFCPU=default DEFFPU=default TESTFLAGS=) [r9-9086] (GCC) 
Platform: arm-none-eabi
configure flags: --target=arm-none-eabi --prefix=/tmp/8043851_30.tmpdir/aci-gcc-fsf/builds/gcc-fsf-gccsrc/tools --with-sysroot=/tmp/8043851_30.tmpdir/aci-gcc-fsf/builds/gcc-fsf-gccsrc/sysroot-arm-none-eabi --disable-nls --disable-libgomp --disable-libmudflap --disable-libcilkrts --enable-checking --enable-languages=c,c++ --with-newlib --disable-tls


More information about the Gcc-testresults mailing list