Results for 8.4.1 (DEFMODE=default DEFCPU=default DEFFPU=default TESTFLAGS=) [r8-10663] (GCC) testsuite on aarch64-none-linux-gnu

Christophe LYON christophe.lyon@st.com
Wed Dec 2 02:24:25 GMT 2020


LAST_UPDATED: Wed Dec  2 01:15:55 UTC 2020 (revision r8-10663-ge03bdd99101a6191679969535de02aa18f9a5b11) TARGET=aarch64-none-linux-gnu CPU=default FPU=default MODE=default

Target is aarch64-none-linux-gnu
Host   is aarch64-none-linux-gnu

		=== libatomic tests ===


Running target qemu

		=== libatomic Summary ===

# of expected passes		54
Host   is aarch64-none-linux-gnu

		=== libitm tests ===


Running target qemu

		=== libitm Summary ===

# of expected passes		42
# of expected failures		3
# of unsupported tests		1
Host   is aarch64-none-linux-gnu

		=== libstdc++ tests ===


Running target qemu

		=== libstdc++ Summary ===

# of expected passes		11520
# of expected failures		71
# of unsupported tests		629
Host   is x86_64-pc-linux-gnu

		=== gcc tests ===


Running target qemu
WARNING: skipping asan tests due to ulimit -v
WARNING: skipping asan tests due to ulimit -v
WARNING: skipping asan tests due to ulimit -v
WARNING: skipping asan tests due to ulimit -v
WARNING: skipping asan tests due to ulimit -v
FAIL: gcc.dg/attr-weakref-1.c (test for excess errors)
UNRESOLVED: gcc.dg/attr-weakref-1.c compilation failed to produce executable
FAIL: c-c++-common/ubsan/null-1.c   -O0  execution test
FAIL: c-c++-common/ubsan/null-1.c   -O1  execution test
FAIL: c-c++-common/ubsan/null-1.c   -O2  execution test
FAIL: c-c++-common/ubsan/null-1.c   -O2 -flto -fno-use-linker-plugin -flto-partition=none  execution test
FAIL: c-c++-common/ubsan/null-1.c   -O2 -flto -fuse-linker-plugin -fno-fat-lto-objects  execution test
FAIL: c-c++-common/ubsan/null-1.c   -O3 -g  execution test
FAIL: c-c++-common/ubsan/null-1.c   -Os  execution test
FAIL: c-c++-common/ubsan/null-10.c   -O0  execution test
FAIL: c-c++-common/ubsan/null-10.c   -O1  execution test
FAIL: c-c++-common/ubsan/null-10.c   -O2  execution test
FAIL: c-c++-common/ubsan/null-10.c   -O2 -flto -fno-use-linker-plugin -flto-partition=none  execution test
FAIL: c-c++-common/ubsan/null-10.c   -O2 -flto -fuse-linker-plugin -fno-fat-lto-objects  execution test
FAIL: c-c++-common/ubsan/null-10.c   -O3 -g  execution test
FAIL: c-c++-common/ubsan/null-10.c   -Os  execution test
FAIL: c-c++-common/ubsan/null-11.c   -O0  execution test
FAIL: c-c++-common/ubsan/null-11.c   -O1  execution test
FAIL: c-c++-common/ubsan/null-11.c   -O2  execution test
FAIL: c-c++-common/ubsan/null-11.c   -O2 -flto -fno-use-linker-plugin -flto-partition=none  execution test
FAIL: c-c++-common/ubsan/null-11.c   -O2 -flto -fuse-linker-plugin -fno-fat-lto-objects  execution test
FAIL: c-c++-common/ubsan/null-11.c   -O3 -g  execution test
FAIL: c-c++-common/ubsan/null-11.c   -Os  execution test
FAIL: c-c++-common/ubsan/null-2.c   -O0  execution test
FAIL: c-c++-common/ubsan/null-2.c   -O1  execution test
FAIL: c-c++-common/ubsan/null-2.c   -O2  execution test
FAIL: c-c++-common/ubsan/null-2.c   -O2 -flto -fno-use-linker-plugin -flto-partition=none  execution test
FAIL: c-c++-common/ubsan/null-2.c   -O2 -flto -fuse-linker-plugin -fno-fat-lto-objects  execution test
FAIL: c-c++-common/ubsan/null-2.c   -O3 -g  execution test
FAIL: c-c++-common/ubsan/null-2.c   -Os  execution test
FAIL: c-c++-common/ubsan/null-3.c   -O0  execution test
FAIL: c-c++-common/ubsan/null-3.c   -O1  execution test
FAIL: c-c++-common/ubsan/null-3.c   -O2  execution test
FAIL: c-c++-common/ubsan/null-3.c   -O2 -flto -fno-use-linker-plugin -flto-partition=none  execution test
FAIL: c-c++-common/ubsan/null-3.c   -O2 -flto -fuse-linker-plugin -fno-fat-lto-objects  execution test
FAIL: c-c++-common/ubsan/null-3.c   -O3 -g  execution test
FAIL: c-c++-common/ubsan/null-3.c   -Os  execution test
FAIL: c-c++-common/ubsan/null-4.c   -O0  execution test
FAIL: c-c++-common/ubsan/null-4.c   -O1  execution test
FAIL: c-c++-common/ubsan/null-4.c   -O2  execution test
FAIL: c-c++-common/ubsan/null-4.c   -O2 -flto -fno-use-linker-plugin -flto-partition=none  execution test
FAIL: c-c++-common/ubsan/null-4.c   -O2 -flto -fuse-linker-plugin -fno-fat-lto-objects  execution test
FAIL: c-c++-common/ubsan/null-4.c   -O3 -g  execution test
FAIL: c-c++-common/ubsan/null-4.c   -Os  execution test
FAIL: c-c++-common/ubsan/null-5.c   -O0  execution test
FAIL: c-c++-common/ubsan/null-5.c   -O1  execution test
FAIL: c-c++-common/ubsan/null-5.c   -O2  execution test
FAIL: c-c++-common/ubsan/null-5.c   -O2 -flto -fno-use-linker-plugin -flto-partition=none  execution test
FAIL: c-c++-common/ubsan/null-5.c   -O2 -flto -fuse-linker-plugin -fno-fat-lto-objects  execution test
FAIL: c-c++-common/ubsan/null-5.c   -O3 -g  execution test
FAIL: c-c++-common/ubsan/null-5.c   -Os  execution test
FAIL: c-c++-common/ubsan/null-7.c   -O0  execution test
FAIL: c-c++-common/ubsan/null-7.c   -O1  execution test
FAIL: c-c++-common/ubsan/null-7.c   -O2  execution test
FAIL: c-c++-common/ubsan/null-7.c   -O2 -flto -fno-use-linker-plugin -flto-partition=none  execution test
FAIL: c-c++-common/ubsan/null-7.c   -O2 -flto -fuse-linker-plugin -fno-fat-lto-objects  execution test
FAIL: c-c++-common/ubsan/null-7.c   -O3 -g  execution test
FAIL: c-c++-common/ubsan/null-7.c   -Os  execution test
FAIL: c-c++-common/ubsan/null-8.c   -O0  execution test
FAIL: c-c++-common/ubsan/null-8.c   -O1  execution test
FAIL: c-c++-common/ubsan/null-8.c   -O2  execution test
FAIL: c-c++-common/ubsan/null-8.c   -O2 -flto -fno-use-linker-plugin -flto-partition=none  execution test
FAIL: c-c++-common/ubsan/null-8.c   -O2 -flto -fuse-linker-plugin -fno-fat-lto-objects  execution test
FAIL: c-c++-common/ubsan/null-8.c   -O3 -g  execution test
FAIL: c-c++-common/ubsan/null-8.c   -Os  execution test
FAIL: c-c++-common/ubsan/null-9.c   -O0  execution test
FAIL: c-c++-common/ubsan/null-9.c   -O1  execution test
FAIL: c-c++-common/ubsan/null-9.c   -O2  execution test
FAIL: c-c++-common/ubsan/null-9.c   -O2 -flto -fno-use-linker-plugin -flto-partition=none  execution test
FAIL: c-c++-common/ubsan/null-9.c   -O2 -flto -fuse-linker-plugin -fno-fat-lto-objects  execution test
FAIL: c-c++-common/ubsan/null-9.c   -O3 -g  execution test
FAIL: c-c++-common/ubsan/null-9.c   -Os  execution test

		=== gcc Summary ===

# of expected passes		122638
# of unexpected failures	71
# of expected failures		415
# of unresolved testcases	1
# of unsupported tests		3277
/tmp/7914449_1.tmpdir/aci-gcc-fsf/builds/gcc-fsf-gccsrc/obj-aarch64-none-linux-gnu/gcc3/gcc/xgcc  version 8.4.1  (DEFMODE=default DEFCPU=default DEFFPU=default TESTFLAGS=) [r8-10663] (GCC) 

Host   is x86_64-pc-linux-gnu

		=== gfortran tests ===


Running target qemu
FAIL: gfortran.dg/ieee/ieee_6.f90   -O0  execution test
FAIL: gfortran.dg/ieee/ieee_6.f90   -O1  execution test
FAIL: gfortran.dg/ieee/ieee_6.f90   -O2  execution test
FAIL: gfortran.dg/ieee/ieee_6.f90   -O3 -fomit-frame-pointer -funroll-loops -fpeel-loops -ftracer -finline-functions  execution test
FAIL: gfortran.dg/ieee/ieee_6.f90   -O3 -g  execution test
FAIL: gfortran.dg/ieee/ieee_6.f90   -Os  execution test
XPASS: gfortran.dg/ieee/ieee_8.f90   -O0  execution test
XPASS: gfortran.dg/ieee/ieee_8.f90   -O1  execution test
XPASS: gfortran.dg/ieee/ieee_8.f90   -O2  execution test
XPASS: gfortran.dg/ieee/ieee_8.f90   -O3 -fomit-frame-pointer -funroll-loops -fpeel-loops -ftracer -finline-functions  execution test
XPASS: gfortran.dg/ieee/ieee_8.f90   -O3 -g  execution test
XPASS: gfortran.dg/ieee/ieee_8.f90   -Os  execution test

		=== gfortran Summary ===

# of expected passes		47705
# of unexpected failures	6
# of unexpected successes	6
# of expected failures		83
# of unsupported tests		82
/tmp/7914449_1.tmpdir/aci-gcc-fsf/builds/gcc-fsf-gccsrc/obj-aarch64-none-linux-gnu/gcc3/gcc/gfortran  version 8.4.1  (DEFMODE=default DEFCPU=default DEFFPU=default TESTFLAGS=) [r8-10663] (GCC) 

Host   is x86_64-pc-linux-gnu

		=== g++ tests ===


Running target qemu
WARNING: skipping asan tests due to ulimit -v
WARNING: skipping asan tests due to ulimit -v
FAIL: g++.dg/pr83239.C  -std=gnu++98 (test for excess errors)
FAIL: c-c++-common/ubsan/null-1.c   -O0  execution test
FAIL: c-c++-common/ubsan/null-1.c   -O1  execution test
FAIL: c-c++-common/ubsan/null-1.c   -O2  execution test
FAIL: c-c++-common/ubsan/null-1.c   -O2 -flto -fno-use-linker-plugin -flto-partition=none  execution test
FAIL: c-c++-common/ubsan/null-1.c   -O2 -flto -fuse-linker-plugin -fno-fat-lto-objects  execution test
FAIL: c-c++-common/ubsan/null-1.c   -O3 -g  execution test
FAIL: c-c++-common/ubsan/null-1.c   -Os  execution test
FAIL: c-c++-common/ubsan/null-10.c   -O0  execution test
FAIL: c-c++-common/ubsan/null-10.c   -O1  execution test
FAIL: c-c++-common/ubsan/null-10.c   -O2  execution test
FAIL: c-c++-common/ubsan/null-10.c   -O2 -flto -fno-use-linker-plugin -flto-partition=none  execution test
FAIL: c-c++-common/ubsan/null-10.c   -O2 -flto -fuse-linker-plugin -fno-fat-lto-objects  execution test
FAIL: c-c++-common/ubsan/null-10.c   -O3 -g  execution test
FAIL: c-c++-common/ubsan/null-10.c   -Os  execution test
FAIL: c-c++-common/ubsan/null-11.c   -O0  execution test
FAIL: c-c++-common/ubsan/null-11.c   -O1  execution test
FAIL: c-c++-common/ubsan/null-11.c   -O2  execution test
FAIL: c-c++-common/ubsan/null-11.c   -O2 -flto -fno-use-linker-plugin -flto-partition=none  execution test
FAIL: c-c++-common/ubsan/null-11.c   -O2 -flto -fuse-linker-plugin -fno-fat-lto-objects  execution test
FAIL: c-c++-common/ubsan/null-11.c   -O3 -g  execution test
FAIL: c-c++-common/ubsan/null-11.c   -Os  execution test
FAIL: c-c++-common/ubsan/null-2.c   -O0  execution test
FAIL: c-c++-common/ubsan/null-2.c   -O1  execution test
FAIL: c-c++-common/ubsan/null-2.c   -O2  execution test
FAIL: c-c++-common/ubsan/null-2.c   -O2 -flto -fno-use-linker-plugin -flto-partition=none  execution test
FAIL: c-c++-common/ubsan/null-2.c   -O2 -flto -fuse-linker-plugin -fno-fat-lto-objects  execution test
FAIL: c-c++-common/ubsan/null-2.c   -O3 -g  execution test
FAIL: c-c++-common/ubsan/null-2.c   -Os  execution test
FAIL: c-c++-common/ubsan/null-3.c   -O0  execution test
FAIL: c-c++-common/ubsan/null-3.c   -O1  execution test
FAIL: c-c++-common/ubsan/null-3.c   -O2  execution test
FAIL: c-c++-common/ubsan/null-3.c   -O2 -flto -fno-use-linker-plugin -flto-partition=none  execution test
FAIL: c-c++-common/ubsan/null-3.c   -O2 -flto -fuse-linker-plugin -fno-fat-lto-objects  execution test
FAIL: c-c++-common/ubsan/null-3.c   -O3 -g  execution test
FAIL: c-c++-common/ubsan/null-3.c   -Os  execution test
FAIL: c-c++-common/ubsan/null-4.c   -O0  execution test
FAIL: c-c++-common/ubsan/null-4.c   -O1  execution test
FAIL: c-c++-common/ubsan/null-4.c   -O2  execution test
FAIL: c-c++-common/ubsan/null-4.c   -O2 -flto -fno-use-linker-plugin -flto-partition=none  execution test
FAIL: c-c++-common/ubsan/null-4.c   -O2 -flto -fuse-linker-plugin -fno-fat-lto-objects  execution test
FAIL: c-c++-common/ubsan/null-4.c   -O3 -g  execution test
FAIL: c-c++-common/ubsan/null-4.c   -Os  execution test
FAIL: c-c++-common/ubsan/null-5.c   -O0  execution test
FAIL: c-c++-common/ubsan/null-5.c   -O1  execution test
FAIL: c-c++-common/ubsan/null-5.c   -O2  execution test
FAIL: c-c++-common/ubsan/null-5.c   -O2 -flto -fno-use-linker-plugin -flto-partition=none  execution test
FAIL: c-c++-common/ubsan/null-5.c   -O2 -flto -fuse-linker-plugin -fno-fat-lto-objects  execution test
FAIL: c-c++-common/ubsan/null-5.c   -O3 -g  execution test
FAIL: c-c++-common/ubsan/null-5.c   -Os  execution test
FAIL: c-c++-common/ubsan/null-7.c   -O0  execution test
FAIL: c-c++-common/ubsan/null-7.c   -O1  execution test
FAIL: c-c++-common/ubsan/null-7.c   -O2  execution test
FAIL: c-c++-common/ubsan/null-7.c   -O2 -flto -fno-use-linker-plugin -flto-partition=none  execution test
FAIL: c-c++-common/ubsan/null-7.c   -O2 -flto -fuse-linker-plugin -fno-fat-lto-objects  execution test
FAIL: c-c++-common/ubsan/null-7.c   -O3 -g  execution test
FAIL: c-c++-common/ubsan/null-7.c   -Os  execution test
FAIL: c-c++-common/ubsan/null-8.c   -O0  execution test
FAIL: c-c++-common/ubsan/null-8.c   -O1  execution test
FAIL: c-c++-common/ubsan/null-8.c   -O2  execution test
FAIL: c-c++-common/ubsan/null-8.c   -O2 -flto -fno-use-linker-plugin -flto-partition=none  execution test
FAIL: c-c++-common/ubsan/null-8.c   -O2 -flto -fuse-linker-plugin -fno-fat-lto-objects  execution test
FAIL: c-c++-common/ubsan/null-8.c   -O3 -g  execution test
FAIL: c-c++-common/ubsan/null-8.c   -Os  execution test
FAIL: c-c++-common/ubsan/null-9.c   -O0  execution test
FAIL: c-c++-common/ubsan/null-9.c   -O1  execution test
FAIL: c-c++-common/ubsan/null-9.c   -O2  execution test
FAIL: c-c++-common/ubsan/null-9.c   -O2 -flto -fno-use-linker-plugin -flto-partition=none  execution test
FAIL: c-c++-common/ubsan/null-9.c   -O2 -flto -fuse-linker-plugin -fno-fat-lto-objects  execution test
FAIL: c-c++-common/ubsan/null-9.c   -O3 -g  execution test
FAIL: c-c++-common/ubsan/null-9.c   -Os  execution test

		=== g++ Summary ===

# of expected passes		120134
# of unexpected failures	71
# of expected failures		521
# of unsupported tests		5628
/tmp/7914449_1.tmpdir/aci-gcc-fsf/builds/gcc-fsf-gccsrc/obj-aarch64-none-linux-gnu/gcc3/gcc/xg++  version 8.4.1  (DEFMODE=default DEFCPU=default DEFFPU=default TESTFLAGS=) [r8-10663] (GCC) 


Compiler version: 8.4.1 (DEFMODE=default DEFCPU=default DEFFPU=default TESTFLAGS=) [r8-10663] (GCC) 
Platform: aarch64-none-linux-gnu
configure flags: --target=aarch64-none-linux-gnu --prefix=/tmp/7914449_1.tmpdir/aci-gcc-fsf/builds/gcc-fsf-gccsrc/tools --with-sysroot=/tmp/7914449_1.tmpdir/aci-gcc-fsf/builds/gcc-fsf-gccsrc/sysroot-aarch64-none-linux-gnu --disable-nls --disable-libgomp --disable-libmudflap --disable-libcilkrts --enable-checking --enable-languages=c,c++,fortran


More information about the Gcc-testresults mailing list