Results for 11.0.0 (DEFMODE=default DEFCPU=default DEFFPU=default TESTFLAGS=-mcpu=cortex-a7/-mfloat-abi=soft/-march=armv7ve+simd) [r11-5633] (GCC) testsuite on arm-none-eabi

Christophe LYON christophe.lyon@st.com
Wed Dec 2 02:17:58 GMT 2020


LAST_UPDATED: Wed Dec  2 00:32:44 UTC 2020 (revision r11-5633-ge0f5e7926789f2ddeabb5b0266958532a43cc155) TARGET=arm-none-eabi CPU=default FPU=default MODE=default

Target is arm-none-eabi
Host   is arm-none-eabi

		=== libstdc++ tests ===


Running target myarm-sim/-mcpu=cortex-a7/-mfloat-abi=soft/-march=armv7ve+simd
FAIL: 22_locale/codecvt/always_noconv/char/wrapped_locale.cc execution test
FAIL: 22_locale/codecvt/always_noconv/wchar_t/2.cc execution test
FAIL: 22_locale/codecvt/always_noconv/wchar_t/3.cc execution test
FAIL: 22_locale/codecvt/always_noconv/wchar_t/4.cc execution test
FAIL: 22_locale/codecvt/always_noconv/wchar_t/wrapped_locale.cc execution test
FAIL: 22_locale/codecvt/encoding/char/wrapped_locale.cc execution test
FAIL: 22_locale/codecvt/encoding/wchar_t/2.cc execution test
FAIL: 22_locale/codecvt/encoding/wchar_t/3.cc execution test
FAIL: 22_locale/codecvt/encoding/wchar_t/4.cc execution test
FAIL: 22_locale/codecvt/encoding/wchar_t/wrapped_locale.cc execution test
FAIL: 22_locale/codecvt/in/char/wrapped_locale.cc execution test
FAIL: 22_locale/codecvt/in/wchar_t/2.cc execution test
FAIL: 22_locale/codecvt/in/wchar_t/3.cc execution test
FAIL: 22_locale/codecvt/in/wchar_t/4.cc execution test
FAIL: 22_locale/codecvt/in/wchar_t/7.cc execution test
FAIL: 22_locale/codecvt/in/wchar_t/8.cc execution test
FAIL: 22_locale/codecvt/in/wchar_t/9.cc execution test
FAIL: 22_locale/codecvt/in/wchar_t/wrapped_locale.cc execution test
FAIL: 22_locale/codecvt/length/char/wrapped_locale.cc execution test
FAIL: 22_locale/codecvt/length/wchar_t/2.cc execution test
FAIL: 22_locale/codecvt/length/wchar_t/3.cc execution test
FAIL: 22_locale/codecvt/length/wchar_t/4.cc execution test
FAIL: 22_locale/codecvt/length/wchar_t/7.cc execution test
FAIL: 22_locale/codecvt/length/wchar_t/wrapped_locale.cc execution test
FAIL: 22_locale/codecvt/max_length/char/wrapped_locale.cc execution test
FAIL: 22_locale/codecvt/max_length/wchar_t/2.cc execution test
FAIL: 22_locale/codecvt/max_length/wchar_t/3.cc execution test
FAIL: 22_locale/codecvt/max_length/wchar_t/4.cc execution test
FAIL: 22_locale/codecvt/max_length/wchar_t/wrapped_locale.cc execution test
FAIL: 22_locale/codecvt/out/char/wrapped_locale.cc execution test
FAIL: 22_locale/codecvt/out/wchar_t/2.cc execution test
FAIL: 22_locale/codecvt/out/wchar_t/3.cc execution test
FAIL: 22_locale/codecvt/out/wchar_t/4.cc execution test
FAIL: 22_locale/codecvt/out/wchar_t/7.cc execution test
FAIL: 22_locale/codecvt/out/wchar_t/wrapped_locale.cc execution test
FAIL: 22_locale/codecvt/unshift/char/wrapped_locale.cc execution test
FAIL: 22_locale/codecvt/unshift/wchar_t/2.cc execution test
FAIL: 22_locale/codecvt/unshift/wchar_t/3.cc execution test
FAIL: 22_locale/codecvt/unshift/wchar_t/4.cc execution test
FAIL: 22_locale/codecvt/unshift/wchar_t/wrapped_locale.cc execution test
FAIL: 22_locale/codecvt_byname/50714.cc execution test
FAIL: 22_locale/collate/compare/char/1.cc execution test
FAIL: 22_locale/collate/compare/char/2.cc execution test
FAIL: 22_locale/collate/compare/char/3.cc execution test
FAIL: 22_locale/collate/compare/char/wrapped_locale.cc execution test
FAIL: 22_locale/collate/compare/wchar_t/1.cc execution test
FAIL: 22_locale/collate/compare/wchar_t/3.cc execution test
FAIL: 22_locale/collate/hash/char/2.cc execution test
FAIL: 22_locale/collate/hash/char/wrapped_locale.cc execution test
FAIL: 22_locale/collate/transform/char/2.cc execution test
FAIL: 22_locale/collate/transform/char/3.cc execution test
FAIL: 22_locale/collate/transform/char/wrapped_locale.cc execution test
FAIL: 22_locale/collate/transform/wchar_t/3.cc execution test
FAIL: 22_locale/collate_byname/named_equivalence.cc execution test
FAIL: 22_locale/ctype/cons/char/wrapped_locale.cc execution test
FAIL: 22_locale/ctype/is/char/wrapped_locale.cc execution test
FAIL: 22_locale/ctype/is/wchar_t/wrapped_locale.cc execution test
FAIL: 22_locale/ctype/narrow/char/wrapped_locale.cc execution test
FAIL: 22_locale/ctype/narrow/wchar_t/3.cc execution test
FAIL: 22_locale/ctype/narrow/wchar_t/wrapped_locale.cc execution test
FAIL: 22_locale/ctype/scan/char/wrapped_locale.cc execution test
FAIL: 22_locale/ctype/scan/wchar_t/wrapped_locale.cc execution test
FAIL: 22_locale/ctype/to/char/wrapped_locale.cc execution test
FAIL: 22_locale/ctype/to/wchar_t/wrapped_locale.cc execution test
FAIL: 22_locale/ctype/widen/char/wrapped_locale.cc execution test
FAIL: 22_locale/ctype/widen/wchar_t/2.cc execution test
FAIL: 22_locale/ctype/widen/wchar_t/3.cc execution test
FAIL: 22_locale/ctype/widen/wchar_t/wrapped_locale.cc execution test
FAIL: 22_locale/facet/2.cc execution test
FAIL: 22_locale/locale/cons/2.cc execution test
FAIL: 22_locale/locale/cons/29217.cc execution test
FAIL: 22_locale/locale/cons/38365.cc execution test
FAIL: 22_locale/locale/cons/38368.cc execution test
FAIL: 22_locale/locale/cons/40184.cc execution test
FAIL: 22_locale/locale/cons/7.cc execution test
FAIL: 22_locale/locale/global_locale_objects/14071.cc execution test
FAIL: 22_locale/messages/13631.cc execution test
FAIL: 22_locale/messages/members/char/1.cc execution test
FAIL: 22_locale/messages/members/char/2.cc execution test
FAIL: 22_locale/messages/members/char/3.cc execution test
FAIL: 22_locale/messages/members/char/wrapped_locale.cc execution test
FAIL: 22_locale/messages_byname/named_equivalence.cc execution test
FAIL: 22_locale/money_get/get/char/1.cc execution test
FAIL: 22_locale/money_get/get/char/10.cc execution test
FAIL: 22_locale/money_get/get/char/11.cc execution test
FAIL: 22_locale/money_get/get/char/11528.cc execution test
FAIL: 22_locale/money_get/get/char/12.cc execution test
FAIL: 22_locale/money_get/get/char/13.cc execution test
FAIL: 22_locale/money_get/get/char/15.cc execution test
FAIL: 22_locale/money_get/get/char/16.cc execution test
FAIL: 22_locale/money_get/get/char/17.cc execution test
FAIL: 22_locale/money_get/get/char/18.cc execution test
FAIL: 22_locale/money_get/get/char/2.cc execution test
FAIL: 22_locale/money_get/get/char/3.cc execution test
FAIL: 22_locale/money_get/get/char/4.cc execution test
FAIL: 22_locale/money_get/get/char/wrapped_locale.cc execution test
FAIL: 22_locale/money_get/get/wchar_t/1.cc execution test
FAIL: 22_locale/money_get/get/wchar_t/10.cc execution test
FAIL: 22_locale/money_get/get/wchar_t/11.cc execution test
FAIL: 22_locale/money_get/get/wchar_t/11528.cc execution test
FAIL: 22_locale/money_get/get/wchar_t/12.cc execution test
FAIL: 22_locale/money_get/get/wchar_t/13.cc execution test
FAIL: 22_locale/money_get/get/wchar_t/15.cc execution test
FAIL: 22_locale/money_get/get/wchar_t/16.cc execution test
FAIL: 22_locale/money_get/get/wchar_t/17.cc execution test
FAIL: 22_locale/money_get/get/wchar_t/18.cc execution test
FAIL: 22_locale/money_get/get/wchar_t/2.cc execution test
FAIL: 22_locale/money_get/get/wchar_t/3.cc execution test
FAIL: 22_locale/money_get/get/wchar_t/4.cc execution test
FAIL: 22_locale/money_get/get/wchar_t/wrapped_locale.cc execution test
FAIL: 22_locale/money_put/put/char/1.cc execution test
FAIL: 22_locale/money_put/put/char/2.cc execution test
FAIL: 22_locale/money_put/put/char/3.cc execution test
FAIL: 22_locale/money_put/put/char/9780-3.cc execution test
FAIL: 22_locale/money_put/put/char/wrapped_locale.cc execution test
FAIL: 22_locale/money_put/put/wchar_t/1.cc execution test
FAIL: 22_locale/money_put/put/wchar_t/2.cc execution test
FAIL: 22_locale/money_put/put/wchar_t/3.cc execution test
FAIL: 22_locale/money_put/put/wchar_t/wrapped_locale.cc execution test
FAIL: 22_locale/moneypunct/40712.cc execution test
FAIL: 22_locale/moneypunct/members/char/2.cc execution test
FAIL: 22_locale/moneypunct/members/char/wrapped_locale.cc execution test
FAIL: 22_locale/moneypunct/members/wchar_t/2.cc execution test
FAIL: 22_locale/moneypunct/members/wchar_t/wrapped_locale.cc execution test
FAIL: 22_locale/moneypunct_byname/named_equivalence.cc execution test
FAIL: 22_locale/num_get/get/char/1.cc execution test
FAIL: 22_locale/num_get/get/char/3.cc execution test
FAIL: 22_locale/num_get/get/char/5.cc execution test
FAIL: 22_locale/num_get/get/char/6.cc execution test
FAIL: 22_locale/num_get/get/char/9.cc execution test
FAIL: 22_locale/num_get/get/char/wrapped_locale.cc execution test
FAIL: 22_locale/num_get/get/wchar_t/1.cc execution test
FAIL: 22_locale/num_get/get/wchar_t/3.cc execution test
FAIL: 22_locale/num_get/get/wchar_t/5.cc execution test
FAIL: 22_locale/num_get/get/wchar_t/6.cc execution test
FAIL: 22_locale/num_get/get/wchar_t/9.cc execution test
FAIL: 22_locale/num_get/get/wchar_t/wrapped_locale.cc execution test
FAIL: 22_locale/num_put/put/char/1.cc execution test
FAIL: 22_locale/num_put/put/char/20909.cc execution test
FAIL: 22_locale/num_put/put/char/20914.cc execution test
FAIL: 22_locale/num_put/put/char/3.cc execution test
FAIL: 22_locale/num_put/put/char/5.cc execution test
FAIL: 22_locale/num_put/put/char/9780-2.cc execution test
FAIL: 22_locale/num_put/put/char/wrapped_locale.cc execution test
FAIL: 22_locale/num_put/put/wchar_t/1.cc execution test
FAIL: 22_locale/num_put/put/wchar_t/20909.cc execution test
FAIL: 22_locale/num_put/put/wchar_t/20914.cc execution test
FAIL: 22_locale/num_put/put/wchar_t/3.cc execution test
FAIL: 22_locale/num_put/put/wchar_t/5.cc execution test
FAIL: 22_locale/num_put/put/wchar_t/wrapped_locale.cc execution test
FAIL: 22_locale/numpunct/members/char/2.cc execution test
FAIL: 22_locale/numpunct/members/char/3.cc execution test
FAIL: 22_locale/numpunct/members/char/wrapped_locale.cc execution test
FAIL: 22_locale/numpunct/members/wchar_t/2.cc execution test
FAIL: 22_locale/numpunct/members/wchar_t/wrapped_locale.cc execution test
FAIL: 22_locale/numpunct_byname/named_equivalence.cc execution test
FAIL: 22_locale/time_get/date_order/char/wrapped_locale.cc execution test
FAIL: 22_locale/time_get/date_order/wchar_t/wrapped_locale.cc execution test
FAIL: 22_locale/time_get/get/char/2.cc execution test
FAIL: 22_locale/time_get/get/wchar_t/2.cc execution test
FAIL: 22_locale/time_get/get_date/char/12750.cc execution test
FAIL: 22_locale/time_get/get_date/char/2.cc execution test
FAIL: 22_locale/time_get/get_date/char/26701.cc execution test
FAIL: 22_locale/time_get/get_date/char/wrapped_locale.cc execution test
FAIL: 22_locale/time_get/get_date/wchar_t/12750.cc execution test
FAIL: 22_locale/time_get/get_date/wchar_t/2.cc execution test
FAIL: 22_locale/time_get/get_date/wchar_t/26701.cc execution test
FAIL: 22_locale/time_get/get_date/wchar_t/4.cc execution test
FAIL: 22_locale/time_get/get_date/wchar_t/wrapped_locale.cc execution test
FAIL: 22_locale/time_get/get_monthname/char/2.cc execution test
FAIL: 22_locale/time_get/get_monthname/char/wrapped_locale.cc execution test
FAIL: 22_locale/time_get/get_monthname/wchar_t/2.cc execution test
FAIL: 22_locale/time_get/get_monthname/wchar_t/wrapped_locale.cc execution test
FAIL: 22_locale/time_get/get_time/char/1.cc execution test
FAIL: 22_locale/time_get/get_time/char/2.cc execution test
FAIL: 22_locale/time_get/get_time/char/wrapped_locale.cc execution test
FAIL: 22_locale/time_get/get_time/wchar_t/1.cc execution test
FAIL: 22_locale/time_get/get_time/wchar_t/2.cc execution test
FAIL: 22_locale/time_get/get_time/wchar_t/wrapped_locale.cc execution test
FAIL: 22_locale/time_get/get_weekday/char/2.cc execution test
FAIL: 22_locale/time_get/get_weekday/char/38081-1.cc execution test
FAIL: 22_locale/time_get/get_weekday/char/38081-2.cc execution test
FAIL: 22_locale/time_get/get_weekday/char/wrapped_locale.cc execution test
FAIL: 22_locale/time_get/get_weekday/wchar_t/2.cc execution test
FAIL: 22_locale/time_get/get_weekday/wchar_t/wrapped_locale.cc execution test
FAIL: 22_locale/time_get/get_year/char/wrapped_locale.cc execution test
FAIL: 22_locale/time_get/get_year/wchar_t/wrapped_locale.cc execution test
FAIL: 22_locale/time_put/put/char/17038.cc execution test
FAIL: 22_locale/time_put/put/char/2.cc execution test
FAIL: 22_locale/time_put/put/char/3.cc execution test
FAIL: 22_locale/time_put/put/char/4.cc execution test
FAIL: 22_locale/time_put/put/char/6.cc execution test
FAIL: 22_locale/time_put/put/char/7.cc execution test
FAIL: 22_locale/time_put/put/char/8.cc execution test
FAIL: 22_locale/time_put/put/char/9780-1.cc execution test
FAIL: 22_locale/time_put/put/char/wrapped_locale.cc execution test
FAIL: 22_locale/time_put/put/wchar_t/17038.cc execution test
FAIL: 22_locale/time_put/put/wchar_t/2.cc execution test
FAIL: 22_locale/time_put/put/wchar_t/3.cc execution test
FAIL: 22_locale/time_put/put/wchar_t/4.cc execution test
FAIL: 22_locale/time_put/put/wchar_t/6.cc execution test
FAIL: 22_locale/time_put/put/wchar_t/7.cc execution test
FAIL: 22_locale/time_put/put/wchar_t/8.cc execution test
FAIL: 22_locale/time_put/put/wchar_t/wrapped_locale.cc execution test
FAIL: 27_io/basic_filebuf/imbue/char/13007.cc execution test
FAIL: 27_io/basic_filebuf/imbue/char/13171-1.cc execution test
FAIL: 27_io/basic_filebuf/imbue/char/13171-4.cc execution test
FAIL: 27_io/basic_filebuf/imbue/char/14975-1.cc execution test
FAIL: 27_io/basic_filebuf/imbue/char/2.cc execution test
FAIL: 27_io/basic_filebuf/imbue/char/9322.cc execution test
FAIL: 27_io/basic_filebuf/imbue/wchar_t/12868.cc execution test
FAIL: 27_io/basic_filebuf/imbue/wchar_t/13007.cc execution test
FAIL: 27_io/basic_filebuf/imbue/wchar_t/13171-3.cc execution test
FAIL: 27_io/basic_filebuf/imbue/wchar_t/13582-3.cc execution test
FAIL: 27_io/basic_filebuf/imbue/wchar_t/2.cc execution test
FAIL: 27_io/basic_filebuf/imbue/wchar_t/9322.cc execution test
FAIL: 27_io/basic_filebuf/overflow/wchar_t/11305-1.cc execution test
FAIL: 27_io/basic_filebuf/overflow/wchar_t/11305-2.cc execution test
FAIL: 27_io/basic_filebuf/overflow/wchar_t/11305-3.cc execution test
FAIL: 27_io/basic_filebuf/overflow/wchar_t/11305-4.cc execution test
FAIL: 27_io/basic_filebuf/seekoff/wchar_t/1.cc execution test
FAIL: 27_io/basic_filebuf/seekoff/wchar_t/2.cc execution test
FAIL: 27_io/basic_filebuf/seekpos/wchar_t/9874.cc execution test
FAIL: 27_io/basic_filebuf/underflow/wchar_t/1.cc execution test
FAIL: 27_io/basic_filebuf/underflow/wchar_t/11389-1.cc execution test
FAIL: 27_io/basic_filebuf/underflow/wchar_t/11389-2.cc execution test
FAIL: 27_io/basic_filebuf/underflow/wchar_t/11389-3.cc execution test
FAIL: 27_io/basic_filebuf/underflow/wchar_t/11389-4.cc execution test
FAIL: 27_io/basic_filebuf/underflow/wchar_t/11603.cc execution test
FAIL: 27_io/basic_filebuf/underflow/wchar_t/2.cc execution test
FAIL: 27_io/basic_filebuf/underflow/wchar_t/3.cc execution test
FAIL: 27_io/basic_filebuf/underflow/wchar_t/4.cc execution test
FAIL: 27_io/basic_filebuf/underflow/wchar_t/5.cc execution test
FAIL: 27_io/basic_filebuf/underflow/wchar_t/9520.cc execution test
FAIL: 27_io/basic_fstream/53984.cc execution test
FAIL: 27_io/basic_ios/copyfmt/char/2.cc execution test
FAIL: 27_io/basic_ostream/inserters_arithmetic/char/2.cc execution test
FAIL: 27_io/basic_ostream/inserters_arithmetic/wchar_t/2.cc execution test
FAIL: 27_io/basic_streambuf/cons/57394.cc execution test
FAIL: 27_io/basic_streambuf/imbue/char/13007-1.cc execution test
FAIL: 27_io/basic_streambuf/imbue/char/13007-2.cc execution test
FAIL: 27_io/basic_streambuf/imbue/char/9322.cc execution test
FAIL: 27_io/basic_streambuf/imbue/wchar_t/13007-1.cc execution test
FAIL: 27_io/basic_streambuf/imbue/wchar_t/13007-2.cc execution test
FAIL: 27_io/basic_streambuf/imbue/wchar_t/9322.cc execution test
FAIL: 27_io/basic_stringbuf/imbue/char/9322.cc execution test
FAIL: 27_io/basic_stringbuf/imbue/wchar_t/9322.cc execution test
FAIL: 27_io/manipulators/extended/get_money/char/1.cc execution test
FAIL: 27_io/manipulators/extended/get_money/char/51288.cc execution test
FAIL: 27_io/manipulators/extended/get_money/wchar_t/1.cc execution test
FAIL: 27_io/manipulators/extended/get_money/wchar_t/51288.cc execution test
FAIL: 27_io/manipulators/extended/get_time/char/2.cc execution test
FAIL: 27_io/manipulators/extended/get_time/wchar_t/2.cc execution test
FAIL: 27_io/manipulators/extended/put_money/char/1.cc execution test
FAIL: 27_io/manipulators/extended/put_money/char/51288.cc execution test
FAIL: 27_io/manipulators/extended/put_money/wchar_t/1.cc execution test
FAIL: 27_io/manipulators/extended/put_money/wchar_t/51288.cc execution test
FAIL: 27_io/manipulators/extended/put_time/char/2.cc execution test
FAIL: 27_io/manipulators/extended/put_time/wchar_t/2.cc execution test
FAIL: 27_io/objects/wchar_t/10.cc execution test
FAIL: 27_io/objects/wchar_t/11.cc execution test
FAIL: 27_io/objects/wchar_t/12.cc (test for excess errors)
UNRESOLVED: 27_io/objects/wchar_t/12.cc compilation failed to produce executable
FAIL: 27_io/objects/wchar_t/13.cc (test for excess errors)
UNRESOLVED: 27_io/objects/wchar_t/13.cc compilation failed to produce executable
FAIL: 27_io/objects/wchar_t/9520.cc execution test
FAIL: 28_regex/algorithms/regex_match/extended/wstring_locale.cc execution test
FAIL: 28_regex/iterators/regex_iterator/wchar_t/string_02.cc execution test
FAIL: abi/header_cxxabi.c (test for excess errors)
FAIL: experimental/net/headers.cc (test for excess errors)
FAIL: experimental/net/internet/address/v4/comparisons.cc (test for excess errors)
UNRESOLVED: experimental/net/internet/address/v4/comparisons.cc compilation failed to produce executable
FAIL: experimental/net/internet/address/v4/cons.cc (test for excess errors)
UNRESOLVED: experimental/net/internet/address/v4/cons.cc compilation failed to produce executable
FAIL: experimental/net/internet/address/v4/creation.cc (test for excess errors)
UNRESOLVED: experimental/net/internet/address/v4/creation.cc compilation failed to produce executable
FAIL: experimental/net/internet/address/v4/members.cc (test for excess errors)
UNRESOLVED: experimental/net/internet/address/v4/members.cc compilation failed to produce executable
FAIL: experimental/net/internet/resolver/base.cc (test for excess errors)
UNRESOLVED: experimental/net/internet/resolver/base.cc compilation failed to produce executable
FAIL: experimental/net/internet/resolver/ops/lookup.cc (test for excess errors)
UNRESOLVED: experimental/net/internet/resolver/ops/lookup.cc compilation failed to produce executable
FAIL: experimental/net/internet/resolver/ops/reverse.cc (test for excess errors)
UNRESOLVED: experimental/net/internet/resolver/ops/reverse.cc compilation failed to produce executable
FAIL: experimental/net/socket/basic_socket.cc (test for excess errors)
FAIL: experimental/net/timer/waitable/cons.cc (test for excess errors)
UNRESOLVED: experimental/net/timer/waitable/cons.cc compilation failed to produce executable
FAIL: experimental/net/timer/waitable/dest.cc (test for excess errors)
UNRESOLVED: experimental/net/timer/waitable/dest.cc compilation failed to produce executable
FAIL: experimental/net/timer/waitable/ops.cc (test for excess errors)
UNRESOLVED: experimental/net/timer/waitable/ops.cc compilation failed to produce executable
XPASS: ext/stdio_filebuf/char/10063-2.cc execution test
XPASS: ext/stdio_filebuf/char/10063-3.cc execution test
FAIL: ext/stdio_sync_filebuf/wchar_t/12077.cc execution test

		=== libstdc++ Summary ===

# of expected passes		13047
# of unexpected failures	280
# of unexpected successes	2
# of expected failures		112
# of unresolved testcases	12
# of unsupported tests		565
Host   is x86_64-pc-linux-gnu

		=== gcc tests ===


Running target myarm-sim/-mcpu=cortex-a7/-mfloat-abi=soft/-march=armv7ve+simd
XPASS: gcc.dg/analyzer/feasibility-1.c  (test for warnings, line 58)
FAIL: gcc.dg/analyzer/malloc-vs-local-1b.c  (test for bogus messages, line 170)
XPASS: gcc.dg/analyzer/pr94851-1.c bogus leak (test for bogus messages, line 43)
XPASS: gcc.dg/Walloca-2.c  (test for bogus messages, line 16)
FAIL: gcc.dg/ira-shrinkwrap-prep-1.c scan-rtl-dump pro_and_epilogue "Performing shrink-wrapping"
FAIL: gcc.dg/pr41574.c (test for excess errors)
FAIL: gcc.dg/pr59418.c (test for excess errors)
XPASS: gcc.dg/pr78973.c pr79073 (test for warnings, line 12)
FAIL: gcc.dg/strlenopt-73.c scan-tree-dump-times optimized "_not_eliminated_" 0
FAIL: gcc.dg/strlenopt-73.c scan-tree-dump-times optimized "strlen" 0
FAIL: gcc.dg/fixed-point/composite-type.c (test for excess errors)
FAIL: gcc.dg/fixed-point/struct-union.c (test for excess errors)
FAIL: gcc.dg/tree-ssa/builtin-sprintf-warn-1.c  (test for warnings, line 119)
FAIL: gcc.dg/tree-ssa/builtin-sprintf-warn-1.c  (test for warnings, line 121)
FAIL: gcc.dg/tree-ssa/builtin-sprintf-warn-1.c  (test for warnings, line 125)
FAIL: gcc.dg/tree-ssa/builtin-sprintf-warn-1.c  (test for warnings, line 292)
FAIL: gcc.dg/tree-ssa/builtin-sprintf-warn-1.c (test for excess errors)
FAIL: gcc.dg/tree-ssa/builtin-sprintf-warn-11.c  (test for warnings, line 210)
FAIL: gcc.dg/tree-ssa/builtin-sprintf-warn-11.c (test for excess errors)
FAIL: gcc.dg/tree-ssa/gen-vect-26.c scan-tree-dump-times vect "Alignment of access forced using peeling" 1
FAIL: gcc.dg/tree-ssa/gen-vect-26.c scan-tree-dump-times vect "Vectorizing an unaligned access" 0
FAIL: gcc.dg/tree-ssa/gen-vect-28.c scan-tree-dump-times vect "Alignment of access forced using peeling" 1
FAIL: gcc.dg/tree-ssa/gen-vect-28.c scan-tree-dump-times vect "Vectorizing an unaligned access" 0
FAIL: gcc.dg/tree-ssa/if-to-switch-4.c scan-tree-dump-not iftoswitch "Condition chain"
FAIL: gcc.dg/tree-ssa/if-to-switch-6.c scan-tree-dump-not iftoswitch "Condition chain"
FAIL: gcc.dg/tree-ssa/if-to-switch-8.c scan-tree-dump-not iftoswitch "Condition chain"
FAIL: gcc.dg/tree-ssa/scev-3.c scan-tree-dump-times ivopts "&a" 1
FAIL: gcc.dg/tree-ssa/scev-5.c scan-tree-dump-times ivopts "&a" 1
FAIL: gcc.dg/vect/pr97428.c -flto -ffat-lto-objects  scan-tree-dump vect "Detected interleaving load of size 8"
FAIL: gcc.dg/vect/pr97428.c -flto -ffat-lto-objects  scan-tree-dump vect "Detected interleaving store of size 16"
FAIL: gcc.dg/vect/pr97428.c -flto -ffat-lto-objects  scan-tree-dump-times vect "vectorizing stmts using SLP" 2
FAIL: gcc.dg/vect/pr97428.c scan-tree-dump vect "Detected interleaving load of size 8"
FAIL: gcc.dg/vect/pr97428.c scan-tree-dump vect "Detected interleaving store of size 16"
FAIL: gcc.dg/vect/pr97428.c scan-tree-dump-times vect "vectorizing stmts using SLP" 2
UNRESOLVED: gcc.target/aarch64/advsimd-intrinsics/vld1x2.c   -O0  compilation failed to produce executable
UNRESOLVED: gcc.target/aarch64/advsimd-intrinsics/vld1x2.c   -O1  compilation failed to produce executable
UNRESOLVED: gcc.target/aarch64/advsimd-intrinsics/vld1x2.c   -O2  compilation failed to produce executable
UNRESOLVED: gcc.target/aarch64/advsimd-intrinsics/vld1x2.c   -O2 -flto -fno-use-linker-plugin -flto-partition=none  compilation failed to produce executable
UNRESOLVED: gcc.target/aarch64/advsimd-intrinsics/vld1x2.c   -O2 -flto -fuse-linker-plugin -fno-fat-lto-objects  compilation failed to produce executable
UNRESOLVED: gcc.target/aarch64/advsimd-intrinsics/vld1x2.c   -O3 -fomit-frame-pointer -funroll-loops -fpeel-loops -ftracer -finline-functions  compilation failed to produce executable
UNRESOLVED: gcc.target/aarch64/advsimd-intrinsics/vld1x2.c   -O3 -g  compilation failed to produce executable
UNRESOLVED: gcc.target/aarch64/advsimd-intrinsics/vld1x2.c   -Og -g  compilation failed to produce executable
UNRESOLVED: gcc.target/aarch64/advsimd-intrinsics/vld1x2.c   -Os  compilation failed to produce executable
UNRESOLVED: gcc.target/aarch64/advsimd-intrinsics/vld1x3.c   -O0  compilation failed to produce executable
UNRESOLVED: gcc.target/aarch64/advsimd-intrinsics/vld1x3.c   -O1  compilation failed to produce executable
UNRESOLVED: gcc.target/aarch64/advsimd-intrinsics/vld1x3.c   -O2  compilation failed to produce executable
UNRESOLVED: gcc.target/aarch64/advsimd-intrinsics/vld1x3.c   -O2 -flto -fno-use-linker-plugin -flto-partition=none  compilation failed to produce executable
UNRESOLVED: gcc.target/aarch64/advsimd-intrinsics/vld1x3.c   -O2 -flto -fuse-linker-plugin -fno-fat-lto-objects  compilation failed to produce executable
UNRESOLVED: gcc.target/aarch64/advsimd-intrinsics/vld1x3.c   -O3 -fomit-frame-pointer -funroll-loops -fpeel-loops -ftracer -finline-functions  compilation failed to produce executable
UNRESOLVED: gcc.target/aarch64/advsimd-intrinsics/vld1x3.c   -O3 -g  compilation failed to produce executable
UNRESOLVED: gcc.target/aarch64/advsimd-intrinsics/vld1x3.c   -Og -g  compilation failed to produce executable
UNRESOLVED: gcc.target/aarch64/advsimd-intrinsics/vld1x3.c   -Os  compilation failed to produce executable
UNRESOLVED: gcc.target/aarch64/advsimd-intrinsics/vld1x4.c   -O0  compilation failed to produce executable
UNRESOLVED: gcc.target/aarch64/advsimd-intrinsics/vld1x4.c   -O1  compilation failed to produce executable
UNRESOLVED: gcc.target/aarch64/advsimd-intrinsics/vld1x4.c   -O2  compilation failed to produce executable
UNRESOLVED: gcc.target/aarch64/advsimd-intrinsics/vld1x4.c   -O2 -flto -fno-use-linker-plugin -flto-partition=none  compilation failed to produce executable
UNRESOLVED: gcc.target/aarch64/advsimd-intrinsics/vld1x4.c   -O2 -flto -fuse-linker-plugin -fno-fat-lto-objects  compilation failed to produce executable
UNRESOLVED: gcc.target/aarch64/advsimd-intrinsics/vld1x4.c   -O3 -fomit-frame-pointer -funroll-loops -fpeel-loops -ftracer -finline-functions  compilation failed to produce executable
UNRESOLVED: gcc.target/aarch64/advsimd-intrinsics/vld1x4.c   -O3 -g  compilation failed to produce executable
UNRESOLVED: gcc.target/aarch64/advsimd-intrinsics/vld1x4.c   -Og -g  compilation failed to produce executable
UNRESOLVED: gcc.target/aarch64/advsimd-intrinsics/vld1x4.c   -Os  compilation failed to produce executable
UNRESOLVED: gcc.target/aarch64/advsimd-intrinsics/vst1x2.c   -O0  compilation failed to produce executable
UNRESOLVED: gcc.target/aarch64/advsimd-intrinsics/vst1x2.c   -O1  compilation failed to produce executable
UNRESOLVED: gcc.target/aarch64/advsimd-intrinsics/vst1x2.c   -O2  compilation failed to produce executable
UNRESOLVED: gcc.target/aarch64/advsimd-intrinsics/vst1x2.c   -O2 -flto -fno-use-linker-plugin -flto-partition=none  compilation failed to produce executable
UNRESOLVED: gcc.target/aarch64/advsimd-intrinsics/vst1x2.c   -O2 -flto -fuse-linker-plugin -fno-fat-lto-objects  compilation failed to produce executable
UNRESOLVED: gcc.target/aarch64/advsimd-intrinsics/vst1x2.c   -O3 -fomit-frame-pointer -funroll-loops -fpeel-loops -ftracer -finline-functions  compilation failed to produce executable
UNRESOLVED: gcc.target/aarch64/advsimd-intrinsics/vst1x2.c   -O3 -g  compilation failed to produce executable
UNRESOLVED: gcc.target/aarch64/advsimd-intrinsics/vst1x2.c   -Og -g  compilation failed to produce executable
UNRESOLVED: gcc.target/aarch64/advsimd-intrinsics/vst1x2.c   -Os  compilation failed to produce executable
UNRESOLVED: gcc.target/aarch64/advsimd-intrinsics/vst1x3.c   -O0  compilation failed to produce executable
UNRESOLVED: gcc.target/aarch64/advsimd-intrinsics/vst1x3.c   -O1  compilation failed to produce executable
UNRESOLVED: gcc.target/aarch64/advsimd-intrinsics/vst1x3.c   -O2  compilation failed to produce executable
UNRESOLVED: gcc.target/aarch64/advsimd-intrinsics/vst1x3.c   -O2 -flto -fno-use-linker-plugin -flto-partition=none  compilation failed to produce executable
UNRESOLVED: gcc.target/aarch64/advsimd-intrinsics/vst1x3.c   -O2 -flto -fuse-linker-plugin -fno-fat-lto-objects  compilation failed to produce executable
UNRESOLVED: gcc.target/aarch64/advsimd-intrinsics/vst1x3.c   -O3 -fomit-frame-pointer -funroll-loops -fpeel-loops -ftracer -finline-functions  compilation failed to produce executable
UNRESOLVED: gcc.target/aarch64/advsimd-intrinsics/vst1x3.c   -O3 -g  compilation failed to produce executable
UNRESOLVED: gcc.target/aarch64/advsimd-intrinsics/vst1x3.c   -Og -g  compilation failed to produce executable
UNRESOLVED: gcc.target/aarch64/advsimd-intrinsics/vst1x3.c   -Os  compilation failed to produce executable
UNRESOLVED: gcc.target/aarch64/advsimd-intrinsics/vst1x4.c   -O0  compilation failed to produce executable
UNRESOLVED: gcc.target/aarch64/advsimd-intrinsics/vst1x4.c   -O1  compilation failed to produce executable
UNRESOLVED: gcc.target/aarch64/advsimd-intrinsics/vst1x4.c   -O2  compilation failed to produce executable
UNRESOLVED: gcc.target/aarch64/advsimd-intrinsics/vst1x4.c   -O2 -flto -fno-use-linker-plugin -flto-partition=none  compilation failed to produce executable
UNRESOLVED: gcc.target/aarch64/advsimd-intrinsics/vst1x4.c   -O2 -flto -fuse-linker-plugin -fno-fat-lto-objects  compilation failed to produce executable
UNRESOLVED: gcc.target/aarch64/advsimd-intrinsics/vst1x4.c   -O3 -fomit-frame-pointer -funroll-loops -fpeel-loops -ftracer -finline-functions  compilation failed to produce executable
UNRESOLVED: gcc.target/aarch64/advsimd-intrinsics/vst1x4.c   -O3 -g  compilation failed to produce executable
UNRESOLVED: gcc.target/aarch64/advsimd-intrinsics/vst1x4.c   -Og -g  compilation failed to produce executable
UNRESOLVED: gcc.target/aarch64/advsimd-intrinsics/vst1x4.c   -Os  compilation failed to produce executable
FAIL: gcc.target/arm/addr-modes-float.c scan-assembler vst3.8\\t{d[02468], d[02468], d[02468]}, \\\\[r[0-9]+\\\\]!
FAIL: gcc.target/arm/ivopts.c object-size text <= 20
FAIL: gcc.target/arm/pr43920-2.c scan-assembler-times pop 2
FAIL: gcc.target/arm/pr51534.c (test for excess errors)
UNRESOLVED: gcc.target/arm/pr51534.c scan-assembler vcge.s16[ \\t]+[dD][0-9]+, [dD][0-9]+, #0
UNRESOLVED: gcc.target/arm/pr51534.c scan-assembler vcge.s16[ \\t]+[qQ][0-9]+, [qQ][0-9]+, #0
UNRESOLVED: gcc.target/arm/pr51534.c scan-assembler vcge.s32[ \\t]+[dD][0-9]+, [dD][0-9]+, #0
UNRESOLVED: gcc.target/arm/pr51534.c scan-assembler vcge.s32[ \\t]+[qQ][0-9]+, [qQ][0-9]+, #0
UNRESOLVED: gcc.target/arm/pr51534.c scan-assembler vcge.s8[ \\t]+[dD][0-9]+, [dD][0-9]+, #0
UNRESOLVED: gcc.target/arm/pr51534.c scan-assembler vcge.s8[ \\t]+[qQ][0-9]+, [qQ][0-9]+, #0
UNRESOLVED: gcc.target/arm/pr51534.c scan-assembler vcgt.s16[ \\t]+[dD][0-9]+, [dD][0-9]+, #0
UNRESOLVED: gcc.target/arm/pr51534.c scan-assembler vcgt.s16[ \\t]+[qQ][0-9]+, [qQ][0-9]+, #0
UNRESOLVED: gcc.target/arm/pr51534.c scan-assembler vcgt.s32[ \\t]+[dD][0-9]+, [dD][0-9]+, #0
UNRESOLVED: gcc.target/arm/pr51534.c scan-assembler vcgt.s32[ \\t]+[qQ][0-9]+, [qQ][0-9]+, #0
UNRESOLVED: gcc.target/arm/pr51534.c scan-assembler vcgt.s8[ \\t]+[dD][0-9]+, [dD][0-9]+, #0
UNRESOLVED: gcc.target/arm/pr51534.c scan-assembler vcgt.s8[ \\t]+[qQ][0-9]+, [qQ][0-9]+, #0
UNRESOLVED: gcc.target/arm/pr51534.c scan-assembler vcle.s16[ \\t]+[dD][0-9]+, [dD][0-9]+, #0
UNRESOLVED: gcc.target/arm/pr51534.c scan-assembler vcle.s16[ \\t]+[qQ][0-9]+, [qQ][0-9]+, #0
UNRESOLVED: gcc.target/arm/pr51534.c scan-assembler vcle.s32[ \\t]+[dD][0-9]+, [dD][0-9]+, #0
UNRESOLVED: gcc.target/arm/pr51534.c scan-assembler vcle.s32[ \\t]+[qQ][0-9]+, [qQ][0-9]+, #0
UNRESOLVED: gcc.target/arm/pr51534.c scan-assembler vcle.s8[ \\t]+[dD][0-9]+, [dD][0-9]+, #0
UNRESOLVED: gcc.target/arm/pr51534.c scan-assembler vcle.s8[ \\t]+[qQ][0-9]+, [qQ][0-9]+, #0
UNRESOLVED: gcc.target/arm/pr51534.c scan-assembler vclt.s16[ \\t]+[dD][0-9]+, [dD][0-9]+, #0
UNRESOLVED: gcc.target/arm/pr51534.c scan-assembler vclt.s16[ \\t]+[qQ][0-9]+, [qQ][0-9]+, #0
UNRESOLVED: gcc.target/arm/pr51534.c scan-assembler vclt.s32[ \\t]+[dD][0-9]+, [dD][0-9]+, #0
UNRESOLVED: gcc.target/arm/pr51534.c scan-assembler vclt.s32[ \\t]+[qQ][0-9]+, [qQ][0-9]+, #0
UNRESOLVED: gcc.target/arm/pr51534.c scan-assembler vclt.s8[ \\t]+[dD][0-9]+, [dD][0-9]+, #0
UNRESOLVED: gcc.target/arm/pr51534.c scan-assembler vclt.s8[ \\t]+[qQ][0-9]+, [qQ][0-9]+, #0
UNRESOLVED: gcc.target/arm/pr51534.c scan-assembler-not vc[gl][te].u[0-9]+[ \\t]+[qQdD][0-9]+, [qQdD][0-9]+, #0
UNRESOLVED: gcc.target/arm/pr51534.c scan-assembler-times vceq.i16[ \\t]+[dD][0-9]+, [dD][0-9]+, #0 2
UNRESOLVED: gcc.target/arm/pr51534.c scan-assembler-times vceq.i16[ \\t]+[qQ][0-9]+, [qQ][0-9]+, #0 2
UNRESOLVED: gcc.target/arm/pr51534.c scan-assembler-times vceq.i32[ \\t]+[dD][0-9]+, [dD][0-9]+, #0 2
UNRESOLVED: gcc.target/arm/pr51534.c scan-assembler-times vceq.i32[ \\t]+[qQ][0-9]+, [qQ][0-9]+, #0 2
UNRESOLVED: gcc.target/arm/pr51534.c scan-assembler-times vceq.i8[ \\t]+[dD][0-9]+, [dD][0-9]+, #0 2
UNRESOLVED: gcc.target/arm/pr51534.c scan-assembler-times vceq.i8[ \\t]+[qQ][0-9]+, [qQ][0-9]+, #0 2
UNRESOLVED: gcc.target/arm/pr51534.c scan-assembler-times vcge.u16[ \\t]+[dD][0-9]+, [dD][0-9]+, [dD][0-9]+ 2
UNRESOLVED: gcc.target/arm/pr51534.c scan-assembler-times vcge.u16[ \\t]+[qQ][0-9]+, [qQ][0-9]+, [qQ][0-9]+ 2
UNRESOLVED: gcc.target/arm/pr51534.c scan-assembler-times vcge.u32[ \\t]+[dD][0-9]+, [dD][0-9]+, [dD][0-9]+ 2
UNRESOLVED: gcc.target/arm/pr51534.c scan-assembler-times vcge.u32[ \\t]+[qQ][0-9]+, [qQ][0-9]+, [qQ][0-9]+ 2
UNRESOLVED: gcc.target/arm/pr51534.c scan-assembler-times vcge.u8[ \\t]+[dD][0-9]+, [dD][0-9]+, [dD][0-9]+ 2
UNRESOLVED: gcc.target/arm/pr51534.c scan-assembler-times vcge.u8[ \\t]+[qQ][0-9]+, [qQ][0-9]+, [qQ][0-9]+ 2
UNRESOLVED: gcc.target/arm/pr51534.c scan-assembler-times vcgt.u16[ \\t]+[dD][0-9]+, [dD][0-9]+, [dD][0-9]+ 2
UNRESOLVED: gcc.target/arm/pr51534.c scan-assembler-times vcgt.u16[ \\t]+[qQ][0-9]+, [qQ][0-9]+, [qQ][0-9]+ 2
UNRESOLVED: gcc.target/arm/pr51534.c scan-assembler-times vcgt.u32[ \\t]+[dD][0-9]+, [dD][0-9]+, [dD][0-9]+ 2
UNRESOLVED: gcc.target/arm/pr51534.c scan-assembler-times vcgt.u32[ \\t]+[qQ][0-9]+, [qQ][0-9]+, [qQ][0-9]+ 2
UNRESOLVED: gcc.target/arm/pr51534.c scan-assembler-times vcgt.u8[ \\t]+[dD][0-9]+, [dD][0-9]+, [dD][0-9]+ 2
UNRESOLVED: gcc.target/arm/pr51534.c scan-assembler-times vcgt.u8[ \\t]+[qQ][0-9]+, [qQ][0-9]+, [qQ][0-9]+ 2
FAIL: gcc.target/arm/pr52375.c (test for excess errors)

		=== gcc Summary ===

# of expected passes		121144
# of unexpected failures	35
# of unexpected successes	4
# of expected failures		663
# of unresolved testcases	97
# of unsupported tests		9860
/tmp/7903599_30.tmpdir/aci-gcc-fsf/builds/gcc-fsf-gccsrc/obj-arm-none-eabi/gcc3/gcc/xgcc  version 11.0.0  (DEFMODE=default DEFCPU=default DEFFPU=default TESTFLAGS=-mcpu=cortex-a7/-mfloat-abi=soft/-march=armv7ve+simd) [r11-5633] (GCC) 

Host   is x86_64-pc-linux-gnu

		=== g++ tests ===


Running target myarm-sim/-mcpu=cortex-a7/-mfloat-abi=soft/-march=armv7ve+simd
FAIL: g++.dg/opt/pr97315-1.C  -std=gnu++14 (test for excess errors)
FAIL: g++.dg/opt/pr97315-1.C  -std=gnu++17 (test for excess errors)
FAIL: g++.dg/opt/pr97315-1.C  -std=gnu++2a (test for excess errors)
FAIL: g++.dg/opt/pr97315-1.C  -std=gnu++98 (test for excess errors)
FAIL: g++.dg/other/pr56184.C  -std=gnu++14 (test for excess errors)
FAIL: g++.dg/other/pr56184.C  -std=gnu++17 (test for excess errors)
FAIL: g++.dg/other/pr56184.C  -std=gnu++2a (test for excess errors)
FAIL: g++.dg/other/pr56184.C  -std=gnu++98 (test for excess errors)
FAIL: g++.dg/warn/Warray-bounds-10.C  -std=gnu++14  (test for warnings, line 22)
FAIL: g++.dg/warn/Warray-bounds-10.C  -std=gnu++14  (test for warnings, line 23)
FAIL: g++.dg/warn/Warray-bounds-10.C  -std=gnu++14  (test for warnings, line 24)
FAIL: g++.dg/warn/Warray-bounds-10.C  -std=gnu++14  (test for warnings, line 33)
FAIL: g++.dg/warn/Warray-bounds-10.C  -std=gnu++14  (test for warnings, line 34)
FAIL: g++.dg/warn/Warray-bounds-10.C  -std=gnu++14  (test for warnings, line 35)
FAIL: g++.dg/warn/Warray-bounds-10.C  -std=gnu++14  (test for warnings, line 48)
FAIL: g++.dg/warn/Warray-bounds-10.C  -std=gnu++14  (test for warnings, line 49)
FAIL: g++.dg/warn/Warray-bounds-10.C  -std=gnu++14  (test for warnings, line 50)
FAIL: g++.dg/warn/Warray-bounds-10.C  -std=gnu++14  (test for warnings, line 59)
FAIL: g++.dg/warn/Warray-bounds-10.C  -std=gnu++14  (test for warnings, line 60)
FAIL: g++.dg/warn/Warray-bounds-10.C  -std=gnu++14  (test for warnings, line 61)
FAIL: g++.dg/warn/Warray-bounds-10.C  -std=gnu++14 (test for excess errors)
FAIL: g++.dg/warn/Warray-bounds-10.C  -std=gnu++17  (test for warnings, line 22)
FAIL: g++.dg/warn/Warray-bounds-10.C  -std=gnu++17  (test for warnings, line 23)
FAIL: g++.dg/warn/Warray-bounds-10.C  -std=gnu++17  (test for warnings, line 24)
FAIL: g++.dg/warn/Warray-bounds-10.C  -std=gnu++17  (test for warnings, line 33)
FAIL: g++.dg/warn/Warray-bounds-10.C  -std=gnu++17  (test for warnings, line 34)
FAIL: g++.dg/warn/Warray-bounds-10.C  -std=gnu++17  (test for warnings, line 35)
FAIL: g++.dg/warn/Warray-bounds-10.C  -std=gnu++17  (test for warnings, line 48)
FAIL: g++.dg/warn/Warray-bounds-10.C  -std=gnu++17  (test for warnings, line 49)
FAIL: g++.dg/warn/Warray-bounds-10.C  -std=gnu++17  (test for warnings, line 50)
FAIL: g++.dg/warn/Warray-bounds-10.C  -std=gnu++17  (test for warnings, line 59)
FAIL: g++.dg/warn/Warray-bounds-10.C  -std=gnu++17  (test for warnings, line 60)
FAIL: g++.dg/warn/Warray-bounds-10.C  -std=gnu++17  (test for warnings, line 61)
FAIL: g++.dg/warn/Warray-bounds-10.C  -std=gnu++17 (test for excess errors)
FAIL: g++.dg/warn/Warray-bounds-10.C  -std=gnu++2a  (test for warnings, line 22)
FAIL: g++.dg/warn/Warray-bounds-10.C  -std=gnu++2a  (test for warnings, line 23)
FAIL: g++.dg/warn/Warray-bounds-10.C  -std=gnu++2a  (test for warnings, line 24)
FAIL: g++.dg/warn/Warray-bounds-10.C  -std=gnu++2a  (test for warnings, line 33)
FAIL: g++.dg/warn/Warray-bounds-10.C  -std=gnu++2a  (test for warnings, line 34)
FAIL: g++.dg/warn/Warray-bounds-10.C  -std=gnu++2a  (test for warnings, line 35)
FAIL: g++.dg/warn/Warray-bounds-10.C  -std=gnu++2a  (test for warnings, line 48)
FAIL: g++.dg/warn/Warray-bounds-10.C  -std=gnu++2a  (test for warnings, line 49)
FAIL: g++.dg/warn/Warray-bounds-10.C  -std=gnu++2a  (test for warnings, line 50)
FAIL: g++.dg/warn/Warray-bounds-10.C  -std=gnu++2a  (test for warnings, line 59)
FAIL: g++.dg/warn/Warray-bounds-10.C  -std=gnu++2a  (test for warnings, line 60)
FAIL: g++.dg/warn/Warray-bounds-10.C  -std=gnu++2a  (test for warnings, line 61)
FAIL: g++.dg/warn/Warray-bounds-10.C  -std=gnu++2a (test for excess errors)
FAIL: g++.dg/warn/Warray-bounds-10.C  -std=gnu++98  (test for warnings, line 22)
FAIL: g++.dg/warn/Warray-bounds-10.C  -std=gnu++98  (test for warnings, line 23)
FAIL: g++.dg/warn/Warray-bounds-10.C  -std=gnu++98  (test for warnings, line 24)
FAIL: g++.dg/warn/Warray-bounds-10.C  -std=gnu++98  (test for warnings, line 33)
FAIL: g++.dg/warn/Warray-bounds-10.C  -std=gnu++98  (test for warnings, line 34)
FAIL: g++.dg/warn/Warray-bounds-10.C  -std=gnu++98  (test for warnings, line 35)
FAIL: g++.dg/warn/Warray-bounds-10.C  -std=gnu++98  (test for warnings, line 48)
FAIL: g++.dg/warn/Warray-bounds-10.C  -std=gnu++98  (test for warnings, line 49)
FAIL: g++.dg/warn/Warray-bounds-10.C  -std=gnu++98  (test for warnings, line 50)
FAIL: g++.dg/warn/Warray-bounds-10.C  -std=gnu++98  (test for warnings, line 59)
FAIL: g++.dg/warn/Warray-bounds-10.C  -std=gnu++98  (test for warnings, line 60)
FAIL: g++.dg/warn/Warray-bounds-10.C  -std=gnu++98  (test for warnings, line 61)
FAIL: g++.dg/warn/Warray-bounds-10.C  -std=gnu++98 (test for excess errors)
FAIL: g++.dg/warn/Warray-bounds-11.C  -std=gnu++14  (test for warnings, line 24)
FAIL: g++.dg/warn/Warray-bounds-11.C  -std=gnu++14  (test for warnings, line 25)
FAIL: g++.dg/warn/Warray-bounds-11.C  -std=gnu++14  (test for warnings, line 26)
FAIL: g++.dg/warn/Warray-bounds-11.C  -std=gnu++14  (test for warnings, line 35)
FAIL: g++.dg/warn/Warray-bounds-11.C  -std=gnu++14  (test for warnings, line 36)
FAIL: g++.dg/warn/Warray-bounds-11.C  -std=gnu++14  (test for warnings, line 37)
FAIL: g++.dg/warn/Warray-bounds-11.C  -std=gnu++14  (test for warnings, line 50)
FAIL: g++.dg/warn/Warray-bounds-11.C  -std=gnu++14  (test for warnings, line 51)
FAIL: g++.dg/warn/Warray-bounds-11.C  -std=gnu++14  (test for warnings, line 52)
FAIL: g++.dg/warn/Warray-bounds-11.C  -std=gnu++14  (test for warnings, line 61)
FAIL: g++.dg/warn/Warray-bounds-11.C  -std=gnu++14  (test for warnings, line 62)
FAIL: g++.dg/warn/Warray-bounds-11.C  -std=gnu++14  (test for warnings, line 63)
FAIL: g++.dg/warn/Warray-bounds-11.C  -std=gnu++14 (test for excess errors)
FAIL: g++.dg/warn/Warray-bounds-11.C  -std=gnu++17  (test for warnings, line 24)
FAIL: g++.dg/warn/Warray-bounds-11.C  -std=gnu++17  (test for warnings, line 25)
FAIL: g++.dg/warn/Warray-bounds-11.C  -std=gnu++17  (test for warnings, line 26)
FAIL: g++.dg/warn/Warray-bounds-11.C  -std=gnu++17  (test for warnings, line 35)
FAIL: g++.dg/warn/Warray-bounds-11.C  -std=gnu++17  (test for warnings, line 36)
FAIL: g++.dg/warn/Warray-bounds-11.C  -std=gnu++17  (test for warnings, line 37)
FAIL: g++.dg/warn/Warray-bounds-11.C  -std=gnu++17  (test for warnings, line 50)
FAIL: g++.dg/warn/Warray-bounds-11.C  -std=gnu++17  (test for warnings, line 51)
FAIL: g++.dg/warn/Warray-bounds-11.C  -std=gnu++17  (test for warnings, line 52)
FAIL: g++.dg/warn/Warray-bounds-11.C  -std=gnu++17  (test for warnings, line 61)
FAIL: g++.dg/warn/Warray-bounds-11.C  -std=gnu++17  (test for warnings, line 62)
FAIL: g++.dg/warn/Warray-bounds-11.C  -std=gnu++17  (test for warnings, line 63)
FAIL: g++.dg/warn/Warray-bounds-11.C  -std=gnu++17 (test for excess errors)
FAIL: g++.dg/warn/Warray-bounds-11.C  -std=gnu++2a  (test for warnings, line 24)
FAIL: g++.dg/warn/Warray-bounds-11.C  -std=gnu++2a  (test for warnings, line 25)
FAIL: g++.dg/warn/Warray-bounds-11.C  -std=gnu++2a  (test for warnings, line 26)
FAIL: g++.dg/warn/Warray-bounds-11.C  -std=gnu++2a  (test for warnings, line 35)
FAIL: g++.dg/warn/Warray-bounds-11.C  -std=gnu++2a  (test for warnings, line 36)
FAIL: g++.dg/warn/Warray-bounds-11.C  -std=gnu++2a  (test for warnings, line 37)
FAIL: g++.dg/warn/Warray-bounds-11.C  -std=gnu++2a  (test for warnings, line 50)
FAIL: g++.dg/warn/Warray-bounds-11.C  -std=gnu++2a  (test for warnings, line 51)
FAIL: g++.dg/warn/Warray-bounds-11.C  -std=gnu++2a  (test for warnings, line 52)
FAIL: g++.dg/warn/Warray-bounds-11.C  -std=gnu++2a  (test for warnings, line 61)
FAIL: g++.dg/warn/Warray-bounds-11.C  -std=gnu++2a  (test for warnings, line 62)
FAIL: g++.dg/warn/Warray-bounds-11.C  -std=gnu++2a  (test for warnings, line 63)
FAIL: g++.dg/warn/Warray-bounds-11.C  -std=gnu++2a (test for excess errors)
FAIL: g++.dg/warn/Warray-bounds-11.C  -std=gnu++98  (test for warnings, line 24)
FAIL: g++.dg/warn/Warray-bounds-11.C  -std=gnu++98  (test for warnings, line 25)
FAIL: g++.dg/warn/Warray-bounds-11.C  -std=gnu++98  (test for warnings, line 26)
FAIL: g++.dg/warn/Warray-bounds-11.C  -std=gnu++98  (test for warnings, line 35)
FAIL: g++.dg/warn/Warray-bounds-11.C  -std=gnu++98  (test for warnings, line 36)
FAIL: g++.dg/warn/Warray-bounds-11.C  -std=gnu++98  (test for warnings, line 37)
FAIL: g++.dg/warn/Warray-bounds-11.C  -std=gnu++98  (test for warnings, line 50)
FAIL: g++.dg/warn/Warray-bounds-11.C  -std=gnu++98  (test for warnings, line 51)
FAIL: g++.dg/warn/Warray-bounds-11.C  -std=gnu++98  (test for warnings, line 52)
FAIL: g++.dg/warn/Warray-bounds-11.C  -std=gnu++98  (test for warnings, line 61)
FAIL: g++.dg/warn/Warray-bounds-11.C  -std=gnu++98  (test for warnings, line 62)
FAIL: g++.dg/warn/Warray-bounds-11.C  -std=gnu++98  (test for warnings, line 63)
FAIL: g++.dg/warn/Warray-bounds-11.C  -std=gnu++98 (test for excess errors)
FAIL: g++.dg/warn/Warray-bounds-12.C  -std=gnu++14  (test for warnings, line 24)
FAIL: g++.dg/warn/Warray-bounds-12.C  -std=gnu++14  (test for warnings, line 25)
FAIL: g++.dg/warn/Warray-bounds-12.C  -std=gnu++14  (test for warnings, line 26)
FAIL: g++.dg/warn/Warray-bounds-12.C  -std=gnu++14  (test for warnings, line 35)
FAIL: g++.dg/warn/Warray-bounds-12.C  -std=gnu++14  (test for warnings, line 36)
FAIL: g++.dg/warn/Warray-bounds-12.C  -std=gnu++14  (test for warnings, line 37)
FAIL: g++.dg/warn/Warray-bounds-12.C  -std=gnu++14  (test for warnings, line 50)
FAIL: g++.dg/warn/Warray-bounds-12.C  -std=gnu++14  (test for warnings, line 51)
FAIL: g++.dg/warn/Warray-bounds-12.C  -std=gnu++14  (test for warnings, line 52)
FAIL: g++.dg/warn/Warray-bounds-12.C  -std=gnu++14  (test for warnings, line 61)
FAIL: g++.dg/warn/Warray-bounds-12.C  -std=gnu++14  (test for warnings, line 62)
FAIL: g++.dg/warn/Warray-bounds-12.C  -std=gnu++14  (test for warnings, line 63)
FAIL: g++.dg/warn/Warray-bounds-12.C  -std=gnu++14 (test for excess errors)
FAIL: g++.dg/warn/Warray-bounds-12.C  -std=gnu++17  (test for warnings, line 24)
FAIL: g++.dg/warn/Warray-bounds-12.C  -std=gnu++17  (test for warnings, line 25)
FAIL: g++.dg/warn/Warray-bounds-12.C  -std=gnu++17  (test for warnings, line 26)
FAIL: g++.dg/warn/Warray-bounds-12.C  -std=gnu++17  (test for warnings, line 35)
FAIL: g++.dg/warn/Warray-bounds-12.C  -std=gnu++17  (test for warnings, line 36)
FAIL: g++.dg/warn/Warray-bounds-12.C  -std=gnu++17  (test for warnings, line 37)
FAIL: g++.dg/warn/Warray-bounds-12.C  -std=gnu++17  (test for warnings, line 50)
FAIL: g++.dg/warn/Warray-bounds-12.C  -std=gnu++17  (test for warnings, line 51)
FAIL: g++.dg/warn/Warray-bounds-12.C  -std=gnu++17  (test for warnings, line 52)
FAIL: g++.dg/warn/Warray-bounds-12.C  -std=gnu++17  (test for warnings, line 61)
FAIL: g++.dg/warn/Warray-bounds-12.C  -std=gnu++17  (test for warnings, line 62)
FAIL: g++.dg/warn/Warray-bounds-12.C  -std=gnu++17  (test for warnings, line 63)
FAIL: g++.dg/warn/Warray-bounds-12.C  -std=gnu++17 (test for excess errors)
FAIL: g++.dg/warn/Warray-bounds-12.C  -std=gnu++2a  (test for warnings, line 24)
FAIL: g++.dg/warn/Warray-bounds-12.C  -std=gnu++2a  (test for warnings, line 25)
FAIL: g++.dg/warn/Warray-bounds-12.C  -std=gnu++2a  (test for warnings, line 26)
FAIL: g++.dg/warn/Warray-bounds-12.C  -std=gnu++2a  (test for warnings, line 35)
FAIL: g++.dg/warn/Warray-bounds-12.C  -std=gnu++2a  (test for warnings, line 36)
FAIL: g++.dg/warn/Warray-bounds-12.C  -std=gnu++2a  (test for warnings, line 37)
FAIL: g++.dg/warn/Warray-bounds-12.C  -std=gnu++2a  (test for warnings, line 50)
FAIL: g++.dg/warn/Warray-bounds-12.C  -std=gnu++2a  (test for warnings, line 51)
FAIL: g++.dg/warn/Warray-bounds-12.C  -std=gnu++2a  (test for warnings, line 52)
FAIL: g++.dg/warn/Warray-bounds-12.C  -std=gnu++2a  (test for warnings, line 61)
FAIL: g++.dg/warn/Warray-bounds-12.C  -std=gnu++2a  (test for warnings, line 62)
FAIL: g++.dg/warn/Warray-bounds-12.C  -std=gnu++2a  (test for warnings, line 63)
FAIL: g++.dg/warn/Warray-bounds-12.C  -std=gnu++2a (test for excess errors)
FAIL: g++.dg/warn/Warray-bounds-12.C  -std=gnu++98  (test for warnings, line 24)
FAIL: g++.dg/warn/Warray-bounds-12.C  -std=gnu++98  (test for warnings, line 25)
FAIL: g++.dg/warn/Warray-bounds-12.C  -std=gnu++98  (test for warnings, line 26)
FAIL: g++.dg/warn/Warray-bounds-12.C  -std=gnu++98  (test for warnings, line 35)
FAIL: g++.dg/warn/Warray-bounds-12.C  -std=gnu++98  (test for warnings, line 36)
FAIL: g++.dg/warn/Warray-bounds-12.C  -std=gnu++98  (test for warnings, line 37)
FAIL: g++.dg/warn/Warray-bounds-12.C  -std=gnu++98  (test for warnings, line 50)
FAIL: g++.dg/warn/Warray-bounds-12.C  -std=gnu++98  (test for warnings, line 51)
FAIL: g++.dg/warn/Warray-bounds-12.C  -std=gnu++98  (test for warnings, line 52)
FAIL: g++.dg/warn/Warray-bounds-12.C  -std=gnu++98  (test for warnings, line 61)
FAIL: g++.dg/warn/Warray-bounds-12.C  -std=gnu++98  (test for warnings, line 62)
FAIL: g++.dg/warn/Warray-bounds-12.C  -std=gnu++98  (test for warnings, line 63)
FAIL: g++.dg/warn/Warray-bounds-12.C  -std=gnu++98 (test for excess errors)
FAIL: g++.dg/warn/Warray-bounds-13.C  -std=gnu++14  (test for warnings, line 28)
FAIL: g++.dg/warn/Warray-bounds-13.C  -std=gnu++14  (test for warnings, line 29)
FAIL: g++.dg/warn/Warray-bounds-13.C  -std=gnu++14  (test for warnings, line 30)
FAIL: g++.dg/warn/Warray-bounds-13.C  -std=gnu++14  (test for warnings, line 39)
FAIL: g++.dg/warn/Warray-bounds-13.C  -std=gnu++14  (test for warnings, line 40)
FAIL: g++.dg/warn/Warray-bounds-13.C  -std=gnu++14  (test for warnings, line 41)
FAIL: g++.dg/warn/Warray-bounds-13.C  -std=gnu++14  (test for warnings, line 54)
FAIL: g++.dg/warn/Warray-bounds-13.C  -std=gnu++14  (test for warnings, line 55)
FAIL: g++.dg/warn/Warray-bounds-13.C  -std=gnu++14  (test for warnings, line 56)
FAIL: g++.dg/warn/Warray-bounds-13.C  -std=gnu++14  (test for warnings, line 65)
FAIL: g++.dg/warn/Warray-bounds-13.C  -std=gnu++14  (test for warnings, line 66)
FAIL: g++.dg/warn/Warray-bounds-13.C  -std=gnu++14  (test for warnings, line 67)
FAIL: g++.dg/warn/Warray-bounds-13.C  -std=gnu++14 (test for excess errors)
FAIL: g++.dg/warn/Warray-bounds-13.C  -std=gnu++17  (test for warnings, line 28)
FAIL: g++.dg/warn/Warray-bounds-13.C  -std=gnu++17  (test for warnings, line 29)
FAIL: g++.dg/warn/Warray-bounds-13.C  -std=gnu++17  (test for warnings, line 30)
FAIL: g++.dg/warn/Warray-bounds-13.C  -std=gnu++17  (test for warnings, line 39)
FAIL: g++.dg/warn/Warray-bounds-13.C  -std=gnu++17  (test for warnings, line 40)
FAIL: g++.dg/warn/Warray-bounds-13.C  -std=gnu++17  (test for warnings, line 41)
FAIL: g++.dg/warn/Warray-bounds-13.C  -std=gnu++17  (test for warnings, line 54)
FAIL: g++.dg/warn/Warray-bounds-13.C  -std=gnu++17  (test for warnings, line 55)
FAIL: g++.dg/warn/Warray-bounds-13.C  -std=gnu++17  (test for warnings, line 56)
FAIL: g++.dg/warn/Warray-bounds-13.C  -std=gnu++17  (test for warnings, line 65)
FAIL: g++.dg/warn/Warray-bounds-13.C  -std=gnu++17  (test for warnings, line 66)
FAIL: g++.dg/warn/Warray-bounds-13.C  -std=gnu++17  (test for warnings, line 67)
FAIL: g++.dg/warn/Warray-bounds-13.C  -std=gnu++17 (test for excess errors)
FAIL: g++.dg/warn/Warray-bounds-13.C  -std=gnu++2a  (test for warnings, line 28)
FAIL: g++.dg/warn/Warray-bounds-13.C  -std=gnu++2a  (test for warnings, line 29)
FAIL: g++.dg/warn/Warray-bounds-13.C  -std=gnu++2a  (test for warnings, line 30)
FAIL: g++.dg/warn/Warray-bounds-13.C  -std=gnu++2a  (test for warnings, line 39)
FAIL: g++.dg/warn/Warray-bounds-13.C  -std=gnu++2a  (test for warnings, line 40)
FAIL: g++.dg/warn/Warray-bounds-13.C  -std=gnu++2a  (test for warnings, line 41)
FAIL: g++.dg/warn/Warray-bounds-13.C  -std=gnu++2a  (test for warnings, line 54)
FAIL: g++.dg/warn/Warray-bounds-13.C  -std=gnu++2a  (test for warnings, line 55)
FAIL: g++.dg/warn/Warray-bounds-13.C  -std=gnu++2a  (test for warnings, line 56)
FAIL: g++.dg/warn/Warray-bounds-13.C  -std=gnu++2a  (test for warnings, line 65)
FAIL: g++.dg/warn/Warray-bounds-13.C  -std=gnu++2a  (test for warnings, line 66)
FAIL: g++.dg/warn/Warray-bounds-13.C  -std=gnu++2a  (test for warnings, line 67)
FAIL: g++.dg/warn/Warray-bounds-13.C  -std=gnu++2a (test for excess errors)
FAIL: g++.dg/warn/Warray-bounds-13.C  -std=gnu++98  (test for warnings, line 28)
FAIL: g++.dg/warn/Warray-bounds-13.C  -std=gnu++98  (test for warnings, line 29)
FAIL: g++.dg/warn/Warray-bounds-13.C  -std=gnu++98  (test for warnings, line 30)
FAIL: g++.dg/warn/Warray-bounds-13.C  -std=gnu++98  (test for warnings, line 39)
FAIL: g++.dg/warn/Warray-bounds-13.C  -std=gnu++98  (test for warnings, line 40)
FAIL: g++.dg/warn/Warray-bounds-13.C  -std=gnu++98  (test for warnings, line 41)
FAIL: g++.dg/warn/Warray-bounds-13.C  -std=gnu++98  (test for warnings, line 54)
FAIL: g++.dg/warn/Warray-bounds-13.C  -std=gnu++98  (test for warnings, line 55)
FAIL: g++.dg/warn/Warray-bounds-13.C  -std=gnu++98  (test for warnings, line 56)
FAIL: g++.dg/warn/Warray-bounds-13.C  -std=gnu++98  (test for warnings, line 65)
FAIL: g++.dg/warn/Warray-bounds-13.C  -std=gnu++98  (test for warnings, line 66)
FAIL: g++.dg/warn/Warray-bounds-13.C  -std=gnu++98  (test for warnings, line 67)
FAIL: g++.dg/warn/Warray-bounds-13.C  -std=gnu++98 (test for excess errors)
FAIL: g++.dg/warn/Wstringop-overflow-6.C  -std=gnu++14 (test for excess errors)
FAIL: g++.dg/warn/Wstringop-overflow-6.C  -std=gnu++17 (test for excess errors)
FAIL: g++.dg/warn/Wstringop-overflow-6.C  -std=gnu++2a (test for excess errors)
XPASS: g++.dg/warn/pr33738.C  -std=gnu++14  (test for warnings, line 18)
XPASS: g++.dg/warn/pr33738.C  -std=gnu++14  (test for warnings, line 22)
XPASS: g++.dg/warn/pr33738.C  -std=gnu++17  (test for warnings, line 18)
XPASS: g++.dg/warn/pr33738.C  -std=gnu++17  (test for warnings, line 22)
XPASS: g++.dg/warn/pr33738.C  -std=gnu++2a  (test for warnings, line 18)
XPASS: g++.dg/warn/pr33738.C  -std=gnu++2a  (test for warnings, line 22)
XPASS: g++.dg/warn/pr33738.C  -std=gnu++98  (test for warnings, line 18)
XPASS: g++.dg/warn/pr33738.C  -std=gnu++98  (test for warnings, line 22)
FAIL: g++.dg/lto/pr65276 cp_lto_pr65276_0.o-cp_lto_pr65276_1.o link, -flto -O0 -std=c++11
FAIL: g++.dg/torture/pr79671.C   -O1  execution test

		=== g++ Summary ===

# of expected passes		162720
# of unexpected failures	221
# of unexpected successes	8
# of expected failures		651
# of unsupported tests		11602
/tmp/7903599_30.tmpdir/aci-gcc-fsf/builds/gcc-fsf-gccsrc/obj-arm-none-eabi/gcc3/gcc/xg++  version 11.0.0  (DEFMODE=default DEFCPU=default DEFFPU=default TESTFLAGS=-mcpu=cortex-a7/-mfloat-abi=soft/-march=armv7ve+simd) [r11-5633] (GCC) 


Compiler version: 11.0.0 (DEFMODE=default DEFCPU=default DEFFPU=default TESTFLAGS=-mcpu=cortex-a7/-mfloat-abi=soft/-march=armv7ve+simd) [r11-5633] (GCC) 
Platform: arm-none-eabi
configure flags: --target=arm-none-eabi --prefix=/tmp/7903599_30.tmpdir/aci-gcc-fsf/builds/gcc-fsf-gccsrc/tools --with-sysroot=/tmp/7903599_30.tmpdir/aci-gcc-fsf/builds/gcc-fsf-gccsrc/sysroot-arm-none-eabi --disable-nls --disable-libgomp --disable-libmudflap --disable-libcilkrts --enable-checking --enable-languages=c,c++ --with-newlib --disable-tls --enable-multilib --with-multilib-list=aprofile


More information about the Gcc-testresults mailing list