Results for 10.2.1 (DEFMODE=thumb DEFCPU=cortex-a9 DEFFPU=neon-fp16 TESTFLAGS=) [r10-9100] (GCC) testsuite on armeb-none-linux-gnueabihf

Christophe LYON christophe.lyon@st.com
Tue Dec 1 23:08:06 GMT 2020


LAST_UPDATED: Tue Dec  1 20:11:16 UTC 2020 (revision r10-9100-g1e676cfbe1e13fba2c636b560362ed4f0a56893d) TARGET=armeb-none-linux-gnueabihf CPU=cortex-a9 FPU=neon-fp16 MODE=thumb

Target is armeb-none-linux-gnueabihf
Host   is armeb-none-linux-gnueabihf

		=== libatomic tests ===


Running target qemu
FAIL: libatomic.c/atomic-exchange-1.c execution test
FAIL: libatomic.c/generic-2.c execution test

		=== libatomic Summary ===

# of expected passes		42
# of unexpected failures	2
# of unsupported tests		5
Host   is armeb-none-linux-gnueabihf

		=== libitm tests ===


Running target qemu

		=== libitm Summary ===

# of expected passes		42
# of expected failures		3
# of unsupported tests		1
Host   is armeb-none-linux-gnueabihf

		=== libstdc++ tests ===


Running target qemu
FAIL: experimental/net/internet/resolver/ops/lookup.cc execution test

		=== libstdc++ Summary ===

# of expected passes		13344
# of unexpected failures	1
# of expected failures		93
# of untested testcases		1
# of unsupported tests		732
Host   is x86_64-pc-linux-gnu

		=== gcc tests ===


Running target qemu
WARNING: skipping asan tests due to ulimit -v
WARNING: skipping asan tests due to ulimit -v
WARNING: skipping asan tests due to ulimit -v
WARNING: skipping asan tests due to ulimit -v
WARNING: skipping asan tests due to ulimit -v
WARNING: skipping asan tests due to ulimit -v
FAIL: gcc.dg/debug/dwarf2/pr97060.c scan-assembler-times DW_AT_declaration 2
FAIL: gcc.dg/strlenopt-73.c scan-tree-dump-times optimized "_not_eliminated_" 0
FAIL: gcc.dg/strlenopt-73.c scan-tree-dump-times optimized "strlen" 0
FAIL: gcc.dg/torture/float16-basic.c   -O0  execution test
FAIL: gcc.dg/torture/float16-basic.c   -O1  execution test
FAIL: gcc.dg/torture/float16-basic.c   -O2  execution test
FAIL: gcc.dg/torture/float16-basic.c   -O2 -flto -fno-use-linker-plugin -flto-partition=none  execution test
FAIL: gcc.dg/torture/float16-basic.c   -O2 -flto -fuse-linker-plugin -fno-fat-lto-objects  execution test
FAIL: gcc.dg/torture/float16-basic.c   -O3 -g  execution test
FAIL: gcc.dg/torture/float16-basic.c   -Os  execution test
FAIL: gcc.dg/tree-prof/pr77698.c scan-rtl-dump-times alignments "internal loop alignment added" 1
FAIL: gcc.dg/vect/bb-slp-36.c -flto -ffat-lto-objects  scan-tree-dump slp2 "basic block vectorized"
FAIL: gcc.dg/vect/bb-slp-36.c scan-tree-dump slp2 "basic block vectorized"
FAIL: gcc.dg/vect/bb-slp-38.c -flto -ffat-lto-objects  scan-tree-dump-times slp2 "basic block part vectorized" 2
FAIL: gcc.dg/vect/bb-slp-38.c scan-tree-dump-times slp2 "basic block part vectorized" 2
FAIL: gcc.dg/vect/bb-slp-pow-1.c -flto -ffat-lto-objects  scan-tree-dump-times slp2 "basic block vectorized" 1
FAIL: gcc.dg/vect/bb-slp-pow-1.c scan-tree-dump-times slp2 "basic block vectorized" 1
XPASS: gcc.dg/vect/no-scevccp-outer-16.c scan-tree-dump-times vect "OUTER LOOP VECTORIZED." 1
XPASS: gcc.dg/vect/no-scevccp-outer-17.c scan-tree-dump-times vect "OUTER LOOP VECTORIZED." 1
XPASS: gcc.dg/vect/no-scevccp-outer-19.c scan-tree-dump-times vect "OUTER LOOP VECTORIZED." 1
FAIL: gcc.dg/vect/no-scevccp-outer-7.c scan-tree-dump-times vect "vect_recog_widen_mult_pattern: detected" 1
FAIL: gcc.dg/vect/no-tree-sra-bb-slp-pr50730.c scan-tree-dump-times slp2 "basic block vectorized" 1
FAIL: gcc.dg/vect/no-vfa-vect-depend-1.c scan-tree-dump-times vect "dependence distance negative" 1
FAIL: gcc.dg/vect/no-vfa-vect-depend-2.c scan-tree-dump-times vect "dependence distance negative" 1
FAIL: gcc.dg/vect/no-vfa-vect-depend-3.c scan-tree-dump-times vect "dependence distance negative" 4
XPASS: gcc.dg/vect/pr33804.c -flto -ffat-lto-objects  scan-tree-dump-times vect "vectorized 1 loops" 1
XPASS: gcc.dg/vect/pr33804.c -flto -ffat-lto-objects  scan-tree-dump-times vect "vectorizing stmts using SLP" 1
XPASS: gcc.dg/vect/pr33804.c scan-tree-dump-times vect "vectorized 1 loops" 1
XPASS: gcc.dg/vect/pr33804.c scan-tree-dump-times vect "vectorizing stmts using SLP" 1
XPASS: gcc.dg/vect/pr33953.c -flto -ffat-lto-objects  scan-tree-dump-times vect "vectorized 1 loops" 1
XPASS: gcc.dg/vect/pr33953.c -flto -ffat-lto-objects  scan-tree-dump-times vect "vectorizing stmts using SLP" 1
XPASS: gcc.dg/vect/pr33953.c scan-tree-dump-times vect "vectorized 1 loops" 1
XPASS: gcc.dg/vect/pr33953.c scan-tree-dump-times vect "vectorizing stmts using SLP" 1
FAIL: gcc.dg/vect/pr37539.c -flto -ffat-lto-objects  scan-tree-dump-times vect "vectorized 1 loops" 2
FAIL: gcc.dg/vect/pr37539.c scan-tree-dump-times vect "vectorized 1 loops" 2
FAIL: gcc.dg/vect/pr45752.c -flto -ffat-lto-objects  scan-tree-dump-times vect "vectorized 1 loops" 1
FAIL: gcc.dg/vect/pr45752.c -flto -ffat-lto-objects  scan-tree-dump-times vect "vectorizing stmts using SLP" 2
FAIL: gcc.dg/vect/pr45752.c scan-tree-dump-times vect "vectorized 1 loops" 1
FAIL: gcc.dg/vect/pr45752.c scan-tree-dump-times vect "vectorizing stmts using SLP" 2
XPASS: gcc.dg/vect/pr46032.c -flto -ffat-lto-objects  scan-tree-dump-times vect "vectorized 1 loop" 1
XPASS: gcc.dg/vect/pr46032.c scan-tree-dump-times vect "vectorized 1 loop" 1
XPASS: gcc.dg/vect/pr58508.c -flto -ffat-lto-objects  scan-tree-dump-times vect "hoist" 3
XPASS: gcc.dg/vect/pr58508.c scan-tree-dump-times vect "hoist" 3
FAIL: gcc.dg/vect/pr65494.c -flto -ffat-lto-objects  scan-tree-dump vect "vectorized 1 loops in function"
FAIL: gcc.dg/vect/pr65494.c scan-tree-dump vect "vectorized 1 loops in function"
FAIL: gcc.dg/vect/pr65947-13.c -flto -ffat-lto-objects  scan-tree-dump-times vect "condition expression based on integer induction." 2
FAIL: gcc.dg/vect/pr65947-13.c scan-tree-dump-times vect "condition expression based on integer induction." 2
FAIL: gcc.dg/vect/pr66623.c -flto -ffat-lto-objects execution test
FAIL: gcc.dg/vect/pr66623.c execution test
FAIL: gcc.dg/vect/pr80631-2.c -flto -ffat-lto-objects  scan-tree-dump-times vect "condition expression based on integer induction." 5
FAIL: gcc.dg/vect/pr80631-2.c scan-tree-dump-times vect "condition expression based on integer induction." 5
FAIL: gcc.dg/vect/section-anchors-vect-69.c scan-tree-dump-times vect "vectorized 4 loops" 1
XPASS: gcc.dg/vect/slp-24-big-array.c -flto -ffat-lto-objects  scan-tree-dump-times vect "vectorized 1 loops" 1
XPASS: gcc.dg/vect/slp-24-big-array.c -flto -ffat-lto-objects  scan-tree-dump-times vect "vectorizing stmts using SLP" 2
XPASS: gcc.dg/vect/slp-24-big-array.c scan-tree-dump-times vect "vectorized 1 loops" 1
XPASS: gcc.dg/vect/slp-24-big-array.c scan-tree-dump-times vect "vectorizing stmts using SLP" 2
XPASS: gcc.dg/vect/slp-24.c -flto -ffat-lto-objects  scan-tree-dump-times vect "vectorized 1 loops" 1
XPASS: gcc.dg/vect/slp-24.c -flto -ffat-lto-objects  scan-tree-dump-times vect "vectorizing stmts using SLP" 2
XPASS: gcc.dg/vect/slp-24.c scan-tree-dump-times vect "vectorized 1 loops" 1
XPASS: gcc.dg/vect/slp-24.c scan-tree-dump-times vect "vectorizing stmts using SLP" 2
FAIL: gcc.dg/vect/slp-perm-1.c -flto -ffat-lto-objects  scan-tree-dump-times vect "vectorized 1 loops" 1
FAIL: gcc.dg/vect/slp-perm-1.c -flto -ffat-lto-objects  scan-tree-dump-times vect "vectorizing stmts using SLP" 1
FAIL: gcc.dg/vect/slp-perm-1.c scan-tree-dump-times vect "vectorized 1 loops" 1
FAIL: gcc.dg/vect/slp-perm-1.c scan-tree-dump-times vect "vectorizing stmts using SLP" 1
FAIL: gcc.dg/vect/slp-perm-11.c -flto -ffat-lto-objects  scan-tree-dump-times vect "vectorizing stmts using SLP" 1
FAIL: gcc.dg/vect/slp-perm-11.c scan-tree-dump-times vect "vectorizing stmts using SLP" 1
FAIL: gcc.dg/vect/slp-perm-4.c -flto -ffat-lto-objects  scan-tree-dump-times vect "vectorized 1 loops" 1
FAIL: gcc.dg/vect/slp-perm-4.c -flto -ffat-lto-objects  scan-tree-dump-times vect "vectorizing stmts using SLP" 1
FAIL: gcc.dg/vect/slp-perm-4.c scan-tree-dump-times vect "vectorized 1 loops" 1
FAIL: gcc.dg/vect/slp-perm-4.c scan-tree-dump-times vect "vectorizing stmts using SLP" 1
FAIL: gcc.dg/vect/slp-perm-5.c -flto -ffat-lto-objects  scan-tree-dump-times vect "vectorized 1 loops" 1
FAIL: gcc.dg/vect/slp-perm-5.c -flto -ffat-lto-objects  scan-tree-dump-times vect "vectorizing stmts using SLP" 2
FAIL: gcc.dg/vect/slp-perm-5.c scan-tree-dump-times vect "vectorized 1 loops" 1
FAIL: gcc.dg/vect/slp-perm-5.c scan-tree-dump-times vect "vectorizing stmts using SLP" 2
FAIL: gcc.dg/vect/slp-perm-6.c -flto -ffat-lto-objects  scan-tree-dump-times vect "vectorized 1 loops" 1
FAIL: gcc.dg/vect/slp-perm-6.c -flto -ffat-lto-objects  scan-tree-dump-times vect "vectorizing stmts using SLP" 2
FAIL: gcc.dg/vect/slp-perm-6.c scan-tree-dump-times vect "vectorized 1 loops" 1
FAIL: gcc.dg/vect/slp-perm-6.c scan-tree-dump-times vect "vectorizing stmts using SLP" 2
FAIL: gcc.dg/vect/slp-perm-7.c -flto -ffat-lto-objects  scan-tree-dump-times vect "vectorized 1 loops" 1
FAIL: gcc.dg/vect/slp-perm-7.c -flto -ffat-lto-objects  scan-tree-dump-times vect "vectorizing stmts using SLP" 1
FAIL: gcc.dg/vect/slp-perm-7.c scan-tree-dump-times vect "vectorized 1 loops" 1
FAIL: gcc.dg/vect/slp-perm-7.c scan-tree-dump-times vect "vectorizing stmts using SLP" 1
XPASS: gcc.dg/vect/slp-reduc-3.c -flto -ffat-lto-objects  scan-tree-dump-times vect "vectorizing stmts using SLP" 1
XPASS: gcc.dg/vect/slp-reduc-3.c scan-tree-dump-times vect "vectorizing stmts using SLP" 1
FAIL: gcc.dg/vect/slp-reduc-6.c -flto -ffat-lto-objects  scan-tree-dump-times vect "different interleaving chains in one node" 1
FAIL: gcc.dg/vect/slp-reduc-6.c scan-tree-dump-times vect "different interleaving chains in one node" 1
FAIL: gcc.dg/vect/vect-119.c -flto -ffat-lto-objects  scan-tree-dump-times vect "Detected interleaving load of size 2" 1
FAIL: gcc.dg/vect/vect-119.c scan-tree-dump-times vect "Detected interleaving load of size 2" 1
FAIL: gcc.dg/vect/vect-35-big-array.c -flto -ffat-lto-objects  scan-tree-dump-times vect "vectorized 1 loops" 1
FAIL: gcc.dg/vect/vect-35-big-array.c scan-tree-dump-times vect "vectorized 1 loops" 1
FAIL: gcc.dg/vect/vect-35.c -flto -ffat-lto-objects  scan-tree-dump-times vect "vectorized 1 loops" 1
FAIL: gcc.dg/vect/vect-35.c scan-tree-dump-times vect "vectorized 1 loops" 1
XPASS: gcc.dg/vect/vect-44.c -flto -ffat-lto-objects  scan-tree-dump-times vect "Alignment of access forced using peeling" 0
XPASS: gcc.dg/vect/vect-44.c scan-tree-dump-times vect "Alignment of access forced using peeling" 0
XPASS: gcc.dg/vect/vect-50.c -flto -ffat-lto-objects  scan-tree-dump-times vect "Alignment of access forced using peeling" 0
XPASS: gcc.dg/vect/vect-50.c scan-tree-dump-times vect "Alignment of access forced using peeling" 0
FAIL: gcc.dg/vect/vect-cond-2.c -flto -ffat-lto-objects  scan-tree-dump-times vect "vectorized 1 loops" 1
FAIL: gcc.dg/vect/vect-cond-2.c scan-tree-dump-times vect "vectorized 1 loops" 1
FAIL: gcc.dg/vect/vect-multitypes-11.c -flto -ffat-lto-objects  scan-tree-dump-times vect "vectorized 1 loops" 1
FAIL: gcc.dg/vect/vect-multitypes-11.c scan-tree-dump-times vect "vectorized 1 loops" 1
FAIL: gcc.dg/vect/vect-multitypes-12.c -flto -ffat-lto-objects  scan-tree-dump-times vect "vectorized 1 loops" 1
FAIL: gcc.dg/vect/vect-multitypes-12.c scan-tree-dump-times vect "vectorized 1 loops" 1
FAIL: gcc.dg/vect/vect-outer-3a-big-array.c -flto -ffat-lto-objects  scan-tree-dump-times vect "step doesn't divide the vector alignment" 1
FAIL: gcc.dg/vect/vect-outer-3a-big-array.c scan-tree-dump-times vect "step doesn't divide the vector alignment" 1
FAIL: gcc.dg/vect/vect-outer-3a.c -flto -ffat-lto-objects  scan-tree-dump-times vect "step doesn't divide the vector alignment" 1
FAIL: gcc.dg/vect/vect-outer-3a.c scan-tree-dump-times vect "step doesn't divide the vector alignment" 1
FAIL: gcc.dg/vect/vect-outer-4c-big-array.c -flto -ffat-lto-objects  scan-tree-dump-times vect "zero step in outer loop." 1
FAIL: gcc.dg/vect/vect-outer-4c-big-array.c scan-tree-dump-times vect "zero step in outer loop." 1
XPASS: gcc.dg/vect/vect-outer-5.c -flto -ffat-lto-objects  scan-tree-dump vect "zero step in outer loop."
XPASS: gcc.dg/vect/vect-outer-5.c scan-tree-dump vect "zero step in outer loop."
FAIL: gcc.dg/vect/vect-over-widen-1-big-array.c -flto -ffat-lto-objects  scan-tree-dump-times vect "vect_recog_widen_shift_pattern: detected" 2
FAIL: gcc.dg/vect/vect-over-widen-1-big-array.c scan-tree-dump-times vect "vect_recog_widen_shift_pattern: detected" 2
FAIL: gcc.dg/vect/vect-over-widen-1.c -flto -ffat-lto-objects  scan-tree-dump-times vect "vect_recog_widen_shift_pattern: detected" 2
FAIL: gcc.dg/vect/vect-over-widen-1.c scan-tree-dump-times vect "vect_recog_widen_shift_pattern: detected" 2
FAIL: gcc.dg/vect/vect-over-widen-4-big-array.c -flto -ffat-lto-objects  scan-tree-dump-times vect "vect_recog_widen_shift_pattern: detected" 2
FAIL: gcc.dg/vect/vect-over-widen-4-big-array.c scan-tree-dump-times vect "vect_recog_widen_shift_pattern: detected" 2
FAIL: gcc.dg/vect/vect-over-widen-4.c -flto -ffat-lto-objects  scan-tree-dump-times vect "vect_recog_widen_shift_pattern: detected" 2
FAIL: gcc.dg/vect/vect-over-widen-4.c scan-tree-dump-times vect "vect_recog_widen_shift_pattern: detected" 2
FAIL: gcc.dg/vect/vect-reduc-dot-s16a.c -flto -ffat-lto-objects  scan-tree-dump-times vect "vect_recog_dot_prod_pattern: detected" 1
FAIL: gcc.dg/vect/vect-reduc-dot-s16a.c scan-tree-dump-times vect "vect_recog_dot_prod_pattern: detected" 1
FAIL: gcc.dg/vect/vect-reduc-dot-s16b.c -flto -ffat-lto-objects  scan-tree-dump-times vect "vectorized 1 loops" 0
FAIL: gcc.dg/vect/vect-reduc-dot-s16b.c scan-tree-dump-times vect "vectorized 1 loops" 0
FAIL: gcc.dg/vect/vect-reduc-dot-s8b.c -flto -ffat-lto-objects  scan-tree-dump-times vect "vect_recog_widen_mult_pattern: detected" 1
FAIL: gcc.dg/vect/vect-reduc-dot-s8b.c scan-tree-dump-times vect "vect_recog_widen_mult_pattern: detected" 1
FAIL: gcc.dg/vect/vect-reduc-dot-u16b.c -flto -ffat-lto-objects  scan-tree-dump-times vect "vect_recog_dot_prod_pattern: detected" 1
FAIL: gcc.dg/vect/vect-reduc-dot-u16b.c scan-tree-dump-times vect "vect_recog_dot_prod_pattern: detected" 1
FAIL: gcc.dg/vect/vect-reduc-dot-u8b.c -flto -ffat-lto-objects  scan-tree-dump-times vect "vect_recog_dot_prod_pattern: detected" 1
FAIL: gcc.dg/vect/vect-reduc-dot-u8b.c scan-tree-dump-times vect "vect_recog_dot_prod_pattern: detected" 1
FAIL: gcc.dg/vect/vect-reduc-pattern-1a.c -flto -ffat-lto-objects  scan-tree-dump-times vect "vectorized 1 loops" 0
FAIL: gcc.dg/vect/vect-reduc-pattern-1a.c scan-tree-dump-times vect "vectorized 1 loops" 0
FAIL: gcc.dg/vect/vect-reduc-pattern-1b-big-array.c -flto -ffat-lto-objects  scan-tree-dump-times vect "vect_recog_widen_sum_pattern: detected" 1
FAIL: gcc.dg/vect/vect-reduc-pattern-1b-big-array.c -flto -ffat-lto-objects  scan-tree-dump-times vect "vectorized 1 loops" 0
FAIL: gcc.dg/vect/vect-reduc-pattern-1b-big-array.c scan-tree-dump-times vect "vect_recog_widen_sum_pattern: detected" 1
FAIL: gcc.dg/vect/vect-reduc-pattern-1b-big-array.c scan-tree-dump-times vect "vectorized 1 loops" 0
FAIL: gcc.dg/vect/vect-reduc-pattern-1b.c -flto -ffat-lto-objects  scan-tree-dump-times vect "vectorized 1 loops" 0
FAIL: gcc.dg/vect/vect-reduc-pattern-1b.c scan-tree-dump-times vect "vectorized 1 loops" 0
FAIL: gcc.dg/vect/vect-reduc-pattern-2a.c -flto -ffat-lto-objects  scan-tree-dump-times vect "vectorized 1 loops" 0
FAIL: gcc.dg/vect/vect-reduc-pattern-2a.c scan-tree-dump-times vect "vectorized 1 loops" 0
FAIL: gcc.dg/vect/vect-reduc-pattern-2b-big-array.c -flto -ffat-lto-objects  scan-tree-dump-times vect "vect_recog_widen_sum_pattern: detected" 1
FAIL: gcc.dg/vect/vect-reduc-pattern-2b-big-array.c -flto -ffat-lto-objects  scan-tree-dump-times vect "vectorized 1 loops" 0
FAIL: gcc.dg/vect/vect-reduc-pattern-2b-big-array.c scan-tree-dump-times vect "vect_recog_widen_sum_pattern: detected" 1
FAIL: gcc.dg/vect/vect-reduc-pattern-2b-big-array.c scan-tree-dump-times vect "vectorized 1 loops" 0
FAIL: gcc.dg/vect/vect-reduc-pattern-2b.c -flto -ffat-lto-objects  scan-tree-dump-times vect "vectorized 1 loops" 0
FAIL: gcc.dg/vect/vect-reduc-pattern-2b.c scan-tree-dump-times vect "vectorized 1 loops" 0
FAIL: gcc.dg/vect/vect-strided-u16-i3.c -flto -ffat-lto-objects  scan-tree-dump-times vect "vectorized 4 loops" 1
FAIL: gcc.dg/vect/vect-strided-u16-i3.c scan-tree-dump-times vect "vectorized 4 loops" 1
FAIL: gcc.dg/vect/vect-widen-shift-s16.c -flto -ffat-lto-objects  scan-tree-dump-times vect "vect_recog_widen_shift_pattern: detected" 8
FAIL: gcc.dg/vect/vect-widen-shift-s16.c scan-tree-dump-times vect "vect_recog_widen_shift_pattern: detected" 8
FAIL: gcc.dg/vect/vect-widen-shift-s8.c -flto -ffat-lto-objects  scan-tree-dump-times vect "vect_recog_widen_shift_pattern: detected" 1
FAIL: gcc.dg/vect/vect-widen-shift-s8.c scan-tree-dump-times vect "vect_recog_widen_shift_pattern: detected" 1
FAIL: gcc.dg/vect/vect-widen-shift-u16.c -flto -ffat-lto-objects  scan-tree-dump-times vect "vect_recog_widen_shift_pattern: detected" 1
FAIL: gcc.dg/vect/vect-widen-shift-u16.c scan-tree-dump-times vect "vect_recog_widen_shift_pattern: detected" 1
FAIL: gcc.dg/vect/vect-widen-shift-u8.c -flto -ffat-lto-objects  scan-tree-dump-times vect "vect_recog_widen_shift_pattern: detected" 2
FAIL: gcc.dg/vect/vect-widen-shift-u8.c scan-tree-dump-times vect "vect_recog_widen_shift_pattern: detected" 2
FAIL: gcc.dg/vect/wrapv-vect-reduc-dot-s8b.c scan-tree-dump-times vect "vect_recog_dot_prod_pattern: detected" 1
FAIL: gcc.dg/vect/wrapv-vect-reduc-dot-s8b.c scan-tree-dump-times vect "vect_recog_widen_mult_pattern: detected" 1
UNRESOLVED: gcc.target/aarch64/advsimd-intrinsics/vld1x2.c   -O0  compilation failed to produce executable
UNRESOLVED: gcc.target/aarch64/advsimd-intrinsics/vld1x2.c   -O1  compilation failed to produce executable
UNRESOLVED: gcc.target/aarch64/advsimd-intrinsics/vld1x2.c   -O2  compilation failed to produce executable
UNRESOLVED: gcc.target/aarch64/advsimd-intrinsics/vld1x2.c   -O2 -flto -fno-use-linker-plugin -flto-partition=none  compilation failed to produce executable
UNRESOLVED: gcc.target/aarch64/advsimd-intrinsics/vld1x2.c   -O2 -flto -fuse-linker-plugin -fno-fat-lto-objects  compilation failed to produce executable
UNRESOLVED: gcc.target/aarch64/advsimd-intrinsics/vld1x2.c   -O3 -fomit-frame-pointer -funroll-loops -fpeel-loops -ftracer -finline-functions  compilation failed to produce executable
UNRESOLVED: gcc.target/aarch64/advsimd-intrinsics/vld1x2.c   -O3 -g  compilation failed to produce executable
UNRESOLVED: gcc.target/aarch64/advsimd-intrinsics/vld1x2.c   -Og -g  compilation failed to produce executable
UNRESOLVED: gcc.target/aarch64/advsimd-intrinsics/vld1x2.c   -Os  compilation failed to produce executable
UNRESOLVED: gcc.target/aarch64/advsimd-intrinsics/vld1x3.c   -O0  compilation failed to produce executable
UNRESOLVED: gcc.target/aarch64/advsimd-intrinsics/vld1x3.c   -O1  compilation failed to produce executable
UNRESOLVED: gcc.target/aarch64/advsimd-intrinsics/vld1x3.c   -O2  compilation failed to produce executable
UNRESOLVED: gcc.target/aarch64/advsimd-intrinsics/vld1x3.c   -O2 -flto -fno-use-linker-plugin -flto-partition=none  compilation failed to produce executable
UNRESOLVED: gcc.target/aarch64/advsimd-intrinsics/vld1x3.c   -O2 -flto -fuse-linker-plugin -fno-fat-lto-objects  compilation failed to produce executable
UNRESOLVED: gcc.target/aarch64/advsimd-intrinsics/vld1x3.c   -O3 -fomit-frame-pointer -funroll-loops -fpeel-loops -ftracer -finline-functions  compilation failed to produce executable
UNRESOLVED: gcc.target/aarch64/advsimd-intrinsics/vld1x3.c   -O3 -g  compilation failed to produce executable
UNRESOLVED: gcc.target/aarch64/advsimd-intrinsics/vld1x3.c   -Og -g  compilation failed to produce executable
UNRESOLVED: gcc.target/aarch64/advsimd-intrinsics/vld1x3.c   -Os  compilation failed to produce executable
UNRESOLVED: gcc.target/aarch64/advsimd-intrinsics/vld1x4.c   -O0  compilation failed to produce executable
UNRESOLVED: gcc.target/aarch64/advsimd-intrinsics/vld1x4.c   -O1  compilation failed to produce executable
UNRESOLVED: gcc.target/aarch64/advsimd-intrinsics/vld1x4.c   -O2  compilation failed to produce executable
UNRESOLVED: gcc.target/aarch64/advsimd-intrinsics/vld1x4.c   -O2 -flto -fno-use-linker-plugin -flto-partition=none  compilation failed to produce executable
UNRESOLVED: gcc.target/aarch64/advsimd-intrinsics/vld1x4.c   -O2 -flto -fuse-linker-plugin -fno-fat-lto-objects  compilation failed to produce executable
UNRESOLVED: gcc.target/aarch64/advsimd-intrinsics/vld1x4.c   -O3 -fomit-frame-pointer -funroll-loops -fpeel-loops -ftracer -finline-functions  compilation failed to produce executable
UNRESOLVED: gcc.target/aarch64/advsimd-intrinsics/vld1x4.c   -O3 -g  compilation failed to produce executable
UNRESOLVED: gcc.target/aarch64/advsimd-intrinsics/vld1x4.c   -Og -g  compilation failed to produce executable
UNRESOLVED: gcc.target/aarch64/advsimd-intrinsics/vld1x4.c   -Os  compilation failed to produce executable
UNRESOLVED: gcc.target/aarch64/advsimd-intrinsics/vst1x2.c   -O0  compilation failed to produce executable
UNRESOLVED: gcc.target/aarch64/advsimd-intrinsics/vst1x2.c   -O1  compilation failed to produce executable
UNRESOLVED: gcc.target/aarch64/advsimd-intrinsics/vst1x2.c   -O2  compilation failed to produce executable
UNRESOLVED: gcc.target/aarch64/advsimd-intrinsics/vst1x2.c   -O2 -flto -fno-use-linker-plugin -flto-partition=none  compilation failed to produce executable
UNRESOLVED: gcc.target/aarch64/advsimd-intrinsics/vst1x2.c   -O2 -flto -fuse-linker-plugin -fno-fat-lto-objects  compilation failed to produce executable
UNRESOLVED: gcc.target/aarch64/advsimd-intrinsics/vst1x2.c   -O3 -fomit-frame-pointer -funroll-loops -fpeel-loops -ftracer -finline-functions  compilation failed to produce executable
UNRESOLVED: gcc.target/aarch64/advsimd-intrinsics/vst1x2.c   -O3 -g  compilation failed to produce executable
UNRESOLVED: gcc.target/aarch64/advsimd-intrinsics/vst1x2.c   -Og -g  compilation failed to produce executable
UNRESOLVED: gcc.target/aarch64/advsimd-intrinsics/vst1x2.c   -Os  compilation failed to produce executable
UNRESOLVED: gcc.target/aarch64/advsimd-intrinsics/vst1x3.c   -O0  compilation failed to produce executable
UNRESOLVED: gcc.target/aarch64/advsimd-intrinsics/vst1x3.c   -O1  compilation failed to produce executable
UNRESOLVED: gcc.target/aarch64/advsimd-intrinsics/vst1x3.c   -O2  compilation failed to produce executable
UNRESOLVED: gcc.target/aarch64/advsimd-intrinsics/vst1x3.c   -O2 -flto -fno-use-linker-plugin -flto-partition=none  compilation failed to produce executable
UNRESOLVED: gcc.target/aarch64/advsimd-intrinsics/vst1x3.c   -O2 -flto -fuse-linker-plugin -fno-fat-lto-objects  compilation failed to produce executable
UNRESOLVED: gcc.target/aarch64/advsimd-intrinsics/vst1x3.c   -O3 -fomit-frame-pointer -funroll-loops -fpeel-loops -ftracer -finline-functions  compilation failed to produce executable
UNRESOLVED: gcc.target/aarch64/advsimd-intrinsics/vst1x3.c   -O3 -g  compilation failed to produce executable
UNRESOLVED: gcc.target/aarch64/advsimd-intrinsics/vst1x3.c   -Og -g  compilation failed to produce executable
UNRESOLVED: gcc.target/aarch64/advsimd-intrinsics/vst1x3.c   -Os  compilation failed to produce executable
UNRESOLVED: gcc.target/aarch64/advsimd-intrinsics/vst1x4.c   -O0  compilation failed to produce executable
UNRESOLVED: gcc.target/aarch64/advsimd-intrinsics/vst1x4.c   -O1  compilation failed to produce executable
UNRESOLVED: gcc.target/aarch64/advsimd-intrinsics/vst1x4.c   -O2  compilation failed to produce executable
UNRESOLVED: gcc.target/aarch64/advsimd-intrinsics/vst1x4.c   -O2 -flto -fno-use-linker-plugin -flto-partition=none  compilation failed to produce executable
UNRESOLVED: gcc.target/aarch64/advsimd-intrinsics/vst1x4.c   -O2 -flto -fuse-linker-plugin -fno-fat-lto-objects  compilation failed to produce executable
UNRESOLVED: gcc.target/aarch64/advsimd-intrinsics/vst1x4.c   -O3 -fomit-frame-pointer -funroll-loops -fpeel-loops -ftracer -finline-functions  compilation failed to produce executable
UNRESOLVED: gcc.target/aarch64/advsimd-intrinsics/vst1x4.c   -O3 -g  compilation failed to produce executable
UNRESOLVED: gcc.target/aarch64/advsimd-intrinsics/vst1x4.c   -Og -g  compilation failed to produce executable
UNRESOLVED: gcc.target/aarch64/advsimd-intrinsics/vst1x4.c   -Os  compilation failed to produce executable
FAIL: gcc.target/arm/acle/cde.c   -O1   check-function-bodies test_cde_cx1da
FAIL: gcc.target/arm/acle/cde.c   -O1   check-function-bodies test_cde_cx2da
FAIL: gcc.target/arm/acle/cde.c   -O1   check-function-bodies test_cde_cx3da
FAIL: gcc.target/arm/acle/cde.c   -O2   check-function-bodies test_cde_cx1da
FAIL: gcc.target/arm/acle/cde.c   -O2   check-function-bodies test_cde_cx2da
FAIL: gcc.target/arm/acle/cde.c   -O2   check-function-bodies test_cde_cx3da
FAIL: gcc.target/arm/acle/cde.c   -O3 -g   check-function-bodies test_cde_cx1da
FAIL: gcc.target/arm/acle/cde.c   -O3 -g   check-function-bodies test_cde_cx2da
FAIL: gcc.target/arm/acle/cde.c   -O3 -g   check-function-bodies test_cde_cx3da
FAIL: gcc.target/arm/acle/cde.c   -Os   check-function-bodies test_cde_cx1da
FAIL: gcc.target/arm/acle/cde.c   -Os   check-function-bodies test_cde_cx2da
FAIL: gcc.target/arm/acle/cde.c   -Os   check-function-bodies test_cde_cx3da
FAIL: gcc.target/arm/acle/cde.c  -O2 -flto -fno-use-linker-plugin -flto-partition=none -ffat-lto-objects  check-function-bodies test_cde_cx1da
FAIL: gcc.target/arm/acle/cde.c  -O2 -flto -fno-use-linker-plugin -flto-partition=none -ffat-lto-objects  check-function-bodies test_cde_cx2da
FAIL: gcc.target/arm/acle/cde.c  -O2 -flto -fno-use-linker-plugin -flto-partition=none -ffat-lto-objects  check-function-bodies test_cde_cx3da
FAIL: gcc.target/arm/acle/cde.c  -O2 -flto -fuse-linker-plugin -fno-fat-lto-objects -ffat-lto-objects  check-function-bodies test_cde_cx1da
FAIL: gcc.target/arm/acle/cde.c  -O2 -flto -fuse-linker-plugin -fno-fat-lto-objects -ffat-lto-objects  check-function-bodies test_cde_cx2da
FAIL: gcc.target/arm/acle/cde.c  -O2 -flto -fuse-linker-plugin -fno-fat-lto-objects -ffat-lto-objects  check-function-bodies test_cde_cx3da
FAIL: gcc.target/arm/addr-modes-float.c scan-assembler vst3.8\\t{d[02468], d[02468], d[02468]}, \\\\[r[0-9]+\\\\]!
FAIL: gcc.target/arm/addr-modes-float.c scan-assembler vst4.8\\t{d[02468], d[02468], d[02468], d[02468]}, \\\\[r[0-9]+\\\\]!
FAIL: gcc.target/arm/attr-neon.c scan-assembler-times vshl 1
FAIL: gcc.target/arm/attr-neon3.c scan-assembler-times vld1 1
FAIL: gcc.target/arm/bf16_dup.c (test for excess errors)
UNRESOLVED: gcc.target/arm/bf16_dup.c scan-assembler vdot.bf16\\\\td[0-9]+, d[0-9]+, d[0-9]+
UNRESOLVED: gcc.target/arm/bf16_dup.c scan-assembler vdup\\\\.16\\\\td[0-9]+, r[0-9]+
UNRESOLVED: gcc.target/arm/bf16_dup.c scan-assembler vdup\\\\.16\\\\tq[0-9]+, r[0-9]+
UNRESOLVED: gcc.target/arm/bf16_dup.c scan-assembler-times vdup\\\\.16\\\\td[0-9]+, d[0-9]+\\\\[1\\\\] 1
UNRESOLVED: gcc.target/arm/bf16_dup.c scan-assembler-times vdup\\\\.16\\\\tq[0-9]+, d[0-9]+\\\\[1\\\\] 1
FAIL: gcc.target/arm/bfloat16_simd_1_2.c (test for excess errors)
UNRESOLVED: gcc.target/arm/bfloat16_simd_1_2.c check-function-bodies stacktest1
UNRESOLVED: gcc.target/arm/bfloat16_simd_1_2.c check-function-bodies stacktest2
UNRESOLVED: gcc.target/arm/bfloat16_simd_1_2.c check-function-bodies stacktest3
FAIL: gcc.target/arm/bfloat16_simd_2_2.c (test for excess errors)
UNRESOLVED: gcc.target/arm/bfloat16_simd_2_2.c check-function-bodies stacktest1
UNRESOLVED: gcc.target/arm/bfloat16_simd_2_2.c check-function-bodies stacktest2
UNRESOLVED: gcc.target/arm/bfloat16_simd_2_2.c check-function-bodies stacktest3
FAIL: gcc.target/arm/bfloat16_simd_3_2.c (test for excess errors)
UNRESOLVED: gcc.target/arm/bfloat16_simd_3_2.c check-function-bodies stacktest1
UNRESOLVED: gcc.target/arm/bfloat16_simd_3_2.c check-function-bodies stacktest2
UNRESOLVED: gcc.target/arm/bfloat16_simd_3_2.c check-function-bodies stacktest3
FAIL: gcc.target/arm/negdi-2.c scan-assembler-times mov 1
FAIL: gcc.target/arm/neon-vfma-1.c scan-assembler vfma\\\\.f32[\\t]+[dDqQ]
FAIL: gcc.target/arm/neon-vfms-1.c scan-assembler vfms\\\\.f32[\\t]+[dDqQ]
FAIL: gcc.target/arm/neon-vlshr-imm-1.c scan-assembler vshr.u32.*#3
FAIL: gcc.target/arm/neon-vmla-1.c scan-assembler vmla\\\\.i32
FAIL: gcc.target/arm/neon-vmls-1.c scan-assembler vmls\\\\.i32
FAIL: gcc.target/arm/neon-vorn-vbic.c scan-assembler vbic\\\\t
FAIL: gcc.target/arm/neon-vorn-vbic.c scan-assembler vorn\\\\t
FAIL: gcc.target/arm/neon-vshl-imm-1.c scan-assembler vshl.i32.*#3
FAIL: gcc.target/arm/neon-vshr-imm-1.c scan-assembler vshr.s32.*#3
FAIL: gcc.target/arm/pr43920-2.c scan-assembler-times pop 2
FAIL: gcc.target/arm/pr51968.c (test for excess errors)
FAIL: gcc.target/arm/pr91603.c scan-assembler-times vld1.32 1
FAIL: gcc.target/arm/pr91603.c scan-assembler-times vldr 1
FAIL: gcc.target/arm/pr91603.c scan-assembler-times vst1.32 1
FAIL: gcc.target/arm/pr91603.c scan-assembler-times vstr 1
FAIL: gcc.target/arm/simd/bf16_vldn_1.c check-function-bodies test_vld2_bf16
FAIL: gcc.target/arm/simd/bf16_vldn_1.c check-function-bodies test_vld2_dup_bf16
FAIL: gcc.target/arm/simd/bf16_vldn_1.c check-function-bodies test_vld2q_bf16
FAIL: gcc.target/arm/simd/bf16_vldn_1.c check-function-bodies test_vld2q_dup_bf16
FAIL: gcc.target/arm/simd/bf16_vldn_1.c check-function-bodies test_vld3_bf16
FAIL: gcc.target/arm/simd/bf16_vldn_1.c check-function-bodies test_vld3_dup_bf16
FAIL: gcc.target/arm/simd/bf16_vldn_1.c check-function-bodies test_vld3q_bf16
FAIL: gcc.target/arm/simd/bf16_vldn_1.c check-function-bodies test_vld3q_dup_bf16
FAIL: gcc.target/arm/simd/bf16_vldn_1.c check-function-bodies test_vld4_bf16
FAIL: gcc.target/arm/simd/bf16_vldn_1.c check-function-bodies test_vld4_dup_bf16
FAIL: gcc.target/arm/simd/bf16_vldn_1.c check-function-bodies test_vld4q_bf16
FAIL: gcc.target/arm/simd/bf16_vldn_1.c check-function-bodies test_vld4q_dup_bf16
FAIL: gcc.target/arm/simd/bf16_vstn_1.c check-function-bodies test_vst2_bf16
FAIL: gcc.target/arm/simd/bf16_vstn_1.c check-function-bodies test_vst2q_bf16
FAIL: gcc.target/arm/simd/bf16_vstn_1.c check-function-bodies test_vst3_bf16
FAIL: gcc.target/arm/simd/bf16_vstn_1.c check-function-bodies test_vst3q_bf16
FAIL: gcc.target/arm/simd/bf16_vstn_1.c check-function-bodies test_vst4_bf16
FAIL: gcc.target/arm/simd/bf16_vstn_1.c check-function-bodies test_vst4q_bf16
FAIL: gcc.target/arm/simd/vdot-2-1.c (test for excess errors)
FAIL: gcc.target/arm/simd/vdot-2-2.c (test for excess errors)
FAIL: gcc.target/arm/simd/vmmla_1.c (test for excess errors)

		=== gcc Summary ===

# of expected passes		132898
# of unexpected failures	188
# of unexpected successes	31
# of expected failures		884
# of unresolved testcases	68
# of unsupported tests		7635
/tmp/7836753_26.tmpdir/aci-gcc-fsf/builds/gcc-fsf-gccsrc-thumb/obj-armeb-none-linux-gnueabihf/gcc3/gcc/xgcc  version 10.2.1  (DEFMODE=thumb DEFCPU=cortex-a9 DEFFPU=neon-fp16 TESTFLAGS=) [r10-9100] (GCC) 

Host   is x86_64-pc-linux-gnu

		=== gfortran tests ===


Running target qemu
FAIL: gfortran.dg/analyzer/pr93993.f90   -O  (test for excess errors)
FAIL: gfortran.dg/pr45636.f90   -O   scan-tree-dump-times forwprop2 "memset" 0
FAIL: gfortran.dg/pr95690.f90   -O   (test for errors, line 5)
FAIL: gfortran.dg/pr95690.f90   -O  (test for excess errors)
FAIL: gfortran.dg/ieee/ieee_6.f90   -O0  execution test
FAIL: gfortran.dg/ieee/ieee_6.f90   -O1  execution test
FAIL: gfortran.dg/ieee/ieee_6.f90   -O2  execution test
FAIL: gfortran.dg/ieee/ieee_6.f90   -O3 -fomit-frame-pointer -funroll-loops -fpeel-loops -ftracer -finline-functions  execution test
FAIL: gfortran.dg/ieee/ieee_6.f90   -O3 -g  execution test
FAIL: gfortran.dg/ieee/ieee_6.f90   -Os  execution test
XPASS: gfortran.dg/ieee/ieee_8.f90   -O0  execution test
XPASS: gfortran.dg/ieee/ieee_8.f90   -O1  execution test
XPASS: gfortran.dg/ieee/ieee_8.f90   -O2  execution test
XPASS: gfortran.dg/ieee/ieee_8.f90   -O3 -fomit-frame-pointer -funroll-loops -fpeel-loops -ftracer -finline-functions  execution test
XPASS: gfortran.dg/ieee/ieee_8.f90   -O3 -g  execution test
XPASS: gfortran.dg/ieee/ieee_8.f90   -Os  execution test
FAIL: gfortran.dg/ieee/ieee_9.f90   -O0  (test for excess errors)
UNRESOLVED: gfortran.dg/ieee/ieee_9.f90   -O0  compilation failed to produce executable
FAIL: gfortran.dg/ieee/ieee_9.f90   -O1  (test for excess errors)
UNRESOLVED: gfortran.dg/ieee/ieee_9.f90   -O1  compilation failed to produce executable
FAIL: gfortran.dg/ieee/ieee_9.f90   -O2  (test for excess errors)
UNRESOLVED: gfortran.dg/ieee/ieee_9.f90   -O2  compilation failed to produce executable
FAIL: gfortran.dg/ieee/ieee_9.f90   -O3 -fomit-frame-pointer -funroll-loops -fpeel-loops -ftracer -finline-functions  (test for excess errors)
UNRESOLVED: gfortran.dg/ieee/ieee_9.f90   -O3 -fomit-frame-pointer -funroll-loops -fpeel-loops -ftracer -finline-functions  compilation failed to produce executable
FAIL: gfortran.dg/ieee/ieee_9.f90   -O3 -g  (test for excess errors)
UNRESOLVED: gfortran.dg/ieee/ieee_9.f90   -O3 -g  compilation failed to produce executable
FAIL: gfortran.dg/ieee/ieee_9.f90   -Os  (test for excess errors)
UNRESOLVED: gfortran.dg/ieee/ieee_9.f90   -Os  compilation failed to produce executable
FAIL: gfortran.dg/vect/pr32380.f   -O   scan-tree-dump-times vect "vectorized 1 loops" 1
FAIL: gfortran.dg/vect/pr62283-2.f   -O   scan-tree-dump slp2 "basic block vectorized"
FAIL: gfortran.dg/vect/vect-2.f90   -O   scan-tree-dump-times vect "Alignment of access forced using versioning." 3

		=== gfortran Summary ===

# of expected passes		53068
# of unexpected failures	19
# of unexpected successes	6
# of expected failures		222
# of unresolved testcases	6
# of unsupported tests		392
/tmp/7836753_26.tmpdir/aci-gcc-fsf/builds/gcc-fsf-gccsrc-thumb/obj-armeb-none-linux-gnueabihf/gcc3/gcc/gfortran  version 10.2.1  (DEFMODE=thumb DEFCPU=cortex-a9 DEFFPU=neon-fp16 TESTFLAGS=) [r10-9100] (GCC) 

Host   is x86_64-pc-linux-gnu

		=== g++ tests ===


Running target qemu
WARNING: skipping asan tests due to ulimit -v
WARNING: skipping asan tests due to ulimit -v
WARNING: skipping asan tests due to ulimit -v
WARNING: skipping asan tests due to ulimit -v
WARNING: skipping asan tests due to ulimit -v
FAIL: g++.dg/abi/scoped1.C  -std=gnu++14 execution test
FAIL: g++.dg/abi/scoped1.C  -std=gnu++17 execution test
FAIL: g++.dg/abi/scoped1.C  -std=gnu++2a execution test
FAIL: g++.dg/opt/store-merging-2.C  -std=gnu++14  scan-tree-dump store-merging "New sequence of 2 stores to replace old one of 3 stores"
FAIL: g++.dg/opt/store-merging-2.C  -std=gnu++17  scan-tree-dump store-merging "New sequence of 2 stores to replace old one of 3 stores"
FAIL: g++.dg/opt/store-merging-2.C  -std=gnu++2a  scan-tree-dump store-merging "New sequence of 2 stores to replace old one of 3 stores"
FAIL: g++.dg/opt/store-merging-2.C  -std=gnu++98  scan-tree-dump store-merging "New sequence of 2 stores to replace old one of 3 stores"
FAIL: g++.dg/other/pr55073.C  -std=gnu++14 execution test
FAIL: g++.dg/other/pr55073.C  -std=gnu++17 execution test
FAIL: g++.dg/other/pr55073.C  -std=gnu++2a execution test
FAIL: g++.dg/other/pr55073.C  -std=gnu++98 execution test
FAIL: g++.dg/lto/pr65276 cp_lto_pr65276_0.o-cp_lto_pr65276_1.o link, -flto -O0 -std=c++11

		=== g++ Summary ===

# of expected passes		184428
# of unexpected failures	12
# of expected failures		886
# of unsupported tests		11129
/tmp/7836753_26.tmpdir/aci-gcc-fsf/builds/gcc-fsf-gccsrc-thumb/obj-armeb-none-linux-gnueabihf/gcc3/gcc/xg++  version 10.2.1  (DEFMODE=thumb DEFCPU=cortex-a9 DEFFPU=neon-fp16 TESTFLAGS=) [r10-9100] (GCC) 


Compiler version: 10.2.1 (DEFMODE=thumb DEFCPU=cortex-a9 DEFFPU=neon-fp16 TESTFLAGS=) [r10-9100] (GCC) 
Platform: armeb-none-linux-gnueabihf
configure flags: --target=armeb-none-linux-gnueabihf --prefix=/tmp/7836753_26.tmpdir/aci-gcc-fsf/builds/gcc-fsf-gccsrc-thumb/tools --with-sysroot=/tmp/7836753_26.tmpdir/aci-gcc-fsf/builds/gcc-fsf-gccsrc-thumb/sysroot-armeb-none-linux-gnueabihf --disable-nls --disable-libgomp --disable-libmudflap --disable-libcilkrts --enable-checking --enable-languages=c,c++,fortran --with-float=hard --enable-build-with-cxx --with-mode=thumb --with-cpu=cortex-a9 --with-fpu=neon-fp16


More information about the Gcc-testresults mailing list