Results for 8.4.1 (DEFMODE=default DEFCPU=default DEFFPU=default TESTFLAGS=) [r8-10661] (GCC) testsuite on aarch64_be-none-elf

Christophe LYON christophe.lyon@st.com
Tue Dec 1 19:32:23 GMT 2020


LAST_UPDATED: Tue Dec  1 18:25:33 UTC 2020 (revision r8-10661-g1cd95acac5a521937b205ace0db3f1a042561dd8) TARGET=aarch64_be-none-elf CPU=default FPU=default MODE=default

Target is aarch64_be-none-elf
Host   is aarch64_be-none-elf

		=== libstdc++ tests ===


Running target aarch64-none-elf-foundation
XPASS: 21_strings/basic_string/numeric_conversions/char/stod.cc execution test
XPASS: 21_strings/basic_string/numeric_conversions/wchar_t/stod.cc execution test
FAIL: 22_locale/money_get/get/char/5.cc execution test
FAIL: 22_locale/money_get/get/wchar_t/5.cc execution test
FAIL: 22_locale/num_get/get/char/39168.cc execution test
FAIL: 22_locale/num_get/get/char/4.cc execution test
FAIL: 22_locale/num_get/get/wchar_t/39168.cc execution test
FAIL: 22_locale/num_get/get/wchar_t/4.cc execution test
FAIL: 26_numerics/complex/inserters_extractors/char/1.cc execution test
FAIL: 26_numerics/complex/inserters_extractors/wchar_t/1.cc execution test
FAIL: 27_io/basic_istream/extractors_arithmetic/char/01.cc execution test
FAIL: 27_io/basic_istream/extractors_arithmetic/char/12.cc execution test
FAIL: 27_io/basic_istream/extractors_arithmetic/wchar_t/01.cc execution test
FAIL: 27_io/basic_istream/extractors_arithmetic/wchar_t/12.cc execution test

		=== libstdc++ Summary ===

# of expected passes		10414
# of unexpected failures	12
# of unexpected successes	2
# of expected failures		74
# of unsupported tests		838
Host   is x86_64-pc-linux-gnu

		=== gcc tests ===


Running target aarch64-none-elf-foundation
FAIL: gcc.dg/attr-weakref-1.c (test for excess errors)
UNRESOLVED: gcc.dg/attr-weakref-1.c compilation failed to produce executable

		=== gcc Summary ===

# of expected passes		113922
# of unexpected failures	1
# of expected failures		354
# of unresolved testcases	1
# of unsupported tests		3456
/tmp/7768642_34.tmpdir/aci-gcc-fsf/builds/gcc-fsf-gccsrc/obj-aarch64_be-none-elf/gcc3/gcc/xgcc  version 8.4.1  (DEFMODE=default DEFCPU=default DEFFPU=default TESTFLAGS=) [r8-10661] (GCC) 

Host   is x86_64-pc-linux-gnu

		=== g++ tests ===


Running target aarch64-none-elf-foundation
FAIL: g++.dg/pr83239.C  -std=gnu++98 (test for excess errors)

		=== g++ Summary ===

# of expected passes		104760
# of unexpected failures	1
# of expected failures		457
# of unsupported tests		5542
/tmp/7768642_34.tmpdir/aci-gcc-fsf/builds/gcc-fsf-gccsrc/obj-aarch64_be-none-elf/gcc3/gcc/xg++  version 8.4.1  (DEFMODE=default DEFCPU=default DEFFPU=default TESTFLAGS=) [r8-10661] (GCC) 


Compiler version: 8.4.1 (DEFMODE=default DEFCPU=default DEFFPU=default TESTFLAGS=) [r8-10661] (GCC) 
Platform: aarch64_be-none-elf
configure flags: --target=aarch64_be-none-elf --prefix=/tmp/7768642_34.tmpdir/aci-gcc-fsf/builds/gcc-fsf-gccsrc/tools --with-sysroot=/tmp/7768642_34.tmpdir/aci-gcc-fsf/builds/gcc-fsf-gccsrc/sysroot-aarch64_be-none-elf --disable-nls --disable-libgomp --disable-libmudflap --disable-libcilkrts --enable-checking --enable-languages=c,c++ --with-newlib --disable-tls


More information about the Gcc-testresults mailing list