Results for 8.4.1 (DEFMODE=default DEFCPU=default DEFFPU=default TESTFLAGS=-mabi=ilp32) [r8-10660] (GCC) testsuite on aarch64-none-elf

Christophe LYON christophe.lyon@st.com
Tue Dec 1 18:56:30 GMT 2020


LAST_UPDATED: Tue Dec  1 17:39:09 UTC 2020 (revision r8-10660-g70ac96884811b6971b44a7ffa94d637f612e6cc4) TARGET=aarch64-none-elf CPU=default FPU=default MODE=default

Target is aarch64-none-elf
Host   is aarch64-none-elf

		=== libstdc++ tests ===


Running target aarch64-none-elf-foundation/-mabi=ilp32
XPASS: 21_strings/basic_string/numeric_conversions/char/stod.cc execution test
XPASS: 21_strings/basic_string/numeric_conversions/wchar_t/stod.cc execution test
FAIL: 22_locale/money_get/get/char/5.cc execution test
FAIL: 22_locale/money_get/get/wchar_t/5.cc execution test
FAIL: 22_locale/num_get/get/char/39168.cc execution test
FAIL: 22_locale/num_get/get/char/4.cc execution test
FAIL: 22_locale/num_get/get/wchar_t/39168.cc execution test
FAIL: 22_locale/num_get/get/wchar_t/4.cc execution test
FAIL: 26_numerics/complex/inserters_extractors/char/1.cc execution test
FAIL: 26_numerics/complex/inserters_extractors/wchar_t/1.cc execution test
FAIL: 27_io/basic_istream/extractors_arithmetic/char/01.cc execution test
FAIL: 27_io/basic_istream/extractors_arithmetic/char/12.cc execution test
FAIL: 27_io/basic_istream/extractors_arithmetic/wchar_t/01.cc execution test
FAIL: 27_io/basic_istream/extractors_arithmetic/wchar_t/12.cc execution test

		=== libstdc++ Summary ===

# of expected passes		10430
# of unexpected failures	12
# of unexpected successes	2
# of expected failures		74
# of unsupported tests		830
Host   is x86_64-pc-linux-gnu

		=== gcc tests ===


Running target aarch64-none-elf-foundation/-mabi=ilp32
FAIL: gcc.dg/attr-weakref-1.c (test for excess errors)
UNRESOLVED: gcc.dg/attr-weakref-1.c compilation failed to produce executable
FAIL: gcc.dg/tree-ssa/sra-17.c scan-tree-dump-times esra "Removing load: a = \\\\*.?L.?C.?.?.?0;" 1
FAIL: gcc.dg/tree-ssa/sra-17.c scan-tree-dump-times esra "SR\\\\.[0-9_]+ = \\\\*.?L.?C.?.?.?0\\\\[" 4
FAIL: gcc.dg/tree-ssa/sra-18.c scan-tree-dump-times esra "Removing load: a = \\\\*.?L.?C.?.?.?0;" 1
FAIL: gcc.dg/tree-ssa/sra-18.c scan-tree-dump-times esra "SR\\\\.[0-9_]+ = \\\\*.?L.?C.?.?.?0\\\\.b\\\\[0\\\\]\\\\.f\\\\[0\\\\]\\\\.x" 1
FAIL: gcc.dg/tree-ssa/sra-18.c scan-tree-dump-times esra "SR\\\\.[0-9_]+ = \\\\*.?L.?C.?.?.?0\\\\.b\\\\[0\\\\]\\\\.f\\\\[1\\\\]\\\\.x" 1
FAIL: gcc.dg/tree-ssa/sra-18.c scan-tree-dump-times esra "SR\\\\.[0-9_]+ = \\\\*.?L.?C.?.?.?0\\\\.b\\\\[1\\\\]\\\\.f\\\\[0\\\\]\\\\.x" 1
FAIL: gcc.dg/tree-ssa/sra-18.c scan-tree-dump-times esra "SR\\\\.[0-9_]+ = \\\\*.?L.?C.?.?.?0\\\\.b\\\\[1\\\\]\\\\.f\\\\[1\\\\]\\\\.x" 1
FAIL: gcc.dg/vect/vect-mult-const-pattern-1.c -flto -ffat-lto-objects  scan-tree-dump-times vect "vect_recog_mult_pattern: detected" 2
FAIL: gcc.dg/vect/vect-mult-const-pattern-1.c scan-tree-dump-times vect "vect_recog_mult_pattern: detected" 2
FAIL: gcc.dg/vect/vect-mult-const-pattern-2.c -flto -ffat-lto-objects  scan-tree-dump-times vect "vect_recog_mult_pattern: detected" 2
FAIL: gcc.dg/vect/vect-mult-const-pattern-2.c scan-tree-dump-times vect "vect_recog_mult_pattern: detected" 2
FAIL: gcc.dg/vect/vect-rounding-lceil.c -flto -ffat-lto-objects  scan-tree-dump-times vect "vectorized 1 loops" 1
FAIL: gcc.dg/vect/vect-rounding-lceil.c scan-tree-dump-times vect "vectorized 1 loops" 1
FAIL: gcc.dg/vect/vect-rounding-lfloor.c -flto -ffat-lto-objects  scan-tree-dump-times vect "vectorized 1 loops" 1
FAIL: gcc.dg/vect/vect-rounding-lfloor.c scan-tree-dump-times vect "vectorized 1 loops" 1
FAIL: gcc.target/aarch64/aapcs64/func-ret-1.c execution,  -O0 
FAIL: gcc.target/aarch64/aapcs64/func-ret-1.c execution,  -O1 
FAIL: gcc.target/aarch64/aapcs64/func-ret-1.c execution,  -O2 
FAIL: gcc.target/aarch64/aapcs64/func-ret-1.c execution,  -O3 -g 
FAIL: gcc.target/aarch64/aapcs64/func-ret-1.c execution,  -Og -g 
FAIL: gcc.target/aarch64/aapcs64/func-ret-1.c execution,  -Os 
FAIL: gcc.target/aarch64/aapcs64/func-ret-2.c execution,  -O0 
FAIL: gcc.target/aarch64/aapcs64/func-ret-2.c execution,  -O1 
FAIL: gcc.target/aarch64/aapcs64/func-ret-2.c execution,  -O2 
FAIL: gcc.target/aarch64/aapcs64/func-ret-2.c execution,  -O3 -g 
FAIL: gcc.target/aarch64/aapcs64/func-ret-2.c execution,  -Og -g 
FAIL: gcc.target/aarch64/aapcs64/func-ret-2.c execution,  -Os 
FAIL: gcc.target/aarch64/aapcs64/func-ret-3.c execution,  -O0 
FAIL: gcc.target/aarch64/aapcs64/func-ret-3.c execution,  -O1 
FAIL: gcc.target/aarch64/aapcs64/func-ret-3.c execution,  -O2 
FAIL: gcc.target/aarch64/aapcs64/func-ret-3.c execution,  -O3 -g 
FAIL: gcc.target/aarch64/aapcs64/func-ret-3.c execution,  -Og -g 
FAIL: gcc.target/aarch64/aapcs64/func-ret-3.c execution,  -Os 
FAIL: gcc.target/aarch64/aapcs64/func-ret-4.c execution,  -O0 
FAIL: gcc.target/aarch64/aapcs64/func-ret-4.c execution,  -O1 
FAIL: gcc.target/aarch64/aapcs64/func-ret-4.c execution,  -O2 
FAIL: gcc.target/aarch64/aapcs64/func-ret-4.c execution,  -O3 -g 
FAIL: gcc.target/aarch64/aapcs64/func-ret-4.c execution,  -Og -g 
FAIL: gcc.target/aarch64/aapcs64/func-ret-4.c execution,  -Os 
FAIL: gcc.target/aarch64/aapcs64/func-ret-64x1_1.c execution,  -O0 
FAIL: gcc.target/aarch64/aapcs64/func-ret-64x1_1.c execution,  -O1 
FAIL: gcc.target/aarch64/aapcs64/func-ret-64x1_1.c execution,  -O2 
FAIL: gcc.target/aarch64/aapcs64/func-ret-64x1_1.c execution,  -O3 -g 
FAIL: gcc.target/aarch64/aapcs64/func-ret-64x1_1.c execution,  -Og -g 
FAIL: gcc.target/aarch64/aapcs64/func-ret-64x1_1.c execution,  -Os 
FAIL: gcc.target/aarch64/extend.c scan-assembler ldr\\tw[0-9]+,.*sxtw #?2]
FAIL: gcc.target/aarch64/extend.c scan-assembler ldr\\tw[0-9]+,.*sxtw]
FAIL: gcc.target/aarch64/extend.c scan-assembler ldr\\tw[0-9]+,.*uxtw #?2]
FAIL: gcc.target/aarch64/extend.c scan-assembler ldr\\tw[0-9]+,.*uxtw]
FAIL: gcc.target/aarch64/fix_trunc1.c scan-assembler fcvtzs\\\\td[0-9]+, d[0-9]+
FAIL: gcc.target/aarch64/fix_trunc1.c scan-assembler scvtf\\\\td[0-9]+, d[0-9]+
FAIL: gcc.target/aarch64/fmul_fcvt_1.c scan-assembler-times fcvtzs\\tx[0-9], s[0-9]*.*#2 1
FAIL: gcc.target/aarch64/fmul_fcvt_1.c scan-assembler-times fcvtzs\\tx[0-9], s[0-9]*.*#3 1
FAIL: gcc.target/aarch64/fmul_fcvt_1.c scan-assembler-times fcvtzs\\tx[0-9], s[0-9]*.*#4 1
FAIL: gcc.target/aarch64/fmul_fcvt_1.c scan-assembler-times fcvtzs\\tx[0-9], s[0-9]*.*#5 1
FAIL: gcc.target/aarch64/fmul_fcvt_1.c scan-assembler-times fcvtzu\\tx[0-9], s[0-9]*.*#2 1
FAIL: gcc.target/aarch64/fmul_fcvt_1.c scan-assembler-times fcvtzu\\tx[0-9], s[0-9]*.*#3 1
FAIL: gcc.target/aarch64/fmul_fcvt_1.c scan-assembler-times fcvtzu\\tx[0-9], s[0-9]*.*#4 1
FAIL: gcc.target/aarch64/fmul_fcvt_1.c scan-assembler-times fcvtzu\\tx[0-9], s[0-9]*.*#5 1
FAIL: gcc.target/aarch64/index.c scan-assembler-not [us]xtw\\t
XPASS: gcc.target/aarch64/ldp_vec_64_1.c scan-assembler ldp\\td[0-9]+, d[0-9]
FAIL: gcc.target/aarch64/pr62178.c scan-assembler ldr\\\\tq[0-9]+, \\\\[x[0-9]+\\\\], [0-9]+
FAIL: gcc.target/aarch64/prfm_imm_offset_1.c scan-assembler-times prfm.*\\\\[x[0-9]+, 8\\\\] 1
FAIL: gcc.target/aarch64/subsp.c scan-assembler sub\\tsp, sp, x[0-9]*, sxtw 4\\n
FAIL: gcc.target/aarch64/symbol-range.c (test for excess errors)
UNRESOLVED: gcc.target/aarch64/symbol-range.c scan-assembler-not adrp\\tx[0-9]+, fixed_regs\\\\+

		=== gcc Summary ===

# of expected passes		110487
# of unexpected failures	65
# of unexpected successes	1
# of expected failures		324
# of unresolved testcases	2
# of unsupported tests		3540
/tmp/7768352_33.tmpdir/aci-gcc-fsf/builds/gcc-fsf-gccsrc/obj-aarch64-none-elf/gcc3/gcc/xgcc  version 8.4.1  (DEFMODE=default DEFCPU=default DEFFPU=default TESTFLAGS=-mabi=ilp32) [r8-10660] (GCC) 

Host   is x86_64-pc-linux-gnu

		=== g++ tests ===


Running target aarch64-none-elf-foundation/-mabi=ilp32
FAIL: g++.dg/pr83239.C  -std=gnu++98 (test for excess errors)

		=== g++ Summary ===

# of expected passes		104566
# of unexpected failures	1
# of expected failures		454
# of unsupported tests		5541
/tmp/7768352_33.tmpdir/aci-gcc-fsf/builds/gcc-fsf-gccsrc/obj-aarch64-none-elf/gcc3/gcc/xg++  version 8.4.1  (DEFMODE=default DEFCPU=default DEFFPU=default TESTFLAGS=-mabi=ilp32) [r8-10660] (GCC) 


Compiler version: 8.4.1 (DEFMODE=default DEFCPU=default DEFFPU=default TESTFLAGS=-mabi=ilp32) [r8-10660] (GCC) 
Platform: aarch64-none-elf
configure flags: --target=aarch64-none-elf --prefix=/tmp/7768352_33.tmpdir/aci-gcc-fsf/builds/gcc-fsf-gccsrc/tools --with-sysroot=/tmp/7768352_33.tmpdir/aci-gcc-fsf/builds/gcc-fsf-gccsrc/sysroot-aarch64-none-elf --disable-nls --disable-libgomp --disable-libmudflap --disable-libcilkrts --enable-checking --enable-languages=c,c++ --with-newlib --disable-tls


More information about the Gcc-testresults mailing list