Results for 10.2.1 (DEFMODE=default DEFCPU=default DEFFPU=default TESTFLAGS=) [r10-9098] (GCC) testsuite on aarch64-none-linux-gnu

Christophe LYON christophe.lyon@st.com
Tue Dec 1 12:24:18 GMT 2020


LAST_UPDATED: Tue Dec  1 10:41:18 UTC 2020 (revision r10-9098-g9d769cdde26d87043da0e1ffdee51010a71f49c2) TARGET=aarch64-none-linux-gnu CPU=default FPU=default MODE=default

Target is aarch64-none-linux-gnu
Host   is aarch64-none-linux-gnu

		=== libatomic tests ===


Running target qemu

		=== libatomic Summary ===

# of expected passes		54
Host   is aarch64-none-linux-gnu

		=== libitm tests ===


Running target qemu

		=== libitm Summary ===

# of expected passes		42
# of expected failures		3
# of unsupported tests		1
Host   is aarch64-none-linux-gnu

		=== libstdc++ tests ===


Running target qemu

		=== libstdc++ Summary ===

# of expected passes		13366
# of expected failures		93
# of unsupported tests		722
Host   is x86_64-pc-linux-gnu

		=== gcc tests ===


Running target qemu
FAIL: gcc.c-torture/execute/alias-2.c   -O1  execution test
FAIL: gcc.c-torture/execute/alias-2.c   -O2  execution test
FAIL: gcc.c-torture/execute/alias-2.c   -O2 -flto -fno-use-linker-plugin -flto-partition=none  execution test
FAIL: gcc.c-torture/execute/alias-2.c   -O3 -g  execution test
FAIL: gcc.c-torture/execute/alias-2.c   -Os  execution test
WARNING: skipping asan tests due to ulimit -v
WARNING: skipping asan tests due to ulimit -v
WARNING: skipping asan tests due to ulimit -v
WARNING: skipping asan tests due to ulimit -v
WARNING: skipping asan tests due to ulimit -v
WARNING: skipping asan tests due to ulimit -v
WARNING: skipping asan tests due to ulimit -v
WARNING: skipping asan tests due to ulimit -v
WARNING: skipping asan tests due to ulimit -v
WARNING: skipping asan tests due to ulimit -v
FAIL: gcc.dg/debug/dwarf2/pr97060.c scan-assembler-times DW_AT_declaration 2
FAIL: gcc.dg/gomp/pr89104.c (test for excess errors)
FAIL: c-c++-common/ubsan/null-1.c   -O0  execution test
FAIL: c-c++-common/ubsan/null-1.c   -O1  execution test
FAIL: c-c++-common/ubsan/null-1.c   -O2  execution test
FAIL: c-c++-common/ubsan/null-1.c   -O2 -flto -fno-use-linker-plugin -flto-partition=none  execution test
FAIL: c-c++-common/ubsan/null-1.c   -O2 -flto -fuse-linker-plugin -fno-fat-lto-objects  execution test
FAIL: c-c++-common/ubsan/null-1.c   -O3 -g  execution test
FAIL: c-c++-common/ubsan/null-1.c   -Os  execution test
FAIL: c-c++-common/ubsan/null-10.c   -O0  execution test
FAIL: c-c++-common/ubsan/null-10.c   -O1  execution test
FAIL: c-c++-common/ubsan/null-10.c   -O2  execution test
FAIL: c-c++-common/ubsan/null-10.c   -O2 -flto -fno-use-linker-plugin -flto-partition=none  execution test
FAIL: c-c++-common/ubsan/null-10.c   -O2 -flto -fuse-linker-plugin -fno-fat-lto-objects  execution test
FAIL: c-c++-common/ubsan/null-10.c   -O3 -g  execution test
FAIL: c-c++-common/ubsan/null-10.c   -Os  execution test
FAIL: c-c++-common/ubsan/null-11.c   -O0  execution test
FAIL: c-c++-common/ubsan/null-11.c   -O1  execution test
FAIL: c-c++-common/ubsan/null-11.c   -O2  execution test
FAIL: c-c++-common/ubsan/null-11.c   -O2 -flto -fno-use-linker-plugin -flto-partition=none  execution test
FAIL: c-c++-common/ubsan/null-11.c   -O2 -flto -fuse-linker-plugin -fno-fat-lto-objects  execution test
FAIL: c-c++-common/ubsan/null-11.c   -O3 -g  execution test
FAIL: c-c++-common/ubsan/null-11.c   -Os  execution test
FAIL: c-c++-common/ubsan/null-2.c   -O0  execution test
FAIL: c-c++-common/ubsan/null-2.c   -O1  execution test
FAIL: c-c++-common/ubsan/null-2.c   -O2  execution test
FAIL: c-c++-common/ubsan/null-2.c   -O2 -flto -fno-use-linker-plugin -flto-partition=none  execution test
FAIL: c-c++-common/ubsan/null-2.c   -O2 -flto -fuse-linker-plugin -fno-fat-lto-objects  execution test
FAIL: c-c++-common/ubsan/null-2.c   -O3 -g  execution test
FAIL: c-c++-common/ubsan/null-2.c   -Os  execution test
FAIL: c-c++-common/ubsan/null-3.c   -O0  execution test
FAIL: c-c++-common/ubsan/null-3.c   -O1  execution test
FAIL: c-c++-common/ubsan/null-3.c   -O2  execution test
FAIL: c-c++-common/ubsan/null-3.c   -O2 -flto -fno-use-linker-plugin -flto-partition=none  execution test
FAIL: c-c++-common/ubsan/null-3.c   -O2 -flto -fuse-linker-plugin -fno-fat-lto-objects  execution test
FAIL: c-c++-common/ubsan/null-3.c   -O3 -g  execution test
FAIL: c-c++-common/ubsan/null-3.c   -Os  execution test
FAIL: c-c++-common/ubsan/null-4.c   -O0  execution test
FAIL: c-c++-common/ubsan/null-4.c   -O1  execution test
FAIL: c-c++-common/ubsan/null-4.c   -O2  execution test
FAIL: c-c++-common/ubsan/null-4.c   -O2 -flto -fno-use-linker-plugin -flto-partition=none  execution test
FAIL: c-c++-common/ubsan/null-4.c   -O2 -flto -fuse-linker-plugin -fno-fat-lto-objects  execution test
FAIL: c-c++-common/ubsan/null-4.c   -O3 -g  execution test
FAIL: c-c++-common/ubsan/null-4.c   -Os  execution test
FAIL: c-c++-common/ubsan/null-5.c   -O0  execution test
FAIL: c-c++-common/ubsan/null-5.c   -O1  execution test
FAIL: c-c++-common/ubsan/null-5.c   -O2  execution test
FAIL: c-c++-common/ubsan/null-5.c   -O2 -flto -fno-use-linker-plugin -flto-partition=none  execution test
FAIL: c-c++-common/ubsan/null-5.c   -O2 -flto -fuse-linker-plugin -fno-fat-lto-objects  execution test
FAIL: c-c++-common/ubsan/null-5.c   -O3 -g  execution test
FAIL: c-c++-common/ubsan/null-5.c   -Os  execution test
FAIL: c-c++-common/ubsan/null-7.c   -O0  execution test
FAIL: c-c++-common/ubsan/null-7.c   -O1  execution test
FAIL: c-c++-common/ubsan/null-7.c   -O2  execution test
FAIL: c-c++-common/ubsan/null-7.c   -O2 -flto -fno-use-linker-plugin -flto-partition=none  execution test
FAIL: c-c++-common/ubsan/null-7.c   -O2 -flto -fuse-linker-plugin -fno-fat-lto-objects  execution test
FAIL: c-c++-common/ubsan/null-7.c   -O3 -g  execution test
FAIL: c-c++-common/ubsan/null-7.c   -Os  execution test
FAIL: c-c++-common/ubsan/null-8.c   -O0  execution test
FAIL: c-c++-common/ubsan/null-8.c   -O1  execution test
FAIL: c-c++-common/ubsan/null-8.c   -O2  execution test
FAIL: c-c++-common/ubsan/null-8.c   -O2 -flto -fno-use-linker-plugin -flto-partition=none  execution test
FAIL: c-c++-common/ubsan/null-8.c   -O2 -flto -fuse-linker-plugin -fno-fat-lto-objects  execution test
FAIL: c-c++-common/ubsan/null-8.c   -O3 -g  execution test
FAIL: c-c++-common/ubsan/null-8.c   -Os  execution test
FAIL: c-c++-common/ubsan/null-9.c   -O0  execution test
FAIL: c-c++-common/ubsan/null-9.c   -O1  execution test
FAIL: c-c++-common/ubsan/null-9.c   -O2  execution test
FAIL: c-c++-common/ubsan/null-9.c   -O2 -flto -fno-use-linker-plugin -flto-partition=none  execution test
FAIL: c-c++-common/ubsan/null-9.c   -O2 -flto -fuse-linker-plugin -fno-fat-lto-objects  execution test
FAIL: c-c++-common/ubsan/null-9.c   -O3 -g  execution test
FAIL: c-c++-common/ubsan/null-9.c   -Os  execution test
FAIL: c-c++-common/ubsan/pr59667.c   -O2 -flto -fuse-linker-plugin -fno-fat-lto-objects  execution test
FAIL: gcc.dg/vect/slp-46.c -flto -ffat-lto-objects  scan-tree-dump-times vect "vectorizing stmts using SLP" 2
FAIL: gcc.dg/vect/slp-46.c scan-tree-dump-times vect "vectorizing stmts using SLP" 2
FAIL: gcc.target/aarch64/insv_1.c scan-assembler bfi\\tx[0-9]+, x[0-9]+, 0, 8
FAIL: gcc.target/aarch64/insv_1.c scan-assembler bfi\\tx[0-9]+, x[0-9]+, 16, 5
FAIL: gcc.target/aarch64/insv_1.c scan-assembler movk\\tx[0-9]+, 0x1d6b, lsl 32
FAIL: gcc.target/aarch64/advsimd-intrinsics/bfdot-2.c   -O0  (test for excess errors)
UNRESOLVED: gcc.target/aarch64/advsimd-intrinsics/bfdot-2.c   -O1   check-function-bodies ufoo
UNRESOLVED: gcc.target/aarch64/advsimd-intrinsics/bfdot-2.c   -O1   check-function-bodies ufoo_lane
UNRESOLVED: gcc.target/aarch64/advsimd-intrinsics/bfdot-2.c   -O1   check-function-bodies ufoo_laneq
UNRESOLVED: gcc.target/aarch64/advsimd-intrinsics/bfdot-2.c   -O1   check-function-bodies ufoo_untied
UNRESOLVED: gcc.target/aarch64/advsimd-intrinsics/bfdot-2.c   -O1   check-function-bodies ufooq
UNRESOLVED: gcc.target/aarch64/advsimd-intrinsics/bfdot-2.c   -O1   check-function-bodies ufooq_lane
UNRESOLVED: gcc.target/aarch64/advsimd-intrinsics/bfdot-2.c   -O1   check-function-bodies ufooq_lane_untied
UNRESOLVED: gcc.target/aarch64/advsimd-intrinsics/bfdot-2.c   -O1   check-function-bodies ufooq_laneq
FAIL: gcc.target/aarch64/advsimd-intrinsics/bfdot-2.c   -O1  (test for excess errors)
UNRESOLVED: gcc.target/aarch64/advsimd-intrinsics/bfdot-2.c   -O2   check-function-bodies ufoo
UNRESOLVED: gcc.target/aarch64/advsimd-intrinsics/bfdot-2.c   -O2   check-function-bodies ufoo_lane
UNRESOLVED: gcc.target/aarch64/advsimd-intrinsics/bfdot-2.c   -O2   check-function-bodies ufoo_laneq
UNRESOLVED: gcc.target/aarch64/advsimd-intrinsics/bfdot-2.c   -O2   check-function-bodies ufoo_untied
UNRESOLVED: gcc.target/aarch64/advsimd-intrinsics/bfdot-2.c   -O2   check-function-bodies ufooq
UNRESOLVED: gcc.target/aarch64/advsimd-intrinsics/bfdot-2.c   -O2   check-function-bodies ufooq_lane
UNRESOLVED: gcc.target/aarch64/advsimd-intrinsics/bfdot-2.c   -O2   check-function-bodies ufooq_lane_untied
UNRESOLVED: gcc.target/aarch64/advsimd-intrinsics/bfdot-2.c   -O2   check-function-bodies ufooq_laneq
FAIL: gcc.target/aarch64/advsimd-intrinsics/bfdot-2.c   -O2  (test for excess errors)
UNRESOLVED: gcc.target/aarch64/advsimd-intrinsics/bfdot-2.c   -O2 -flto -fno-use-linker-plugin -flto-partition=none   check-function-bodies ufoo
UNRESOLVED: gcc.target/aarch64/advsimd-intrinsics/bfdot-2.c   -O2 -flto -fno-use-linker-plugin -flto-partition=none   check-function-bodies ufoo_lane
UNRESOLVED: gcc.target/aarch64/advsimd-intrinsics/bfdot-2.c   -O2 -flto -fno-use-linker-plugin -flto-partition=none   check-function-bodies ufoo_laneq
UNRESOLVED: gcc.target/aarch64/advsimd-intrinsics/bfdot-2.c   -O2 -flto -fno-use-linker-plugin -flto-partition=none   check-function-bodies ufoo_untied
UNRESOLVED: gcc.target/aarch64/advsimd-intrinsics/bfdot-2.c   -O2 -flto -fno-use-linker-plugin -flto-partition=none   check-function-bodies ufooq
UNRESOLVED: gcc.target/aarch64/advsimd-intrinsics/bfdot-2.c   -O2 -flto -fno-use-linker-plugin -flto-partition=none   check-function-bodies ufooq_lane
UNRESOLVED: gcc.target/aarch64/advsimd-intrinsics/bfdot-2.c   -O2 -flto -fno-use-linker-plugin -flto-partition=none   check-function-bodies ufooq_lane_untied
UNRESOLVED: gcc.target/aarch64/advsimd-intrinsics/bfdot-2.c   -O2 -flto -fno-use-linker-plugin -flto-partition=none   check-function-bodies ufooq_laneq
FAIL: gcc.target/aarch64/advsimd-intrinsics/bfdot-2.c   -O2 -flto -fno-use-linker-plugin -flto-partition=none  (test for excess errors)
UNRESOLVED: gcc.target/aarch64/advsimd-intrinsics/bfdot-2.c   -O3 -g   check-function-bodies ufoo
UNRESOLVED: gcc.target/aarch64/advsimd-intrinsics/bfdot-2.c   -O3 -g   check-function-bodies ufoo_lane
UNRESOLVED: gcc.target/aarch64/advsimd-intrinsics/bfdot-2.c   -O3 -g   check-function-bodies ufoo_laneq
UNRESOLVED: gcc.target/aarch64/advsimd-intrinsics/bfdot-2.c   -O3 -g   check-function-bodies ufoo_untied
UNRESOLVED: gcc.target/aarch64/advsimd-intrinsics/bfdot-2.c   -O3 -g   check-function-bodies ufooq
UNRESOLVED: gcc.target/aarch64/advsimd-intrinsics/bfdot-2.c   -O3 -g   check-function-bodies ufooq_lane
UNRESOLVED: gcc.target/aarch64/advsimd-intrinsics/bfdot-2.c   -O3 -g   check-function-bodies ufooq_lane_untied
UNRESOLVED: gcc.target/aarch64/advsimd-intrinsics/bfdot-2.c   -O3 -g   check-function-bodies ufooq_laneq
FAIL: gcc.target/aarch64/advsimd-intrinsics/bfdot-2.c   -O3 -g  (test for excess errors)
UNRESOLVED: gcc.target/aarch64/advsimd-intrinsics/bfdot-2.c   -Og -g   check-function-bodies ufoo
UNRESOLVED: gcc.target/aarch64/advsimd-intrinsics/bfdot-2.c   -Og -g   check-function-bodies ufoo_lane
UNRESOLVED: gcc.target/aarch64/advsimd-intrinsics/bfdot-2.c   -Og -g   check-function-bodies ufoo_laneq
UNRESOLVED: gcc.target/aarch64/advsimd-intrinsics/bfdot-2.c   -Og -g   check-function-bodies ufoo_untied
UNRESOLVED: gcc.target/aarch64/advsimd-intrinsics/bfdot-2.c   -Og -g   check-function-bodies ufooq
UNRESOLVED: gcc.target/aarch64/advsimd-intrinsics/bfdot-2.c   -Og -g   check-function-bodies ufooq_lane
UNRESOLVED: gcc.target/aarch64/advsimd-intrinsics/bfdot-2.c   -Og -g   check-function-bodies ufooq_lane_untied
UNRESOLVED: gcc.target/aarch64/advsimd-intrinsics/bfdot-2.c   -Og -g   check-function-bodies ufooq_laneq
FAIL: gcc.target/aarch64/advsimd-intrinsics/bfdot-2.c   -Og -g  (test for excess errors)
UNRESOLVED: gcc.target/aarch64/advsimd-intrinsics/bfdot-2.c   -Os   check-function-bodies ufoo
UNRESOLVED: gcc.target/aarch64/advsimd-intrinsics/bfdot-2.c   -Os   check-function-bodies ufoo_lane
UNRESOLVED: gcc.target/aarch64/advsimd-intrinsics/bfdot-2.c   -Os   check-function-bodies ufoo_laneq
UNRESOLVED: gcc.target/aarch64/advsimd-intrinsics/bfdot-2.c   -Os   check-function-bodies ufoo_untied
UNRESOLVED: gcc.target/aarch64/advsimd-intrinsics/bfdot-2.c   -Os   check-function-bodies ufooq
UNRESOLVED: gcc.target/aarch64/advsimd-intrinsics/bfdot-2.c   -Os   check-function-bodies ufooq_lane
UNRESOLVED: gcc.target/aarch64/advsimd-intrinsics/bfdot-2.c   -Os   check-function-bodies ufooq_lane_untied
UNRESOLVED: gcc.target/aarch64/advsimd-intrinsics/bfdot-2.c   -Os   check-function-bodies ufooq_laneq
FAIL: gcc.target/aarch64/advsimd-intrinsics/bfdot-2.c   -Os  (test for excess errors)
FAIL: gcc.target/aarch64/advsimd-intrinsics/vdot-3-2.c   -O0  (test for excess errors)
UNRESOLVED: gcc.target/aarch64/advsimd-intrinsics/vdot-3-2.c   -O1   check-function-bodies sfoo_lane
UNRESOLVED: gcc.target/aarch64/advsimd-intrinsics/vdot-3-2.c   -O1   check-function-bodies sfoo_laneq
UNRESOLVED: gcc.target/aarch64/advsimd-intrinsics/vdot-3-2.c   -O1   check-function-bodies sfooq_lane
UNRESOLVED: gcc.target/aarch64/advsimd-intrinsics/vdot-3-2.c   -O1   check-function-bodies sfooq_laneq
UNRESOLVED: gcc.target/aarch64/advsimd-intrinsics/vdot-3-2.c   -O1   check-function-bodies ufoo
UNRESOLVED: gcc.target/aarch64/advsimd-intrinsics/vdot-3-2.c   -O1   check-function-bodies ufoo_lane
UNRESOLVED: gcc.target/aarch64/advsimd-intrinsics/vdot-3-2.c   -O1   check-function-bodies ufoo_laneq
UNRESOLVED: gcc.target/aarch64/advsimd-intrinsics/vdot-3-2.c   -O1   check-function-bodies ufoo_untied
UNRESOLVED: gcc.target/aarch64/advsimd-intrinsics/vdot-3-2.c   -O1   check-function-bodies ufooq
UNRESOLVED: gcc.target/aarch64/advsimd-intrinsics/vdot-3-2.c   -O1   check-function-bodies ufooq_lane
UNRESOLVED: gcc.target/aarch64/advsimd-intrinsics/vdot-3-2.c   -O1   check-function-bodies ufooq_laneq
UNRESOLVED: gcc.target/aarch64/advsimd-intrinsics/vdot-3-2.c   -O1   check-function-bodies ufooq_laneq_untied
FAIL: gcc.target/aarch64/advsimd-intrinsics/vdot-3-2.c   -O1  (test for excess errors)
UNRESOLVED: gcc.target/aarch64/advsimd-intrinsics/vdot-3-2.c   -O2   check-function-bodies sfoo_lane
UNRESOLVED: gcc.target/aarch64/advsimd-intrinsics/vdot-3-2.c   -O2   check-function-bodies sfoo_laneq
UNRESOLVED: gcc.target/aarch64/advsimd-intrinsics/vdot-3-2.c   -O2   check-function-bodies sfooq_lane
UNRESOLVED: gcc.target/aarch64/advsimd-intrinsics/vdot-3-2.c   -O2   check-function-bodies sfooq_laneq
UNRESOLVED: gcc.target/aarch64/advsimd-intrinsics/vdot-3-2.c   -O2   check-function-bodies ufoo
UNRESOLVED: gcc.target/aarch64/advsimd-intrinsics/vdot-3-2.c   -O2   check-function-bodies ufoo_lane
UNRESOLVED: gcc.target/aarch64/advsimd-intrinsics/vdot-3-2.c   -O2   check-function-bodies ufoo_laneq
UNRESOLVED: gcc.target/aarch64/advsimd-intrinsics/vdot-3-2.c   -O2   check-function-bodies ufoo_untied
UNRESOLVED: gcc.target/aarch64/advsimd-intrinsics/vdot-3-2.c   -O2   check-function-bodies ufooq
UNRESOLVED: gcc.target/aarch64/advsimd-intrinsics/vdot-3-2.c   -O2   check-function-bodies ufooq_lane
UNRESOLVED: gcc.target/aarch64/advsimd-intrinsics/vdot-3-2.c   -O2   check-function-bodies ufooq_laneq
UNRESOLVED: gcc.target/aarch64/advsimd-intrinsics/vdot-3-2.c   -O2   check-function-bodies ufooq_laneq_untied
FAIL: gcc.target/aarch64/advsimd-intrinsics/vdot-3-2.c   -O2  (test for excess errors)
UNRESOLVED: gcc.target/aarch64/advsimd-intrinsics/vdot-3-2.c   -O2 -flto -fno-use-linker-plugin -flto-partition=none   check-function-bodies sfoo_lane
UNRESOLVED: gcc.target/aarch64/advsimd-intrinsics/vdot-3-2.c   -O2 -flto -fno-use-linker-plugin -flto-partition=none   check-function-bodies sfoo_laneq
UNRESOLVED: gcc.target/aarch64/advsimd-intrinsics/vdot-3-2.c   -O2 -flto -fno-use-linker-plugin -flto-partition=none   check-function-bodies sfooq_lane
UNRESOLVED: gcc.target/aarch64/advsimd-intrinsics/vdot-3-2.c   -O2 -flto -fno-use-linker-plugin -flto-partition=none   check-function-bodies sfooq_laneq
UNRESOLVED: gcc.target/aarch64/advsimd-intrinsics/vdot-3-2.c   -O2 -flto -fno-use-linker-plugin -flto-partition=none   check-function-bodies ufoo
UNRESOLVED: gcc.target/aarch64/advsimd-intrinsics/vdot-3-2.c   -O2 -flto -fno-use-linker-plugin -flto-partition=none   check-function-bodies ufoo_lane
UNRESOLVED: gcc.target/aarch64/advsimd-intrinsics/vdot-3-2.c   -O2 -flto -fno-use-linker-plugin -flto-partition=none   check-function-bodies ufoo_laneq
UNRESOLVED: gcc.target/aarch64/advsimd-intrinsics/vdot-3-2.c   -O2 -flto -fno-use-linker-plugin -flto-partition=none   check-function-bodies ufoo_untied
UNRESOLVED: gcc.target/aarch64/advsimd-intrinsics/vdot-3-2.c   -O2 -flto -fno-use-linker-plugin -flto-partition=none   check-function-bodies ufooq
UNRESOLVED: gcc.target/aarch64/advsimd-intrinsics/vdot-3-2.c   -O2 -flto -fno-use-linker-plugin -flto-partition=none   check-function-bodies ufooq_lane
UNRESOLVED: gcc.target/aarch64/advsimd-intrinsics/vdot-3-2.c   -O2 -flto -fno-use-linker-plugin -flto-partition=none   check-function-bodies ufooq_laneq
UNRESOLVED: gcc.target/aarch64/advsimd-intrinsics/vdot-3-2.c   -O2 -flto -fno-use-linker-plugin -flto-partition=none   check-function-bodies ufooq_laneq_untied
FAIL: gcc.target/aarch64/advsimd-intrinsics/vdot-3-2.c   -O2 -flto -fno-use-linker-plugin -flto-partition=none  (test for excess errors)
UNRESOLVED: gcc.target/aarch64/advsimd-intrinsics/vdot-3-2.c   -O3 -g   check-function-bodies sfoo_lane
UNRESOLVED: gcc.target/aarch64/advsimd-intrinsics/vdot-3-2.c   -O3 -g   check-function-bodies sfoo_laneq
UNRESOLVED: gcc.target/aarch64/advsimd-intrinsics/vdot-3-2.c   -O3 -g   check-function-bodies sfooq_lane
UNRESOLVED: gcc.target/aarch64/advsimd-intrinsics/vdot-3-2.c   -O3 -g   check-function-bodies sfooq_laneq
UNRESOLVED: gcc.target/aarch64/advsimd-intrinsics/vdot-3-2.c   -O3 -g   check-function-bodies ufoo
UNRESOLVED: gcc.target/aarch64/advsimd-intrinsics/vdot-3-2.c   -O3 -g   check-function-bodies ufoo_lane
UNRESOLVED: gcc.target/aarch64/advsimd-intrinsics/vdot-3-2.c   -O3 -g   check-function-bodies ufoo_laneq
UNRESOLVED: gcc.target/aarch64/advsimd-intrinsics/vdot-3-2.c   -O3 -g   check-function-bodies ufoo_untied
UNRESOLVED: gcc.target/aarch64/advsimd-intrinsics/vdot-3-2.c   -O3 -g   check-function-bodies ufooq
UNRESOLVED: gcc.target/aarch64/advsimd-intrinsics/vdot-3-2.c   -O3 -g   check-function-bodies ufooq_lane
UNRESOLVED: gcc.target/aarch64/advsimd-intrinsics/vdot-3-2.c   -O3 -g   check-function-bodies ufooq_laneq
UNRESOLVED: gcc.target/aarch64/advsimd-intrinsics/vdot-3-2.c   -O3 -g   check-function-bodies ufooq_laneq_untied
FAIL: gcc.target/aarch64/advsimd-intrinsics/vdot-3-2.c   -O3 -g  (test for excess errors)
UNRESOLVED: gcc.target/aarch64/advsimd-intrinsics/vdot-3-2.c   -Og -g   check-function-bodies sfoo_lane
UNRESOLVED: gcc.target/aarch64/advsimd-intrinsics/vdot-3-2.c   -Og -g   check-function-bodies sfoo_laneq
UNRESOLVED: gcc.target/aarch64/advsimd-intrinsics/vdot-3-2.c   -Og -g   check-function-bodies sfooq_lane
UNRESOLVED: gcc.target/aarch64/advsimd-intrinsics/vdot-3-2.c   -Og -g   check-function-bodies sfooq_laneq
UNRESOLVED: gcc.target/aarch64/advsimd-intrinsics/vdot-3-2.c   -Og -g   check-function-bodies ufoo
UNRESOLVED: gcc.target/aarch64/advsimd-intrinsics/vdot-3-2.c   -Og -g   check-function-bodies ufoo_lane
UNRESOLVED: gcc.target/aarch64/advsimd-intrinsics/vdot-3-2.c   -Og -g   check-function-bodies ufoo_laneq
UNRESOLVED: gcc.target/aarch64/advsimd-intrinsics/vdot-3-2.c   -Og -g   check-function-bodies ufoo_untied
UNRESOLVED: gcc.target/aarch64/advsimd-intrinsics/vdot-3-2.c   -Og -g   check-function-bodies ufooq
UNRESOLVED: gcc.target/aarch64/advsimd-intrinsics/vdot-3-2.c   -Og -g   check-function-bodies ufooq_lane
UNRESOLVED: gcc.target/aarch64/advsimd-intrinsics/vdot-3-2.c   -Og -g   check-function-bodies ufooq_laneq
UNRESOLVED: gcc.target/aarch64/advsimd-intrinsics/vdot-3-2.c   -Og -g   check-function-bodies ufooq_laneq_untied
FAIL: gcc.target/aarch64/advsimd-intrinsics/vdot-3-2.c   -Og -g  (test for excess errors)
UNRESOLVED: gcc.target/aarch64/advsimd-intrinsics/vdot-3-2.c   -Os   check-function-bodies sfoo_lane
UNRESOLVED: gcc.target/aarch64/advsimd-intrinsics/vdot-3-2.c   -Os   check-function-bodies sfoo_laneq
UNRESOLVED: gcc.target/aarch64/advsimd-intrinsics/vdot-3-2.c   -Os   check-function-bodies sfooq_lane
UNRESOLVED: gcc.target/aarch64/advsimd-intrinsics/vdot-3-2.c   -Os   check-function-bodies sfooq_laneq
UNRESOLVED: gcc.target/aarch64/advsimd-intrinsics/vdot-3-2.c   -Os   check-function-bodies ufoo
UNRESOLVED: gcc.target/aarch64/advsimd-intrinsics/vdot-3-2.c   -Os   check-function-bodies ufoo_lane
UNRESOLVED: gcc.target/aarch64/advsimd-intrinsics/vdot-3-2.c   -Os   check-function-bodies ufoo_laneq
UNRESOLVED: gcc.target/aarch64/advsimd-intrinsics/vdot-3-2.c   -Os   check-function-bodies ufoo_untied
UNRESOLVED: gcc.target/aarch64/advsimd-intrinsics/vdot-3-2.c   -Os   check-function-bodies ufooq
UNRESOLVED: gcc.target/aarch64/advsimd-intrinsics/vdot-3-2.c   -Os   check-function-bodies ufooq_lane
UNRESOLVED: gcc.target/aarch64/advsimd-intrinsics/vdot-3-2.c   -Os   check-function-bodies ufooq_laneq
UNRESOLVED: gcc.target/aarch64/advsimd-intrinsics/vdot-3-2.c   -Os   check-function-bodies ufooq_laneq_untied
FAIL: gcc.target/aarch64/advsimd-intrinsics/vdot-3-2.c   -Os  (test for excess errors)
FAIL: gcc.target/aarch64/sve/acle/asm/cvt_bf16.c  -std=c11 -O3 -g -DTEST_FULL (test for excess errors)
FAIL: gcc.target/aarch64/sve/acle/asm/cvt_bf16.c  -std=c11 -O3 -g -DTEST_OVERLOADS (test for excess errors)
FAIL: gcc.target/aarch64/sve/acle/asm/cvt_bf16.c  -std=c90 -O0 -g -DTEST_FULL (test for excess errors)
FAIL: gcc.target/aarch64/sve/acle/asm/cvt_bf16.c  -std=c90 -O0 -g -DTEST_OVERLOADS (test for excess errors)
FAIL: gcc.target/aarch64/sve/acle/asm/cvt_bf16.c  -std=c90 -O1 -g -DTEST_FULL (test for excess errors)
FAIL: gcc.target/aarch64/sve/acle/asm/cvt_bf16.c  -std=c90 -O1 -g -DTEST_OVERLOADS (test for excess errors)
FAIL: gcc.target/aarch64/sve/acle/asm/cvt_bf16.c  -std=c99 -O2 -g -DTEST_FULL (test for excess errors)
FAIL: gcc.target/aarch64/sve/acle/asm/cvt_bf16.c  -std=c99 -O2 -g -DTEST_OVERLOADS (test for excess errors)
FAIL: gcc.target/aarch64/sve/acle/asm/cvt_bf16.c  -std=gnu11 -Os -g -DTEST_FULL (test for excess errors)
FAIL: gcc.target/aarch64/sve/acle/asm/cvt_bf16.c  -std=gnu11 -Os -g -DTEST_OVERLOADS (test for excess errors)
FAIL: gcc.target/aarch64/sve/acle/asm/cvt_bf16.c  -std=gnu90 -O2 -fno-schedule-insns -DCHECK_ASM --save-temps -DTEST_FULL (test for excess errors)
FAIL: gcc.target/aarch64/sve/acle/asm/cvt_bf16.c  -std=gnu90 -O2 -fno-schedule-insns -DCHECK_ASM --save-temps -DTEST_OVERLOADS (test for excess errors)
FAIL: gcc.target/aarch64/sve/acle/asm/cvt_bf16.c  -std=gnu99 -Ofast -g -DTEST_FULL (test for excess errors)
FAIL: gcc.target/aarch64/sve/acle/asm/cvt_bf16.c  -std=gnu99 -Ofast -g -DTEST_OVERLOADS (test for excess errors)

		=== gcc Summary ===

# of expected passes		246258
# of unexpected failures	111
# of expected failures		1940
# of unresolved testcases	120
# of unsupported tests		3583
/tmp/7660982_1.tmpdir/aci-gcc-fsf/builds/gcc-fsf-gccsrc/obj-aarch64-none-linux-gnu/gcc3/gcc/xgcc  version 10.2.1  (DEFMODE=default DEFCPU=default DEFFPU=default TESTFLAGS=) [r10-9098] (GCC) 

Host   is x86_64-pc-linux-gnu

		=== gfortran tests ===


Running target qemu
FAIL: gfortran.dg/analyzer/pr93993.f90   -O  (test for excess errors)
FAIL: gfortran.dg/pr95690.f90   -O   (test for errors, line 5)
FAIL: gfortran.dg/pr95690.f90   -O  (test for excess errors)
FAIL: gfortran.dg/ieee/ieee_6.f90   -O0  execution test
FAIL: gfortran.dg/ieee/ieee_6.f90   -O1  execution test
FAIL: gfortran.dg/ieee/ieee_6.f90   -O2  execution test
FAIL: gfortran.dg/ieee/ieee_6.f90   -O3 -fomit-frame-pointer -funroll-loops -fpeel-loops -ftracer -finline-functions  execution test
FAIL: gfortran.dg/ieee/ieee_6.f90   -O3 -g  execution test
FAIL: gfortran.dg/ieee/ieee_6.f90   -Os  execution test
XPASS: gfortran.dg/ieee/ieee_8.f90   -O0  execution test
XPASS: gfortran.dg/ieee/ieee_8.f90   -O1  execution test
XPASS: gfortran.dg/ieee/ieee_8.f90   -O2  execution test
XPASS: gfortran.dg/ieee/ieee_8.f90   -O3 -fomit-frame-pointer -funroll-loops -fpeel-loops -ftracer -finline-functions  execution test
XPASS: gfortran.dg/ieee/ieee_8.f90   -O3 -g  execution test
XPASS: gfortran.dg/ieee/ieee_8.f90   -Os  execution test

		=== gfortran Summary ===

# of expected passes		53638
# of unexpected failures	9
# of unexpected successes	6
# of expected failures		220
# of unsupported tests		90
/tmp/7660982_1.tmpdir/aci-gcc-fsf/builds/gcc-fsf-gccsrc/obj-aarch64-none-linux-gnu/gcc3/gcc/gfortran  version 10.2.1  (DEFMODE=default DEFCPU=default DEFFPU=default TESTFLAGS=) [r10-9098] (GCC) 

Host   is x86_64-pc-linux-gnu

		=== g++ tests ===


Running target qemu
WARNING: skipping asan tests due to ulimit -v
WARNING: skipping asan tests due to ulimit -v
WARNING: skipping asan tests due to ulimit -v
WARNING: skipping asan tests due to ulimit -v
WARNING: skipping asan tests due to ulimit -v
WARNING: skipping asan tests due to ulimit -v
FAIL: g++.dg/ext/sync-4.C  -std=gnu++14 execution test
FAIL: c-c++-common/ubsan/null-1.c   -O0  execution test
FAIL: c-c++-common/ubsan/null-1.c   -O1  execution test
FAIL: c-c++-common/ubsan/null-1.c   -O2  execution test
FAIL: c-c++-common/ubsan/null-1.c   -O2 -flto -fno-use-linker-plugin -flto-partition=none  execution test
FAIL: c-c++-common/ubsan/null-1.c   -O2 -flto -fuse-linker-plugin -fno-fat-lto-objects  execution test
FAIL: c-c++-common/ubsan/null-1.c   -O3 -g  execution test
FAIL: c-c++-common/ubsan/null-1.c   -Os  execution test
FAIL: c-c++-common/ubsan/null-10.c   -O0  execution test
FAIL: c-c++-common/ubsan/null-10.c   -O1  execution test
FAIL: c-c++-common/ubsan/null-10.c   -O2  execution test
FAIL: c-c++-common/ubsan/null-10.c   -O2 -flto -fno-use-linker-plugin -flto-partition=none  execution test
FAIL: c-c++-common/ubsan/null-10.c   -O2 -flto -fuse-linker-plugin -fno-fat-lto-objects  execution test
FAIL: c-c++-common/ubsan/null-10.c   -O3 -g  execution test
FAIL: c-c++-common/ubsan/null-10.c   -Os  execution test
FAIL: c-c++-common/ubsan/null-11.c   -O0  execution test
FAIL: c-c++-common/ubsan/null-11.c   -O1  execution test
FAIL: c-c++-common/ubsan/null-11.c   -O2  execution test
FAIL: c-c++-common/ubsan/null-11.c   -O2 -flto -fno-use-linker-plugin -flto-partition=none  execution test
FAIL: c-c++-common/ubsan/null-11.c   -O2 -flto -fuse-linker-plugin -fno-fat-lto-objects  execution test
FAIL: c-c++-common/ubsan/null-11.c   -O3 -g  execution test
FAIL: c-c++-common/ubsan/null-11.c   -Os  execution test
FAIL: c-c++-common/ubsan/null-2.c   -O0  execution test
FAIL: c-c++-common/ubsan/null-2.c   -O1  execution test
FAIL: c-c++-common/ubsan/null-2.c   -O2  execution test
FAIL: c-c++-common/ubsan/null-2.c   -O2 -flto -fno-use-linker-plugin -flto-partition=none  execution test
FAIL: c-c++-common/ubsan/null-2.c   -O2 -flto -fuse-linker-plugin -fno-fat-lto-objects  execution test
FAIL: c-c++-common/ubsan/null-2.c   -O3 -g  execution test
FAIL: c-c++-common/ubsan/null-2.c   -Os  execution test
FAIL: c-c++-common/ubsan/null-3.c   -O0  execution test
FAIL: c-c++-common/ubsan/null-3.c   -O1  execution test
FAIL: c-c++-common/ubsan/null-3.c   -O2  execution test
FAIL: c-c++-common/ubsan/null-3.c   -O2 -flto -fno-use-linker-plugin -flto-partition=none  execution test
FAIL: c-c++-common/ubsan/null-3.c   -O2 -flto -fuse-linker-plugin -fno-fat-lto-objects  execution test
FAIL: c-c++-common/ubsan/null-3.c   -O3 -g  execution test
FAIL: c-c++-common/ubsan/null-3.c   -Os  execution test
FAIL: c-c++-common/ubsan/null-4.c   -O0  execution test
FAIL: c-c++-common/ubsan/null-4.c   -O1  execution test
FAIL: c-c++-common/ubsan/null-4.c   -O2  execution test
FAIL: c-c++-common/ubsan/null-4.c   -O2 -flto -fno-use-linker-plugin -flto-partition=none  execution test
FAIL: c-c++-common/ubsan/null-4.c   -O2 -flto -fuse-linker-plugin -fno-fat-lto-objects  execution test
FAIL: c-c++-common/ubsan/null-4.c   -O3 -g  execution test
FAIL: c-c++-common/ubsan/null-4.c   -Os  execution test
FAIL: c-c++-common/ubsan/null-5.c   -O0  execution test
FAIL: c-c++-common/ubsan/null-5.c   -O1  execution test
FAIL: c-c++-common/ubsan/null-5.c   -O2  execution test
FAIL: c-c++-common/ubsan/null-5.c   -O2 -flto -fno-use-linker-plugin -flto-partition=none  execution test
FAIL: c-c++-common/ubsan/null-5.c   -O2 -flto -fuse-linker-plugin -fno-fat-lto-objects  execution test
FAIL: c-c++-common/ubsan/null-5.c   -O3 -g  execution test
FAIL: c-c++-common/ubsan/null-5.c   -Os  execution test
FAIL: c-c++-common/ubsan/null-7.c   -O0  execution test
FAIL: c-c++-common/ubsan/null-7.c   -O1  execution test
FAIL: c-c++-common/ubsan/null-7.c   -O2  execution test
FAIL: c-c++-common/ubsan/null-7.c   -O2 -flto -fno-use-linker-plugin -flto-partition=none  execution test
FAIL: c-c++-common/ubsan/null-7.c   -O2 -flto -fuse-linker-plugin -fno-fat-lto-objects  execution test
FAIL: c-c++-common/ubsan/null-7.c   -O3 -g  execution test
FAIL: c-c++-common/ubsan/null-7.c   -Os  execution test
FAIL: c-c++-common/ubsan/null-8.c   -O0  execution test
FAIL: c-c++-common/ubsan/null-8.c   -O1  execution test
FAIL: c-c++-common/ubsan/null-8.c   -O2  execution test
FAIL: c-c++-common/ubsan/null-8.c   -O2 -flto -fno-use-linker-plugin -flto-partition=none  execution test
FAIL: c-c++-common/ubsan/null-8.c   -O2 -flto -fuse-linker-plugin -fno-fat-lto-objects  execution test
FAIL: c-c++-common/ubsan/null-8.c   -O3 -g  execution test
FAIL: c-c++-common/ubsan/null-8.c   -Os  execution test
FAIL: c-c++-common/ubsan/null-9.c   -O0  execution test
FAIL: c-c++-common/ubsan/null-9.c   -O1  execution test
FAIL: c-c++-common/ubsan/null-9.c   -O2  execution test
FAIL: c-c++-common/ubsan/null-9.c   -O2 -flto -fno-use-linker-plugin -flto-partition=none  execution test
FAIL: c-c++-common/ubsan/null-9.c   -O2 -flto -fuse-linker-plugin -fno-fat-lto-objects  execution test
FAIL: c-c++-common/ubsan/null-9.c   -O3 -g  execution test
FAIL: c-c++-common/ubsan/null-9.c   -Os  execution test
FAIL: gcc.target/aarch64/sve/acle/asm/cvt_bf16.c  -std=c++11 -O2 -g -DTEST_FULL (test for excess errors)
FAIL: gcc.target/aarch64/sve/acle/asm/cvt_bf16.c  -std=c++11 -O2 -g -DTEST_OVERLOADS (test for excess errors)
FAIL: gcc.target/aarch64/sve/acle/asm/cvt_bf16.c  -std=c++14 -O3 -g -DTEST_FULL (test for excess errors)
FAIL: gcc.target/aarch64/sve/acle/asm/cvt_bf16.c  -std=c++14 -O3 -g -DTEST_OVERLOADS (test for excess errors)
FAIL: gcc.target/aarch64/sve/acle/asm/cvt_bf16.c  -std=c++17 -Og -g -DTEST_FULL (test for excess errors)
FAIL: gcc.target/aarch64/sve/acle/asm/cvt_bf16.c  -std=c++17 -Og -g -DTEST_OVERLOADS (test for excess errors)
FAIL: gcc.target/aarch64/sve/acle/asm/cvt_bf16.c  -std=c++2a -Os -g -DTEST_FULL (test for excess errors)
FAIL: gcc.target/aarch64/sve/acle/asm/cvt_bf16.c  -std=c++2a -Os -g -DTEST_OVERLOADS (test for excess errors)
FAIL: gcc.target/aarch64/sve/acle/asm/cvt_bf16.c  -std=c++98 -O0 -g -DTEST_FULL (test for excess errors)
FAIL: gcc.target/aarch64/sve/acle/asm/cvt_bf16.c  -std=c++98 -O0 -g -DTEST_OVERLOADS (test for excess errors)
FAIL: gcc.target/aarch64/sve/acle/asm/cvt_bf16.c  -std=c++98 -O1 -g -DTEST_FULL (test for excess errors)
FAIL: gcc.target/aarch64/sve/acle/asm/cvt_bf16.c  -std=c++98 -O1 -g -DTEST_OVERLOADS (test for excess errors)
FAIL: gcc.target/aarch64/sve/acle/asm/cvt_bf16.c  -std=gnu++11 -Ofast -g -DTEST_FULL (test for excess errors)
FAIL: gcc.target/aarch64/sve/acle/asm/cvt_bf16.c  -std=gnu++11 -Ofast -g -DTEST_OVERLOADS (test for excess errors)
FAIL: gcc.target/aarch64/sve/acle/asm/cvt_bf16.c  -std=gnu++17 -O3 -g -DTEST_FULL (test for excess errors)
FAIL: gcc.target/aarch64/sve/acle/asm/cvt_bf16.c  -std=gnu++17 -O3 -g -DTEST_OVERLOADS (test for excess errors)
FAIL: gcc.target/aarch64/sve/acle/asm/cvt_bf16.c  -std=gnu++2a -O0 -g -DTEST_FULL (test for excess errors)
FAIL: gcc.target/aarch64/sve/acle/asm/cvt_bf16.c  -std=gnu++2a -O0 -g -DTEST_OVERLOADS (test for excess errors)
FAIL: gcc.target/aarch64/sve/acle/asm/cvt_bf16.c  -std=gnu++98 -O2 -fno-schedule-insns -DCHECK_ASM --save-temps -DTEST_FULL (test for excess errors)
FAIL: gcc.target/aarch64/sve/acle/asm/cvt_bf16.c  -std=gnu++98 -O2 -fno-schedule-insns -DCHECK_ASM --save-temps -DTEST_OVERLOADS (test for excess errors)

		=== g++ Summary ===

# of expected passes		298785
# of unexpected failures	91
# of expected failures		2080
# of unsupported tests		8565
/tmp/7660982_1.tmpdir/aci-gcc-fsf/builds/gcc-fsf-gccsrc/obj-aarch64-none-linux-gnu/gcc3/gcc/xg++  version 10.2.1  (DEFMODE=default DEFCPU=default DEFFPU=default TESTFLAGS=) [r10-9098] (GCC) 


Compiler version: 10.2.1 (DEFMODE=default DEFCPU=default DEFFPU=default TESTFLAGS=) [r10-9098] (GCC) 
Platform: aarch64-none-linux-gnu
configure flags: --target=aarch64-none-linux-gnu --prefix=/tmp/7660982_1.tmpdir/aci-gcc-fsf/builds/gcc-fsf-gccsrc/tools --with-sysroot=/tmp/7660982_1.tmpdir/aci-gcc-fsf/builds/gcc-fsf-gccsrc/sysroot-aarch64-none-linux-gnu --disable-nls --disable-libgomp --disable-libmudflap --disable-libcilkrts --enable-checking --enable-languages=c,c++,fortran


More information about the Gcc-testresults mailing list