Results for 11.0.0 (DEFMODE=arm DEFCPU=cortex-a9 DEFFPU=vfp TESTFLAGS=-march=armv5t) [r11-5594] (GCC) testsuite on arm-none-linux-gnueabihf

Christophe LYON christophe.lyon@st.com
Tue Dec 1 07:10:34 GMT 2020


LAST_UPDATED: Tue Dec  1 05:02:11 UTC 2020 (revision r11-5594-g94358e4770e6e4c52f101f8f74fdc27187fd0050) TARGET=arm-none-linux-gnueabihf CPU=cortex-a9 FPU=vfp MODE=arm

Target is arm-none-linux-gnueabihf
Host   is arm-none-linux-gnueabihf

		=== libatomic tests ===


Running target qemu/-march=armv5t

		=== libatomic Summary ===

# of expected passes		44
# of unsupported tests		5
Host   is arm-none-linux-gnueabihf

		=== libitm tests ===


Running target qemu/-march=armv5t

		=== libitm Summary ===

# of expected passes		42
# of expected failures		3
# of unsupported tests		1
Host   is arm-none-linux-gnueabihf

		=== libstdc++ tests ===


Running target qemu/-march=armv5t
FAIL: 29_atomics/atomic_float/wait_notify.cc (test for excess errors)
UNRESOLVED: 29_atomics/atomic_float/wait_notify.cc compilation failed to produce executable
FAIL: 29_atomics/atomic_integral/wait_notify.cc (test for excess errors)
UNRESOLVED: 29_atomics/atomic_integral/wait_notify.cc compilation failed to produce executable
FAIL: 29_atomics/atomic_ref/wait_notify.cc (test for excess errors)
UNRESOLVED: 29_atomics/atomic_ref/wait_notify.cc compilation failed to produce executable
WARNING: 30_threads/condition_variable/54185.cc execution test (CHILDKILLED 35797 SIGINT interrupt) program timed out.

		=== libstdc++ Summary ===

# of expected passes		13721
# of unexpected failures	3
# of expected failures		104
# of untested testcases		1
# of unresolved testcases	3
# of unsupported tests		738
Host   is x86_64-pc-linux-gnu

		=== gcc tests ===


Running target qemu/-march=armv5t
XPASS: gcc.dg/analyzer/feasibility-1.c  (test for warnings, line 58)
FAIL: gcc.dg/analyzer/malloc-vs-local-1b.c  (test for bogus messages, line 170)
XPASS: gcc.dg/analyzer/pr94851-1.c bogus leak (test for bogus messages, line 43)
WARNING: skipping asan tests due to ulimit -v
WARNING: skipping asan tests due to ulimit -v
WARNING: skipping asan tests due to ulimit -v
FAIL: gcc.dg/atomic/pr65345-4.c   -O2 -flto -fno-use-linker-plugin -flto-partition=none  (internal compiler error)
FAIL: gcc.dg/atomic/pr65345-4.c   -O2 -flto -fno-use-linker-plugin -flto-partition=none  (test for excess errors)
FAIL: gcc.dg/atomic/pr65345-4.c   -O2 -flto -fuse-linker-plugin -fno-fat-lto-objects  (internal compiler error)
FAIL: gcc.dg/atomic/pr65345-4.c   -O2 -flto -fuse-linker-plugin -fno-fat-lto-objects  (test for excess errors)
XPASS: gcc.dg/Walloca-2.c  (test for bogus messages, line 16)
FAIL: gcc.dg/ira-shrinkwrap-prep-1.c scan-rtl-dump pro_and_epilogue "Performing shrink-wrapping"
XPASS: gcc.dg/pr78973.c pr79073 (test for warnings, line 12)
FAIL: gcc.dg/fixed-point/composite-type.c (test for excess errors)
FAIL: gcc.dg/fixed-point/struct-union.c (test for excess errors)
FAIL: gcc.dg/gomp/simd-2.c scan-tree-dump-times vect "vectorized [1-9][0-9]* loops in function" 5
FAIL: gcc.dg/gomp/simd-3.c scan-tree-dump-times vect "vectorized [1-9][0-9]* loops in function" 5
FAIL: gcc.dg/vect/pr97428.c -flto -ffat-lto-objects  scan-tree-dump vect "Detected interleaving load of size 8"
FAIL: gcc.dg/vect/pr97428.c -flto -ffat-lto-objects  scan-tree-dump vect "Detected interleaving store of size 16"
FAIL: gcc.dg/vect/pr97428.c -flto -ffat-lto-objects  scan-tree-dump-times vect "vectorizing stmts using SLP" 2
FAIL: gcc.dg/vect/pr97428.c scan-tree-dump vect "Detected interleaving load of size 8"
FAIL: gcc.dg/vect/pr97428.c scan-tree-dump vect "Detected interleaving store of size 16"
FAIL: gcc.dg/vect/pr97428.c scan-tree-dump-times vect "vectorizing stmts using SLP" 2
XPASS: gcc.dg/vect/vect-cond-1.c -flto -ffat-lto-objects  scan-tree-dump-times vect "OUTER LOOP VECTORIZED" 1
XPASS: gcc.dg/vect/vect-cond-1.c scan-tree-dump-times vect "OUTER LOOP VECTORIZED" 1
XPASS: gcc.dg/vect/vect-cond-3.c -flto -ffat-lto-objects  scan-tree-dump-times vect "OUTER LOOP VECTORIZED" 1
XPASS: gcc.dg/vect/vect-cond-3.c scan-tree-dump-times vect "OUTER LOOP VECTORIZED" 1
XPASS: gcc.dg/vect/vect-cond-4.c -flto -ffat-lto-objects  scan-tree-dump-times vect "OUTER LOOP VECTORIZED" 1
XPASS: gcc.dg/vect/vect-cond-4.c scan-tree-dump-times vect "OUTER LOOP VECTORIZED" 1
UNRESOLVED: gcc.target/aarch64/advsimd-intrinsics/vld1x2.c   -O0  compilation failed to produce executable
UNRESOLVED: gcc.target/aarch64/advsimd-intrinsics/vld1x2.c   -O1  compilation failed to produce executable
UNRESOLVED: gcc.target/aarch64/advsimd-intrinsics/vld1x2.c   -O2  compilation failed to produce executable
UNRESOLVED: gcc.target/aarch64/advsimd-intrinsics/vld1x2.c   -O2 -flto -fno-use-linker-plugin -flto-partition=none  compilation failed to produce executable
UNRESOLVED: gcc.target/aarch64/advsimd-intrinsics/vld1x2.c   -O2 -flto -fuse-linker-plugin -fno-fat-lto-objects  compilation failed to produce executable
UNRESOLVED: gcc.target/aarch64/advsimd-intrinsics/vld1x2.c   -O3 -fomit-frame-pointer -funroll-loops -fpeel-loops -ftracer -finline-functions  compilation failed to produce executable
UNRESOLVED: gcc.target/aarch64/advsimd-intrinsics/vld1x2.c   -O3 -g  compilation failed to produce executable
UNRESOLVED: gcc.target/aarch64/advsimd-intrinsics/vld1x2.c   -Og -g  compilation failed to produce executable
UNRESOLVED: gcc.target/aarch64/advsimd-intrinsics/vld1x2.c   -Os  compilation failed to produce executable
UNRESOLVED: gcc.target/aarch64/advsimd-intrinsics/vld1x3.c   -O0  compilation failed to produce executable
UNRESOLVED: gcc.target/aarch64/advsimd-intrinsics/vld1x3.c   -O1  compilation failed to produce executable
UNRESOLVED: gcc.target/aarch64/advsimd-intrinsics/vld1x3.c   -O2  compilation failed to produce executable
UNRESOLVED: gcc.target/aarch64/advsimd-intrinsics/vld1x3.c   -O2 -flto -fno-use-linker-plugin -flto-partition=none  compilation failed to produce executable
UNRESOLVED: gcc.target/aarch64/advsimd-intrinsics/vld1x3.c   -O2 -flto -fuse-linker-plugin -fno-fat-lto-objects  compilation failed to produce executable
UNRESOLVED: gcc.target/aarch64/advsimd-intrinsics/vld1x3.c   -O3 -fomit-frame-pointer -funroll-loops -fpeel-loops -ftracer -finline-functions  compilation failed to produce executable
UNRESOLVED: gcc.target/aarch64/advsimd-intrinsics/vld1x3.c   -O3 -g  compilation failed to produce executable
UNRESOLVED: gcc.target/aarch64/advsimd-intrinsics/vld1x3.c   -Og -g  compilation failed to produce executable
UNRESOLVED: gcc.target/aarch64/advsimd-intrinsics/vld1x3.c   -Os  compilation failed to produce executable
UNRESOLVED: gcc.target/aarch64/advsimd-intrinsics/vld1x4.c   -O0  compilation failed to produce executable
UNRESOLVED: gcc.target/aarch64/advsimd-intrinsics/vld1x4.c   -O1  compilation failed to produce executable
UNRESOLVED: gcc.target/aarch64/advsimd-intrinsics/vld1x4.c   -O2  compilation failed to produce executable
UNRESOLVED: gcc.target/aarch64/advsimd-intrinsics/vld1x4.c   -O2 -flto -fno-use-linker-plugin -flto-partition=none  compilation failed to produce executable
UNRESOLVED: gcc.target/aarch64/advsimd-intrinsics/vld1x4.c   -O2 -flto -fuse-linker-plugin -fno-fat-lto-objects  compilation failed to produce executable
UNRESOLVED: gcc.target/aarch64/advsimd-intrinsics/vld1x4.c   -O3 -fomit-frame-pointer -funroll-loops -fpeel-loops -ftracer -finline-functions  compilation failed to produce executable
UNRESOLVED: gcc.target/aarch64/advsimd-intrinsics/vld1x4.c   -O3 -g  compilation failed to produce executable
UNRESOLVED: gcc.target/aarch64/advsimd-intrinsics/vld1x4.c   -Og -g  compilation failed to produce executable
UNRESOLVED: gcc.target/aarch64/advsimd-intrinsics/vld1x4.c   -Os  compilation failed to produce executable
UNRESOLVED: gcc.target/aarch64/advsimd-intrinsics/vst1x2.c   -O0  compilation failed to produce executable
UNRESOLVED: gcc.target/aarch64/advsimd-intrinsics/vst1x2.c   -O1  compilation failed to produce executable
UNRESOLVED: gcc.target/aarch64/advsimd-intrinsics/vst1x2.c   -O2  compilation failed to produce executable
UNRESOLVED: gcc.target/aarch64/advsimd-intrinsics/vst1x2.c   -O2 -flto -fno-use-linker-plugin -flto-partition=none  compilation failed to produce executable
UNRESOLVED: gcc.target/aarch64/advsimd-intrinsics/vst1x2.c   -O2 -flto -fuse-linker-plugin -fno-fat-lto-objects  compilation failed to produce executable
UNRESOLVED: gcc.target/aarch64/advsimd-intrinsics/vst1x2.c   -O3 -fomit-frame-pointer -funroll-loops -fpeel-loops -ftracer -finline-functions  compilation failed to produce executable
UNRESOLVED: gcc.target/aarch64/advsimd-intrinsics/vst1x2.c   -O3 -g  compilation failed to produce executable
UNRESOLVED: gcc.target/aarch64/advsimd-intrinsics/vst1x2.c   -Og -g  compilation failed to produce executable
UNRESOLVED: gcc.target/aarch64/advsimd-intrinsics/vst1x2.c   -Os  compilation failed to produce executable
UNRESOLVED: gcc.target/aarch64/advsimd-intrinsics/vst1x3.c   -O0  compilation failed to produce executable
UNRESOLVED: gcc.target/aarch64/advsimd-intrinsics/vst1x3.c   -O1  compilation failed to produce executable
UNRESOLVED: gcc.target/aarch64/advsimd-intrinsics/vst1x3.c   -O2  compilation failed to produce executable
UNRESOLVED: gcc.target/aarch64/advsimd-intrinsics/vst1x3.c   -O2 -flto -fno-use-linker-plugin -flto-partition=none  compilation failed to produce executable
UNRESOLVED: gcc.target/aarch64/advsimd-intrinsics/vst1x3.c   -O2 -flto -fuse-linker-plugin -fno-fat-lto-objects  compilation failed to produce executable
UNRESOLVED: gcc.target/aarch64/advsimd-intrinsics/vst1x3.c   -O3 -fomit-frame-pointer -funroll-loops -fpeel-loops -ftracer -finline-functions  compilation failed to produce executable
UNRESOLVED: gcc.target/aarch64/advsimd-intrinsics/vst1x3.c   -O3 -g  compilation failed to produce executable
UNRESOLVED: gcc.target/aarch64/advsimd-intrinsics/vst1x3.c   -Og -g  compilation failed to produce executable
UNRESOLVED: gcc.target/aarch64/advsimd-intrinsics/vst1x3.c   -Os  compilation failed to produce executable
UNRESOLVED: gcc.target/aarch64/advsimd-intrinsics/vst1x4.c   -O0  compilation failed to produce executable
UNRESOLVED: gcc.target/aarch64/advsimd-intrinsics/vst1x4.c   -O1  compilation failed to produce executable
UNRESOLVED: gcc.target/aarch64/advsimd-intrinsics/vst1x4.c   -O2  compilation failed to produce executable
UNRESOLVED: gcc.target/aarch64/advsimd-intrinsics/vst1x4.c   -O2 -flto -fno-use-linker-plugin -flto-partition=none  compilation failed to produce executable
UNRESOLVED: gcc.target/aarch64/advsimd-intrinsics/vst1x4.c   -O2 -flto -fuse-linker-plugin -fno-fat-lto-objects  compilation failed to produce executable
UNRESOLVED: gcc.target/aarch64/advsimd-intrinsics/vst1x4.c   -O3 -fomit-frame-pointer -funroll-loops -fpeel-loops -ftracer -finline-functions  compilation failed to produce executable
UNRESOLVED: gcc.target/aarch64/advsimd-intrinsics/vst1x4.c   -O3 -g  compilation failed to produce executable
UNRESOLVED: gcc.target/aarch64/advsimd-intrinsics/vst1x4.c   -Og -g  compilation failed to produce executable
UNRESOLVED: gcc.target/aarch64/advsimd-intrinsics/vst1x4.c   -Os  compilation failed to produce executable
FAIL: gcc.target/arm/acle/saturation.c   -O0   scan-assembler-times ssat\\t...?, #8, ...? 1
FAIL: gcc.target/arm/acle/saturation.c   -O0   scan-assembler-times usat\\t...?, #24, ...? 1
FAIL: gcc.target/arm/acle/saturation.c   -O0   scan-assembler-times usat\\t...?, #3, ...? 1
FAIL: gcc.target/arm/acle/saturation.c   -O0  (test for excess errors)
FAIL: gcc.target/arm/acle/saturation.c   -O1   scan-assembler-times ssat\\t...?, #8, ...? 1
FAIL: gcc.target/arm/acle/saturation.c   -O1   scan-assembler-times usat\\t...?, #24, ...? 1
FAIL: gcc.target/arm/acle/saturation.c   -O1   scan-assembler-times usat\\t...?, #3, ...? 1
FAIL: gcc.target/arm/acle/saturation.c   -O1  (test for excess errors)
FAIL: gcc.target/arm/acle/saturation.c   -O2   scan-assembler-times ssat\\t...?, #8, ...? 1
FAIL: gcc.target/arm/acle/saturation.c   -O2   scan-assembler-times usat\\t...?, #24, ...? 1
FAIL: gcc.target/arm/acle/saturation.c   -O2   scan-assembler-times usat\\t...?, #3, ...? 1
FAIL: gcc.target/arm/acle/saturation.c   -O2  (test for excess errors)
FAIL: gcc.target/arm/acle/saturation.c   -O3 -g   scan-assembler-times ssat\\t...?, #8, ...? 1
FAIL: gcc.target/arm/acle/saturation.c   -O3 -g   scan-assembler-times usat\\t...?, #24, ...? 1
FAIL: gcc.target/arm/acle/saturation.c   -O3 -g   scan-assembler-times usat\\t...?, #3, ...? 1
FAIL: gcc.target/arm/acle/saturation.c   -O3 -g  (test for excess errors)
FAIL: gcc.target/arm/acle/saturation.c   -Os   scan-assembler-times ssat\\t...?, #8, ...? 1
FAIL: gcc.target/arm/acle/saturation.c   -Os   scan-assembler-times usat\\t...?, #24, ...? 1
FAIL: gcc.target/arm/acle/saturation.c   -Os   scan-assembler-times usat\\t...?, #3, ...? 1
FAIL: gcc.target/arm/acle/saturation.c   -Os  (test for excess errors)
FAIL: gcc.target/arm/acle/saturation.c  -O2 -flto -fno-use-linker-plugin -flto-partition=none -ffat-lto-objects  scan-assembler-times ssat\\t...?, #8, ...? 1
FAIL: gcc.target/arm/acle/saturation.c  -O2 -flto -fno-use-linker-plugin -flto-partition=none -ffat-lto-objects  scan-assembler-times usat\\t...?, #24, ...? 1
FAIL: gcc.target/arm/acle/saturation.c  -O2 -flto -fno-use-linker-plugin -flto-partition=none -ffat-lto-objects  scan-assembler-times usat\\t...?, #3, ...? 1
FAIL: gcc.target/arm/acle/saturation.c  -O2 -flto -fno-use-linker-plugin -flto-partition=none -ffat-lto-objects (test for excess errors)
FAIL: gcc.target/arm/acle/saturation.c  -O2 -flto -fuse-linker-plugin -fno-fat-lto-objects -ffat-lto-objects  scan-assembler-times ssat\\t...?, #8, ...? 1
FAIL: gcc.target/arm/acle/saturation.c  -O2 -flto -fuse-linker-plugin -fno-fat-lto-objects -ffat-lto-objects  scan-assembler-times usat\\t...?, #24, ...? 1
FAIL: gcc.target/arm/acle/saturation.c  -O2 -flto -fuse-linker-plugin -fno-fat-lto-objects -ffat-lto-objects  scan-assembler-times usat\\t...?, #3, ...? 1
FAIL: gcc.target/arm/acle/saturation.c  -O2 -flto -fuse-linker-plugin -fno-fat-lto-objects -ffat-lto-objects (test for excess errors)
FAIL: gcc.target/arm/addr-modes-float.c scan-assembler vst3.8\\t{d[02468], d[02468], d[02468]}, \\\\[r[0-9]+\\\\]!
FAIL: gcc.target/arm/bf16_dup.c (test for excess errors)
UNRESOLVED: gcc.target/arm/bf16_dup.c scan-assembler vdot.bf16\\\\td[0-9]+, d[0-9]+, d[0-9]+
UNRESOLVED: gcc.target/arm/bf16_dup.c scan-assembler vdup\\\\.16\\\\td[0-9]+, r[0-9]+
UNRESOLVED: gcc.target/arm/bf16_dup.c scan-assembler vdup\\\\.16\\\\tq[0-9]+, r[0-9]+
UNRESOLVED: gcc.target/arm/bf16_dup.c scan-assembler-times vdup\\\\.16\\\\td[0-9]+, d[0-9]+\\\\[1\\\\] 1
UNRESOLVED: gcc.target/arm/bf16_dup.c scan-assembler-times vdup\\\\.16\\\\tq[0-9]+, d[0-9]+\\\\[1\\\\] 1
FAIL: gcc.target/arm/bfloat16_simd_1_2.c (test for excess errors)
UNRESOLVED: gcc.target/arm/bfloat16_simd_1_2.c check-function-bodies stacktest1
UNRESOLVED: gcc.target/arm/bfloat16_simd_1_2.c check-function-bodies stacktest2
UNRESOLVED: gcc.target/arm/bfloat16_simd_1_2.c check-function-bodies stacktest3
FAIL: gcc.target/arm/bfloat16_simd_2_2.c (test for excess errors)
UNRESOLVED: gcc.target/arm/bfloat16_simd_2_2.c check-function-bodies stacktest1
UNRESOLVED: gcc.target/arm/bfloat16_simd_2_2.c check-function-bodies stacktest2
UNRESOLVED: gcc.target/arm/bfloat16_simd_2_2.c check-function-bodies stacktest3
FAIL: gcc.target/arm/bfloat16_simd_3_2.c (test for excess errors)
UNRESOLVED: gcc.target/arm/bfloat16_simd_3_2.c check-function-bodies stacktest1
UNRESOLVED: gcc.target/arm/bfloat16_simd_3_2.c check-function-bodies stacktest2
UNRESOLVED: gcc.target/arm/bfloat16_simd_3_2.c check-function-bodies stacktest3
FAIL: gcc.target/arm/cortex-m55-nodsp-flag-hard.c (test for excess errors)
UNRESOLVED: gcc.target/arm/cortex-m55-nodsp-flag-hard.c scan-assembler .arch_extension fp
UNRESOLVED: gcc.target/arm/cortex-m55-nodsp-flag-hard.c scan-assembler .arch_extension fp.dp
UNRESOLVED: gcc.target/arm/cortex-m55-nodsp-flag-hard.c scan-assembler .fpu fpv5-d16
UNRESOLVED: gcc.target/arm/cortex-m55-nodsp-flag-hard.c scan-assembler-not .arch_extension dsp
UNRESOLVED: gcc.target/arm/cortex-m55-nodsp-flag-hard.c scan-assembler-not .arch_extension mve
UNRESOLVED: gcc.target/arm/cortex-m55-nodsp-flag-hard.c scan-assembler-not .arch_extension mve.fp
FAIL: gcc.target/arm/cortex-m55-nodsp-flag-softfp.c scan-assembler .arch_extension fp
FAIL: gcc.target/arm/cortex-m55-nodsp-flag-softfp.c scan-assembler .arch_extension fp.dp
FAIL: gcc.target/arm/cortex-m55-nodsp-flag-softfp.c scan-assembler .fpu fpv5-d16
FAIL: gcc.target/arm/cortex-m55-nofp-flag-hard.c (test for excess errors)
UNRESOLVED: gcc.target/arm/cortex-m55-nofp-flag-hard.c scan-assembler .arch_extension dsp
UNRESOLVED: gcc.target/arm/cortex-m55-nofp-flag-hard.c scan-assembler .arch_extension mve
UNRESOLVED: gcc.target/arm/cortex-m55-nofp-flag-hard.c scan-assembler-not .arch_extension fp
UNRESOLVED: gcc.target/arm/cortex-m55-nofp-flag-hard.c scan-assembler-not .arch_extension fp.dp
UNRESOLVED: gcc.target/arm/cortex-m55-nofp-flag-hard.c scan-assembler-not .arch_extension mve.fp
UNRESOLVED: gcc.target/arm/cortex-m55-nofp-flag-hard.c scan-assembler-not .fpu
FAIL: gcc.target/arm/cortex-m55-nofp-flag-softfp.c scan-assembler .arch_extension dsp
FAIL: gcc.target/arm/cortex-m55-nofp-flag-softfp.c scan-assembler .arch_extension mve
FAIL: gcc.target/arm/cortex-m55-nofp-flag-softfp.c scan-assembler-not .fpu
FAIL: gcc.target/arm/cortex-m55-nofp-nomve-flag-softfp.c scan-assembler .arch_extension dsp
FAIL: gcc.target/arm/cortex-m55-nofp-nomve-flag-softfp.c scan-assembler-not .fpu
FAIL: gcc.target/arm/cortex-m55-nomve-flag-hard.c (test for excess errors)
UNRESOLVED: gcc.target/arm/cortex-m55-nomve-flag-hard.c scan-assembler .arch_extension dsp
UNRESOLVED: gcc.target/arm/cortex-m55-nomve-flag-hard.c scan-assembler .arch_extension fp
UNRESOLVED: gcc.target/arm/cortex-m55-nomve-flag-hard.c scan-assembler .arch_extension fp.dp
UNRESOLVED: gcc.target/arm/cortex-m55-nomve-flag-hard.c scan-assembler .fpu fpv5-d16
UNRESOLVED: gcc.target/arm/cortex-m55-nomve-flag-hard.c scan-assembler-not .arch_extension mve
UNRESOLVED: gcc.target/arm/cortex-m55-nomve-flag-hard.c scan-assembler-not .arch_extension mve.fp
FAIL: gcc.target/arm/cortex-m55-nomve-flag-softfp.c scan-assembler .arch_extension dsp
FAIL: gcc.target/arm/cortex-m55-nomve-flag-softfp.c scan-assembler .arch_extension fp
FAIL: gcc.target/arm/cortex-m55-nomve-flag-softfp.c scan-assembler .arch_extension fp.dp
FAIL: gcc.target/arm/cortex-m55-nomve-flag-softfp.c scan-assembler .fpu fpv5-d16
FAIL: gcc.target/arm/cortex-m55-nomve.fp-flag-hard.c (test for excess errors)
UNRESOLVED: gcc.target/arm/cortex-m55-nomve.fp-flag-hard.c scan-assembler .arch_extension dsp
UNRESOLVED: gcc.target/arm/cortex-m55-nomve.fp-flag-hard.c scan-assembler .arch_extension fp
UNRESOLVED: gcc.target/arm/cortex-m55-nomve.fp-flag-hard.c scan-assembler .arch_extension fp.dp
UNRESOLVED: gcc.target/arm/cortex-m55-nomve.fp-flag-hard.c scan-assembler .arch_extension mve
UNRESOLVED: gcc.target/arm/cortex-m55-nomve.fp-flag-hard.c scan-assembler .fpu fpv5-d16
UNRESOLVED: gcc.target/arm/cortex-m55-nomve.fp-flag-hard.c scan-assembler-not .arch_extension mve.fp
FAIL: gcc.target/arm/cortex-m55-nomve.fp-flag-softfp.c scan-assembler .arch_extension dsp
FAIL: gcc.target/arm/cortex-m55-nomve.fp-flag-softfp.c scan-assembler .arch_extension fp
FAIL: gcc.target/arm/cortex-m55-nomve.fp-flag-softfp.c scan-assembler .arch_extension fp.dp
FAIL: gcc.target/arm/cortex-m55-nomve.fp-flag-softfp.c scan-assembler .arch_extension mve
FAIL: gcc.target/arm/cortex-m55-nomve.fp-flag-softfp.c scan-assembler .fpu fpv5-d16
FAIL: gcc.target/arm/memcpy-aligned-1.c scan-assembler-not ldr\\t
FAIL: gcc.target/arm/memcpy-aligned-1.c scan-assembler-times str\\t 1
FAIL: gcc.target/arm/pr42575.c scan-assembler-not mov
FAIL: gcc.target/arm/pr51968.c (test for excess errors)
FAIL: gcc.target/arm/reg_equal_test.c scan-rtl-dump expand "expr_list:REG_EQUAL \\\\(const_int -942519458"
FAIL: gcc.target/arm/mve/intrinsics/pr97327.c (test for excess errors)
FAIL: gcc.target/arm/simd/vmmla_1.c (test for excess errors)
FAIL: gcc.target/arm/simd/vmmla_1.c scan-assembler-times \\\\tvsmmla.s8\\\\tq[0-9]+, q[0-9]+, q[0-9]+ 1
FAIL: gcc.target/arm/simd/vmmla_1.c scan-assembler-times \\\\tvummla.u8\\\\tq[0-9]+, q[0-9]+, q[0-9]+ 1
FAIL: gcc.target/arm/simd/vmmla_1.c scan-assembler-times \\\\tvusmmla.s8\\\\tq[0-9]+, q[0-9]+, q[0-9]+ 1

		=== gcc Summary ===

# of expected passes		147992
# of unexpected failures	80
# of unexpected successes	10
# of expected failures		774
# of unresolved testcases	92
# of unsupported tests		6765
/tmp/7595785_13.tmpdir/aci-gcc-fsf/builds/gcc-fsf-gccsrc/obj-arm-none-linux-gnueabihf/gcc3/gcc/xgcc  version 11.0.0  (DEFMODE=arm DEFCPU=cortex-a9 DEFFPU=vfp TESTFLAGS=-march=armv5t) [r11-5594] (GCC) 

Host   is x86_64-pc-linux-gnu

		=== gfortran tests ===


Running target qemu/-march=armv5t
WARNING: skipping asan tests due to ulimit -v
WARNING: skipping asan tests due to ulimit -v
WARNING: skipping asan tests due to ulimit -v
WARNING: skipping asan tests due to ulimit -v
WARNING: skipping asan tests due to ulimit -v
WARNING: skipping asan tests due to ulimit -v
WARNING: skipping asan tests due to ulimit -v
WARNING: skipping asan tests due to ulimit -v
WARNING: skipping asan tests due to ulimit -v
WARNING: skipping asan tests due to ulimit -v
FAIL: gfortran.dg/ieee/ieee_6.f90   -O0  execution test
FAIL: gfortran.dg/ieee/ieee_6.f90   -O1  execution test
FAIL: gfortran.dg/ieee/ieee_6.f90   -O2  execution test
FAIL: gfortran.dg/ieee/ieee_6.f90   -O3 -fomit-frame-pointer -funroll-loops -fpeel-loops -ftracer -finline-functions  execution test
FAIL: gfortran.dg/ieee/ieee_6.f90   -O3 -g  execution test
FAIL: gfortran.dg/ieee/ieee_6.f90   -Os  execution test
XPASS: gfortran.dg/ieee/ieee_8.f90   -O0  execution test
XPASS: gfortran.dg/ieee/ieee_8.f90   -O1  execution test
XPASS: gfortran.dg/ieee/ieee_8.f90   -O2  execution test
XPASS: gfortran.dg/ieee/ieee_8.f90   -O3 -fomit-frame-pointer -funroll-loops -fpeel-loops -ftracer -finline-functions  execution test
XPASS: gfortran.dg/ieee/ieee_8.f90   -O3 -g  execution test
XPASS: gfortran.dg/ieee/ieee_8.f90   -Os  execution test
FAIL: gfortran.dg/ieee/ieee_9.f90   -O0  (test for excess errors)
UNRESOLVED: gfortran.dg/ieee/ieee_9.f90   -O0  compilation failed to produce executable
FAIL: gfortran.dg/ieee/ieee_9.f90   -O1  (test for excess errors)
UNRESOLVED: gfortran.dg/ieee/ieee_9.f90   -O1  compilation failed to produce executable
FAIL: gfortran.dg/ieee/ieee_9.f90   -O2  (test for excess errors)
UNRESOLVED: gfortran.dg/ieee/ieee_9.f90   -O2  compilation failed to produce executable
FAIL: gfortran.dg/ieee/ieee_9.f90   -O3 -fomit-frame-pointer -funroll-loops -fpeel-loops -ftracer -finline-functions  (test for excess errors)
UNRESOLVED: gfortran.dg/ieee/ieee_9.f90   -O3 -fomit-frame-pointer -funroll-loops -fpeel-loops -ftracer -finline-functions  compilation failed to produce executable
FAIL: gfortran.dg/ieee/ieee_9.f90   -O3 -g  (test for excess errors)
UNRESOLVED: gfortran.dg/ieee/ieee_9.f90   -O3 -g  compilation failed to produce executable
FAIL: gfortran.dg/ieee/ieee_9.f90   -Os  (test for excess errors)
UNRESOLVED: gfortran.dg/ieee/ieee_9.f90   -Os  compilation failed to produce executable

		=== gfortran Summary ===

# of expected passes		54365
# of unexpected failures	12
# of unexpected successes	6
# of expected failures		224
# of unresolved testcases	6
# of unsupported tests		411
/tmp/7595785_13.tmpdir/aci-gcc-fsf/builds/gcc-fsf-gccsrc/obj-arm-none-linux-gnueabihf/gcc3/gcc/gfortran  version 11.0.0  (DEFMODE=arm DEFCPU=cortex-a9 DEFFPU=vfp TESTFLAGS=-march=armv5t) [r11-5594] (GCC) 

Host   is x86_64-pc-linux-gnu

		=== g++ tests ===


Running target qemu/-march=armv5t
WARNING: skipping asan tests due to ulimit -v
WARNING: skipping asan tests due to ulimit -v
WARNING: skipping asan tests due to ulimit -v
FAIL: g++.dg/inherit/thunk10.C  -std=gnu++14 (test for excess errors)
UNRESOLVED: g++.dg/inherit/thunk10.C  -std=gnu++14 compilation failed to produce executable
FAIL: g++.dg/inherit/thunk10.C  -std=gnu++17 (test for excess errors)
UNRESOLVED: g++.dg/inherit/thunk10.C  -std=gnu++17 compilation failed to produce executable
FAIL: g++.dg/inherit/thunk10.C  -std=gnu++2a (test for excess errors)
UNRESOLVED: g++.dg/inherit/thunk10.C  -std=gnu++2a compilation failed to produce executable
FAIL: g++.dg/inherit/thunk10.C  -std=gnu++98 (test for excess errors)
UNRESOLVED: g++.dg/inherit/thunk10.C  -std=gnu++98 compilation failed to produce executable
FAIL: g++.dg/lto/pr65276 cp_lto_pr65276_0.o-cp_lto_pr65276_1.o link, -flto -O0 -std=c++11
FAIL: g++.target/arm/../../gcc.target/arm/mve/intrinsics/pr97327.c (test for excess errors)

		=== g++ Summary ===

# of expected passes		196751
# of unexpected failures	6
# of expected failures		958
# of unresolved testcases	4
# of unsupported tests		9054
/tmp/7595785_13.tmpdir/aci-gcc-fsf/builds/gcc-fsf-gccsrc/obj-arm-none-linux-gnueabihf/gcc3/gcc/xg++  version 11.0.0  (DEFMODE=arm DEFCPU=cortex-a9 DEFFPU=vfp TESTFLAGS=-march=armv5t) [r11-5594] (GCC) 


Compiler version: 11.0.0 (DEFMODE=arm DEFCPU=cortex-a9 DEFFPU=vfp TESTFLAGS=-march=armv5t) [r11-5594] (GCC) 
Platform: arm-none-linux-gnueabihf
configure flags: --target=arm-none-linux-gnueabihf --prefix=/tmp/7595785_13.tmpdir/aci-gcc-fsf/builds/gcc-fsf-gccsrc/tools --with-sysroot=/tmp/7595785_13.tmpdir/aci-gcc-fsf/builds/gcc-fsf-gccsrc/sysroot-arm-none-linux-gnueabihf --disable-nls --disable-libgomp --disable-libmudflap --disable-libcilkrts --enable-checking --enable-languages=c,c++,fortran --with-float=hard --enable-build-with-cxx --with-mode=arm --with-cpu=cortex-a9 --with-fpu=vfp


More information about the Gcc-testresults mailing list