Results for 11.0.0 20201130 (experimental) [src revision dc8ae6eff5b:91d2ee4f8d4:3a5b83d6def387cff1c6acb9973dd1181311d9a0] (GCC) testsuite on powerpc-ibm-aix7.2.3.0
David Edelsohn
edelsohn@p980aix1.watson.ibm.com
Tue Dec 1 03:05:25 GMT 2020
LAST_UPDATED: Mon Nov 30 23:43:53 UTC 2020 (revision dc8ae6eff5b:91d2ee4f8d4:3a5b83d6def387cff1c6acb9973dd1181311d9a0)
Native configuration is powerpc-ibm-aix7.2.3.0
=== g++ tests ===
Running target unix
FAIL: g++.dg/compat/eh/new1 cp_compat_x_tst.o-cp_compat_y_tst.o execute
XPASS: g++.dg/debug/pr56294.C -gdwarf-2 (test for excess errors)
XPASS: g++.dg/debug/pr56294.C -gdwarf-2 -g1 (test for excess errors)
XPASS: g++.dg/debug/pr56294.C -gdwarf-2 -g3 (test for excess errors)
XPASS: g++.dg/debug/pr56294.C -gxcoff (test for excess errors)
XPASS: g++.dg/debug/pr56294.C -gxcoff+ (test for excess errors)
XPASS: g++.dg/debug/pr56294.C -gxcoff+1 (test for excess errors)
XPASS: g++.dg/debug/pr56294.C -gxcoff+3 (test for excess errors)
XPASS: g++.dg/debug/pr56294.C -gxcoff1 (test for excess errors)
XPASS: g++.dg/debug/pr56294.C -gxcoff3 (test for excess errors)
XPASS: g++.dg/debug/pr56819.C -gdwarf-2 (test for excess errors)
XPASS: g++.dg/debug/pr56819.C -gdwarf-2 -g1 (test for excess errors)
XPASS: g++.dg/debug/pr56819.C -gdwarf-2 -g3 (test for excess errors)
XPASS: g++.dg/debug/pr56819.C -gxcoff (test for excess errors)
XPASS: g++.dg/debug/pr56819.C -gxcoff+ (test for excess errors)
XPASS: g++.dg/debug/pr56819.C -gxcoff+1 (test for excess errors)
XPASS: g++.dg/debug/pr56819.C -gxcoff+3 (test for excess errors)
XPASS: g++.dg/debug/pr56819.C -gxcoff1 (test for excess errors)
XPASS: g++.dg/debug/pr56819.C -gxcoff3 (test for excess errors)
XPASS: g++.dg/debug/dwarf2/constexpr-var-1.C scan-assembler-times DW_AT_const_expr 2
XPASS: g++.dg/debug/dwarf2/deleted-member-function.C scan-assembler-times DW_AT_deleted 2
FAIL: g++.dg/cpp2a/lambda-uneval5.C -std=c++2a scan-assembler-not globl.*_Z1f
XPASS: g++.dg/eh/new1.C -std=c++98 execution test
XPASS: g++.dg/template/linkage1.C -std=c++98 scan-assembler-not (weak|glob)[^\\n]*_Z3fooIXadL_ZL11static_funcvEEEvv
XPASS: g++.old-deja/g++.eh/new2.C -std=gnu++98 execution test
XPASS: g++.old-deja/g++.mike/p755a.C -std=c++98 execution test
=== g++ Summary ===
# of expected passes 180059
# of unexpected failures 2
# of unexpected successes 24
# of expected failures 1294
# of unsupported tests 8975
/tmp/GCC/gcc/testsuite/g++/../../xg++ version 11.0.0 20201130 (experimental) [src revision dc8ae6eff5b:91d2ee4f8d4:3a5b83d6def387cff1c6acb9973dd1181311d9a0] (GCC)
=== gcc tests ===
Running target unix
XPASS: gcc.dg/analyzer/feasibility-1.c (test for warnings, line 58)
FAIL: gcc.dg/analyzer/getchar-1.c (test for excess errors)
FAIL: gcc.dg/analyzer/malloc-vs-local-1b.c (test for bogus messages, line 170)
XPASS: gcc.dg/analyzer/unknown-fns-4.c (test for warnings, line 13)
XPASS: gcc.dg/autopar/pr46799.c (test for excess errors)
FAIL: gcc.dg/cpp/ucs.c (test for warnings, line 46)
FAIL: gcc.dg/cpp/ucs.c (test for excess errors)
XPASS: gcc.dg/Walloca-2.c (test for bogus messages, line 16)
FAIL: gcc.dg/Wstringop-overflow-25.c pr92814 (test for warnings, line 378)
XPASS: gcc.dg/Wstringop-overflow-43.c pr????? (test for warnings, line 172)
FAIL: gcc.dg/asm-names.c scan-assembler-not ____frob14
FAIL: gcc.dg/nextafter-2.c execution test
XPASS: gcc.dg/pr78973.c pr79073 (test for warnings, line 12)
FAIL: gcc.dg/strlenopt-58.c scan-tree-dump-times optimized "call_in_true_branch_not_eliminated" 0
FAIL: gcc.dg/strlenopt-73.c scan-tree-dump-times optimized "_not_eliminated_" 0
FAIL: gcc.dg/strlenopt-73.c scan-tree-dump-times optimized "strlen" 0
FAIL: gcc.dg/strlenopt-80.c scan-tree-dump-times optimized "failure_on_line \\\\(" 0
FAIL: c-c++-common/goacc/firstprivate-mappings-1.c scan-tree-dump omplower "(?n)#pragma omp target oacc_parallel map\\\\(from:array_so \\\\[len: 4\\\\]\\\\) firstprivate\\\\(array_li.[0-9]+\\\\) map\\\\(tofrom:\\\\(\\\\*array.[0-9]+\\\\) \\\\[len: D\\\\.[0-9]+\\\\]\\\\) map\\\\(firstprivate:array \\\\[pointer assign, bias: 0\\\\]\\\\) \\\\["
FAIL: gcc.dg/gomp/simd-2.c scan-tree-dump-times vect "vectorized [1-9][0-9]* loops in function" 5
FAIL: gcc.dg/gomp/simd-3.c scan-tree-dump-times vect "vectorized [1-9][0-9]* loops in function" 5
XPASS: gcc.dg/graphite/pr42729.c (test for excess errors)
XPASS: gcc.dg/graphite/pr42917.c (test for excess errors)
XPASS: gcc.dg/graphite/pr69728.c scan-tree-dump graphite "loop nest optimized"
XPASS: gcc.dg/torture/pr59166.c -O0 (test for excess errors)
XPASS: gcc.dg/torture/pr59166.c -O1 (test for excess errors)
XPASS: gcc.dg/torture/pr59166.c -O2 (test for excess errors)
XPASS: gcc.dg/torture/pr59166.c -O3 -fomit-frame-pointer -funroll-loops -fpeel-loops -ftracer -finline-functions (test for excess errors)
XPASS: gcc.dg/torture/pr59166.c -Os (test for excess errors)
FAIL: gcc.dg/tree-ssa/builtin-sprintf-warn-20.c (test for excess errors)
XPASS: gcc.dg/tree-ssa/cunroll-15.c scan-tree-dump optimized "return 1;"
XPASS: gcc.dg/vect/costmodel/ppc/costmodel-fast-math-vect-pr29925.c scan-tree-dump-times vect "vectorization not profitable" 1
XPASS: gcc.dg/vect/bb-slp-pr68892.c scan-tree-dump slp2 "not profitable"
FAIL: gcc.dg/vect/bb-slp-pr68892.c scan-tree-dump-times slp2 "Basic block will be vectorized" 1
FAIL: gcc.dg/vect/bb-slp-pr95866.c scan-tree-dump slp2 "BIT_FIELD_REF"
FAIL: gcc.dg/vect/slp-11b.c scan-tree-dump-times vect "vectorizing stmts using SLP" 0
FAIL: gcc.dg/vect/slp-21.c scan-tree-dump-times vect "vectorizing stmts using SLP" 2
XPASS: gcc.dg/vect/slp-24-big-array.c scan-tree-dump-times vect "vectorized 1 loops" 1
XPASS: gcc.dg/vect/slp-24-big-array.c scan-tree-dump-times vect "vectorizing stmts using SLP" 2
XPASS: gcc.dg/vect/slp-24.c scan-tree-dump-times vect "vectorized 1 loops" 1
XPASS: gcc.dg/vect/slp-24.c scan-tree-dump-times vect "vectorizing stmts using SLP" 2
FAIL: gcc.dg/vect/slp-reduc-3.c scan-tree-dump-times vect "VEC_PERM_EXPR" 0
FAIL: gcc.misc-tests/gcov-pr86536.c gcov: 2 failures in line counts, 0 in branch percentages, 1 in return percentages, 0 in intermediate format
FAIL: gcc.misc-tests/gcov-pr86536.c line 19: expected return percentages not found: 200
FAIL: gcc.misc-tests/gcov-pr86536.c line 21: is 1:should be 2
FAIL: gcc.misc-tests/gcov-pr86536.c line 22: is 1:should be 2
FAIL: gcc.target/powerpc/sse-andnps-1.c execution test
FAIL: gcc.target/powerpc/sse-movhps-1.c execution test
FAIL: gcc.target/powerpc/sse-movlps-1.c execution test
FAIL: gcc.target/powerpc/sse2-andnpd-1.c execution test
XPASS: gcc.target/powerpc/vsx-vectorize-4.c scan-tree-dump-times vect "Alignment of access forced using peeling" 0
XPASS: gcc.target/powerpc/vsx-vectorize-6.c scan-tree-dump-times vect "Alignment of access forced using peeling" 0
=== gcc Summary ===
# of expected passes 107650
# of unexpected failures 28
# of unexpected successes 23
# of expected failures 782
# of unsupported tests 2983
/tmp/GCC/gcc/xgcc version 11.0.0 20201130 (experimental) [src revision dc8ae6eff5b:91d2ee4f8d4:3a5b83d6def387cff1c6acb9973dd1181311d9a0] (GCC)
=== gfortran tests ===
Running target unix
FAIL: gfortran.dg/bind_c_array_params_2.f90 -O scan-assembler-times [ \\t][\$,_0-9]*myBindC 1
FAIL: gfortran.dg/class_61.f90 -O (internal compiler error)
FAIL: gfortran.dg/class_61.f90 -O (test for excess errors)
FAIL: gfortran.dg/graphite/vect-pr40979.f90 -O scan-tree-dump-times vect "vectorized 1 loops" 1
FAIL: gfortran.dg/vect/fast-math-mgrid-resid.f -O scan-tree-dump pcom "vectp_u.*__lsm.* = PHI <.*vectp_u.*__lsm"
=== gfortran Summary ===
# of expected passes 54547
# of unexpected failures 5
# of expected failures 235
# of unsupported tests 403
/tmp/GCC/gcc/testsuite/gfortran/../../gfortran version 11.0.0 20201130 (experimental) [src revision dc8ae6eff5b:91d2ee4f8d4:3a5b83d6def387cff1c6acb9973dd1181311d9a0] (GCC)
=== libatomic tests ===
Running target unix
=== libatomic Summary ===
# of expected passes 44
# of unsupported tests 5
=== libgomp tests ===
Running target unix
FAIL: libgomp.fortran/appendix-a/a.28.3.f90 -O3 -g execution test
FAIL: libgomp.fortran/appendix-a/a.28.3.f90 -Os execution test
FAIL: libgomp.fortran/async_io_2.f90 -O execution test
FAIL: libgomp.fortran/async_io_3.f90 -O0 execution test
FAIL: libgomp.fortran/async_io_3.f90 -O1 execution test
FAIL: libgomp.fortran/async_io_3.f90 -O2 execution test
FAIL: libgomp.fortran/async_io_3.f90 -O3 -fomit-frame-pointer -funroll-loops -fpeel-loops -ftracer -finline-functions execution test
FAIL: libgomp.fortran/async_io_3.f90 -O3 -g execution test
FAIL: libgomp.fortran/async_io_3.f90 -Os execution test
FAIL: libgomp.fortran/async_io_9.f90 -O0 execution test
FAIL: libgomp.fortran/async_io_9.f90 -O1 execution test
FAIL: libgomp.fortran/async_io_9.f90 -O2 execution test
FAIL: libgomp.fortran/async_io_9.f90 -O3 -fomit-frame-pointer -funroll-loops -fpeel-loops -ftracer -finline-functions execution test
FAIL: libgomp.fortran/async_io_9.f90 -O3 -g execution test
FAIL: libgomp.fortran/async_io_9.f90 -Os execution test
FAIL: libgomp.fortran/omp_workshare1.f -O execution test
FAIL: libgomp.fortran/omp_workshare2.f -O execution test
FAIL: libgomp.fortran/recursion1.f90 -O0 execution test
FAIL: libgomp.fortran/recursion1.f90 -O2 execution test
WARNING: program timed out.
FAIL: libgomp.fortran/recursion1.f90 -O3 -fomit-frame-pointer -funroll-loops -fpeel-loops -ftracer -finline-functions execution test
FAIL: libgomp.fortran/recursion1.f90 -O3 -g execution test
WARNING: program timed out.
FAIL: libgomp.fortran/recursion1.f90 -Os execution test
FAIL: libgomp.fortran/strassen.f90 -O execution test
FAIL: libgomp.graphite/force-parallel-7.c execution test
=== libgomp Summary ===
# of expected passes 7962
# of unexpected failures 24
# of expected failures 6
# of unsupported tests 620
=== libstdc++ tests ===
Running target unix
=== libstdc++ Summary ===
# of expected passes 12687
# of expected failures 110
# of unsupported tests 891
Compiler version: 11.0.0 20201130 (experimental) [src revision dc8ae6eff5b:91d2ee4f8d4:3a5b83d6def387cff1c6acb9973dd1181311d9a0] (GCC)
Platform: powerpc-ibm-aix7.2.3.0
configure flags: --disable-werror --enable-languages=c,c++,fortran --with-gmp=/nasfarm/edelsohn/install --with-isl=/nasfarm/edelsohn/install --with-libiconv-prefix=/nasfarm/edelsohn/install --disable-libstdcxx-pch --with-included-gettext --prefix=/nasfarm/edelsohn/install/GCC
More information about the Gcc-testresults
mailing list