Results for 8.4.1 20200807 [releases/gcc-8 revision r8-10393-g01cbd26b022cc9d4eaf26287b48299acfce80348] (GCC) testsuite on arm-none-linux-gnueabi
Christophe LYON
christophe.lyon@st.com
Fri Aug 7 14:34:28 GMT 2020
LAST_UPDATED: Fri Aug 7 13:17:57 UTC 2020 (revision r8-10393-g01cbd26b022cc9d4eaf26287b48299acfce80348) TARGET=arm-none-linux-gnueabi CPU=cortex-a9 FPU=default MODE=arm
Target is arm-none-linux-gnueabi
Host is arm-none-linux-gnueabi
=== libatomic tests ===
Running target qemu/-march=armv5t
=== libatomic Summary ===
# of expected passes 44
# of unsupported tests 5
Host is arm-none-linux-gnueabi
=== libitm tests ===
Running target qemu/-march=armv5t
=== libitm Summary ===
# of expected passes 42
# of expected failures 3
# of unsupported tests 1
Host is arm-none-linux-gnueabi
=== libstdc++ tests ===
Running target qemu/-march=armv5t
FAIL: 27_io/filesystem/iterators/directory_iterator.cc execution test
FAIL: 27_io/filesystem/iterators/pop.cc execution test
FAIL: 27_io/filesystem/iterators/recursive_directory_iterator.cc execution test
FAIL: 30_threads/packaged_task/members/at_thread_exit.cc execution test
FAIL: 30_threads/promise/members/at_thread_exit.cc execution test
FAIL: experimental/filesystem/iterators/directory_iterator.cc execution test
FAIL: experimental/filesystem/iterators/pop.cc execution test
FAIL: experimental/filesystem/iterators/recursive_directory_iterator.cc execution test
=== libstdc++ Summary ===
# of expected passes 11482
# of unexpected failures 8
# of expected failures 71
# of untested testcases 1
# of unsupported tests 640
Host is x86_64-pc-linux-gnu
=== gcc tests ===
Running target qemu/-march=armv5t
WARNING: skipping asan tests due to ulimit -v
WARNING: skipping asan tests due to ulimit -v
WARNING: skipping asan tests due to ulimit -v
WARNING: skipping asan tests due to ulimit -v
WARNING: skipping asan tests due to ulimit -v
XPASS: gcc.dg/vect/vect-cond-1.c -flto -ffat-lto-objects scan-tree-dump-times vect "OUTER LOOP VECTORIZED" 1
XPASS: gcc.dg/vect/vect-cond-1.c scan-tree-dump-times vect "OUTER LOOP VECTORIZED" 1
XPASS: gcc.dg/vect/vect-cond-3.c -flto -ffat-lto-objects scan-tree-dump-times vect "OUTER LOOP VECTORIZED" 1
XPASS: gcc.dg/vect/vect-cond-3.c scan-tree-dump-times vect "OUTER LOOP VECTORIZED" 1
XPASS: gcc.dg/vect/vect-cond-4.c -flto -ffat-lto-objects scan-tree-dump-times vect "OUTER LOOP VECTORIZED" 1
XPASS: gcc.dg/vect/vect-cond-4.c scan-tree-dump-times vect "OUTER LOOP VECTORIZED" 1
UNRESOLVED: gcc.target/aarch64/advsimd-intrinsics/vld1x2.c -O0 compilation failed to produce executable
UNRESOLVED: gcc.target/aarch64/advsimd-intrinsics/vld1x2.c -O1 compilation failed to produce executable
UNRESOLVED: gcc.target/aarch64/advsimd-intrinsics/vld1x2.c -O2 compilation failed to produce executable
UNRESOLVED: gcc.target/aarch64/advsimd-intrinsics/vld1x2.c -O2 -flto -fno-use-linker-plugin -flto-partition=none compilation failed to produce executable
UNRESOLVED: gcc.target/aarch64/advsimd-intrinsics/vld1x2.c -O2 -flto -fuse-linker-plugin -fno-fat-lto-objects compilation failed to produce executable
UNRESOLVED: gcc.target/aarch64/advsimd-intrinsics/vld1x2.c -O3 -fomit-frame-pointer -funroll-loops -fpeel-loops -ftracer -finline-functions compilation failed to produce executable
UNRESOLVED: gcc.target/aarch64/advsimd-intrinsics/vld1x2.c -O3 -g compilation failed to produce executable
UNRESOLVED: gcc.target/aarch64/advsimd-intrinsics/vld1x2.c -Og -g compilation failed to produce executable
UNRESOLVED: gcc.target/aarch64/advsimd-intrinsics/vld1x2.c -Os compilation failed to produce executable
FAIL: gcc.target/arm/armv8_2-fp16-scalar-2.c scan-assembler-times vmov.f16\\\\ts[0-9]+, #1\\\\.0e\\\\+0 4
FAIL: gcc.target/arm/memcpy-aligned-1.c scan-assembler-not ldr\\t
FAIL: gcc.target/arm/memcpy-aligned-1.c scan-assembler-times str\\t 1
FAIL: gcc.target/arm/pr42575.c scan-assembler-not mov
FAIL: gcc.target/arm/pr45701-1.c scan-assembler push\\t{r3
FAIL: gcc.target/arm/pr45701-1.c scan-assembler-not [^-]r8
FAIL: gcc.target/arm/pr45701-2.c scan-assembler-not [^-]r8
FAIL: gcc.target/arm/reg_equal_test.c scan-rtl-dump expand "expr_list:REG_EQUAL \\\\(const_int -942519458"
=== gcc Summary ===
# of expected passes 111817
# of unexpected failures 8
# of unexpected successes 6
# of expected failures 305
# of unresolved testcases 9
# of unsupported tests 5906
/tmp/7556381_5.tmpdir/aci-gcc-fsf/builds/gcc-fsf-gccsrc/obj-arm-none-linux-gnueabi/gcc3/gcc/xgcc version 8.4.1 20200807 [releases/gcc-8 revision r8-10393-g01cbd26b022cc9d4eaf26287b48299acfce80348] (GCC)
Host is x86_64-pc-linux-gnu
=== gfortran tests ===
Running target qemu/-march=armv5t
FAIL: gfortran.dg/elemental_subroutine_3.f90 -O1 (test for excess errors)
FAIL: gfortran.dg/elemental_subroutine_3.f90 -O2 (test for excess errors)
FAIL: gfortran.dg/elemental_subroutine_3.f90 -O3 -fomit-frame-pointer -funroll-loops -fpeel-loops -ftracer -finline-functions (test for excess errors)
FAIL: gfortran.dg/elemental_subroutine_3.f90 -O3 -g (test for excess errors)
FAIL: gfortran.dg/elemental_subroutine_3.f90 -Os (test for excess errors)
FAIL: gfortran.dg/ieee/ieee_1.F90 -O0 execution test
FAIL: gfortran.dg/ieee/ieee_1.F90 -O1 execution test
FAIL: gfortran.dg/ieee/ieee_1.F90 -O2 execution test
FAIL: gfortran.dg/ieee/ieee_1.F90 -O3 -fomit-frame-pointer -funroll-loops -fpeel-loops -ftracer -finline-functions execution test
FAIL: gfortran.dg/ieee/ieee_1.F90 -O3 -g execution test
FAIL: gfortran.dg/ieee/ieee_1.F90 -Os execution test
FAIL: gfortran.dg/ieee/ieee_2.f90 -O0 execution test
FAIL: gfortran.dg/ieee/ieee_2.f90 -O1 execution test
FAIL: gfortran.dg/ieee/ieee_2.f90 -O2 execution test
FAIL: gfortran.dg/ieee/ieee_2.f90 -O3 -fomit-frame-pointer -funroll-loops -fpeel-loops -ftracer -finline-functions execution test
FAIL: gfortran.dg/ieee/ieee_2.f90 -O3 -g execution test
FAIL: gfortran.dg/ieee/ieee_2.f90 -Os execution test
FAIL: gfortran.dg/ieee/ieee_6.f90 -O0 execution test
FAIL: gfortran.dg/ieee/ieee_6.f90 -O1 execution test
FAIL: gfortran.dg/ieee/ieee_6.f90 -O2 execution test
FAIL: gfortran.dg/ieee/ieee_6.f90 -O3 -fomit-frame-pointer -funroll-loops -fpeel-loops -ftracer -finline-functions execution test
FAIL: gfortran.dg/ieee/ieee_6.f90 -O3 -g execution test
FAIL: gfortran.dg/ieee/ieee_6.f90 -Os execution test
XPASS: gfortran.dg/ieee/ieee_8.f90 -O0 execution test
XPASS: gfortran.dg/ieee/ieee_8.f90 -O1 execution test
XPASS: gfortran.dg/ieee/ieee_8.f90 -O2 execution test
XPASS: gfortran.dg/ieee/ieee_8.f90 -O3 -fomit-frame-pointer -funroll-loops -fpeel-loops -ftracer -finline-functions execution test
XPASS: gfortran.dg/ieee/ieee_8.f90 -O3 -g execution test
XPASS: gfortran.dg/ieee/ieee_8.f90 -Os execution test
FAIL: gfortran.dg/ieee/large_2.f90 -O0 execution test
FAIL: gfortran.dg/ieee/large_2.f90 -O1 execution test
FAIL: gfortran.dg/ieee/large_2.f90 -O2 execution test
FAIL: gfortran.dg/ieee/large_2.f90 -O3 -fomit-frame-pointer -funroll-loops -fpeel-loops -ftracer -finline-functions execution test
FAIL: gfortran.dg/ieee/large_2.f90 -O3 -g execution test
FAIL: gfortran.dg/ieee/large_2.f90 -Os execution test
FAIL: gfortran.dg/ieee/large_3.F90 -O0 execution test
FAIL: gfortran.dg/ieee/large_3.F90 -O1 execution test
FAIL: gfortran.dg/ieee/large_3.F90 -O2 execution test
FAIL: gfortran.dg/ieee/large_3.F90 -O3 -fomit-frame-pointer -funroll-loops -fpeel-loops -ftracer -finline-functions execution test
FAIL: gfortran.dg/ieee/large_3.F90 -O3 -g execution test
FAIL: gfortran.dg/ieee/large_3.F90 -Os execution test
FAIL: gfortran.dg/ieee/rounding_1.f90 -O0 execution test
FAIL: gfortran.dg/ieee/rounding_1.f90 -O1 execution test
FAIL: gfortran.dg/ieee/rounding_1.f90 -O2 execution test
FAIL: gfortran.dg/ieee/rounding_1.f90 -O3 -fomit-frame-pointer -funroll-loops -fpeel-loops -ftracer -finline-functions execution test
FAIL: gfortran.dg/ieee/rounding_1.f90 -O3 -g execution test
FAIL: gfortran.dg/ieee/rounding_1.f90 -Os execution test
=== gfortran Summary ===
# of expected passes 47099
# of unexpected failures 41
# of unexpected successes 6
# of expected failures 82
# of unsupported tests 385
/tmp/7556381_5.tmpdir/aci-gcc-fsf/builds/gcc-fsf-gccsrc/obj-arm-none-linux-gnueabi/gcc3/gcc/gfortran version 8.4.1 20200807 [releases/gcc-8 revision r8-10393-g01cbd26b022cc9d4eaf26287b48299acfce80348] (GCC)
Host is x86_64-pc-linux-gnu
=== g++ tests ===
Running target qemu/-march=armv5t
WARNING: skipping asan tests due to ulimit -v
WARNING: skipping asan tests due to ulimit -v
WARNING: skipping asan tests due to ulimit -v
WARNING: skipping asan tests due to ulimit -v
WARNING: skipping asan tests due to ulimit -v
FAIL: g++.dg/pr83239.C -std=gnu++98 (test for excess errors)
FAIL: g++.dg/lto/pr65276 cp_lto_pr65276_0.o-cp_lto_pr65276_1.o link, -flto -O0 -std=c++11
=== g++ Summary ===
# of expected passes 118514
# of unexpected failures 2
# of expected failures 505
# of unsupported tests 5676
/tmp/7556381_5.tmpdir/aci-gcc-fsf/builds/gcc-fsf-gccsrc/obj-arm-none-linux-gnueabi/gcc3/gcc/xg++ version 8.4.1 20200807 [releases/gcc-8 revision r8-10393-g01cbd26b022cc9d4eaf26287b48299acfce80348] (GCC)
Compiler version: 8.4.1 20200807 [releases/gcc-8 revision r8-10393-g01cbd26b022cc9d4eaf26287b48299acfce80348] (GCC)
Platform: arm-none-linux-gnueabi
configure flags: --target=arm-none-linux-gnueabi --prefix=/tmp/7556381_5.tmpdir/aci-gcc-fsf/builds/gcc-fsf-gccsrc/tools --with-sysroot=/tmp/7556381_5.tmpdir/aci-gcc-fsf/builds/gcc-fsf-gccsrc/sysroot-arm-none-linux-gnueabi --disable-nls --disable-libgomp --disable-libmudflap --disable-libcilkrts --enable-checking --enable-languages=c,c++,fortran --with-float=soft --enable-build-with-cxx --with-mode=arm --with-cpu=cortex-a9
More information about the Gcc-testresults
mailing list