Results for 11.0.0 20200805 (experimental) [master revision r11-2575-g2c272091c09298eea02b6bb3b3ffd95db9ea505b] (GCC) testsuite on arm-none-linux-gnueabi
Christophe LYON
christophe.lyon@st.com
Wed Aug 5 16:53:52 GMT 2020
LAST_UPDATED: Wed Aug 5 14:32:09 UTC 2020 (revision r11-2575-g2c272091c09298eea02b6bb3b3ffd95db9ea505b) TARGET=arm-none-linux-gnueabi CPU=cortex-a9 FPU=default MODE=thumb
Target is arm-none-linux-gnueabi
Host is arm-none-linux-gnueabi
=== libatomic tests ===
Running target qemu/-march=armv5t
=== libatomic Summary ===
# of expected passes 44
# of unsupported tests 5
Host is arm-none-linux-gnueabi
=== libitm tests ===
Running target qemu/-march=armv5t
=== libitm Summary ===
# of expected passes 42
# of expected failures 3
# of unsupported tests 1
Host is arm-none-linux-gnueabi
=== libstdc++ tests ===
Running target qemu/-march=armv5t
FAIL: 29_atomics/atomic_float/value_init.cc (test for excess errors)
UNRESOLVED: 29_atomics/atomic_float/value_init.cc compilation failed to produce executable
WARNING: 30_threads/condition_variable/54185.cc execution test (Killed, timed out) program timed out.
FAIL: experimental/net/internet/resolver/ops/lookup.cc execution test
=== libstdc++ Summary ===
# of expected passes 13327
# of unexpected failures 2
# of expected failures 96
# of untested testcases 1
# of unresolved testcases 1
# of unsupported tests 758
Host is x86_64-pc-linux-gnu
=== gcc tests ===
Running target qemu/-march=armv5t
WARNING: skipping asan tests due to ulimit -v
WARNING: skipping asan tests due to ulimit -v
WARNING: skipping asan tests due to ulimit -v
WARNING: skipping asan tests due to ulimit -v
WARNING: skipping asan tests due to ulimit -v
WARNING: skipping asan tests due to ulimit -v
WARNING: skipping asan tests due to ulimit -v
WARNING: skipping asan tests due to ulimit -v
FAIL: gcc.dg/loop-8.c scan-rtl-dump-not loop2_invariant "without introducing a new temporary register"
FAIL: gcc.dg/loop-8.c scan-rtl-dump-times loop2_invariant "Decided" 1
XPASS: gcc.dg/sibcall-3.c execution test
XPASS: gcc.dg/sibcall-4.c execution test
FAIL: gcc.dg/ipa/iinline-attr.c scan-ipa-dump inline "hooray[^\\\\n]*inline copy in test"
FAIL: gcc.dg/ipa/ipa-clone-2.c scan-ipa-dump-times cp "Creating a specialized node of recur_fn/[0-9]*\\\\." 12
FAIL: gcc.target/arm/20131120.c scan-rtl-dump-not expand "\\\\(set \\\\(reg:SI [0-9]*\\\\)[\\n\\r]+[ \\t]*\\\\(const_int 4000"
FAIL: gcc.target/arm/armv8_2-fp16-scalar-2.c scan-assembler-times vmov.f16\\\\ts[0-9]+, #1\\\\.0e\\\\+0 4
FAIL: gcc.target/arm/empty_fiq_handler.c (test for excess errors)
FAIL: gcc.target/arm/fma.c (test for excess errors)
UNRESOLVED: gcc.target/arm/fma.c scan-assembler-times vfma.f32\\ts[0-9] 1
UNRESOLVED: gcc.target/arm/fma.c scan-assembler-times vfma.f64\\td[0-9] 1
UNRESOLVED: gcc.target/arm/fma.c scan-assembler-times vfms.f32\\ts[0-9] 1
UNRESOLVED: gcc.target/arm/fma.c scan-assembler-times vfms.f64\\td[0-9] 1
UNRESOLVED: gcc.target/arm/fma.c scan-assembler-times vfnma.f32\\ts[0-9] 1
UNRESOLVED: gcc.target/arm/fma.c scan-assembler-times vfnma.f64\\td[0-9] 1
UNRESOLVED: gcc.target/arm/fma.c scan-assembler-times vfnms.f32\\ts[0-9] 1
UNRESOLVED: gcc.target/arm/fma.c scan-assembler-times vfnms.f64\\td[0-9] 1
FAIL: gcc.target/arm/pr45701-1.c scan-assembler push\\t{r3
FAIL: gcc.target/arm/reg_equal_test.c scan-rtl-dump expand "expr_list:REG_EQUAL \\\\(const_int -942519458"
FAIL: gcc.target/arm/mve/intrinsics/mve_vector_float2.c scan-assembler-times vmov\\\\tq[0-7], q[0-7] 2
FAIL: gcc.target/arm/mve/intrinsics/mve_vector_int.c scan-assembler vmov\\\\tq[0-7], q[0-7]
FAIL: gcc.target/arm/mve/intrinsics/mve_vector_int.c scan-assembler vmov\\\\tq[0-7], q[0-7]
FAIL: gcc.target/arm/mve/intrinsics/mve_vector_int.c scan-assembler vmov\\\\tq[0-7], q[0-7]
FAIL: gcc.target/arm/mve/intrinsics/mve_vector_int.c scan-assembler vmov\\\\tq[0-7], q[0-7]
FAIL: gcc.target/arm/mve/intrinsics/mve_vector_uint.c scan-assembler vmov\\\\tq[0-7], q[0-7]
FAIL: gcc.target/arm/mve/intrinsics/mve_vector_uint.c scan-assembler vmov\\\\tq[0-7], q[0-7]
FAIL: gcc.target/arm/mve/intrinsics/mve_vector_uint.c scan-assembler vmov\\\\tq[0-7], q[0-7]
FAIL: gcc.target/arm/mve/intrinsics/mve_vector_uint.c scan-assembler vmov\\\\tq[0-7], q[0-7]
FAIL: gcc.target/arm/mve/intrinsics/mve_vector_uint1.c scan-assembler vmov\\\\tq[0-7], q[0-7]
FAIL: gcc.target/arm/mve/intrinsics/mve_vector_uint1.c scan-assembler vmov\\\\tq[0-7], q[0-7]
FAIL: gcc.target/arm/mve/intrinsics/mve_vector_uint1.c scan-assembler vmov\\\\tq[0-7], q[0-7]
FAIL: gcc.target/arm/mve/intrinsics/mve_vector_uint1.c scan-assembler vmov\\\\tq[0-7], q[0-7]
FAIL: gcc.target/arm/mve/intrinsics/mve_vector_uint2.c scan-assembler vmov\\\\tq[0-7], q[0-7]
FAIL: gcc.target/arm/mve/intrinsics/mve_vector_uint2.c scan-assembler vmov\\\\tq[0-7], q[0-7]
FAIL: gcc.target/arm/mve/intrinsics/mve_vector_uint2.c scan-assembler vmov\\\\tq[0-7], q[0-7]
FAIL: gcc.target/arm/mve/intrinsics/mve_vector_uint2.c scan-assembler vmov\\\\tq[0-7], q[0-7]
FAIL: gcc.target/arm/mve/intrinsics/vgetq_lane_s64.c scan-assembler vmov\\\\tr0, r1, d0
FAIL: gcc.target/arm/mve/intrinsics/vgetq_lane_s64.c scan-assembler vmov\\\\tr0, r1, d0
FAIL: gcc.target/arm/mve/intrinsics/vgetq_lane_u64.c scan-assembler vmov\\\\tr0, r1, d0
FAIL: gcc.target/arm/mve/intrinsics/vgetq_lane_u64.c scan-assembler vmov\\\\tr0, r1, d0
FAIL: gcc.target/arm/mve/intrinsics/vsetq_lane_s64.c scan-assembler vmov\\\\td0, r[1-9]*[0-9], r[1-9]*[0-9]
FAIL: gcc.target/arm/mve/intrinsics/vsetq_lane_u64.c scan-assembler vmov\\\\td0, r[1-9]*[0-9], r[1-9]*[0-9]
=== gcc Summary ===
# of expected passes 130985
# of unexpected failures 33
# of unexpected successes 2
# of expected failures 562
# of unresolved testcases 8
# of unsupported tests 3632
/tmp/7061758_9.tmpdir/aci-gcc-fsf/builds/gcc-fsf-gccsrc-thumb/obj-arm-none-linux-gnueabi/gcc3/gcc/xgcc version 11.0.0 20200805 (experimental) [master revision r11-2575-g2c272091c09298eea02b6bb3b3ffd95db9ea505b] (GCC)
Host is x86_64-pc-linux-gnu
=== gfortran tests ===
Running target qemu/-march=armv5t
WARNING: skipping asan tests due to ulimit -v
WARNING: skipping asan tests due to ulimit -v
WARNING: skipping asan tests due to ulimit -v
WARNING: skipping asan tests due to ulimit -v
WARNING: skipping asan tests due to ulimit -v
WARNING: skipping asan tests due to ulimit -v
WARNING: skipping asan tests due to ulimit -v
WARNING: skipping asan tests due to ulimit -v
WARNING: skipping asan tests due to ulimit -v
WARNING: skipping asan tests due to ulimit -v
FAIL: gfortran.dg/pr93423.f90 -O (internal compiler error)
FAIL: gfortran.dg/pr93423.f90 -O (test for excess errors)
FAIL: gfortran.dg/gomp/target1.f90 -O (internal compiler error)
FAIL: gfortran.dg/gomp/target1.f90 -O (test for excess errors)
FAIL: gfortran.dg/ieee/ieee_1.F90 -O0 execution test
FAIL: gfortran.dg/ieee/ieee_1.F90 -O1 execution test
FAIL: gfortran.dg/ieee/ieee_1.F90 -O2 execution test
FAIL: gfortran.dg/ieee/ieee_1.F90 -O3 -fomit-frame-pointer -funroll-loops -fpeel-loops -ftracer -finline-functions execution test
FAIL: gfortran.dg/ieee/ieee_1.F90 -O3 -g execution test
FAIL: gfortran.dg/ieee/ieee_1.F90 -Os execution test
FAIL: gfortran.dg/ieee/ieee_2.f90 -O0 execution test
FAIL: gfortran.dg/ieee/ieee_2.f90 -O1 execution test
FAIL: gfortran.dg/ieee/ieee_2.f90 -O2 execution test
FAIL: gfortran.dg/ieee/ieee_2.f90 -O3 -fomit-frame-pointer -funroll-loops -fpeel-loops -ftracer -finline-functions execution test
FAIL: gfortran.dg/ieee/ieee_2.f90 -O3 -g execution test
FAIL: gfortran.dg/ieee/ieee_2.f90 -Os execution test
FAIL: gfortran.dg/ieee/ieee_6.f90 -O0 execution test
FAIL: gfortran.dg/ieee/ieee_6.f90 -O1 execution test
FAIL: gfortran.dg/ieee/ieee_6.f90 -O2 execution test
FAIL: gfortran.dg/ieee/ieee_6.f90 -O3 -fomit-frame-pointer -funroll-loops -fpeel-loops -ftracer -finline-functions execution test
FAIL: gfortran.dg/ieee/ieee_6.f90 -O3 -g execution test
FAIL: gfortran.dg/ieee/ieee_6.f90 -Os execution test
XPASS: gfortran.dg/ieee/ieee_8.f90 -O0 execution test
XPASS: gfortran.dg/ieee/ieee_8.f90 -O1 execution test
XPASS: gfortran.dg/ieee/ieee_8.f90 -O2 execution test
XPASS: gfortran.dg/ieee/ieee_8.f90 -O3 -fomit-frame-pointer -funroll-loops -fpeel-loops -ftracer -finline-functions execution test
XPASS: gfortran.dg/ieee/ieee_8.f90 -O3 -g execution test
XPASS: gfortran.dg/ieee/ieee_8.f90 -Os execution test
FAIL: gfortran.dg/ieee/ieee_9.f90 -O0 (test for excess errors)
UNRESOLVED: gfortran.dg/ieee/ieee_9.f90 -O0 compilation failed to produce executable
FAIL: gfortran.dg/ieee/ieee_9.f90 -O1 (test for excess errors)
UNRESOLVED: gfortran.dg/ieee/ieee_9.f90 -O1 compilation failed to produce executable
FAIL: gfortran.dg/ieee/ieee_9.f90 -O2 (test for excess errors)
UNRESOLVED: gfortran.dg/ieee/ieee_9.f90 -O2 compilation failed to produce executable
FAIL: gfortran.dg/ieee/ieee_9.f90 -O3 -fomit-frame-pointer -funroll-loops -fpeel-loops -ftracer -finline-functions (test for excess errors)
UNRESOLVED: gfortran.dg/ieee/ieee_9.f90 -O3 -fomit-frame-pointer -funroll-loops -fpeel-loops -ftracer -finline-functions compilation failed to produce executable
FAIL: gfortran.dg/ieee/ieee_9.f90 -O3 -g (test for excess errors)
UNRESOLVED: gfortran.dg/ieee/ieee_9.f90 -O3 -g compilation failed to produce executable
FAIL: gfortran.dg/ieee/ieee_9.f90 -Os (test for excess errors)
UNRESOLVED: gfortran.dg/ieee/ieee_9.f90 -Os compilation failed to produce executable
FAIL: gfortran.dg/ieee/large_2.f90 -O0 execution test
FAIL: gfortran.dg/ieee/large_2.f90 -O1 execution test
FAIL: gfortran.dg/ieee/large_2.f90 -O2 execution test
FAIL: gfortran.dg/ieee/large_2.f90 -O3 -fomit-frame-pointer -funroll-loops -fpeel-loops -ftracer -finline-functions execution test
FAIL: gfortran.dg/ieee/large_2.f90 -O3 -g execution test
FAIL: gfortran.dg/ieee/large_2.f90 -Os execution test
FAIL: gfortran.dg/ieee/large_3.F90 -O0 execution test
FAIL: gfortran.dg/ieee/large_3.F90 -O1 execution test
FAIL: gfortran.dg/ieee/large_3.F90 -O2 execution test
FAIL: gfortran.dg/ieee/large_3.F90 -O3 -fomit-frame-pointer -funroll-loops -fpeel-loops -ftracer -finline-functions execution test
FAIL: gfortran.dg/ieee/large_3.F90 -O3 -g execution test
FAIL: gfortran.dg/ieee/large_3.F90 -Os execution test
FAIL: gfortran.dg/ieee/rounding_1.f90 -O0 execution test
FAIL: gfortran.dg/ieee/rounding_1.f90 -O1 execution test
FAIL: gfortran.dg/ieee/rounding_1.f90 -O2 execution test
FAIL: gfortran.dg/ieee/rounding_1.f90 -O3 -fomit-frame-pointer -funroll-loops -fpeel-loops -ftracer -finline-functions execution test
FAIL: gfortran.dg/ieee/rounding_1.f90 -O3 -g execution test
FAIL: gfortran.dg/ieee/rounding_1.f90 -Os execution test
=== gfortran Summary ===
# of expected passes 53075
# of unexpected failures 46
# of unexpected successes 6
# of expected failures 185
# of unresolved testcases 6
# of unsupported tests 370
/tmp/7061758_9.tmpdir/aci-gcc-fsf/builds/gcc-fsf-gccsrc-thumb/obj-arm-none-linux-gnueabi/gcc3/gcc/gfortran version 11.0.0 20200805 (experimental) [master revision r11-2575-g2c272091c09298eea02b6bb3b3ffd95db9ea505b] (GCC)
Host is x86_64-pc-linux-gnu
=== g++ tests ===
Running target qemu/-march=armv5t
WARNING: skipping asan tests due to ulimit -v
WARNING: skipping asan tests due to ulimit -v
WARNING: skipping asan tests due to ulimit -v
WARNING: skipping asan tests due to ulimit -v
WARNING: skipping asan tests due to ulimit -v
WARNING: skipping asan tests due to ulimit -v
WARNING: skipping asan tests due to ulimit -v
WARNING: skipping asan tests due to ulimit -v
WARNING: skipping asan tests due to ulimit -v
FAIL: g++.dg/lto/pr65276 cp_lto_pr65276_0.o-cp_lto_pr65276_1.o link, -flto -O0 -std=c++11
FAIL: g++.dg/torture/pr81812.C -O0 (test for excess errors)
FAIL: g++.dg/torture/pr81812.C -O1 (test for excess errors)
FAIL: g++.dg/torture/pr81812.C -O2 (test for excess errors)
FAIL: g++.dg/torture/pr81812.C -O2 -flto -fno-use-linker-plugin -flto-partition=none (test for excess errors)
FAIL: g++.dg/torture/pr81812.C -O2 -flto -fuse-linker-plugin -fno-fat-lto-objects (test for excess errors)
FAIL: g++.dg/torture/pr81812.C -O3 -g (test for excess errors)
FAIL: g++.dg/torture/pr81812.C -Os (test for excess errors)
FAIL: g++.target/arm/../../gcc.target/arm/mve/intrinsics/mve_vector_float2.c scan-assembler-times vmov\\\\tq[0-7], q[0-7] 2
FAIL: g++.target/arm/../../gcc.target/arm/mve/intrinsics/mve_vector_int.c scan-assembler vmov\\\\tq[0-7], q[0-7]
FAIL: g++.target/arm/../../gcc.target/arm/mve/intrinsics/mve_vector_int.c scan-assembler vmov\\\\tq[0-7], q[0-7]
FAIL: g++.target/arm/../../gcc.target/arm/mve/intrinsics/mve_vector_int.c scan-assembler vmov\\\\tq[0-7], q[0-7]
FAIL: g++.target/arm/../../gcc.target/arm/mve/intrinsics/mve_vector_int.c scan-assembler vmov\\\\tq[0-7], q[0-7]
FAIL: g++.target/arm/../../gcc.target/arm/mve/intrinsics/mve_vector_uint.c scan-assembler vmov\\\\tq[0-7], q[0-7]
FAIL: g++.target/arm/../../gcc.target/arm/mve/intrinsics/mve_vector_uint.c scan-assembler vmov\\\\tq[0-7], q[0-7]
FAIL: g++.target/arm/../../gcc.target/arm/mve/intrinsics/mve_vector_uint.c scan-assembler vmov\\\\tq[0-7], q[0-7]
FAIL: g++.target/arm/../../gcc.target/arm/mve/intrinsics/mve_vector_uint.c scan-assembler vmov\\\\tq[0-7], q[0-7]
FAIL: g++.target/arm/../../gcc.target/arm/mve/intrinsics/mve_vector_uint1.c scan-assembler vmov\\\\tq[0-7], q[0-7]
FAIL: g++.target/arm/../../gcc.target/arm/mve/intrinsics/mve_vector_uint1.c scan-assembler vmov\\\\tq[0-7], q[0-7]
FAIL: g++.target/arm/../../gcc.target/arm/mve/intrinsics/mve_vector_uint1.c scan-assembler vmov\\\\tq[0-7], q[0-7]
FAIL: g++.target/arm/../../gcc.target/arm/mve/intrinsics/mve_vector_uint1.c scan-assembler vmov\\\\tq[0-7], q[0-7]
FAIL: g++.target/arm/../../gcc.target/arm/mve/intrinsics/mve_vector_uint2.c scan-assembler vmov\\\\tq[0-7], q[0-7]
FAIL: g++.target/arm/../../gcc.target/arm/mve/intrinsics/mve_vector_uint2.c scan-assembler vmov\\\\tq[0-7], q[0-7]
FAIL: g++.target/arm/../../gcc.target/arm/mve/intrinsics/mve_vector_uint2.c scan-assembler vmov\\\\tq[0-7], q[0-7]
FAIL: g++.target/arm/../../gcc.target/arm/mve/intrinsics/mve_vector_uint2.c scan-assembler vmov\\\\tq[0-7], q[0-7]
FAIL: g++.target/arm/../../gcc.target/arm/mve/intrinsics/vgetq_lane_s64.c scan-assembler vmov\\\\tr0, r1, d0
FAIL: g++.target/arm/../../gcc.target/arm/mve/intrinsics/vgetq_lane_s64.c scan-assembler vmov\\\\tr0, r1, d0
FAIL: g++.target/arm/../../gcc.target/arm/mve/intrinsics/vgetq_lane_u64.c scan-assembler vmov\\\\tr0, r1, d0
FAIL: g++.target/arm/../../gcc.target/arm/mve/intrinsics/vgetq_lane_u64.c scan-assembler vmov\\\\tr0, r1, d0
FAIL: g++.target/arm/../../gcc.target/arm/mve/intrinsics/vsetq_lane_s64.c scan-assembler vmov\\\\td0, r[1-9]*[0-9], r[1-9]*[0-9]
FAIL: g++.target/arm/../../gcc.target/arm/mve/intrinsics/vsetq_lane_u64.c scan-assembler vmov\\\\td0, r[1-9]*[0-9], r[1-9]*[0-9]
=== g++ Summary ===
# of expected passes 190871
# of unexpected failures 31
# of expected failures 708
# of unsupported tests 8643
/tmp/7061758_9.tmpdir/aci-gcc-fsf/builds/gcc-fsf-gccsrc-thumb/obj-arm-none-linux-gnueabi/gcc3/gcc/xg++ version 11.0.0 20200805 (experimental) [master revision r11-2575-g2c272091c09298eea02b6bb3b3ffd95db9ea505b] (GCC)
Compiler version: 11.0.0 20200805 (experimental) [master revision r11-2575-g2c272091c09298eea02b6bb3b3ffd95db9ea505b] (GCC)
Platform: arm-none-linux-gnueabi
configure flags: --target=arm-none-linux-gnueabi --prefix=/tmp/7061758_9.tmpdir/aci-gcc-fsf/builds/gcc-fsf-gccsrc-thumb/tools --with-sysroot=/tmp/7061758_9.tmpdir/aci-gcc-fsf/builds/gcc-fsf-gccsrc-thumb/sysroot-arm-none-linux-gnueabi --disable-nls --disable-libgomp --disable-libmudflap --disable-libcilkrts --enable-checking --enable-languages=c,c++,fortran --with-float=soft --enable-build-with-cxx --with-mode=thumb --with-cpu=cortex-a9
More information about the Gcc-testresults
mailing list