Results for 9.3.1 20200803 [releases/gcc-9 revision r9-8779-g09809e84d761c185a9189621341d25adb21c1c11] (GCC) testsuite on aarch64-none-elf
Christophe LYON
christophe.lyon@st.com
Mon Aug 3 09:17:34 GMT 2020
LAST_UPDATED: Mon Aug 3 08:06:14 UTC 2020 (revision r9-8779-g09809e84d761c185a9189621341d25adb21c1c11) TARGET=aarch64-none-elf CPU=default FPU=default MODE=default
Target is aarch64-none-elf
Host is aarch64-none-elf
=== libstdc++ tests ===
Running target aarch64-none-elf-foundation
XPASS: 21_strings/basic_string/numeric_conversions/char/stod.cc execution test
XPASS: 21_strings/basic_string/numeric_conversions/wchar_t/stod.cc execution test
FAIL: 22_locale/money_get/get/char/5.cc execution test
FAIL: 22_locale/money_get/get/wchar_t/5.cc execution test
FAIL: 22_locale/num_get/get/char/39168.cc execution test
FAIL: 22_locale/num_get/get/char/4.cc execution test
FAIL: 22_locale/num_get/get/wchar_t/39168.cc execution test
FAIL: 22_locale/num_get/get/wchar_t/4.cc execution test
FAIL: 26_numerics/complex/inserters_extractors/char/1.cc execution test
FAIL: 26_numerics/complex/inserters_extractors/wchar_t/1.cc execution test
FAIL: 26_numerics/complex/proj.cc execution test
FAIL: 27_io/basic_istream/extractors_arithmetic/char/01.cc execution test
FAIL: 27_io/basic_istream/extractors_arithmetic/char/12.cc execution test
FAIL: 27_io/basic_istream/extractors_arithmetic/wchar_t/01.cc execution test
FAIL: 27_io/basic_istream/extractors_arithmetic/wchar_t/12.cc execution test
FAIL: experimental/net/execution_context/make_service.cc (test for excess errors)
FAIL: experimental/net/execution_context/use_service.cc (test for excess errors)
UNRESOLVED: experimental/net/execution_context/use_service.cc compilation failed to produce executable
FAIL: experimental/net/executor/1.cc (test for excess errors)
UNRESOLVED: experimental/net/executor/1.cc compilation failed to produce executable
FAIL: experimental/net/headers.cc (test for excess errors)
FAIL: experimental/net/internet/address/v4/comparisons.cc (test for excess errors)
UNRESOLVED: experimental/net/internet/address/v4/comparisons.cc compilation failed to produce executable
FAIL: experimental/net/internet/address/v4/cons.cc (test for excess errors)
UNRESOLVED: experimental/net/internet/address/v4/cons.cc compilation failed to produce executable
FAIL: experimental/net/internet/address/v4/creation.cc (test for excess errors)
UNRESOLVED: experimental/net/internet/address/v4/creation.cc compilation failed to produce executable
FAIL: experimental/net/internet/address/v4/members.cc (test for excess errors)
UNRESOLVED: experimental/net/internet/address/v4/members.cc compilation failed to produce executable
FAIL: experimental/net/internet/resolver/base.cc (test for excess errors)
UNRESOLVED: experimental/net/internet/resolver/base.cc compilation failed to produce executable
FAIL: experimental/net/internet/resolver/ops/lookup.cc (test for excess errors)
UNRESOLVED: experimental/net/internet/resolver/ops/lookup.cc compilation failed to produce executable
FAIL: experimental/net/internet/resolver/ops/reverse.cc (test for excess errors)
UNRESOLVED: experimental/net/internet/resolver/ops/reverse.cc compilation failed to produce executable
FAIL: experimental/net/timer/waitable/cons.cc (test for excess errors)
UNRESOLVED: experimental/net/timer/waitable/cons.cc compilation failed to produce executable
FAIL: experimental/net/timer/waitable/dest.cc (test for excess errors)
UNRESOLVED: experimental/net/timer/waitable/dest.cc compilation failed to produce executable
FAIL: experimental/net/timer/waitable/ops.cc (test for excess errors)
UNRESOLVED: experimental/net/timer/waitable/ops.cc compilation failed to produce executable
=== libstdc++ Summary ===
# of expected passes 11129
# of unexpected failures 27
# of unexpected successes 2
# of expected failures 81
# of unresolved testcases 12
# of unsupported tests 873
Host is x86_64-pc-linux-gnu
=== gcc tests ===
Running target aarch64-none-elf-foundation
FAIL: gcc.dg/Warray-bounds-30.c (test for warnings, line 133)
FAIL: gcc.dg/Warray-bounds-30.c (test for warnings, line 149)
FAIL: gcc.dg/torture/fp-int-convert-timode-1.c -O0 (test for excess errors)
UNRESOLVED: gcc.dg/torture/fp-int-convert-timode-1.c -O0 compilation failed to produce executable
FAIL: gcc.dg/torture/fp-int-convert-timode-1.c -O1 (test for excess errors)
UNRESOLVED: gcc.dg/torture/fp-int-convert-timode-1.c -O1 compilation failed to produce executable
FAIL: gcc.dg/torture/fp-int-convert-timode-1.c -O2 (test for excess errors)
UNRESOLVED: gcc.dg/torture/fp-int-convert-timode-1.c -O2 compilation failed to produce executable
FAIL: gcc.dg/torture/fp-int-convert-timode-1.c -O2 -flto -fno-use-linker-plugin -flto-partition=none (test for excess errors)
UNRESOLVED: gcc.dg/torture/fp-int-convert-timode-1.c -O2 -flto -fno-use-linker-plugin -flto-partition=none compilation failed to produce executable
FAIL: gcc.dg/torture/fp-int-convert-timode-1.c -O2 -flto -fuse-linker-plugin -fno-fat-lto-objects (test for excess errors)
UNRESOLVED: gcc.dg/torture/fp-int-convert-timode-1.c -O2 -flto -fuse-linker-plugin -fno-fat-lto-objects compilation failed to produce executable
FAIL: gcc.dg/torture/fp-int-convert-timode-1.c -O3 -g (test for excess errors)
UNRESOLVED: gcc.dg/torture/fp-int-convert-timode-1.c -O3 -g compilation failed to produce executable
FAIL: gcc.dg/torture/fp-int-convert-timode-1.c -Os (test for excess errors)
UNRESOLVED: gcc.dg/torture/fp-int-convert-timode-1.c -Os compilation failed to produce executable
FAIL: gcc.target/aarch64/insv_1.c scan-assembler bfi\\tx[0-9]+, x[0-9]+, 0, 8
FAIL: gcc.target/aarch64/insv_1.c scan-assembler bfi\\tx[0-9]+, x[0-9]+, 16, 5
FAIL: gcc.target/aarch64/insv_1.c scan-assembler movk\\tx[0-9]+, 0x1d6b, lsl 32
FAIL: gcc.target/aarch64/lsl_asr_sbfiz.c scan-assembler sbfiz\\tw
FAIL: gcc.target/aarch64/sve/tls_preserve_1.c -march=armv8.2-a+sve scan-assembler-not \\\\tst[rp]\\\\t[dqv]
=== gcc Summary ===
# of expected passes 120906
# of unexpected failures 14
# of expected failures 531
# of unresolved testcases 7
# of unsupported tests 3538
/tmp/6541580_33.tmpdir/aci-gcc-fsf/builds/gcc-fsf-gccsrc/obj-aarch64-none-elf/gcc3/gcc/xgcc version 9.3.1 20200803 [releases/gcc-9 revision r9-8779-g09809e84d761c185a9189621341d25adb21c1c11] (GCC)
Host is x86_64-pc-linux-gnu
=== g++ tests ===
Running target aarch64-none-elf-foundation
FAIL: g++.dg/lto/pr87906 cp_lto_pr87906_0.o-cp_lto_pr87906_1.o link, -O -fPIC -flto
=== g++ Summary ===
# of expected passes 110952
# of unexpected failures 1
# of expected failures 432
# of unsupported tests 6329
/tmp/6541580_33.tmpdir/aci-gcc-fsf/builds/gcc-fsf-gccsrc/obj-aarch64-none-elf/gcc3/gcc/xg++ version 9.3.1 20200803 [releases/gcc-9 revision r9-8779-g09809e84d761c185a9189621341d25adb21c1c11] (GCC)
Compiler version: 9.3.1 20200803 [releases/gcc-9 revision r9-8779-g09809e84d761c185a9189621341d25adb21c1c11] (GCC)
Platform: aarch64-none-elf
configure flags: --target=aarch64-none-elf --prefix=/tmp/6541580_33.tmpdir/aci-gcc-fsf/builds/gcc-fsf-gccsrc/tools --with-sysroot=/tmp/6541580_33.tmpdir/aci-gcc-fsf/builds/gcc-fsf-gccsrc/sysroot-aarch64-none-elf --disable-nls --disable-libgomp --disable-libmudflap --disable-libcilkrts --enable-checking --enable-languages=c,c++ --with-newlib --disable-tls
More information about the Gcc-testresults
mailing list