Results for 11.0.0 20200731 (experimental) (GCC) testsuite on x86_64-pc-linux-gnu
Shrisha Rao
shrao@alumni.cmu.edu
Sun Aug 2 23:55:11 GMT 2020
These results are as compiled on an EC2 instance from the Git source.
Native configuration is x86_64-pc-linux-gnu
=== gcc tests ===
Running target unix
=== gcc Summary ===
# of expected passes 153159
# of expected failures 685
# of unsupported tests 2274
/home/ec2-user/tmp/gcctemp/gcc/xgcc version 11.0.0 20200731 (experimental) (GCC)
=== gfortran tests ===
Running target unix
FAIL: gfortran.dg/pr93423.f90 -O (test for excess errors)
FAIL: gfortran.dg/gomp/target1.f90 -O (internal compiler error)
FAIL: gfortran.dg/gomp/target1.f90 -O (test for excess errors)
=== gfortran Summary ===
# of expected passes 54417
# of unexpected failures 3
# of expected failures 183
# of unsupported tests 97
/home/ec2-user/tmp/gcctemp/gcc/testsuite/gfortran/../../gfortran version 11.0.0 20200731 (experimental) (GCC)
=== g++ tests ===
Running target unix
=== g++ Summary ===
# of expected passes 192077
# of expected failures 737
# of unsupported tests 8163
/home/ec2-user/tmp/gcctemp/gcc/testsuite/g++/../../xg++ version 11.0.0 20200731 (experimental) (GCC)
=== objc tests ===
Running target unix
=== objc Summary ===
# of expected passes 2778
# of expected failures 6
# of unsupported tests 68
/home/ec2-user/tmp/gcctemp/gcc/xgcc version 11.0.0 20200731 (experimental) (GCC)
=== libatomic tests ===
Running target unix
=== libatomic Summary ===
# of expected passes 54
=== libgomp tests ===
Running target unix
=== libgomp Summary ===
# of expected passes 7990
# of expected failures 2
# of unsupported tests 525
=== libitm tests ===
Running target unix
=== libitm Summary ===
# of expected passes 42
# of expected failures 3
# of unsupported tests 1
=== libstdc++ tests ===
Running target unix
=== libstdc++ Summary ===
# of expected passes 14303
# of expected failures 96
# of unsupported tests 364
Compiler version: 11.0.0 20200731 (experimental) (GCC)
Platform: x86_64-pc-linux-gnu
configure flags: --disable-multilib --prefix=/shrao/testgcc
More information about the Gcc-testresults
mailing list