Results for 10.0.1 20200418 (experimental) [master revision c5bac7d127f288fd2f8a1f15c3f30da5903141c6] (GCC) testsuite on armv8l-unknown-linux-gnueabihf
LINARO TCWG
tcwg-buildslave@linaro.org
Sat Apr 18 14:09:03 GMT 2020
LAST_UPDATED: Sat Apr 18 08:26:10 UTC 2020 (revision c5bac7d127f288fd2f8a1f15c3f30da5903141c6)
Native configuration is armv8l-unknown-linux-gnueabihf
=== libatomic tests ===
Running target tcwg-local
=== libatomic Summary ===
# of expected passes 44
# of unsupported tests 5
=== libgomp tests ===
Running target tcwg-local
=== libgomp Summary ===
# of expected passes 7505
# of expected failures 2
# of unsupported tests 528
=== libitm tests ===
Running target tcwg-local
=== libitm Summary ===
# of expected passes 42
# of expected failures 3
# of unsupported tests 1
=== libstdc++ tests ===
Running target tcwg-local
FAIL: 17_intro/names.cc (test for excess errors)
FAIL: experimental/names.cc (test for excess errors)
FAIL: libstdc++-prettyprinters/whatis.cc whatis filebuf_holder
FAIL: libstdc++-prettyprinters/whatis.cc whatis filebuf_holder
FAIL: libstdc++-prettyprinters/whatis.cc whatis fstream_holder
FAIL: libstdc++-prettyprinters/whatis.cc whatis fstream_holder
FAIL: libstdc++-prettyprinters/whatis.cc whatis ifstream_holder
FAIL: libstdc++-prettyprinters/whatis.cc whatis ifstream_holder
FAIL: libstdc++-prettyprinters/whatis.cc whatis ios_holder
FAIL: libstdc++-prettyprinters/whatis.cc whatis ios_holder
FAIL: libstdc++-prettyprinters/whatis.cc whatis iostream_holder
FAIL: libstdc++-prettyprinters/whatis.cc whatis iostream_holder
FAIL: libstdc++-prettyprinters/whatis.cc whatis istream_holder
FAIL: libstdc++-prettyprinters/whatis.cc whatis istream_holder
FAIL: libstdc++-prettyprinters/whatis.cc whatis istringstream_holder
FAIL: libstdc++-prettyprinters/whatis.cc whatis istringstream_holder
FAIL: libstdc++-prettyprinters/whatis.cc whatis ofstream_holder
FAIL: libstdc++-prettyprinters/whatis.cc whatis ofstream_holder
FAIL: libstdc++-prettyprinters/whatis.cc whatis ostream_holder
FAIL: libstdc++-prettyprinters/whatis.cc whatis ostream_holder
FAIL: libstdc++-prettyprinters/whatis.cc whatis ostringstream_holder
FAIL: libstdc++-prettyprinters/whatis.cc whatis ostringstream_holder
FAIL: libstdc++-prettyprinters/whatis.cc whatis streambuf_holder
FAIL: libstdc++-prettyprinters/whatis.cc whatis streambuf_holder
FAIL: libstdc++-prettyprinters/whatis.cc whatis stringbuf_holder
FAIL: libstdc++-prettyprinters/whatis.cc whatis stringbuf_holder
FAIL: libstdc++-prettyprinters/whatis.cc whatis stringstream_holder
FAIL: libstdc++-prettyprinters/whatis.cc whatis stringstream_holder
=== libstdc++ Summary ===
# of expected passes 13381
# of unexpected failures 28
# of expected failures 93
# of unsupported tests 726
=== gfortran tests ===
Running target tcwg-local
FAIL: gfortran.dg/pr45636.f90 -O scan-tree-dump-times forwprop2 "memset" 0
FAIL: gfortran.dg/ieee/ieee_6.f90 -O0 execution test
FAIL: gfortran.dg/ieee/ieee_6.f90 -O1 execution test
FAIL: gfortran.dg/ieee/ieee_6.f90 -O2 execution test
FAIL: gfortran.dg/ieee/ieee_6.f90 -O3 -fomit-frame-pointer -funroll-loops -fpeel-loops -ftracer -finline-functions execution test
FAIL: gfortran.dg/ieee/ieee_6.f90 -O3 -g execution test
FAIL: gfortran.dg/ieee/ieee_6.f90 -Os execution test
XPASS: gfortran.dg/ieee/ieee_8.f90 -O0 execution test
XPASS: gfortran.dg/ieee/ieee_8.f90 -O1 execution test
XPASS: gfortran.dg/ieee/ieee_8.f90 -O2 execution test
XPASS: gfortran.dg/ieee/ieee_8.f90 -O3 -fomit-frame-pointer -funroll-loops -fpeel-loops -ftracer -finline-functions execution test
XPASS: gfortran.dg/ieee/ieee_8.f90 -O3 -g execution test
XPASS: gfortran.dg/ieee/ieee_8.f90 -Os execution test
FAIL: gfortran.dg/ieee/ieee_9.f90 -O0 (test for excess errors)
UNRESOLVED: gfortran.dg/ieee/ieee_9.f90 -O0 compilation failed to produce executable
FAIL: gfortran.dg/ieee/ieee_9.f90 -O1 (test for excess errors)
UNRESOLVED: gfortran.dg/ieee/ieee_9.f90 -O1 compilation failed to produce executable
FAIL: gfortran.dg/ieee/ieee_9.f90 -O2 (test for excess errors)
UNRESOLVED: gfortran.dg/ieee/ieee_9.f90 -O2 compilation failed to produce executable
FAIL: gfortran.dg/ieee/ieee_9.f90 -O3 -fomit-frame-pointer -funroll-loops -fpeel-loops -ftracer -finline-functions (test for excess errors)
UNRESOLVED: gfortran.dg/ieee/ieee_9.f90 -O3 -fomit-frame-pointer -funroll-loops -fpeel-loops -ftracer -finline-functions compilation failed to produce executable
FAIL: gfortran.dg/ieee/ieee_9.f90 -O3 -g (test for excess errors)
UNRESOLVED: gfortran.dg/ieee/ieee_9.f90 -O3 -g compilation failed to produce executable
FAIL: gfortran.dg/ieee/ieee_9.f90 -Os (test for excess errors)
UNRESOLVED: gfortran.dg/ieee/ieee_9.f90 -Os compilation failed to produce executable
=== gfortran Summary ===
# of expected passes 52562
# of unexpected failures 13
# of unexpected successes 6
# of expected failures 181
# of unresolved testcases 6
# of unsupported tests 399
/home/tcwg-buildslave/workspace/tcwg-buildfarm__0/_build/builds/armv8l-unknown-linux-gnueabihf/armv8l-unknown-linux-gnueabihf/gcc.git~master_rev_c5bac7d127f288fd2f8a1f15c3f30da5903141c6-stage2/gcc/gfortran version 10.0.1 20200418 (experimental) [master revision c5bac7d127f288fd2f8a1f15c3f30da5903141c6] (GCC)
=== g++ tests ===
Running target tcwg-local
FAIL: c-c++-common/asan/heap-overflow-1.c -O0 output pattern test
FAIL: c-c++-common/asan/heap-overflow-1.c -O1 output pattern test
FAIL: c-c++-common/asan/heap-overflow-1.c -O2 output pattern test
FAIL: c-c++-common/asan/heap-overflow-1.c -O2 -flto -fno-use-linker-plugin -flto-partition=none output pattern test
FAIL: c-c++-common/asan/heap-overflow-1.c -O2 -flto -fuse-linker-plugin -fno-fat-lto-objects output pattern test
FAIL: c-c++-common/asan/heap-overflow-1.c -O3 -g output pattern test
FAIL: c-c++-common/asan/heap-overflow-1.c -Os output pattern test
FAIL: c-c++-common/asan/pr70541.c -O0 output pattern test
FAIL: c-c++-common/asan/sanity-check-pure-c-1.c -O0 output pattern test
FAIL: c-c++-common/asan/sanity-check-pure-c-1.c -O1 output pattern test
FAIL: c-c++-common/asan/sanity-check-pure-c-1.c -O2 output pattern test
FAIL: c-c++-common/asan/sanity-check-pure-c-1.c -O2 -flto -fno-use-linker-plugin -flto-partition=none output pattern test
FAIL: c-c++-common/asan/sanity-check-pure-c-1.c -O2 -flto -fuse-linker-plugin -fno-fat-lto-objects output pattern test
FAIL: c-c++-common/asan/sanity-check-pure-c-1.c -O3 -g output pattern test
FAIL: c-c++-common/asan/sanity-check-pure-c-1.c -Os output pattern test
FAIL: c-c++-common/asan/strncpy-overflow-1.c -O0 output pattern test
FAIL: c-c++-common/asan/strncpy-overflow-1.c -O1 output pattern test
FAIL: c-c++-common/asan/strncpy-overflow-1.c -O2 output pattern test
FAIL: c-c++-common/asan/strncpy-overflow-1.c -O2 -flto -fno-use-linker-plugin -flto-partition=none output pattern test
FAIL: c-c++-common/asan/strncpy-overflow-1.c -O2 -flto -fuse-linker-plugin -fno-fat-lto-objects output pattern test
FAIL: c-c++-common/asan/strncpy-overflow-1.c -O3 -g output pattern test
FAIL: c-c++-common/asan/strncpy-overflow-1.c -Os output pattern test
FAIL: c-c++-common/asan/use-after-free-1.c -O0 output pattern test
FAIL: c-c++-common/asan/use-after-free-1.c -O1 output pattern test
FAIL: c-c++-common/asan/use-after-free-1.c -O2 output pattern test
FAIL: c-c++-common/asan/use-after-free-1.c -O2 -flto -fno-use-linker-plugin -flto-partition=none output pattern test
FAIL: c-c++-common/asan/use-after-free-1.c -O2 -flto -fuse-linker-plugin -fno-fat-lto-objects output pattern test
FAIL: c-c++-common/asan/use-after-free-1.c -O3 -g output pattern test
FAIL: c-c++-common/asan/use-after-free-1.c -Os output pattern test
FAIL: g++.dg/asan/deep-stack-uaf-1.C -O0 output pattern test
FAIL: g++.dg/asan/deep-stack-uaf-1.C -O1 output pattern test
FAIL: g++.dg/asan/deep-stack-uaf-1.C -O2 output pattern test
FAIL: g++.dg/asan/deep-stack-uaf-1.C -O3 -g output pattern test
FAIL: g++.dg/asan/deep-stack-uaf-1.C -Os output pattern test
FAIL: g++.dg/opt/store-merging-2.C -std=gnu++14 scan-tree-dump store-merging "New sequence of 2 stores to replace old one of 3 stores"
FAIL: g++.dg/opt/store-merging-2.C -std=gnu++17 scan-tree-dump store-merging "New sequence of 2 stores to replace old one of 3 stores"
FAIL: g++.dg/opt/store-merging-2.C -std=gnu++2a scan-tree-dump store-merging "New sequence of 2 stores to replace old one of 3 stores"
FAIL: g++.dg/opt/store-merging-2.C -std=gnu++98 scan-tree-dump store-merging "New sequence of 2 stores to replace old one of 3 stores"
FAIL: c-c++-common/guality/Og-global-dse-1.c -O0 line 13 gs1.i == 1
FAIL: c-c++-common/guality/Og-global-dse-1.c -O0 line 14 gs1.j == 2
FAIL: c-c++-common/guality/Og-global-dse-1.c -O0 line 15 gs1.i == 3
FAIL: c-c++-common/guality/Og-global-dse-1.c -O0 line 16 gs1.j == 4
FAIL: c-c++-common/guality/Og-global-dse-1.c -Og line 13 gs1.i == 1
FAIL: c-c++-common/guality/Og-global-dse-1.c -Og line 14 gs1.j == 2
FAIL: c-c++-common/guality/Og-global-dse-1.c -Og line 15 gs1.i == 3
FAIL: c-c++-common/guality/Og-global-dse-1.c -Og line 16 gs1.j == 4
FAIL: c-c++-common/guality/Og-global-dse-1.c -Og -flto line 13 gs1.i == 1
FAIL: c-c++-common/guality/Og-global-dse-1.c -Og -flto line 14 gs1.j == 2
FAIL: c-c++-common/guality/Og-global-dse-1.c -Og -flto line 15 gs1.i == 3
FAIL: c-c++-common/guality/Og-global-dse-1.c -Og -flto line 16 gs1.j == 4
FAIL: c-c++-common/guality/Og-static-wo-1.c -O0 line 13 x == 1
FAIL: c-c++-common/guality/Og-static-wo-1.c -Og line 13 x == 1
FAIL: c-c++-common/guality/Og-static-wo-1.c -Og -flto line 13 x == 1
FAIL: g++.dg/guality/pr67192.C -O0 line 27 cnt == 5
FAIL: g++.dg/guality/pr67192.C -O0 line 39 cnt == 10
FAIL: g++.dg/guality/pr67192.C -O0 line 48 cnt == 15
FAIL: g++.dg/guality/pr67192.C -O0 line 54 cnt == 15
FAIL: g++.dg/guality/pr67192.C -O0 line 59 cnt == 20
FAIL: g++.dg/guality/pr67192.C -O1 line 27 cnt == 5
FAIL: g++.dg/guality/pr67192.C -O1 line 39 cnt == 10
FAIL: g++.dg/guality/pr67192.C -O1 line 48 cnt == 15
FAIL: g++.dg/guality/pr67192.C -O1 line 54 cnt == 15
FAIL: g++.dg/guality/pr67192.C -O1 line 59 cnt == 20
FAIL: g++.dg/guality/pr67192.C -O2 line 27 cnt == 5
FAIL: g++.dg/guality/pr67192.C -O2 line 39 cnt == 10
FAIL: g++.dg/guality/pr67192.C -O2 line 48 cnt == 15
FAIL: g++.dg/guality/pr67192.C -O2 line 54 cnt == 15
FAIL: g++.dg/guality/pr67192.C -O2 line 59 cnt == 20
FAIL: g++.dg/guality/pr67192.C -O2 -flto -fno-use-linker-plugin -flto-partition=none line 27 cnt == 5
FAIL: g++.dg/guality/pr67192.C -O2 -flto -fno-use-linker-plugin -flto-partition=none line 39 cnt == 10
FAIL: g++.dg/guality/pr67192.C -O2 -flto -fno-use-linker-plugin -flto-partition=none line 48 cnt == 15
FAIL: g++.dg/guality/pr67192.C -O2 -flto -fno-use-linker-plugin -flto-partition=none line 54 cnt == 15
FAIL: g++.dg/guality/pr67192.C -O2 -flto -fno-use-linker-plugin -flto-partition=none line 59 cnt == 20
FAIL: g++.dg/guality/pr67192.C -O2 -flto -fuse-linker-plugin -fno-fat-lto-objects line 27 cnt == 5
FAIL: g++.dg/guality/pr67192.C -O2 -flto -fuse-linker-plugin -fno-fat-lto-objects line 39 cnt == 10
FAIL: g++.dg/guality/pr67192.C -O2 -flto -fuse-linker-plugin -fno-fat-lto-objects line 48 cnt == 15
FAIL: g++.dg/guality/pr67192.C -O2 -flto -fuse-linker-plugin -fno-fat-lto-objects line 54 cnt == 15
FAIL: g++.dg/guality/pr67192.C -O2 -flto -fuse-linker-plugin -fno-fat-lto-objects line 59 cnt == 20
FAIL: g++.dg/guality/pr67192.C -O3 -fomit-frame-pointer -funroll-loops -fpeel-loops -ftracer -finline-functions line 27 cnt == 5
FAIL: g++.dg/guality/pr67192.C -O3 -fomit-frame-pointer -funroll-loops -fpeel-loops -ftracer -finline-functions line 39 cnt == 10
FAIL: g++.dg/guality/pr67192.C -O3 -fomit-frame-pointer -funroll-loops -fpeel-loops -ftracer -finline-functions line 48 cnt == 15
FAIL: g++.dg/guality/pr67192.C -O3 -fomit-frame-pointer -funroll-loops -fpeel-loops -ftracer -finline-functions line 54 cnt == 15
FAIL: g++.dg/guality/pr67192.C -O3 -fomit-frame-pointer -funroll-loops -fpeel-loops -ftracer -finline-functions line 59 cnt == 20
FAIL: g++.dg/guality/pr67192.C -O3 -g line 27 cnt == 5
FAIL: g++.dg/guality/pr67192.C -O3 -g line 39 cnt == 10
FAIL: g++.dg/guality/pr67192.C -O3 -g line 48 cnt == 15
FAIL: g++.dg/guality/pr67192.C -O3 -g line 54 cnt == 15
FAIL: g++.dg/guality/pr67192.C -O3 -g line 59 cnt == 20
FAIL: g++.dg/guality/pr67192.C -Os line 27 cnt == 5
FAIL: g++.dg/guality/pr67192.C -Os line 39 cnt == 10
FAIL: g++.dg/guality/pr67192.C -Os line 48 cnt == 15
FAIL: g++.dg/guality/pr67192.C -Os line 54 cnt == 15
FAIL: g++.dg/guality/pr67192.C -Os line 59 cnt == 20
FAIL: g++.dg/guality/pr67192.C -Og line 27 cnt == 5
FAIL: g++.dg/guality/pr67192.C -Og line 39 cnt == 10
FAIL: g++.dg/guality/pr67192.C -Og line 48 cnt == 15
FAIL: g++.dg/guality/pr67192.C -Og line 54 cnt == 15
FAIL: g++.dg/guality/pr67192.C -Og line 59 cnt == 20
FAIL: g++.dg/lto/pr65276 cp_lto_pr65276_0.o-cp_lto_pr65276_1.o link, -flto -O0 -std=c++11
FAIL: g++.target/arm/../../gcc.target/arm/mve/intrinsics/mve_fp_fpu2.c (test for excess errors)
UNRESOLVED: g++.target/arm/../../gcc.target/arm/mve/intrinsics/mve_fp_fpu2.c scan-assembler .fpu fpv5-sp-d16
FAIL: g++.target/arm/../../gcc.target/arm/mve/intrinsics/mve_fpu2.c (test for excess errors)
UNRESOLVED: g++.target/arm/../../gcc.target/arm/mve/intrinsics/mve_fpu2.c scan-assembler-not .fpu softvfp
FAIL: g++.target/arm/../../gcc.target/arm/mve/intrinsics/mve_move_gpr_to_gpr.c (test for excess errors)
=== g++ Summary ===
# of expected passes 194699
# of unexpected failures 102
# of expected failures 720
# of unresolved testcases 2
# of unsupported tests 8515
/home/tcwg-buildslave/workspace/tcwg-buildfarm__0/_build/builds/armv8l-unknown-linux-gnueabihf/armv8l-unknown-linux-gnueabihf/gcc.git~master_rev_c5bac7d127f288fd2f8a1f15c3f30da5903141c6-stage2/gcc/xg++ version 10.0.1 20200418 (experimental) [master revision c5bac7d127f288fd2f8a1f15c3f30da5903141c6] (GCC)
=== obj-c++ tests ===
Running target tcwg-local
=== obj-c++ Summary ===
# of expected passes 1450
# of expected failures 2
# of unsupported tests 77
/home/tcwg-buildslave/workspace/tcwg-buildfarm__0/_build/builds/armv8l-unknown-linux-gnueabihf/armv8l-unknown-linux-gnueabihf/gcc.git~master_rev_c5bac7d127f288fd2f8a1f15c3f30da5903141c6-stage2/gcc/xg++ version 10.0.1 20200418 (experimental) [master revision c5bac7d127f288fd2f8a1f15c3f30da5903141c6] (GCC)
=== objc tests ===
Running target tcwg-local
=== objc Summary ===
# of expected passes 2783
# of unsupported tests 68
/home/tcwg-buildslave/workspace/tcwg-buildfarm__0/_build/builds/armv8l-unknown-linux-gnueabihf/armv8l-unknown-linux-gnueabihf/gcc.git~master_rev_c5bac7d127f288fd2f8a1f15c3f30da5903141c6-stage2/gcc/xgcc version 10.0.1 20200418 (experimental) [master revision c5bac7d127f288fd2f8a1f15c3f30da5903141c6] (GCC)
Compiler version: 10.0.1 20200418 (experimental) [master revision c5bac7d127f288fd2f8a1f15c3f30da5903141c6] (GCC)
Platform: armv8l-unknown-linux-gnueabihf
configure flags: SHELL=/bin/bash --with-mpc=/home/tcwg-buildslave/workspace/tcwg-buildfarm__0/_build/builds/destdir/armv8l-unknown-linux-gnueabihf --with-mpfr=/home/tcwg-buildslave/workspace/tcwg-buildfarm__0/_build/builds/destdir/armv8l-unknown-linux-gnueabihf --with-gmp=/home/tcwg-buildslave/workspace/tcwg-buildfarm__0/_build/builds/destdir/armv8l-unknown-linux-gnueabihf --with-gnu-as --with-gnu-ld --disable-libmudflap --enable-lto --enable-shared --without-included-gettext --enable-nls --with-system-zlib --disable-sjlj-exceptions --enable-gnu-unique-object --enable-linker-build-id --disable-libstdcxx-pch --enable-c99 --enable-clocale=gnu --enable-libstdcxx-debug --enable-long-long --with-cloog=no --with-ppl=no --with-isl=no --disable-multilib --with-float=hard --with-fpu=neon-fp-armv8 --with-mode=thumb --with-arch=armv8-a --enable-threads=posix --enable-multiarch --enable-libstdcxx-time=yes --enable-gnu-indirect-function --enable-checking=yes --enable-bootstrap --enable-languages=
c,c++,fortran,lto,objc,obj-c++ --build=armv8l-unknown-linux-gnueabihf --host=armv8l-unknown-linux-gnueabihf --target=armv8l-unknown-linux-gnueabihf --prefix=/home/tcwg-buildslave/workspace/tcwg-buildfarm__0/_build/builds/destdir/armv8l-unknown-linux-gnueabihf
More information about the Gcc-testresults
mailing list