Results for 9.3.1 20200417 [releases/gcc-9 revision 3c5d3cc15a5ab7cb4a05ecd20a18de88e835d943] (GCC) testsuite on i386-pc-solaris2.10
Rainer Orth
ro@CeBiTec.Uni-Bielefeld.DE
Sat Apr 18 05:57:14 GMT 2020
LAST_UPDATED: Fri Apr 17 08:51:46 UTC 2020 (revision 3c5d3cc15a5ab7cb4a05ecd20a18de88e835d943)
=== acats tests ===
=== acats Summary ===
# of expected passes 2320
# of unexpected failures 0
Native configuration is i386-pc-solaris2.10
=== g++ tests ===
Running target unix
FAIL: g++.dg/lto/pr89335 cp_lto_pr89335_0.o assemble, -O2 -flto -Wsuggest-final-methods
=== g++ Summary for unix ===
# of expected passes 124569
# of unexpected failures 1
# of expected failures 531
# of unsupported tests 5820
Running target unix/-m64
FAIL: g++.dg/pr80481.C -std=gnu++14 scan-assembler-not vmovaps
FAIL: g++.dg/pr80481.C -std=gnu++17 scan-assembler-not vmovaps
FAIL: g++.dg/pr80481.C -std=gnu++98 scan-assembler-not vmovaps
FAIL: g++.dg/lto/pr89335 cp_lto_pr89335_0.o assemble, -O2 -flto -Wsuggest-final-methods
=== g++ Summary for unix/-m64 ===
# of expected passes 126068
# of unexpected failures 4
# of expected failures 534
# of unsupported tests 6016
=== g++ Summary ===
# of expected passes 250637
# of unexpected failures 5
# of expected failures 1065
# of unsupported tests 11836
/var/gcc/regression/gcc-9-branch/10-gcc-gas/build/gcc/xg++ version 9.3.1 20200417 [releases/gcc-9 revision 3c5d3cc15a5ab7cb4a05ecd20a18de88e835d943] (GCC)
=== gcc tests ===
Running target unix
WARNING: gcc.c-torture/execute/ieee/fp-cmp-4f.c compilation, -O2 -flto program timed out.
FAIL: gcc.c-torture/execute/ieee/fp-cmp-4f.c compilation, -O2 -flto
UNRESOLVED: gcc.c-torture/execute/ieee/fp-cmp-4f.c execution, -O2 -flto
WARNING: gcc.c-torture/execute/ieee/fp-cmp-4l.c compilation, -O0 program timed out.
FAIL: gcc.c-torture/execute/ieee/fp-cmp-4l.c compilation, -O0
UNRESOLVED: gcc.c-torture/execute/ieee/fp-cmp-4l.c execution, -O0
WARNING: gcc.c-torture/execute/ieee/inf-2.c compilation, -O2 -flto program timed out.
FAIL: gcc.c-torture/execute/ieee/inf-2.c compilation, -O2 -flto
WARNING: gcc.c-torture/execute/ieee/inf-2.c compilation, -O2 -flto -flto-partition=none program timed out.
FAIL: gcc.c-torture/execute/ieee/inf-2.c compilation, -O2 -flto -flto-partition=none
UNRESOLVED: gcc.c-torture/execute/ieee/inf-2.c execution, -O2 -flto
UNRESOLVED: gcc.c-torture/execute/ieee/inf-2.c execution, -O2 -flto -flto-partition=none
WARNING: gcc.c-torture/execute/ieee/mzero6.c compilation, -O1 program timed out.
FAIL: gcc.c-torture/execute/ieee/mzero6.c compilation, -O1
WARNING: gcc.c-torture/execute/ieee/mzero6.c compilation, -O2 program timed out.
FAIL: gcc.c-torture/execute/ieee/mzero6.c compilation, -O2
UNRESOLVED: gcc.c-torture/execute/ieee/mzero6.c execution, -O1
UNRESOLVED: gcc.c-torture/execute/ieee/mzero6.c execution, -O2
WARNING: gcc.c-torture/execute/ieee/pr67218.c compilation, -O2 -flto -flto-partition=none program timed out.
FAIL: gcc.c-torture/execute/ieee/pr67218.c compilation, -O2 -flto -flto-partition=none
WARNING: gcc.c-torture/execute/ieee/pr67218.c compilation, -Og -g program timed out.
FAIL: gcc.c-torture/execute/ieee/pr67218.c compilation, -Og -g
UNRESOLVED: gcc.c-torture/execute/ieee/pr67218.c execution, -O2 -flto -flto-partition=none
UNRESOLVED: gcc.c-torture/execute/ieee/pr67218.c execution, -Og -g
FAIL: gcc.dg/visibility-22.c execution test
FAIL: gcc.dg/ipa/ipa-icf-38.c scan-ltrans-tree-dump-not optimized "Function bar"
FAIL: gcc.target/i386/indirect-thunk-1.c scan-assembler jmp[ \\t]*_?__x86_indirect_thunk_(r|e)ax
FAIL: gcc.target/i386/indirect-thunk-2.c scan-assembler jmp[ \\t]*_?__x86_indirect_thunk_(r|e)ax
FAIL: gcc.target/i386/indirect-thunk-3.c scan-assembler call[ \\t]*_?__x86_indirect_thunk_(r|e)ax
FAIL: gcc.target/i386/indirect-thunk-4.c scan-assembler call[ \\t]*_?__x86_indirect_thunk_(r|e)ax
FAIL: gcc.target/i386/indirect-thunk-7.c scan-assembler jmp[ \\t]*_?__x86_indirect_thunk_(r|e)ax
FAIL: gcc.target/i386/indirect-thunk-attr-1.c scan-assembler jmp[ \\t]*_?__x86_indirect_thunk_(r|e)ax
FAIL: gcc.target/i386/indirect-thunk-attr-2.c scan-assembler jmp[ \\t]*_?__x86_indirect_thunk_(r|e)ax
FAIL: gcc.target/i386/indirect-thunk-attr-5.c scan-assembler call[ \\t]*_?__x86_indirect_thunk_(r|e)ax
FAIL: gcc.target/i386/indirect-thunk-attr-6.c scan-assembler call[ \\t]*_?__x86_indirect_thunk_(r|e)ax
FAIL: gcc.target/i386/indirect-thunk-attr-7.c scan-assembler jmp[ \\t]*_?__x86_indirect_thunk(_nt|)_(r|e)ax
FAIL: gcc.target/i386/indirect-thunk-extern-1.c scan-assembler jmp[ \\t]*_?__x86_indirect_thunk_(r|e)ax
FAIL: gcc.target/i386/indirect-thunk-extern-2.c scan-assembler jmp[ \\t]*_?__x86_indirect_thunk_(r|e)ax
FAIL: gcc.target/i386/indirect-thunk-extern-3.c scan-assembler call[ \\t]*_?__x86_indirect_thunk_(r|e)ax
FAIL: gcc.target/i386/indirect-thunk-extern-4.c scan-assembler call[ \\t]*_?__x86_indirect_thunk_(r|e)ax
FAIL: gcc.target/i386/indirect-thunk-extern-7.c scan-assembler jmp[ \\t]*_?__x86_indirect_thunk(_nt|)_(r|e)ax
FAIL: gcc.target/i386/indirect-thunk-register-1.c scan-assembler jmp[ \\t]*_?__x86_indirect_thunk_(r|e)ax
FAIL: gcc.target/i386/indirect-thunk-register-3.c scan-assembler jmp[ \\t]*_?__x86_indirect_thunk_(r|e)ax
FAIL: gcc.target/i386/pr57193.c scan-assembler-times movdqa 2
FAIL: gcc.target/i386/pr90178.c scan-assembler-times xorl[\\\\t ]*\\\\%eax,[\\\\t ]*%eax 1
FAIL: gcc.target/i386/ret-thunk-1.c scan-assembler jmp[ \\t]*_?__x86_return_thunk
FAIL: gcc.target/i386/ret-thunk-10.c scan-assembler _?__x86_indirect_thunk_(r|e)ax:
FAIL: gcc.target/i386/ret-thunk-10.c scan-assembler call[ \\t]*_?__x86_indirect_thunk_(r|e)ax
FAIL: gcc.target/i386/ret-thunk-11.c scan-assembler _?__x86_indirect_thunk_(r|e)ax:
FAIL: gcc.target/i386/ret-thunk-11.c scan-assembler call[ \\t]*_?__x86_indirect_thunk_(r|e)ax
FAIL: gcc.target/i386/ret-thunk-11.c scan-assembler jmp[ \\t]*_?__x86_return_thunk
FAIL: gcc.target/i386/ret-thunk-12.c scan-assembler _?__x86_indirect_thunk_(r|e)ax:
FAIL: gcc.target/i386/ret-thunk-12.c scan-assembler call[ \\t]*_?__x86_indirect_thunk_(r|e)ax
FAIL: gcc.target/i386/ret-thunk-13.c scan-assembler jmp[ \\t]*_?__x86_return_thunk
FAIL: gcc.target/i386/ret-thunk-14.c scan-assembler call[ \\t]*_?__x86_indirect_thunk_(r|e)ax
FAIL: gcc.target/i386/ret-thunk-15.c scan-assembler call[ \\t]*_?__x86_indirect_thunk_(r|e)ax
FAIL: gcc.target/i386/ret-thunk-15.c scan-assembler jmp[ \\t]*_?__x86_return_thunk
FAIL: gcc.target/i386/ret-thunk-22.c scan-assembler jmp[ \\t]*_?__x86_return_thunk_ecx
FAIL: gcc.target/i386/ret-thunk-23.c scan-assembler jmp[ \\t]*_?__x86_return_thunk_ecx
FAIL: gcc.target/i386/ret-thunk-26.c (test for excess errors)
UNRESOLVED: gcc.target/i386/ret-thunk-26.c compilation failed to produce executable
FAIL: gcc.target/i386/ret-thunk-3.c scan-assembler jmp[ \\t]*_?__x86_return_thunk
FAIL: gcc.target/i386/ret-thunk-5.c scan-assembler jmp[ \\t]*_?__x86_return_thunk
FAIL: gcc.target/i386/ret-thunk-7.c scan-assembler jmp[ \\t]*_?__x86_return_thunk
FAIL: gcc.target/i386/ret-thunk-9.c scan-assembler _?__x86_return_thunk:
FAIL: gcc.target/i386/ret-thunk-9.c scan-assembler call[ \\t]*_?__x86_indirect_thunk_(r|e)ax
FAIL: gcc.target/i386/ret-thunk-9.c scan-assembler jmp[ \\t]*_?__x86_return_thunk
=== gcc Summary for unix ===
# of expected passes 130606
# of unexpected failures 50
# of expected failures 543
# of unresolved testcases 9
# of unsupported tests 2416
Running target unix/-m64
FAIL: gcc.dg/visibility-22.c execution test
FAIL: gcc.dg/ipa/ipa-icf-38.c scan-ltrans-tree-dump-not optimized "Function bar"
FAIL: gcc.target/i386/indirect-thunk-1.c scan-assembler jmp[ \\t]*_?__x86_indirect_thunk_(r|e)ax
FAIL: gcc.target/i386/indirect-thunk-2.c scan-assembler jmp[ \\t]*_?__x86_indirect_thunk_(r|e)ax
FAIL: gcc.target/i386/indirect-thunk-3.c scan-assembler call[ \\t]*_?__x86_indirect_thunk_(r|e)ax
FAIL: gcc.target/i386/indirect-thunk-4.c scan-assembler call[ \\t]*_?__x86_indirect_thunk_(r|e)ax
FAIL: gcc.target/i386/indirect-thunk-7.c scan-assembler jmp[ \\t]*_?__x86_indirect_thunk_(r|e)ax
FAIL: gcc.target/i386/indirect-thunk-attr-1.c scan-assembler jmp[ \\t]*_?__x86_indirect_thunk_(r|e)ax
FAIL: gcc.target/i386/indirect-thunk-attr-2.c scan-assembler jmp[ \\t]*_?__x86_indirect_thunk_(r|e)ax
FAIL: gcc.target/i386/indirect-thunk-attr-5.c scan-assembler call[ \\t]*_?__x86_indirect_thunk_(r|e)ax
FAIL: gcc.target/i386/indirect-thunk-attr-6.c scan-assembler call[ \\t]*_?__x86_indirect_thunk_(r|e)ax
FAIL: gcc.target/i386/indirect-thunk-attr-7.c scan-assembler jmp[ \\t]*_?__x86_indirect_thunk(_nt|)_(r|e)ax
FAIL: gcc.target/i386/indirect-thunk-extern-1.c scan-assembler jmp[ \\t]*_?__x86_indirect_thunk_(r|e)ax
FAIL: gcc.target/i386/indirect-thunk-extern-2.c scan-assembler jmp[ \\t]*_?__x86_indirect_thunk_(r|e)ax
FAIL: gcc.target/i386/indirect-thunk-extern-3.c scan-assembler call[ \\t]*_?__x86_indirect_thunk_(r|e)ax
FAIL: gcc.target/i386/indirect-thunk-extern-4.c scan-assembler call[ \\t]*_?__x86_indirect_thunk_(r|e)ax
FAIL: gcc.target/i386/indirect-thunk-extern-7.c scan-assembler jmp[ \\t]*_?__x86_indirect_thunk(_nt|)_(r|e)ax
FAIL: gcc.target/i386/indirect-thunk-register-1.c scan-assembler jmp[ \\t]*_?__x86_indirect_thunk_(r|e)ax
FAIL: gcc.target/i386/indirect-thunk-register-3.c scan-assembler jmp[ \\t]*_?__x86_indirect_thunk_(r|e)ax
FAIL: gcc.target/i386/pr57193.c scan-assembler-times movdqa 2
FAIL: gcc.target/i386/pr90178.c scan-assembler-times xorl[\\\\t ]*\\\\%eax,[\\\\t ]*%eax 1
FAIL: gcc.target/i386/ret-thunk-1.c scan-assembler jmp[ \\t]*_?__x86_return_thunk
FAIL: gcc.target/i386/ret-thunk-10.c scan-assembler _?__x86_indirect_thunk_(r|e)ax:
FAIL: gcc.target/i386/ret-thunk-10.c scan-assembler call[ \\t]*_?__x86_indirect_thunk_(r|e)ax
FAIL: gcc.target/i386/ret-thunk-11.c scan-assembler _?__x86_indirect_thunk_(r|e)ax:
FAIL: gcc.target/i386/ret-thunk-11.c scan-assembler call[ \\t]*_?__x86_indirect_thunk_(r|e)ax
FAIL: gcc.target/i386/ret-thunk-11.c scan-assembler jmp[ \\t]*_?__x86_return_thunk
FAIL: gcc.target/i386/ret-thunk-12.c scan-assembler _?__x86_indirect_thunk_(r|e)ax:
FAIL: gcc.target/i386/ret-thunk-12.c scan-assembler call[ \\t]*_?__x86_indirect_thunk_(r|e)ax
FAIL: gcc.target/i386/ret-thunk-13.c scan-assembler jmp[ \\t]*_?__x86_return_thunk
FAIL: gcc.target/i386/ret-thunk-14.c scan-assembler call[ \\t]*_?__x86_indirect_thunk_(r|e)ax
FAIL: gcc.target/i386/ret-thunk-15.c scan-assembler call[ \\t]*_?__x86_indirect_thunk_(r|e)ax
FAIL: gcc.target/i386/ret-thunk-15.c scan-assembler jmp[ \\t]*_?__x86_return_thunk
FAIL: gcc.target/i386/ret-thunk-3.c scan-assembler jmp[ \\t]*_?__x86_return_thunk
FAIL: gcc.target/i386/ret-thunk-5.c scan-assembler jmp[ \\t]*_?__x86_return_thunk
FAIL: gcc.target/i386/ret-thunk-7.c scan-assembler jmp[ \\t]*_?__x86_return_thunk
FAIL: gcc.target/i386/ret-thunk-9.c scan-assembler _?__x86_return_thunk:
FAIL: gcc.target/i386/ret-thunk-9.c scan-assembler call[ \\t]*_?__x86_indirect_thunk_(r|e)ax
FAIL: gcc.target/i386/ret-thunk-9.c scan-assembler jmp[ \\t]*_?__x86_return_thunk
=== gcc Summary for unix/-m64 ===
# of expected passes 132596
# of unexpected failures 39
# of expected failures 535
# of unsupported tests 2217
=== gcc Summary ===
# of expected passes 263202
# of unexpected failures 89
# of expected failures 1078
# of unresolved testcases 9
# of unsupported tests 4633
/var/gcc/regression/gcc-9-branch/10-gcc-gas/build/gcc/xgcc version 9.3.1 20200417 [releases/gcc-9 revision 3c5d3cc15a5ab7cb4a05ecd20a18de88e835d943] (GCC)
=== gdc tests ===
Running target unix
FAIL: gdc.test/compilable/line.d output-exists line.o
FAIL: gdc.test/compilable/line.d -O2 output-exists line.o
FAIL: gdc.test/compilable/line.d -O2 -frelease output-exists line.o
FAIL: gdc.test/compilable/line.d -O2 -frelease -g output-exists line.o
FAIL: gdc.test/compilable/line.d -O2 -g output-exists line.o
FAIL: gdc.test/compilable/line.d -frelease output-exists line.o
FAIL: gdc.test/compilable/line.d -frelease -g output-exists line.o
FAIL: gdc.test/compilable/line.d -g output-exists line.o
=== gdc Summary for unix ===
# of expected passes 22437
# of unexpected failures 8
# of unsupported tests 40
Running target unix/-m64
FAIL: gdc.test/compilable/line.d output-exists line.o
FAIL: gdc.test/compilable/line.d -O2 output-exists line.o
FAIL: gdc.test/compilable/line.d -O2 -frelease output-exists line.o
FAIL: gdc.test/compilable/line.d -O2 -frelease -g output-exists line.o
FAIL: gdc.test/compilable/line.d -O2 -g output-exists line.o
FAIL: gdc.test/compilable/line.d -frelease output-exists line.o
FAIL: gdc.test/compilable/line.d -frelease -g output-exists line.o
FAIL: gdc.test/compilable/line.d -g output-exists line.o
=== gdc Summary for unix/-m64 ===
# of expected passes 22437
# of unexpected failures 8
# of unsupported tests 40
=== gdc Summary ===
# of expected passes 44874
# of unexpected failures 16
# of unsupported tests 80
/var/gcc/regression/gcc-9-branch/10-gcc-gas/build/gcc/gdc version 9.3.1 20200417 [releases/gcc-9 revision 3c5d3cc15a5ab7cb4a05ecd20a18de88e835d943] (GCC)
=== gfortran tests ===
Running target unix
=== gfortran Summary for unix ===
# of expected passes 50634
# of expected failures 187
# of unsupported tests 205
Running target unix/-m64
WARNING: gfortran.fortran-torture/execute/save_2.f90 compilation, -O2 program timed out.
FAIL: gfortran.fortran-torture/execute/save_2.f90 compilation, -O2
WARNING: gfortran.fortran-torture/execute/st_function.f90 compilation, -O2 program timed out.
FAIL: gfortran.fortran-torture/execute/st_function.f90 compilation, -O2
WARNING: gfortran.fortran-torture/execute/strarray_4.f90 compilation, -O1 program timed out.
FAIL: gfortran.fortran-torture/execute/strarray_4.f90 compilation, -O1
WARNING: gfortran.fortran-torture/execute/unopened_unit_1.f90 compilation, -O1 program timed out.
FAIL: gfortran.fortran-torture/execute/unopened_unit_1.f90 compilation, -O1
WARNING: gfortran.fortran-torture/execute/where_1.f90 compilation, -O3 -g program timed out.
FAIL: gfortran.fortran-torture/execute/where_1.f90 compilation, -O3 -g
WARNING: gfortran.fortran-torture/execute/where_4.f90 compilation, -O2 -fomit-frame-pointer -finline-functions -funroll-loops program timed out.
FAIL: gfortran.fortran-torture/execute/where_4.f90 compilation, -O2 -fomit-frame-pointer -finline-functions -funroll-loops
=== gfortran Summary for unix/-m64 ===
# of expected passes 50851
# of unexpected failures 6
# of expected failures 187
# of untested testcases 6
# of unsupported tests 96
=== gfortran Summary ===
# of expected passes 101485
# of unexpected failures 6
# of expected failures 374
# of untested testcases 6
# of unsupported tests 301
/var/gcc/regression/gcc-9-branch/10-gcc-gas/build/gcc/gfortran version 9.3.1 20200417 [releases/gcc-9 revision 3c5d3cc15a5ab7cb4a05ecd20a18de88e835d943] (GCC)
=== gnat tests ===
Running target unix
=== gnat Summary for unix ===
# of expected passes 2986
# of expected failures 23
# of unsupported tests 10
Running target unix/-m64
=== gnat Summary for unix/-m64 ===
# of expected passes 2986
# of expected failures 23
# of unsupported tests 10
=== gnat Summary ===
# of expected passes 5972
# of expected failures 46
# of unsupported tests 20
/var/gcc/regression/gcc-9-branch/10-gcc-gas/build/gcc/gnatmake version 9.3.1 20200417 [releases/gcc-9 revision 3c5d3cc15a5ab7cb4a05ecd20a18de88e835d943]
=== go tests ===
Running target unix
FAIL: ./index0-out.go execution, -O0 -g -fno-var-tracking-assignments
FAIL: go.test/test/recover.go execution, -O2 -g
=== go Summary for unix ===
# of expected passes 7459
# of unexpected failures 2
# of expected failures 1
# of untested testcases 10
# of unsupported tests 2
Running target unix/-m64
FAIL: ./index0-out.go execution, -O0 -g -fno-var-tracking-assignments
FAIL: go.test/test/recover.go execution, -O2 -g
=== go Summary for unix/-m64 ===
# of expected passes 7340
# of unexpected failures 2
# of expected failures 1
# of untested testcases 10
# of unsupported tests 1
=== go Summary ===
# of expected passes 14799
# of unexpected failures 4
# of expected failures 2
# of untested testcases 20
# of unsupported tests 3
=== obj-c++ tests ===
Running target unix
=== obj-c++ Summary for unix ===
# of expected passes 1466
# of expected failures 2
# of unsupported tests 77
Running target unix/-m64
=== obj-c++ Summary for unix/-m64 ===
# of expected passes 1458
# of expected failures 10
# of unsupported tests 77
=== obj-c++ Summary ===
# of expected passes 2924
# of expected failures 12
# of unsupported tests 154
/var/gcc/regression/gcc-9-branch/10-gcc-gas/build/gcc/xg++ version 9.3.1 20200417 [releases/gcc-9 revision 3c5d3cc15a5ab7cb4a05ecd20a18de88e835d943] (GCC)
=== objc tests ===
Running target unix
=== objc Summary for unix ===
# of expected passes 2798
# of expected failures 6
# of unsupported tests 68
Running target unix/-m64
=== objc Summary for unix/-m64 ===
# of expected passes 2798
# of expected failures 6
# of unsupported tests 68
=== objc Summary ===
# of expected passes 5596
# of expected failures 12
# of unsupported tests 136
/var/gcc/regression/gcc-9-branch/10-gcc-gas/build/gcc/xgcc version 9.3.1 20200417 [releases/gcc-9 revision 3c5d3cc15a5ab7cb4a05ecd20a18de88e835d943] (GCC)
=== gotools tests ===
FAIL: TestScript
FAIL: TestTestRegexps
FAIL: go test cmd/go
FAIL: go test runtime
FAIL: go test misc/cgo/test
FAIL: TestCompileWithoutShared
FAIL: TestEarlySignalHandler
FAIL: TestInstall
FAIL: TestOsSignal
FAIL: TestPIE
FAIL: TestSIGPROF
FAIL: TestSigaltstack
FAIL: TestSignalForwarding
FAIL: TestSignalForwardingExternal
FAIL: go test misc/cgo/testcarchive
FAIL: TestVet
FAIL: go test cmd/vet
=== gotools Summary ===
# of expected passes 140
# of unexpected failures 17
# of untested testcases 129
=== libatomic tests ===
Running target unix
=== libatomic Summary for unix ===
# of expected passes 44
# of unsupported tests 5
Running target unix/-m64
=== libatomic Summary for unix/-m64 ===
# of expected passes 54
=== libatomic Summary ===
# of expected passes 98
# of unsupported tests 5
=== libffi tests ===
Running target unix
=== libffi Summary for unix ===
# of expected passes 2799
Running target unix/-m64
=== libffi Summary for unix/-m64 ===
# of expected passes 2214
=== libffi Summary ===
# of expected passes 5013
=== libgo tests ===
Running target unix
FAIL: go/build
FAIL: os/signal
FAIL: runtime
FAIL: runtime/debug
=== libgo Summary for unix ===
# of expected passes 181
# of unexpected failures 4
Running target unix/-m64
FAIL: go/build
FAIL: math
FAIL: runtime
FAIL: runtime/debug
=== libgo Summary for unix/-m64 ===
# of expected passes 181
# of unexpected failures 4
=== libgo Summary ===
# of expected passes 362
# of unexpected failures 8
=== libgomp tests ===
Running target unix
WARNING: libgomp.c++/task-reduction-11.C execution test program timed out.
FAIL: libgomp.c++/task-reduction-11.C execution test
WARNING: libgomp.c++/task-reduction-13.C execution test program timed out.
FAIL: libgomp.c++/task-reduction-13.C execution test
=== libgomp Summary for unix ===
# of expected passes 6487
# of unexpected failures 2
# of expected failures 4
# of unsupported tests 395
Running target unix/-m64
WARNING: libgomp.c++/task-reduction-11.C execution test program timed out.
FAIL: libgomp.c++/task-reduction-11.C execution test
=== libgomp Summary for unix/-m64 ===
# of expected passes 6488
# of unexpected failures 1
# of expected failures 4
# of unsupported tests 395
=== libgomp Summary ===
# of expected passes 12975
# of unexpected failures 3
# of expected failures 8
# of unsupported tests 790
=== libitm tests ===
Running target unix
=== libitm Summary for unix ===
# of expected passes 42
# of expected failures 3
# of unsupported tests 1
Running target unix/-m64
=== libitm Summary for unix/-m64 ===
# of expected passes 42
# of expected failures 3
# of unsupported tests 1
=== libitm Summary ===
# of expected passes 84
# of expected failures 6
# of unsupported tests 2
=== libstdc++ tests ===
Running target unix
XPASS: experimental/memory_resource/resource_adaptor.cc execution test
FAIL: experimental/names.cc (test for excess errors)
FAIL: experimental/net/internet/resolver/ops/lookup.cc execution test
=== libstdc++ Summary for unix ===
# of expected passes 12123
# of unexpected failures 2
# of unexpected successes 1
# of expected failures 80
# of unsupported tests 708
Running target unix/-m64
FAIL: 27_io/filesystem/operations/last_write_time.cc execution test
FAIL: experimental/filesystem/operations/last_write_time.cc execution test
FAIL: experimental/names.cc (test for excess errors)
FAIL: experimental/net/internet/resolver/ops/lookup.cc execution test
=== libstdc++ Summary for unix/-m64 ===
# of expected passes 12115
# of unexpected failures 4
# of expected failures 79
# of unsupported tests 712
=== libstdc++ Summary ===
# of expected passes 24238
# of unexpected failures 6
# of unexpected successes 1
# of expected failures 159
# of unsupported tests 1420
Compiler version: 9.3.1 20200417 [releases/gcc-9 revision 3c5d3cc15a5ab7cb4a05ecd20a18de88e835d943] (GCC)
Platform: i386-pc-solaris2.10
configure flags: --prefix=/vol/gcc --target=i386-pc-solaris2.10 --enable-obsolete --enable-objc-gc --with-target-bdw-gc-include=/vol/gcc/include --with-target-bdw-gc-lib=/vol/gcc/lib,amd64=/vol/gcc/lib/amd64 --with-as=/vol/gcc/bin/gas-2.34 --with-gnu-as --with-gmp-include=/vol/gcc/include --with-gmp-lib=/vol/gcc/lib --with-mpfr-include=/vol/gcc/include --with-mpfr-lib=/vol/gcc/lib --with-mpc-include=/vol/gcc/include --with-mpc-lib=/vol/gcc/lib --enable-languages=all,ada,obj-c++,go --with-isl-include=/vol/gcc/include --with-isl-lib=/vol/gcc/lib --with-zstd-include=/vol/gcc/include --with-zstd-lib=/vol/gcc/lib --build=i386-pc-solaris2.10 --host=i386-pc-solaris2.10
BOOT_CFLAGS=-g -O2
More information about the Gcc-testresults
mailing list