Results for 10.0.1 20200414 (experimental) [master revision r10-7724-ga126a1577ffc] (GCC) testsuite on x86_64-apple-darwin19
Iain Sandoe
iains.gcc@gmail.com
Thu Apr 16 10:36:31 GMT 2020
LAST_UPDATED: Tue Apr 14 19:52:52 UTC 2020 (revision r10-7724-ga126a1577ffc)
=== acats tests ===
=== acats Summary ===
# of expected passes 2320
# of unexpected failures 0
Native configuration is x86_64-apple-darwin19
=== g++ tests ===
Running target unix
FAIL: c-c++-common/asan/alloca_big_alignment.c -Os output pattern test
FAIL: c-c++-common/asan/alloca_detect_custom_size.c -Os output pattern test
FAIL: c-c++-common/asan/alloca_overflow_partial.c -Os output pattern test
FAIL: c-c++-common/asan/alloca_overflow_right.c -Os output pattern test
FAIL: c-c++-common/asan/alloca_underflow_left.c -Os output pattern test
FAIL: c-c++-common/asan/memcmp-1.c -O0 output pattern test
FAIL: c-c++-common/asan/memcmp-1.c -O1 output pattern test
FAIL: c-c++-common/asan/memcmp-1.c -O2 output pattern test
FAIL: c-c++-common/asan/memcmp-1.c -O2 -flto output pattern test
FAIL: c-c++-common/asan/memcmp-1.c -O2 -flto -flto-partition=none output pattern test
FAIL: c-c++-common/asan/memcmp-1.c -O3 -g output pattern test
FAIL: c-c++-common/asan/memcmp-1.c -Os output pattern test
FAIL: g++.dg/cpp0x/lambda/pr94426-2.C -std=c++14 scan-assembler .comm\\t_Z3VARIZ1qvEUlvE_E,1,1
FAIL: g++.dg/cpp0x/lambda/pr94426-2.C -std=c++14 scan-assembler .local\\t_Z3VARIZ1qvEUlvE_E
FAIL: g++.dg/cpp0x/lambda/pr94426-2.C -std=c++17 scan-assembler .comm\\t_Z3VARIZ1qvEUlvE_E,1,1
FAIL: g++.dg/cpp0x/lambda/pr94426-2.C -std=c++17 scan-assembler .local\\t_Z3VARIZ1qvEUlvE_E
FAIL: g++.dg/cpp0x/lambda/pr94426-2.C -std=c++2a scan-assembler .comm\\t_Z3VARIZ1qvEUlvE_E,1,1
FAIL: g++.dg/cpp0x/lambda/pr94426-2.C -std=c++2a scan-assembler .local\\t_Z3VARIZ1qvEUlvE_E
FAIL: g++.dg/ipa/pr67056.C scan-ipa-dump cp "Speculative outer type:struct CompositeClass"
FAIL: g++.dg/pr80481.C -std=gnu++14 scan-assembler-not vmovaps[^\\n\\r]*zmm[0-9]+,[^\\n\\r]*zmm[0-9]+
FAIL: g++.dg/pr80481.C -std=gnu++17 scan-assembler-not vmovaps[^\\n\\r]*zmm[0-9]+,[^\\n\\r]*zmm[0-9]+
FAIL: g++.dg/pr80481.C -std=gnu++2a scan-assembler-not vmovaps[^\\n\\r]*zmm[0-9]+,[^\\n\\r]*zmm[0-9]+
FAIL: g++.dg/pr80481.C -std=gnu++98 scan-assembler-not vmovaps[^\\n\\r]*zmm[0-9]+,[^\\n\\r]*zmm[0-9]+
FAIL: g++.dg/lto/pr65276 cp_lto_pr65276_0.o-cp_lto_pr65276_1.o link, -flto -O0 -std=c++11
FAIL: g++.dg/lto/pr65549 cp_lto_pr65549_0.o-cp_lto_pr65549_0.o link, -std=gnu++14 -flto -g -O2 -fno-inline -flto-partition=max -Wno-return-type
FAIL: g++.dg/lto/pr89335 cp_lto_pr89335_0.o assemble, -O2 -flto -Wsuggest-final-methods
=== g++ Summary ===
# of expected passes 185983
# of unexpected failures 26
# of expected failures 739
# of unsupported tests 8411
/scratch/10-15-cat/gcc-trunk-wip/gcc/xg++ version 10.0.1 20200414 (experimental) [master revision r10-7724-ga126a1577ffc] (GCC)
=== gcc tests ===
Running target unix
FAIL: c-c++-common/asan/alloca_big_alignment.c -Os output pattern test
FAIL: c-c++-common/asan/alloca_detect_custom_size.c -Os output pattern test
FAIL: c-c++-common/asan/alloca_overflow_partial.c -Os output pattern test
FAIL: c-c++-common/asan/alloca_overflow_right.c -Os output pattern test
FAIL: c-c++-common/asan/alloca_underflow_left.c -Os output pattern test
FAIL: c-c++-common/asan/memcmp-1.c -O0 output pattern test
FAIL: c-c++-common/asan/memcmp-1.c -O1 output pattern test
FAIL: c-c++-common/asan/memcmp-1.c -O2 output pattern test
FAIL: c-c++-common/asan/memcmp-1.c -O2 -flto output pattern test
FAIL: c-c++-common/asan/memcmp-1.c -O2 -flto -flto-partition=none output pattern test
FAIL: c-c++-common/asan/memcmp-1.c -O3 -g output pattern test
FAIL: c-c++-common/asan/memcmp-1.c -Os output pattern test
FAIL: c-c++-common/asan/strncpy-overflow-1.c -O0 output pattern test
FAIL: c-c++-common/asan/strncpy-overflow-1.c -O1 (test for excess errors)
FAIL: c-c++-common/asan/strncpy-overflow-1.c -O1 output pattern test
FAIL: c-c++-common/asan/strncpy-overflow-1.c -O2 (test for excess errors)
FAIL: c-c++-common/asan/strncpy-overflow-1.c -O2 output pattern test
FAIL: c-c++-common/asan/strncpy-overflow-1.c -O2 -flto (test for excess errors)
FAIL: c-c++-common/asan/strncpy-overflow-1.c -O2 -flto output pattern test
FAIL: c-c++-common/asan/strncpy-overflow-1.c -O2 -flto -flto-partition=none (test for excess errors)
FAIL: c-c++-common/asan/strncpy-overflow-1.c -O2 -flto -flto-partition=none output pattern test
FAIL: c-c++-common/asan/strncpy-overflow-1.c -O3 -g (test for excess errors)
FAIL: c-c++-common/asan/strncpy-overflow-1.c -O3 -g output pattern test
FAIL: c-c++-common/asan/strncpy-overflow-1.c -Os (test for excess errors)
FAIL: c-c++-common/asan/strncpy-overflow-1.c -Os output pattern test
FAIL: gcc.dg/debug/dwarf2/inline4.c scan-assembler DW_TAG_inlined_subroutine[^\\\\(]*\\\\([^\\\\)]*\\\\)[^\\\\(]*\\\\(DIE \\\\(0x[0-9a-f]*\\\\) DW_TAG_formal_parameter[^\\\\(]*\\\\(DIE \\\\(0x[0-9a-f]*\\\\) DW_TAG_variable
FAIL: gcc.dg/debug/dwarf2/inline5.c scan-assembler-not \\\\(DIE \\\\(0x([0-9a-f]*)\\\\) DW_TAG_lexical_block\\\\)[^#/!@;\\\\|]*[#/!@;\\\\|]+ +[^(].*DW_TAG_lexical_block\\\\)[^#/!@;\\\\|x]*x\\\\1[^#/!@;\\\\|]*[#/!@;\\\\|] +DW_AT_abstract_origin
FAIL: gcc.dg/pr68766.c (internal compiler error)
FAIL: gcc.dg/pr68766.c (test for excess errors)
FAIL: gcc.dg/stack-layout-dynamic-1.c (internal compiler error)
FAIL: gcc.dg/stack-layout-dynamic-1.c (test for excess errors)
UNRESOLVED: gcc.dg/stack-layout-dynamic-1.c scan-assembler-not cfi_def_cfa_register
FAIL: gcc.dg/strlenopt-82.c scan-tree-dump-times optimized "call_in_true_branch_not_eliminated_" 0
FAIL: gcc.dg/graphite/scop-19.c scan-tree-dump-times graphite "number of SCoPs: 0" 1
FAIL: gcc.dg/ipa/ipa-icf-38.c scan-ltrans-tree-dump-not optimized "Function bar"
FAIL: gcc.dg/torture/fp-int-convert-timode-3.c -O0 execution test
FAIL: gcc.dg/torture/fp-int-convert-timode-3.c -O1 execution test
FAIL: gcc.dg/torture/fp-int-convert-timode-3.c -O2 execution test
FAIL: gcc.dg/torture/fp-int-convert-timode-3.c -O2 -flto execution test
FAIL: gcc.dg/torture/fp-int-convert-timode-3.c -O2 -flto -flto-partition=none execution test
FAIL: gcc.dg/torture/fp-int-convert-timode-3.c -O3 -g execution test
FAIL: gcc.dg/torture/fp-int-convert-timode-3.c -Os execution test
FAIL: gcc.dg/torture/fp-int-convert-timode-4.c -O0 execution test
FAIL: gcc.dg/torture/fp-int-convert-timode-4.c -O1 execution test
FAIL: gcc.dg/torture/fp-int-convert-timode-4.c -O2 execution test
FAIL: gcc.dg/torture/fp-int-convert-timode-4.c -O2 -flto execution test
FAIL: gcc.dg/torture/fp-int-convert-timode-4.c -O2 -flto -flto-partition=none execution test
FAIL: gcc.dg/torture/fp-int-convert-timode-4.c -O3 -g execution test
FAIL: gcc.dg/torture/fp-int-convert-timode-4.c -Os execution test
XPASS: gcc.dg/tree-ssa/pr91091-2.c scan-tree-dump-times fre1 " = [^;]*x;" 1
XPASS: gcc.dg/tree-ssa/pr91091-2.c scan-tree-dump-times fre1 "x = " 1
XPASS: gcc.dg/tree-ssa/ssa-fre-77.c scan-tree-dump fre1 "return 1;"
FAIL: gcc.misc-tests/gcov-2.c (test for excess errors)
FAIL: gcc.target/i386/pr34256.c scan-assembler-times mov 5
FAIL: gcc.target/i386/pr78035.c scan-assembler-times cmp 2
FAIL: gcc.target/i386/pr92651.c scan-assembler-times sub 2
FAIL: gcc.target/i386/stackalign/pr88483-1.c -mno-stackrealign scan-assembler-not and[lq]?[^\\\\n]*-[0-9]+,[^\\\\n]*sp
FAIL: gcc.target/i386/stackalign/pr88483-1.c -mstackrealign scan-assembler-not and[lq]?[^\\\\n]*-[0-9]+,[^\\\\n]*sp
FAIL: gcc.target/i386/stackalign/pr88483-2.c -mno-stackrealign scan-assembler-not (sub|add)(l|q)[\\\\t ]*\\\\\$[0-9]*,[\\\\t ]*%[re]?sp
FAIL: gcc.target/i386/stackalign/pr88483-2.c -mno-stackrealign scan-assembler-not and[lq]?[^\\\\n]*-[0-9]+,[^\\\\n]*sp
FAIL: gcc.target/i386/stackalign/pr88483-2.c -mstackrealign scan-assembler-not (sub|add)(l|q)[\\\\t ]*\\\\\$[0-9]*,[\\\\t ]*%[re]?sp
FAIL: gcc.target/i386/stackalign/pr88483-2.c -mstackrealign scan-assembler-not and[lq]?[^\\\\n]*-[0-9]+,[^\\\\n]*sp
=== gcc Summary ===
# of expected passes 144178
# of unexpected failures 58
# of unexpected successes 3
# of expected failures 696
# of unresolved testcases 1
# of unsupported tests 2894
/scratch/10-15-cat/gcc-trunk-wip/gcc/xgcc version 10.0.1 20200414 (experimental) [master revision r10-7724-ga126a1577ffc] (GCC)
=== gfortran tests ===
Running target unix
=== gfortran Summary ===
# of expected passes 53788
# of expected failures 189
# of unsupported tests 82
/scratch/10-15-cat/gcc-trunk-wip/gcc/gfortran version 10.0.1 20200414 (experimental) [master revision r10-7724-ga126a1577ffc] (GCC)
=== gnat tests ===
Running target unix
FAIL: gnat.dg/bias1.adb scan-assembler DW_AT_GNU_bias
=== gnat Summary ===
# of expected passes 3272
# of unexpected failures 1
# of expected failures 23
# of unsupported tests 13
/scratch/10-15-cat/gcc-trunk-wip/gcc/gnatmake version 10.0.1 20200414 (experimental) [master revision r10-7724-ga126a1577ffc]
=== obj-c++ tests ===
Running target unix
FAIL: obj-c++.dg/bitfield-2.mm -fnext-runtime execution test
FAIL: obj-c++.dg/cxx-ivars-3.mm -fnext-runtime (test for excess errors)
UNRESOLVED: obj-c++.dg/cxx-ivars-3.mm -fnext-runtime compilation failed to produce executable
FAIL: obj-c++.dg/gnu-api-2-class-meta.mm -fnext-runtime (test for excess errors)
UNRESOLVED: obj-c++.dg/gnu-api-2-class-meta.mm -fnext-runtime compilation failed to produce executable
FAIL: obj-c++.dg/gnu-api-2-class.mm -fnext-runtime (test for excess errors)
UNRESOLVED: obj-c++.dg/gnu-api-2-class.mm -fnext-runtime compilation failed to produce executable
FAIL: obj-c++.dg/gnu-api-2-objc.mm -fnext-runtime execution test
FAIL: obj-c++.dg/objc-gc-3.mm -fnext-runtime (test for excess errors)
FAIL: obj-c++.dg/try-catch-2.mm -fnext-runtime execution test
FAIL: obj-c++.dg/try-catch-9.mm -fnext-runtime execution test
FAIL: obj-c++.dg/plugin/diagnostic-test-expressions-1.mm -fplugin=./diagnostic_plugin_test_tree_expression_range.so (test for warnings, line 60)
FAIL: obj-c++.dg/plugin/diagnostic-test-expressions-1.mm -fplugin=./diagnostic_plugin_test_tree_expression_range.so (test for warnings, line 68)
FAIL: obj-c++.dg/plugin/diagnostic-test-expressions-1.mm -fplugin=./diagnostic_plugin_test_tree_expression_range.so expected multiline pattern lines 62-63 not found: " __emit_expression_range \\( 0, @selector\\(func0\\) \\);.*\\n \\^~~~~~~~~~~~~~~~\\n"
FAIL: obj-c++.dg/plugin/diagnostic-test-expressions-1.mm -fplugin=./diagnostic_plugin_test_tree_expression_range.so expected multiline pattern lines 70-71 not found: " __emit_expression_range \\( 0, @protocol\\(prot\\) \\);.*\\n \\^~~~~~~~~~~~~~~\\n"
FAIL: obj-c++.dg/plugin/diagnostic-test-expressions-1.mm -fplugin=./diagnostic_plugin_test_tree_expression_range.so (test for excess errors)
FAIL: obj-c++.dg/property/synthesize-10.mm -fnext-runtime execution test
=== obj-c++ Summary ===
# of expected passes 3042
# of unexpected failures 14
# of expected failures 18
# of unresolved testcases 3
# of unsupported tests 68
/scratch/10-15-cat/gcc-trunk-wip/gcc/xg++ version 10.0.1 20200414 (experimental) [master revision r10-7724-ga126a1577ffc] (GCC)
=== objc tests ===
Running target unix
FAIL: objc.dg/call-super-2.m -fnext-runtime (test for warnings, line 104)
FAIL: objc.dg/call-super-2.m -fnext-runtime (test for warnings, line 74)
FAIL: objc.dg/exceptions-2.m -fnext-runtime execution test
FAIL: objc.dg/gnu-api-2-class-meta.m -fnext-runtime (test for excess errors)
UNRESOLVED: objc.dg/gnu-api-2-class-meta.m -fnext-runtime compilation failed to produce executable
FAIL: objc.dg/gnu-api-2-class.m -fnext-runtime (test for excess errors)
UNRESOLVED: objc.dg/gnu-api-2-class.m -fnext-runtime compilation failed to produce executable
FAIL: objc.dg/gnu-api-2-objc.m -fnext-runtime execution test
FAIL: objc.dg/objc-gc-4.m -fnext-runtime (test for excess errors)
FAIL: objc.dg/plugin/diagnostic-test-expressions-1.m -fplugin=./diagnostic_plugin_test_tree_expression_range.so (test for warnings, line 60)
FAIL: objc.dg/plugin/diagnostic-test-expressions-1.m -fplugin=./diagnostic_plugin_test_tree_expression_range.so (test for warnings, line 68)
FAIL: objc.dg/plugin/diagnostic-test-expressions-1.m -fplugin=./diagnostic_plugin_test_tree_expression_range.so expected multiline pattern lines 62-63 not found: " __emit_expression_range \\( 0, @selector\\(func0\\) \\);.*\\n \\^~~~~~~~~~~~~~~~\\n"
FAIL: objc.dg/plugin/diagnostic-test-expressions-1.m -fplugin=./diagnostic_plugin_test_tree_expression_range.so expected multiline pattern lines 70-71 not found: " __emit_expression_range \\( 0, @protocol\\(prot\\) \\);.*\\n ~~~~~~~~~~~~~~~\\n"
FAIL: objc.dg/plugin/diagnostic-test-expressions-1.m -fplugin=./diagnostic_plugin_test_tree_expression_range.so (test for excess errors)
FAIL: objc.dg/torture/forward-1.m -O0 -fnext-runtime execution test
FAIL: objc.dg/torture/forward-1.m -O1 -fnext-runtime execution test
FAIL: objc.dg/torture/forward-1.m -O2 -fnext-runtime execution test
FAIL: objc.dg/torture/forward-1.m -O2 -flto -fnext-runtime execution test
FAIL: objc.dg/torture/forward-1.m -O2 -flto -flto-partition=none -fnext-runtime execution test
FAIL: objc.dg/torture/forward-1.m -O3 -fomit-frame-pointer -funroll-loops -fpeel-loops -ftracer -finline-functions -fnext-runtime execution test
FAIL: objc.dg/torture/forward-1.m -O3 -g -fnext-runtime execution test
FAIL: objc.dg/torture/forward-1.m -Os -fnext-runtime execution test
=== objc Summary ===
# of expected passes 5485
# of unexpected failures 20
# of expected failures 7
# of unresolved testcases 2
# of unsupported tests 87
/scratch/10-15-cat/gcc-trunk-wip/gcc/xgcc version 10.0.1 20200414 (experimental) [master revision r10-7724-ga126a1577ffc] (GCC)
=== libatomic tests ===
Running target unix
=== libatomic Summary ===
# of expected passes 54
=== libgomp tests ===
Running target unix
FAIL: libgomp.fortran/examples-4/simd-3.f90 -Os execution test
=== libgomp Summary ===
# of expected passes 7719
# of unexpected failures 1
# of expected failures 4
# of unsupported tests 453
=== libitm tests ===
Running target unix
=== libitm Summary ===
# of expected passes 40
# of expected failures 3
# of unsupported tests 2
=== libstdc++ tests ===
Running target unix
=== libstdc++ Summary ===
# of expected passes 13104
# of expected failures 93
# of unsupported tests 759
Compiler version: 10.0.1 20200414 (experimental) [master revision r10-7724-ga126a1577ffc] (GCC)
Platform: x86_64-apple-darwin19
configure flags: --prefix=/opt/iains/x86_64-apple-darwin19/gcc-10-0-1 --target=x86_64-apple-darwin19 --host=x86_64-apple-darwin19 --build=x86_64-apple-darwin19 --with-sysroot=/Library/Developer/CommandLineTools/SDKs/MacOSX.sdk --with-as=/opt/XC/11.4b3/usr/bin/as --with-ld=/opt/XC/11.4b3/usr/bin/ld --enable-checking=yes,rtl --enable-languages=all --with-gmp=/opt/iains/x86_64-apple-darwin19/prereqs-convenience CC=x86_64-apple-darwin16-gcc CXX=x86_64-apple-darwin16-g++
More information about the Gcc-testresults
mailing list