Results for 8.4.1 20200413 [releases/gcc-8 revision 295b1a5d2d9:402873aa5dc:3efeae5e1147c831e96896b3a15b68ab8546e45d] (GCC) testsuite on x86_64-pc-linux-gnu
H.J. Lu
hjl@sc.intel.com
Mon Apr 13 06:58:46 GMT 2020
LAST_UPDATED: Mon Apr 13 04:30:08 UTC 2020 (revision 295b1a5d2d9:402873aa5dc:3efeae5e1147c831e96896b3a15b68ab8546e45d)
Native configuration is x86_64-pc-linux-gnu
=== gcc tests ===
Running target unix
FAIL: gcc.dg/graphite/interchange-3.c scan-tree-dump graphite "tiled"
FAIL: gcc.dg/graphite/interchange-7.c scan-tree-dump graphite "tiled"
FAIL: gcc.dg/graphite/interchange-9.c scan-tree-dump graphite "tiled"
FAIL: gcc.dg/graphite/uns-interchange-9.c scan-tree-dump graphite "tiled"
=== gcc Summary for unix ===
# of expected passes 136812
# of unexpected failures 4
# of expected failures 402
# of unsupported tests 2219
Running target unix/-m32
FAIL: gcc.dg/graphite/interchange-3.c scan-tree-dump graphite "tiled"
FAIL: gcc.dg/graphite/interchange-7.c scan-tree-dump graphite "tiled"
FAIL: gcc.dg/graphite/interchange-9.c scan-tree-dump graphite "tiled"
FAIL: gcc.dg/graphite/uns-interchange-9.c scan-tree-dump graphite "tiled"
XPASS: gcc.dg/vect/vect-reduc-in-order-1.c -flto -ffat-lto-objects execution test
XPASS: gcc.dg/vect/vect-reduc-in-order-1.c execution test
XPASS: gcc.dg/vect/vect-reduc-in-order-2.c -flto -ffat-lto-objects execution test
XPASS: gcc.dg/vect/vect-reduc-in-order-2.c execution test
XPASS: gcc.dg/vect/vect-reduc-in-order-3.c -flto -ffat-lto-objects execution test
XPASS: gcc.dg/vect/vect-reduc-in-order-3.c execution test
XPASS: gcc.dg/vect/vect-reduc-in-order-4.c -flto -ffat-lto-objects execution test
XPASS: gcc.dg/vect/vect-reduc-in-order-4.c execution test
=== gcc Summary for unix/-m32 ===
# of expected passes 134926
# of unexpected failures 4
# of unexpected successes 8
# of expected failures 405
# of unsupported tests 2408
Running target unix/-mx32
FAIL: gcc.dg/graphite/interchange-3.c scan-tree-dump graphite "tiled"
FAIL: gcc.dg/graphite/interchange-7.c scan-tree-dump graphite "tiled"
FAIL: gcc.dg/graphite/interchange-9.c scan-tree-dump graphite "tiled"
FAIL: gcc.dg/graphite/uns-interchange-9.c scan-tree-dump graphite "tiled"
=== gcc Summary for unix/-mx32 ===
# of expected passes 131507
# of unexpected failures 4
# of expected failures 399
# of unsupported tests 2403
=== gcc Summary ===
# of expected passes 403245
# of unexpected failures 12
# of unexpected successes 8
# of expected failures 1206
# of unsupported tests 7030
/export/gnu/import/git/gcc-test-release-2-intel64/bld/gcc/xgcc version 8.4.1 20200413 [releases/gcc-8 revision 295b1a5d2d9:402873aa5dc:3efeae5e1147c831e96896b3a15b68ab8546e45d] (GCC)
=== gfortran tests ===
Running target unix
=== gfortran Summary for unix ===
# of expected passes 48380
# of expected failures 93
# of unsupported tests 91
Running target unix/-m32
=== gfortran Summary for unix/-m32 ===
# of expected passes 48163
# of expected failures 93
# of unsupported tests 194
Running target unix/-mx32
=== gfortran Summary for unix/-mx32 ===
# of expected passes 48397
# of expected failures 93
# of unsupported tests 80
=== gfortran Summary ===
# of expected passes 144940
# of expected failures 279
# of unsupported tests 365
/export/gnu/import/git/gcc-test-release-2-intel64/bld/gcc/gfortran version 8.4.1 20200413 [releases/gcc-8 revision 295b1a5d2d9:402873aa5dc:3efeae5e1147c831e96896b3a15b68ab8546e45d] (GCC)
=== g++ tests ===
Running target unix
FAIL: g++.dg/pr83239.C -std=gnu++98 (test for excess errors)
=== g++ Summary for unix ===
# of expected passes 126655
# of unexpected failures 1
# of expected failures 506
# of unsupported tests 5172
Running target unix/-m32
FAIL: g++.dg/asan/asan_test.C -O2 (test for excess errors)
UNRESOLVED: g++.dg/asan/asan_test.C -O2 compilation failed to produce executable
FAIL: g++.dg/pr83239.C -std=gnu++98 (test for excess errors)
=== g++ Summary for unix/-m32 ===
# of expected passes 123686
# of unexpected failures 2
# of expected failures 503
# of unresolved testcases 1
# of unsupported tests 5002
Running target unix/-mx32
FAIL: g++.dg/asan/asan_test.C -O2 (test for excess errors)
UNRESOLVED: g++.dg/asan/asan_test.C -O2 compilation failed to produce executable
FAIL: g++.dg/pr83239.C -std=gnu++98 (test for excess errors)
=== g++ Summary for unix/-mx32 ===
# of expected passes 125389
# of unexpected failures 2
# of expected failures 503
# of unresolved testcases 1
# of unsupported tests 5154
=== g++ Summary ===
# of expected passes 375730
# of unexpected failures 5
# of expected failures 1512
# of unresolved testcases 2
# of unsupported tests 15328
/export/gnu/import/git/gcc-test-release-2-intel64/bld/gcc/xg++ version 8.4.1 20200413 [releases/gcc-8 revision 295b1a5d2d9:402873aa5dc:3efeae5e1147c831e96896b3a15b68ab8546e45d] (GCC)
=== objc tests ===
Running target unix
=== objc Summary for unix ===
# of expected passes 2798
# of expected failures 6
# of unsupported tests 68
Running target unix/-m32
=== objc Summary for unix/-m32 ===
# of expected passes 2798
# of expected failures 6
# of unsupported tests 68
Running target unix/-mx32
=== objc Summary for unix/-mx32 ===
# of expected passes 2798
# of expected failures 6
# of unsupported tests 68
=== objc Summary ===
# of expected passes 8394
# of expected failures 18
# of unsupported tests 204
/export/gnu/import/git/gcc-test-release-2-intel64/bld/gcc/xgcc version 8.4.1 20200413 [releases/gcc-8 revision 295b1a5d2d9:402873aa5dc:3efeae5e1147c831e96896b3a15b68ab8546e45d] (GCC)
=== libatomic tests ===
Running target unix/-m32
=== libatomic Summary for unix/-m32 ===
# of expected passes 44
# of unsupported tests 5
Running target unix/-mx32
=== libatomic Summary for unix/-mx32 ===
# of expected passes 54
Running target unix
=== libatomic Summary for unix ===
# of expected passes 54
=== libatomic Summary ===
# of expected passes 152
# of unsupported tests 5
=== libgomp tests ===
Running target unix/-m32
=== libgomp Summary for unix/-m32 ===
# of expected passes 5587
# of expected failures 2
# of unsupported tests 303
Running target unix/-mx32
=== libgomp Summary for unix/-mx32 ===
# of expected passes 5587
# of expected failures 2
# of unsupported tests 303
Running target unix
=== libgomp Summary for unix ===
# of expected passes 5587
# of expected failures 2
# of unsupported tests 303
=== libgomp Summary ===
# of expected passes 16761
# of expected failures 6
# of unsupported tests 909
=== libitm tests ===
Running target unix/-m32
=== libitm Summary for unix/-m32 ===
# of expected passes 42
# of expected failures 3
# of unsupported tests 1
Running target unix/-mx32
=== libitm Summary for unix/-mx32 ===
# of expected passes 42
# of expected failures 3
# of unsupported tests 1
Running target unix
=== libitm Summary for unix ===
# of expected passes 42
# of expected failures 3
# of unsupported tests 1
=== libitm Summary ===
# of expected passes 126
# of expected failures 9
# of unsupported tests 3
=== libstdc++ tests ===
Running target unix
FAIL: 22_locale/numpunct/members/char/3.cc execution test
FAIL: 22_locale/time_get/get_time/char/2.cc execution test
FAIL: 22_locale/time_get/get_time/char/wrapped_env.cc execution test
FAIL: 22_locale/time_get/get_time/char/wrapped_locale.cc execution test
FAIL: 22_locale/time_get/get_time/wchar_t/2.cc execution test
FAIL: 22_locale/time_get/get_time/wchar_t/wrapped_env.cc execution test
FAIL: 22_locale/time_get/get_time/wchar_t/wrapped_locale.cc execution test
=== libstdc++ Summary for unix ===
# of expected passes 12413
# of unexpected failures 7
# of expected failures 71
# of unsupported tests 258
Running target unix/-m32
FAIL: 22_locale/numpunct/members/char/3.cc execution test
FAIL: 22_locale/time_get/get_time/char/2.cc execution test
FAIL: 22_locale/time_get/get_time/char/wrapped_env.cc execution test
FAIL: 22_locale/time_get/get_time/char/wrapped_locale.cc execution test
FAIL: 22_locale/time_get/get_time/wchar_t/2.cc execution test
FAIL: 22_locale/time_get/get_time/wchar_t/wrapped_env.cc execution test
FAIL: 22_locale/time_get/get_time/wchar_t/wrapped_locale.cc execution test
=== libstdc++ Summary for unix/-m32 ===
# of expected passes 12421
# of unexpected failures 7
# of expected failures 71
# of unsupported tests 254
Running target unix/-mx32
FAIL: 22_locale/numpunct/members/char/3.cc execution test
FAIL: 22_locale/time_get/get_time/char/2.cc execution test
FAIL: 22_locale/time_get/get_time/char/wrapped_env.cc execution test
FAIL: 22_locale/time_get/get_time/char/wrapped_locale.cc execution test
FAIL: 22_locale/time_get/get_time/wchar_t/2.cc execution test
FAIL: 22_locale/time_get/get_time/wchar_t/wrapped_env.cc execution test
FAIL: 22_locale/time_get/get_time/wchar_t/wrapped_locale.cc execution test
=== libstdc++ Summary for unix/-mx32 ===
# of expected passes 12413
# of unexpected failures 7
# of expected failures 71
# of unsupported tests 258
=== libstdc++ Summary ===
# of expected passes 37247
# of unexpected failures 21
# of expected failures 213
# of unsupported tests 770
Compiler version: 8.4.1 20200413 [releases/gcc-8 revision 295b1a5d2d9:402873aa5dc:3efeae5e1147c831e96896b3a15b68ab8546e45d] (GCC)
Platform: x86_64-pc-linux-gnu
configure flags: --prefix=/usr/8.4.1 --enable-clocale=gnu --with-system-zlib --enable-shared --enable-cet --with-demangler-in-ld --enable-libmpx --with-multilib-list=m32,m64,mx32 --with-fpmath=sse
More information about the Gcc-testresults
mailing list