Results for 10.0.1 20200410 (experimental) [master revision 6c4a05f251ae8a39fa896524defaf4228328c259] (GCC) testsuite on sparcv9-sun-solaris2.11
Rainer Orth
ro@CeBiTec.Uni-Bielefeld.DE
Sat Apr 11 18:52:36 GMT 2020
LAST_UPDATED: Fri Apr 10 09:08:07 UTC 2020 (revision 6c4a05f251ae8a39fa896524defaf4228328c259)
=== acats tests ===
=== acats Summary ===
# of expected passes 2320
# of unexpected failures 0
Native configuration is sparcv9-sun-solaris2.11
=== g++ tests ===
Running target unix
UNRESOLVED: tmpdir-g++.dg-struct-layout-1/t025 cp_compat_x_tst.o-cp_compat_y_tst.o execute
UNRESOLVED: tmpdir-g++.dg-struct-layout-1/t025 cp_compat_x_tst.o-cp_compat_y_tst.o link
WARNING: tmpdir-g++.dg-struct-layout-1/t025 cp_compat_y_tst.o compile program timed out.
FAIL: tmpdir-g++.dg-struct-layout-1/t025 cp_compat_y_tst.o compile
FAIL: g++.dg/coroutines/torture/symmetric-transfer-00-basic.C (test for excess errors)
UNRESOLVED: g++.dg/coroutines/torture/symmetric-transfer-00-basic.C compilation failed to produce executable
FAIL: g++.dg/coroutines/torture/symmetric-transfer-00-basic.C -O0 (test for excess errors)
UNRESOLVED: g++.dg/coroutines/torture/symmetric-transfer-00-basic.C -O0 compilation failed to produce executable
FAIL: g++.dg/coroutines/torture/symmetric-transfer-00-basic.C -O1 (test for excess errors)
UNRESOLVED: g++.dg/coroutines/torture/symmetric-transfer-00-basic.C -O1 compilation failed to produce executable
FAIL: g++.dg/coroutines/torture/symmetric-transfer-00-basic.C -O2 execution test
FAIL: g++.dg/coroutines/torture/symmetric-transfer-00-basic.C -O2 -flto execution test
FAIL: g++.dg/coroutines/torture/symmetric-transfer-00-basic.C -O2 -flto -flto-partition=none execution test
FAIL: g++.dg/coroutines/torture/symmetric-transfer-00-basic.C -O3 -fomit-frame-pointer -funroll-loops -fpeel-loops -ftracer -finline-functions execution test
FAIL: g++.dg/coroutines/torture/symmetric-transfer-00-basic.C -O3 -g execution test
FAIL: g++.dg/coroutines/torture/symmetric-transfer-00-basic.C -Os execution test
FAIL: g++.dg/gcov/pr16855-priority.C -std=gnu++14 gcov: 1 failures in line counts, 0 in branch percentages, 0 in return percentages, 0 in intermediate format
FAIL: g++.dg/gcov/pr16855-priority.C -std=gnu++14 line 22: is #####:should be 1
FAIL: g++.dg/gcov/pr16855-priority.C -std=gnu++17 gcov: 1 failures in line counts, 0 in branch percentages, 0 in return percentages, 0 in intermediate format
FAIL: g++.dg/gcov/pr16855-priority.C -std=gnu++17 line 22: is #####:should be 1
FAIL: g++.dg/gcov/pr16855-priority.C -std=gnu++2a gcov: 1 failures in line counts, 0 in branch percentages, 0 in return percentages, 0 in intermediate format
FAIL: g++.dg/gcov/pr16855-priority.C -std=gnu++2a line 22: is #####:should be 1
FAIL: g++.dg/gcov/pr16855-priority.C -std=gnu++98 gcov: 1 failures in line counts, 0 in branch percentages, 0 in return percentages, 0 in intermediate format
FAIL: g++.dg/gcov/pr16855-priority.C -std=gnu++98 line 22: is #####:should be 1
FAIL: g++.dg/gcov/pr16855.C -std=gnu++14 gcov: 1 failures in line counts, 0 in branch percentages, 0 in return percentages, 0 in intermediate format
FAIL: g++.dg/gcov/pr16855.C -std=gnu++14 line 24: is #####:should be 1
FAIL: g++.dg/gcov/pr16855.C -std=gnu++17 gcov: 1 failures in line counts, 0 in branch percentages, 0 in return percentages, 0 in intermediate format
FAIL: g++.dg/gcov/pr16855.C -std=gnu++17 line 24: is #####:should be 1
FAIL: g++.dg/gcov/pr16855.C -std=gnu++2a gcov: 1 failures in line counts, 0 in branch percentages, 0 in return percentages, 0 in intermediate format
FAIL: g++.dg/gcov/pr16855.C -std=gnu++2a line 24: is #####:should be 1
FAIL: g++.dg/gcov/pr16855.C -std=gnu++98 gcov: 1 failures in line counts, 0 in branch percentages, 0 in return percentages, 0 in intermediate format
FAIL: g++.dg/gcov/pr16855.C -std=gnu++98 line 24: is #####:should be 1
FAIL: g++.dg/lto/pr89335 cp_lto_pr89335_0.o assemble, -O2 -flto -Wsuggest-final-methods
=== g++ Summary for unix ===
# of expected passes 184496
# of unexpected failures 27
# of expected failures 710
# of unresolved testcases 5
# of unsupported tests 8347
Running target unix/-m32
FAIL: g++.dg/asan/default-options-1.C -O0 execution test
FAIL: g++.dg/asan/default-options-1.C -O1 execution test
FAIL: g++.dg/asan/default-options-1.C -O2 execution test
FAIL: g++.dg/asan/default-options-1.C -O2 -flto execution test
FAIL: g++.dg/asan/default-options-1.C -O2 -flto -flto-partition=none execution test
FAIL: g++.dg/asan/default-options-1.C -O3 -g execution test
FAIL: g++.dg/asan/default-options-1.C -Os execution test
FAIL: g++.dg/coroutines/torture/symmetric-transfer-00-basic.C (test for excess errors)
UNRESOLVED: g++.dg/coroutines/torture/symmetric-transfer-00-basic.C compilation failed to produce executable
FAIL: g++.dg/coroutines/torture/symmetric-transfer-00-basic.C -O0 (test for excess errors)
UNRESOLVED: g++.dg/coroutines/torture/symmetric-transfer-00-basic.C -O0 compilation failed to produce executable
FAIL: g++.dg/coroutines/torture/symmetric-transfer-00-basic.C -O1 (test for excess errors)
UNRESOLVED: g++.dg/coroutines/torture/symmetric-transfer-00-basic.C -O1 compilation failed to produce executable
FAIL: g++.dg/coroutines/torture/symmetric-transfer-00-basic.C -O2 execution test
FAIL: g++.dg/coroutines/torture/symmetric-transfer-00-basic.C -O2 -flto execution test
FAIL: g++.dg/coroutines/torture/symmetric-transfer-00-basic.C -O2 -flto -flto-partition=none execution test
FAIL: g++.dg/coroutines/torture/symmetric-transfer-00-basic.C -O3 -fomit-frame-pointer -funroll-loops -fpeel-loops -ftracer -finline-functions execution test
FAIL: g++.dg/coroutines/torture/symmetric-transfer-00-basic.C -O3 -g execution test
FAIL: g++.dg/coroutines/torture/symmetric-transfer-00-basic.C -Os execution test
FAIL: g++.dg/gcov/pr16855-priority.C -std=gnu++14 gcov: 1 failures in line counts, 0 in branch percentages, 0 in return percentages, 0 in intermediate format
FAIL: g++.dg/gcov/pr16855-priority.C -std=gnu++14 line 22: is #####:should be 1
FAIL: g++.dg/gcov/pr16855-priority.C -std=gnu++17 gcov: 1 failures in line counts, 0 in branch percentages, 0 in return percentages, 0 in intermediate format
FAIL: g++.dg/gcov/pr16855-priority.C -std=gnu++17 line 22: is #####:should be 1
FAIL: g++.dg/gcov/pr16855-priority.C -std=gnu++2a gcov: 1 failures in line counts, 0 in branch percentages, 0 in return percentages, 0 in intermediate format
FAIL: g++.dg/gcov/pr16855-priority.C -std=gnu++2a line 22: is #####:should be 1
FAIL: g++.dg/gcov/pr16855-priority.C -std=gnu++98 gcov: 1 failures in line counts, 0 in branch percentages, 0 in return percentages, 0 in intermediate format
FAIL: g++.dg/gcov/pr16855-priority.C -std=gnu++98 line 22: is #####:should be 1
FAIL: g++.dg/gcov/pr16855.C -std=gnu++14 gcov: 1 failures in line counts, 0 in branch percentages, 0 in return percentages, 0 in intermediate format
FAIL: g++.dg/gcov/pr16855.C -std=gnu++14 line 24: is #####:should be 1
FAIL: g++.dg/gcov/pr16855.C -std=gnu++17 gcov: 1 failures in line counts, 0 in branch percentages, 0 in return percentages, 0 in intermediate format
FAIL: g++.dg/gcov/pr16855.C -std=gnu++17 line 24: is #####:should be 1
FAIL: g++.dg/gcov/pr16855.C -std=gnu++2a gcov: 1 failures in line counts, 0 in branch percentages, 0 in return percentages, 0 in intermediate format
FAIL: g++.dg/gcov/pr16855.C -std=gnu++2a line 24: is #####:should be 1
FAIL: g++.dg/gcov/pr16855.C -std=gnu++98 gcov: 1 failures in line counts, 0 in branch percentages, 0 in return percentages, 0 in intermediate format
FAIL: g++.dg/gcov/pr16855.C -std=gnu++98 line 24: is #####:should be 1
FAIL: g++.dg/lto/pr89335 cp_lto_pr89335_0.o assemble, -O2 -flto -Wsuggest-final-methods
=== g++ Summary for unix/-m32 ===
# of expected passes 183665
# of unexpected failures 33
# of expected failures 706
# of unresolved testcases 3
# of unsupported tests 8647
=== g++ Summary ===
# of expected passes 368161
# of unexpected failures 60
# of expected failures 1416
# of unresolved testcases 8
# of unsupported tests 16994
/var/gcc/regression/master/11.4-gcc-64/build/gcc/xg++ version 10.0.1 20200410 (experimental) [master revision 6c4a05f251ae8a39fa896524defaf4228328c259] (GCC)
=== gcc tests ===
Running target unix
FAIL: gcc.dg/ipa/ipa-icf-38.c scan-ltrans-tree-dump-not optimized "Function bar"
FAIL: gcc.dg/vect/bb-slp-22.c -flto -ffat-lto-objects scan-tree-dump-times slp2 "basic block vectorized" 1
FAIL: gcc.dg/vect/bb-slp-22.c scan-tree-dump-times slp2 "basic block vectorized" 1
=== gcc Summary for unix ===
# of expected passes 122013
# of unexpected failures 3
# of expected failures 762
# of unsupported tests 2956
Running target unix/-m32
FAIL: gcc.dg/ipa/iinline-attr.c scan-ipa-dump inline "hooray[^\\\\n]*inline copy in test"
FAIL: gcc.dg/ipa/ipa-icf-38.c scan-ltrans-tree-dump-not optimized "Function bar"
FAIL: gcc.dg/simulate-thread/atomic-other-int.c -O2 -g thread simulation test
FAIL: gcc.dg/simulate-thread/atomic-other-int.c -O3 -g thread simulation test
FAIL: gcc.dg/simulate-thread/speculative-store-4.c -O0 -g thread simulation test
FAIL: gcc.dg/simulate-thread/speculative-store-4.c -O2 -g thread simulation test
FAIL: gcc.dg/simulate-thread/speculative-store-4.c -O3 -g thread simulation test
FAIL: gcc.dg/simulate-thread/speculative-store.c -O0 -g thread simulation test
FAIL: gcc.dg/vect/bb-slp-22.c -flto -ffat-lto-objects scan-tree-dump-times slp2 "basic block vectorized" 1
FAIL: gcc.dg/vect/bb-slp-22.c scan-tree-dump-times slp2 "basic block vectorized" 1
=== gcc Summary for unix/-m32 ===
# of expected passes 122361
# of unexpected failures 10
# of expected failures 772
# of unsupported tests 3615
=== gcc Summary ===
# of expected passes 244374
# of unexpected failures 13
# of expected failures 1534
# of unsupported tests 6571
/var/gcc/regression/master/11.4-gcc-64/build/gcc/xgcc version 10.0.1 20200410 (experimental) [master revision 6c4a05f251ae8a39fa896524defaf4228328c259] (GCC)
=== gdc tests ===
Running target unix
=== gdc Summary for unix ===
# of expected passes 21194
# of unsupported tests 80
Running target unix/-m32
=== gdc Summary for unix/-m32 ===
# of expected passes 21194
# of unsupported tests 80
=== gdc Summary ===
# of expected passes 42388
# of unsupported tests 160
/var/gcc/regression/master/11.4-gcc-64/build/gcc/gdc version 10.0.1 20200410 (experimental) [master revision 6c4a05f251ae8a39fa896524defaf4228328c259] (GCC)
=== gfortran tests ===
Running target unix
UNRESOLVED: gfortran.dg/asynchronous_5.f03 -O scan-tree-dump-not original "volatile.*?ivar_noasync"
UNRESOLVED: gfortran.dg/asynchronous_5.f03 -O scan-tree-dump-times original "volatile.*?ccvar_async" 1
UNRESOLVED: gfortran.dg/asynchronous_5.f03 -O scan-tree-dump-times original "volatile.*?darrvar_async" 1
UNRESOLVED: gfortran.dg/asynchronous_5.f03 -O scan-tree-dump-times original "volatile.*?dvar_async" 1
UNRESOLVED: gfortran.dg/asynchronous_5.f03 -O scan-tree-dump-times original "volatile.*?ivar_async" 1
UNRESOLVED: gfortran.dg/asynchronous_5.f03 -O scan-tree-dump-times original "volatile.*?lvar_async" 1
UNRESOLVED: gfortran.dg/asynchronous_5.f03 -O scan-tree-dump-times original "volatile.*?rvar_async" 1
=== gfortran Summary for unix ===
# of expected passes 53728
# of expected failures 189
# of unresolved testcases 7
# of unsupported tests 150
Running target unix/-m32
UNRESOLVED: gfortran.dg/asynchronous_5.f03 -O scan-tree-dump-not original "volatile.*?ivar_noasync"
UNRESOLVED: gfortran.dg/asynchronous_5.f03 -O scan-tree-dump-times original "volatile.*?ccvar_async" 1
UNRESOLVED: gfortran.dg/asynchronous_5.f03 -O scan-tree-dump-times original "volatile.*?darrvar_async" 1
UNRESOLVED: gfortran.dg/asynchronous_5.f03 -O scan-tree-dump-times original "volatile.*?dvar_async" 1
UNRESOLVED: gfortran.dg/asynchronous_5.f03 -O scan-tree-dump-times original "volatile.*?ivar_async" 1
UNRESOLVED: gfortran.dg/asynchronous_5.f03 -O scan-tree-dump-times original "volatile.*?lvar_async" 1
UNRESOLVED: gfortran.dg/asynchronous_5.f03 -O scan-tree-dump-times original "volatile.*?rvar_async" 1
=== gfortran Summary for unix/-m32 ===
# of expected passes 53467
# of expected failures 191
# of unresolved testcases 7
# of unsupported tests 277
=== gfortran Summary ===
# of expected passes 107195
# of expected failures 380
# of unresolved testcases 14
# of unsupported tests 427
/var/gcc/regression/master/11.4-gcc-64/build/gcc/gfortran version 10.0.1 20200410 (experimental) [master revision 6c4a05f251ae8a39fa896524defaf4228328c259] (GCC)
=== gnat tests ===
Running target unix
=== gnat Summary for unix ===
# of expected passes 3236
# of expected failures 23
# of unsupported tests 32
Running target unix/-m32
=== gnat Summary for unix/-m32 ===
# of expected passes 3236
# of expected failures 23
# of unsupported tests 32
=== gnat Summary ===
# of expected passes 6472
# of expected failures 46
# of unsupported tests 64
/var/gcc/regression/master/11.4-gcc-64/build/gcc/gnatmake version 10.0.1 20200410 (experimental) [master revision 6c4a05f251ae8a39fa896524defaf4228328c259]
=== go tests ===
Running target unix
FAIL: ./index0-out.go execution, -O0 -g -fno-var-tracking-assignments
FAIL: go.test/test/fixedbugs/issue4348.go -O (test for excess errors)
=== go Summary for unix ===
# of expected passes 7346
# of unexpected failures 2
# of expected failures 1
# of untested testcases 11
# of unsupported tests 3
Running target unix/-m32
WARNING: ./index0-out.go compilation, -O0 -g -fno-var-tracking-assignments program timed out.
FAIL: ./index0-out.go compilation, -O0 -g -fno-var-tracking-assignments
FAIL: go.test/test/fixedbugs/issue4085b.go execution, -O2 -g
FAIL: go.test/test/fixedbugs/issue4562.go execution, -O2 -g
FAIL: go.test/test/nil.go execution, -O2 -g
=== go Summary for unix/-m32 ===
# of expected passes 7463
# of unexpected failures 4
# of expected failures 1
# of untested testcases 12
# of unsupported tests 3
=== go Summary ===
# of expected passes 14809
# of unexpected failures 6
# of expected failures 2
# of untested testcases 23
# of unsupported tests 6
=== obj-c++ tests ===
Running target unix/-m32
=== obj-c++ Summary for unix/-m32 ===
# of expected passes 1450
# of expected failures 2
# of unsupported tests 77
Running target unix
=== obj-c++ Summary for unix ===
# of expected passes 1442
# of expected failures 10
# of unsupported tests 77
=== obj-c++ Summary ===
# of expected passes 2892
# of expected failures 12
# of unsupported tests 154
/var/gcc/regression/master/11.4-gcc-64/build/gcc/xg++ version 10.0.1 20200410 (experimental) [master revision 6c4a05f251ae8a39fa896524defaf4228328c259] (GCC)
=== objc tests ===
Running target unix
=== objc Summary for unix ===
# of expected passes 2783
# of unsupported tests 68
Running target unix/-m32
=== objc Summary for unix/-m32 ===
# of expected passes 2783
# of unsupported tests 68
=== objc Summary ===
# of expected passes 5566
# of unsupported tests 136
/var/gcc/regression/master/11.4-gcc-64/build/gcc/xgcc version 10.0.1 20200410 (experimental) [master revision 6c4a05f251ae8a39fa896524defaf4228328c259] (GCC)
=== gotools tests ===
FAIL: TestScript
FAIL: go test cmd/go
FAIL: TestAbort
FAIL: TestArenaCollision
FAIL: TestGccgoCrashTracebackNodebug
FAIL: TestPanicInlined
FAIL: go test runtime
=== gotools Summary ===
# of expected passes 359
# of unexpected failures 7
# of untested testcases 178
/var/gcc/regression/master/11.4-gcc-64/build/./gcc/gccgo version 10.0.1 20200410 (experimental) [master revision 6c4a05f251ae8a39fa896524defaf4228328c259] (GCC)
=== libatomic tests ===
Running target unix/-m32
=== libatomic Summary for unix/-m32 ===
# of expected passes 44
# of unsupported tests 5
Running target unix
=== libatomic Summary for unix ===
# of expected passes 54
=== libatomic Summary ===
# of expected passes 98
# of unsupported tests 5
=== libffi tests ===
Running target unix/-m32
=== libffi Summary for unix/-m32 ===
# of expected passes 2214
Running target unix
=== libffi Summary for unix ===
# of expected passes 2214
=== libffi Summary ===
# of expected passes 4428
=== libgo tests ===
Running target unix
FAIL: go/build
FAIL: net/http
FAIL: runtime
FAIL: runtime/pprof
FAIL: sync/atomic
=== libgo Summary for unix ===
# of expected passes 168
# of unexpected failures 5
Running target unix/-m32
FAIL: cmd/go/internal/par
FAIL: go/build
FAIL: os/signal
FAIL: runtime
FAIL: runtime/pprof
FAIL: sync/atomic
=== libgo Summary for unix/-m32 ===
# of expected passes 167
# of unexpected failures 6
=== libgo Summary ===
# of expected passes 335
# of unexpected failures 11
/var/gcc/regression/master/11.4-gcc-64/build/./gcc/gccgo version 10.0.1 20200410 (experimental) [master revision 6c4a05f251ae8a39fa896524defaf4228328c259] (GCC)
=== libgomp tests ===
Running target unix
WARNING: libgomp.c++/task-reduction-10.C execution test program timed out.
FAIL: libgomp.c++/task-reduction-10.C execution test
WARNING: libgomp.c++/task-reduction-8.C execution test program timed out.
FAIL: libgomp.c++/task-reduction-8.C execution test
=== libgomp Summary for unix ===
# of expected passes 7533
# of unexpected failures 2
# of expected failures 4
# of unsupported tests 497
Running target unix/-m32
WARNING: libgomp.c++/task-reduction-10.C execution test program timed out.
FAIL: libgomp.c++/task-reduction-10.C execution test
=== libgomp Summary for unix/-m32 ===
# of expected passes 7534
# of unexpected failures 1
# of expected failures 4
# of unsupported tests 497
=== libgomp Summary ===
# of expected passes 15067
# of unexpected failures 3
# of expected failures 8
# of unsupported tests 994
=== libitm tests ===
Running target unix/-m32
=== libitm Summary for unix/-m32 ===
# of expected passes 42
# of expected failures 3
# of unsupported tests 1
Running target unix
=== libitm Summary for unix ===
# of expected passes 42
# of expected failures 3
# of unsupported tests 1
=== libitm Summary ===
# of expected passes 84
# of expected failures 6
# of unsupported tests 2
=== libstdc++ tests ===
Running target unix
WARNING: std/ranges/adaptors/all.cc (test for excess errors) program timed out.
FAIL: std/ranges/adaptors/all.cc (test for excess errors)
UNRESOLVED: std/ranges/adaptors/all.cc compilation failed to produce executable
=== libstdc++ Summary for unix ===
# of expected passes 13915
# of unexpected failures 1
# of expected failures 93
# of unresolved testcases 1
# of unsupported tests 728
Running target unix/-m32
=== libstdc++ Summary for unix/-m32 ===
# of expected passes 13917
# of expected failures 93
# of unsupported tests 728
=== libstdc++ Summary ===
# of expected passes 27832
# of unexpected failures 1
# of expected failures 186
# of unresolved testcases 1
# of unsupported tests 1456
Compiler version: 10.0.1 20200410 (experimental) [master revision 6c4a05f251ae8a39fa896524defaf4228328c259] (GCC)
Platform: sparcv9-sun-solaris2.11
configure flags: --prefix=/vol/gcc --target=sparcv9-sun-solaris2.11 --enable-objc-gc --with-target-bdw-gc-include=/vol/gcc/include --with-target-bdw-gc-lib=/vol/gcc/lib/sparcv9,sparcv8plus=/vol/gcc/lib --with-as=/usr/ccs/bin/as --without-gnu-as --with-gmp-include=/vol/gcc/include --with-gmp-lib=/vol/gcc/lib/sparcv9 --with-mpfr-include=/vol/gcc/include --with-mpfr-lib=/vol/gcc/lib/sparcv9 --with-mpc-include=/vol/gcc/include --with-mpc-lib=/vol/gcc/lib/sparcv9 --enable-languages=all,ada,obj-c++,go --with-isl-include=/vol/gcc/include --with-isl-lib=/vol/gcc/lib/sparcv9 --with-zstd-include=/vol/gcc/include --with-zstd-lib=/vol/gcc/lib/sparcv9 --build=sparcv9-sun-solaris2.11 --host=sparcv9-sun-solaris2.11
BOOT_CFLAGS=-g -O2
More information about the Gcc-testresults
mailing list