Results for 10.0.1 20200401 (experimental) [master revision r10-7488-g73dd051894b8] (GCC) testsuite on i686-apple-darwin9
Iain Sandoe
iains.gcc@gmail.com
Thu Apr 2 09:41:02 GMT 2020
(Darwin9 full system chroot on Darwin10)
LAST_UPDATED: Wed Apr 1 00:19:46 UTC 2020 (revision r10-7488-g73dd051894b8)
=== acats tests ===
=== acats Summary ===
# of expected passes 2320
# of unexpected failures 0
Native configuration is i686-apple-darwin9
=== g++ tests ===
Running target unix/-m32
FAIL: g++.dg/ext/pr84828.C -std=gnu++14 (internal compiler error)
FAIL: g++.dg/ext/pr84828.C -std=gnu++14 (test for excess errors)
FAIL: g++.dg/ext/pr84828.C -std=gnu++17 (internal compiler error)
FAIL: g++.dg/ext/pr84828.C -std=gnu++17 (test for excess errors)
FAIL: g++.dg/ext/pr84828.C -std=gnu++2a (internal compiler error)
FAIL: g++.dg/ext/pr84828.C -std=gnu++2a (test for excess errors)
FAIL: g++.dg/ext/pr84828.C -std=gnu++98 (internal compiler error)
FAIL: g++.dg/ext/pr84828.C -std=gnu++98 (test for excess errors)
XPASS: g++.dg/ext/sync-4.C -std=gnu++14 execution test
XPASS: g++.dg/ext/sync-4.C -std=gnu++17 execution test
XPASS: g++.dg/ext/sync-4.C -std=gnu++2a execution test
XPASS: g++.dg/ext/sync-4.C -std=gnu++98 execution test
FAIL: g++.dg/ipa/pr67056.C scan-ipa-dump cp "Speculative outer type:struct CompositeClass"
FAIL: g++.dg/gomp/pr88182.C -std=gnu++14 (test for excess errors)
UNRESOLVED: g++.dg/gomp/pr88182.C -std=gnu++14 compilation failed to produce executable
FAIL: g++.dg/gomp/pr88182.C -std=gnu++17 (test for excess errors)
UNRESOLVED: g++.dg/gomp/pr88182.C -std=gnu++17 compilation failed to produce executable
FAIL: g++.dg/gomp/pr88182.C -std=gnu++2a (test for excess errors)
UNRESOLVED: g++.dg/gomp/pr88182.C -std=gnu++2a compilation failed to produce executable
FAIL: g++.dg/gomp/pr88182.C -std=gnu++98 (test for excess errors)
UNRESOLVED: g++.dg/gomp/pr88182.C -std=gnu++98 compilation failed to produce executable
FAIL: g++.dg/lto/pr65276 cp_lto_pr65276_0.o-cp_lto_pr65276_1.o link, -flto -O0 -std=c++11
FAIL: g++.dg/lto/pr89335 cp_lto_pr89335_0.o assemble, -O2 -flto -Wsuggest-final-methods
FAIL: g++.dg/tls/thread_local-order2.C -std=c++14 execution test
FAIL: g++.dg/tls/thread_local-order2.C -std=c++17 execution test
FAIL: g++.dg/tls/thread_local-order2.C -std=c++2a execution test
=== g++ Summary for unix/-m32 ===
# of expected passes 178339
# of unexpected failures 18
# of unexpected successes 4
# of expected failures 729
# of unresolved testcases 4
# of unsupported tests 7717
Running target unix/-m64
FAIL: g++.dg/eh/weak1.C -std=gnu++14 execution test
FAIL: g++.dg/eh/weak1.C -std=gnu++17 execution test
FAIL: g++.dg/eh/weak1.C -std=gnu++2a execution test
FAIL: g++.dg/eh/weak1.C -std=gnu++98 execution test
XPASS: g++.dg/ext/sync-4.C -std=gnu++14 execution test
XPASS: g++.dg/ext/sync-4.C -std=gnu++17 execution test
XPASS: g++.dg/ext/sync-4.C -std=gnu++2a execution test
XPASS: g++.dg/ext/sync-4.C -std=gnu++98 execution test
FAIL: g++.dg/ipa/pr67056.C scan-ipa-dump cp "Speculative outer type:struct CompositeClass"
FAIL: g++.dg/pr80481.C -std=gnu++14 scan-assembler-not vmovaps[^\\n\\r]*zmm[0-9]+,[^\\n\\r]*zmm[0-9]+
FAIL: g++.dg/pr80481.C -std=gnu++17 scan-assembler-not vmovaps[^\\n\\r]*zmm[0-9]+,[^\\n\\r]*zmm[0-9]+
FAIL: g++.dg/pr80481.C -std=gnu++2a scan-assembler-not vmovaps[^\\n\\r]*zmm[0-9]+,[^\\n\\r]*zmm[0-9]+
FAIL: g++.dg/pr80481.C -std=gnu++98 scan-assembler-not vmovaps[^\\n\\r]*zmm[0-9]+,[^\\n\\r]*zmm[0-9]+
WARNING: g++.dg/template/array5.C -std=c++14 (test for excess errors) program timed out.
FAIL: g++.dg/template/array5.C -std=c++14 (test for excess errors)
FAIL: g++.dg/gomp/pr88182.C -std=gnu++14 (test for excess errors)
UNRESOLVED: g++.dg/gomp/pr88182.C -std=gnu++14 compilation failed to produce executable
FAIL: g++.dg/gomp/pr88182.C -std=gnu++17 (test for excess errors)
UNRESOLVED: g++.dg/gomp/pr88182.C -std=gnu++17 compilation failed to produce executable
FAIL: g++.dg/gomp/pr88182.C -std=gnu++2a (test for excess errors)
UNRESOLVED: g++.dg/gomp/pr88182.C -std=gnu++2a compilation failed to produce executable
FAIL: g++.dg/gomp/pr88182.C -std=gnu++98 (test for excess errors)
UNRESOLVED: g++.dg/gomp/pr88182.C -std=gnu++98 compilation failed to produce executable
FAIL: g++.dg/lto/pr65276 cp_lto_pr65276_0.o-cp_lto_pr65276_1.o link, -flto -O0 -std=c++11
FAIL: g++.dg/lto/pr89335 cp_lto_pr89335_0.o assemble, -O2 -flto -Wsuggest-final-methods
FAIL: g++.dg/tls/thread_local-order2.C -std=c++14 execution test
FAIL: g++.dg/tls/thread_local-order2.C -std=c++17 execution test
FAIL: g++.dg/tls/thread_local-order2.C -std=c++2a execution test
=== g++ Summary for unix/-m64 ===
# of expected passes 180531
# of unexpected failures 19
# of unexpected successes 4
# of expected failures 733
# of unresolved testcases 4
# of unsupported tests 7901
=== g++ Summary ===
# of expected passes 358870
# of unexpected failures 37
# of unexpected successes 8
# of expected failures 1462
# of unresolved testcases 8
# of unsupported tests 15618
/scratch/10-5-leo/gcc-master/gcc/testsuite/g++/../../xg++ version 10.0.1 20200401 (experimental) [master revision r10-7488-g73dd051894b8] (GCC)
=== gcc tests ===
Running target unix/-m32
FAIL: gcc.dg/debug/dwarf2/inline4.c scan-assembler DW_TAG_inlined_subroutine[^\\\\(]*\\\\([^\\\\)]*\\\\)[^\\\\(]*\\\\(DIE \\\\(0x[0-9a-f]*\\\\) DW_TAG_formal_parameter[^\\\\(]*\\\\(DIE \\\\(0x[0-9a-f]*\\\\) DW_TAG_variable
FAIL: gcc.dg/debug/dwarf2/inline5.c scan-assembler-not \\\\(DIE \\\\(0x([0-9a-f]*)\\\\) DW_TAG_lexical_block\\\\)[^#/!@;\\\\|]*[#/!@;\\\\|]+ +[^(].*DW_TAG_lexical_block\\\\)[^#/!@;\\\\|x]*x\\\\1[^#/!@;\\\\|]*[#/!@;\\\\|] +DW_AT_abstract_origin
FAIL: gcc.dg/pr68766.c (internal compiler error)
FAIL: gcc.dg/pr68766.c (test for excess errors)
FAIL: gcc.dg/stack-layout-dynamic-1.c (test for excess errors)
UNRESOLVED: gcc.dg/stack-layout-dynamic-1.c scan-assembler-not cfi_def_cfa_register
FAIL: c-c++-common/goacc/firstprivate-mappings-1.c scan-tree-dump omplower "(?n)#pragma omp target oacc_parallel map\\\\(from:array_so \\\\[len: 4\\\\]\\\\) firstprivate\\\\(array_li.[0-9]+\\\\) map\\\\(tofrom:\\\\(\\\\*array.[0-9]+\\\\) \\\\[len: D\\\\.[0-9]+\\\\]\\\\) map\\\\(firstprivate:array \\\\[pointer assign, bias: 0\\\\]\\\\) \\\\["
FAIL: gcc.dg/graphite/scop-19.c scan-tree-dump-times graphite "number of SCoPs: 0" 1
FAIL: gcc.dg/ipa/ipa-icf-38.c scan-ltrans-tree-dump-not optimized "Function bar"
FAIL: gcc.dg/lto/pr94157 c_lto_pr94157_0.o assemble, -O0 -fipa-vrp -flto -Wa,--noexecstack -Wa,--noexecstack -Wa,--execstack -Wa,--execstack -Wa,--execstack -Wa,--execstack -Wa,--execstack -Wa,--execstack -Wa,--execstack -Wa,--execstack -Wa,--execstack -Wa,--execstack -Wa,--execstack -Wa,--execstack -Wa,--execstack -Wa,--execstack
UNRESOLVED: gcc.dg/lto/pr94157 c_lto_pr94157_0.o-c_lto_pr94157_0.o execute -O0 -fipa-vrp -flto -Wa,--noexecstack -Wa,--noexecstack -Wa,--execstack -Wa,--execstack -Wa,--execstack -Wa,--execstack -Wa,--execstack -Wa,--execstack -Wa,--execstack -Wa,--execstack -Wa,--execstack -Wa,--execstack -Wa,--execstack -Wa,--execstack -Wa,--execstack -Wa,--execstack
UNRESOLVED: gcc.dg/lto/pr94157 c_lto_pr94157_0.o-c_lto_pr94157_0.o link -O0 -fipa-vrp -flto -Wa,--noexecstack -Wa,--noexecstack -Wa,--execstack -Wa,--execstack -Wa,--execstack -Wa,--execstack -Wa,--execstack -Wa,--execstack -Wa,--execstack -Wa,--execstack -Wa,--execstack -Wa,--execstack -Wa,--execstack -Wa,--execstack -Wa,--execstack -Wa,--execstack
FAIL: gcc.dg/torture/builtin-self.c -O0 scan-assembler-not \\tcall
XPASS: gcc.dg/vect/vect-reduc-in-order-1.c -flto -ffat-lto-objects execution test
XPASS: gcc.dg/vect/vect-reduc-in-order-1.c execution test
XPASS: gcc.dg/vect/vect-reduc-in-order-2.c -flto -ffat-lto-objects execution test
XPASS: gcc.dg/vect/vect-reduc-in-order-2.c execution test
XPASS: gcc.dg/vect/vect-reduc-in-order-3.c -flto -ffat-lto-objects execution test
XPASS: gcc.dg/vect/vect-reduc-in-order-3.c execution test
XPASS: gcc.dg/vect/vect-reduc-in-order-4.c -flto -ffat-lto-objects execution test
XPASS: gcc.dg/vect/vect-reduc-in-order-4.c execution test
FAIL: gcc.target/i386/indirect-thunk-1.c scan-assembler movl[ \\\\t]*[Ll]_dispatch\\\\\$non_lazy_ptr-L[0-9]+\\\\\$pb
FAIL: gcc.target/i386/indirect-thunk-2.c scan-assembler movl[ \\\\t]*[Ll]_dispatch\\\\\$non_lazy_ptr-L[0-9]+\\\\\$pb
FAIL: gcc.target/i386/indirect-thunk-3.c scan-assembler movl[ \\\\t]*[Ll]_dispatch\\\\\$non_lazy_ptr-L[0-9]+\\\\\$pb
FAIL: gcc.target/i386/indirect-thunk-4.c scan-assembler movl[ \\\\t]*[Ll]_dispatch\\\\\$non_lazy_ptr-L[0-9]+\\\\\$pb
FAIL: gcc.target/i386/indirect-thunk-attr-1.c scan-assembler movl[ \\\\t]*[Ll]_dispatch\\\\\$non_lazy_ptr-L[0-9]+\\\\\$pb
FAIL: gcc.target/i386/indirect-thunk-attr-2.c scan-assembler movl[ \\\\t]*[Ll]_dispatch\\\\\$non_lazy_ptr-L[0-9]+\\\\\$pb
FAIL: gcc.target/i386/indirect-thunk-attr-3.c scan-assembler movl[ \\\\t]*[Ll]_dispatch\\\\\$non_lazy_ptr-L[0-9]+\\\\\$pb
FAIL: gcc.target/i386/indirect-thunk-attr-4.c scan-assembler movl[ \\\\t]*[Ll]_dispatch\\\\\$non_lazy_ptr-L[0-9]+\\\\\$pb
FAIL: gcc.target/i386/indirect-thunk-attr-5.c scan-assembler movl[ \\\\t]*[Ll]_dispatch\\\\\$non_lazy_ptr-L[0-9]+\\\\\$pb
FAIL: gcc.target/i386/indirect-thunk-attr-6.c scan-assembler movl[ \\\\t]*[Ll]_dispatch\\\\\$non_lazy_ptr-L[0-9]+\\\\\$pb
FAIL: gcc.target/i386/indirect-thunk-extern-1.c scan-assembler movl[ \\\\t]*[Ll]_dispatch\\\\\$non_lazy_ptr-L[0-9]+\\\\\$pb
FAIL: gcc.target/i386/indirect-thunk-extern-2.c scan-assembler movl[ \\\\t]*[Ll]_dispatch\\\\\$non_lazy_ptr-L[0-9]+\\\\\$pb
FAIL: gcc.target/i386/indirect-thunk-extern-3.c scan-assembler movl[ \\\\t]*[Ll]_dispatch\\\\\$non_lazy_ptr-L[0-9]+\\\\\$pb
FAIL: gcc.target/i386/indirect-thunk-extern-4.c scan-assembler movl[ \\\\t]*[Ll]_dispatch\\\\\$non_lazy_ptr-L[0-9]+\\\\\$pb
FAIL: gcc.target/i386/indirect-thunk-inline-1.c scan-assembler movl[ \\\\t]*[Ll]_dispatch\\\\\$non_lazy_ptr-L[0-9]+\\\\\$pb
FAIL: gcc.target/i386/indirect-thunk-inline-2.c scan-assembler movl[ \\\\t]*[Ll]_dispatch\\\\\$non_lazy_ptr-L[0-9]+\\\\\$pb
FAIL: gcc.target/i386/indirect-thunk-inline-3.c scan-assembler movl[ \\\\t]*[Ll]_dispatch\\\\\$non_lazy_ptr-L[0-9]+\\\\\$pb
FAIL: gcc.target/i386/indirect-thunk-inline-4.c scan-assembler movl[ \\\\t]*[Ll]_dispatch\\\\\$non_lazy_ptr-L[0-9]+\\\\\$pb
FAIL: gcc.target/i386/pad-3.c scan-assembler-not nop
FAIL: gcc.target/i386/pr15184-1.c scan-assembler-times movb[ \\\\t]+%al 4
FAIL: gcc.target/i386/pr15184-2.c scan-assembler-times movb[ \\\\t]+%al 2
FAIL: gcc.target/i386/pr36502.c scan-assembler-not esp
FAIL: gcc.target/i386/pr54855-3.c scan-assembler-not movsd
FAIL: gcc.target/i386/pr54855-7.c scan-assembler-not movss
FAIL: gcc.target/i386/pr66334.c scan-assembler movl[ \\\\t].+, %ebx
FAIL: gcc.target/i386/pr71245-1.c scan-assembler-not (fistp|fild)
FAIL: gcc.target/i386/pr71245-2.c scan-assembler-not movlps
FAIL: gcc.target/i386/pr78035.c scan-assembler-times cmp 2
FAIL: gcc.target/i386/pr81736-5.c scan-assembler-not %[re]bp
XPASS: gcc.target/i386/pr84101.c scan-tree-dump-not slp2 "basic block vectorized"
FAIL: gcc.target/i386/pr84278.c scan-assembler-not \\\\(%.sp\\\\)
FAIL: gcc.target/i386/pr85667-6.c scan-assembler-times flds[^\\n\\r]* 1
FAIL: gcc.target/i386/pr88414.c (internal compiler error)
FAIL: gcc.target/i386/pr88414.c (test for excess errors)
FAIL: gcc.target/i386/pr92651.c scan-assembler-times sub 2
FAIL: gcc.target/i386/ret-thunk-22.c scan-assembler call[ \\\\t]*___x86.get_pc_thunk.cx
FAIL: gcc.target/i386/ret-thunk-23.c scan-assembler call[ \\\\t]*___x86.get_pc_thunk.cx
FAIL: gcc.target/i386/ret-thunk-24.c scan-assembler call[ \\\\t]*___x86.get_pc_thunk.cx
=== gcc Summary for unix/-m32 ===
# of expected passes 133563
# of unexpected failures 47
# of unexpected successes 9
# of expected failures 693
# of unresolved testcases 3
# of unsupported tests 4913
Running target unix/-m64
WARNING: gcc.c-torture/compile/980729-1.c -O3 -fomit-frame-pointer -funroll-loops -fpeel-loops -ftracer -finline-functions (test for excess errors) program timed out.
FAIL: gcc.c-torture/compile/980729-1.c -O3 -fomit-frame-pointer -funroll-loops -fpeel-loops -ftracer -finline-functions (test for excess errors)
WARNING: gcc.c-torture/execute/20000227-1.c -O0 (test for excess errors) program timed out.
FAIL: gcc.c-torture/execute/20000227-1.c -O0 (test for excess errors)
WARNING: gcc.dg/atomic/c11-atomic-exec-5.c -O0 execution test program timed out.
FAIL: gcc.dg/atomic/c11-atomic-exec-5.c -O0 execution test
WARNING: gcc.dg/atomic/c11-atomic-exec-5.c -O1 execution test program timed out.
FAIL: gcc.dg/atomic/c11-atomic-exec-5.c -O1 execution test
WARNING: gcc.dg/atomic/c11-atomic-exec-5.c -O2 execution test program timed out.
FAIL: gcc.dg/atomic/c11-atomic-exec-5.c -O2 execution test
WARNING: gcc.dg/atomic/c11-atomic-exec-5.c -O2 -flto execution test program timed out.
FAIL: gcc.dg/atomic/c11-atomic-exec-5.c -O2 -flto execution test
WARNING: gcc.dg/atomic/c11-atomic-exec-5.c -O2 -flto -flto-partition=none execution test program timed out.
FAIL: gcc.dg/atomic/c11-atomic-exec-5.c -O2 -flto -flto-partition=none execution test
WARNING: gcc.dg/atomic/c11-atomic-exec-5.c -O3 -fomit-frame-pointer -funroll-loops -fpeel-loops -ftracer -finline-functions execution test program timed out.
FAIL: gcc.dg/atomic/c11-atomic-exec-5.c -O3 -fomit-frame-pointer -funroll-loops -fpeel-loops -ftracer -finline-functions execution test
WARNING: gcc.dg/atomic/c11-atomic-exec-5.c -O3 -g execution test program timed out.
FAIL: gcc.dg/atomic/c11-atomic-exec-5.c -O3 -g execution test
WARNING: gcc.dg/atomic/c11-atomic-exec-5.c -Os execution test program timed out.
FAIL: gcc.dg/atomic/c11-atomic-exec-5.c -Os execution test
FAIL: gcc.dg/debug/dwarf2/inline4.c scan-assembler DW_TAG_inlined_subroutine[^\\\\(]*\\\\([^\\\\)]*\\\\)[^\\\\(]*\\\\(DIE \\\\(0x[0-9a-f]*\\\\) DW_TAG_formal_parameter[^\\\\(]*\\\\(DIE \\\\(0x[0-9a-f]*\\\\) DW_TAG_variable
FAIL: gcc.dg/debug/dwarf2/inline5.c scan-assembler-not \\\\(DIE \\\\(0x([0-9a-f]*)\\\\) DW_TAG_lexical_block\\\\)[^#/!@;\\\\|]*[#/!@;\\\\|]+ +[^(].*DW_TAG_lexical_block\\\\)[^#/!@;\\\\|x]*x\\\\1[^#/!@;\\\\|]*[#/!@;\\\\|] +DW_AT_abstract_origin
FAIL: gcc.dg/attr-weakref-1.c execution test
FAIL: gcc.dg/pr68766.c (internal compiler error)
FAIL: gcc.dg/pr68766.c (test for excess errors)
FAIL: gcc.dg/stack-layout-dynamic-1.c (test for excess errors)
UNRESOLVED: gcc.dg/stack-layout-dynamic-1.c scan-assembler-not cfi_def_cfa_register
FAIL: gcc.dg/strcmpopt_8.c (test for excess errors)
FAIL: gcc.dg/strcmpopt_8.c scan-tree-dump-not forwprop1 "strncmp"
FAIL: gcc.dg/strlenopt-82.c scan-tree-dump-times optimized "call_in_true_branch_not_eliminated_" 0
FAIL: gcc.dg/graphite/scop-19.c scan-tree-dump-times graphite "number of SCoPs: 0" 1
FAIL: gcc.dg/ipa/ipa-icf-38.c scan-ltrans-tree-dump-not optimized "Function bar"
FAIL: gcc.dg/lto/pr94157 c_lto_pr94157_0.o assemble, -O0 -fipa-vrp -flto -Wa,--noexecstack -Wa,--noexecstack -Wa,--execstack -Wa,--execstack -Wa,--execstack -Wa,--execstack -Wa,--execstack -Wa,--execstack -Wa,--execstack -Wa,--execstack -Wa,--execstack -Wa,--execstack -Wa,--execstack -Wa,--execstack -Wa,--execstack -Wa,--execstack
UNRESOLVED: gcc.dg/lto/pr94157 c_lto_pr94157_0.o-c_lto_pr94157_0.o execute -O0 -fipa-vrp -flto -Wa,--noexecstack -Wa,--noexecstack -Wa,--execstack -Wa,--execstack -Wa,--execstack -Wa,--execstack -Wa,--execstack -Wa,--execstack -Wa,--execstack -Wa,--execstack -Wa,--execstack -Wa,--execstack -Wa,--execstack -Wa,--execstack -Wa,--execstack -Wa,--execstack
UNRESOLVED: gcc.dg/lto/pr94157 c_lto_pr94157_0.o-c_lto_pr94157_0.o link -O0 -fipa-vrp -flto -Wa,--noexecstack -Wa,--noexecstack -Wa,--execstack -Wa,--execstack -Wa,--execstack -Wa,--execstack -Wa,--execstack -Wa,--execstack -Wa,--execstack -Wa,--execstack -Wa,--execstack -Wa,--execstack -Wa,--execstack -Wa,--execstack -Wa,--execstack -Wa,--execstack
FAIL: gcc.dg/rtl/x86_64/final.c (internal compiler error)
FAIL: gcc.dg/rtl/x86_64/final.c (test for excess errors)
UNRESOLVED: gcc.dg/rtl/x86_64/final.c scan-assembler .cfi_endproc
UNRESOLVED: gcc.dg/rtl/x86_64/final.c scan-assembler .cfi_startproc
UNRESOLVED: gcc.dg/rtl/x86_64/final.c scan-assembler ret
UNRESOLVED: gcc.dg/rtl/x86_64/final.c scan-assembler test_1:
XPASS: gcc.dg/tree-ssa/builtin-snprintf-6.c scan-tree-dump-times optimized "Function test_assign_aggregate" 1
XPASS: gcc.dg/tree-ssa/pr91091-2.c scan-tree-dump-times fre1 " = [^;]*x;" 1
XPASS: gcc.dg/tree-ssa/pr91091-2.c scan-tree-dump-times fre1 "x = " 1
XPASS: gcc.dg/tree-ssa/ssa-fre-77.c scan-tree-dump fre1 "return 1;"
FAIL: gcc.target/i386/indirect-thunk-2.c scan-assembler movq[ \\\\t]*_dispatch
FAIL: gcc.target/i386/indirect-thunk-4.c scan-assembler movq[ \\\\t]*_dispatch
FAIL: gcc.target/i386/indirect-thunk-attr-2.c scan-assembler movq[ \\\\t]*_dispatch
FAIL: gcc.target/i386/indirect-thunk-attr-4.c scan-assembler movq[ \\\\t]*_dispatch
FAIL: gcc.target/i386/indirect-thunk-attr-6.c scan-assembler movq[ \\\\t]*_dispatch
FAIL: gcc.target/i386/indirect-thunk-extern-2.c scan-assembler movq[ \\\\t]*_dispatch
FAIL: gcc.target/i386/indirect-thunk-extern-4.c scan-assembler movq[ \\\\t]*_dispatch
FAIL: gcc.target/i386/indirect-thunk-inline-2.c scan-assembler movq[ \\\\t]*_dispatch
FAIL: gcc.target/i386/indirect-thunk-inline-4.c scan-assembler movq[ \\\\t]*_dispatch
FAIL: gcc.target/i386/pr34256.c scan-assembler-times mov 5
FAIL: gcc.target/i386/pr78035.c scan-assembler-times cmp 2
FAIL: gcc.target/i386/pr85667-10.c scan-assembler-times movq[ \\t]*%r8, .* 1
FAIL: gcc.target/i386/pr85667-10.c scan-assembler-times movq[ \\t]*%r9, .* 1
FAIL: gcc.target/i386/pr85667-10.c scan-assembler-times movq[ \\t]*%rcx, .* 1
FAIL: gcc.target/i386/pr85667-10.c scan-assembler-times movq[ \\t]*%rdx, .* 1
FAIL: gcc.target/i386/pr85667-10.c scan-assembler-times movq[^\\n\\r]*, %rax 1
FAIL: gcc.target/i386/pr92651.c scan-assembler-times sub 2
FAIL: gcc.target/i386/stackalign/pr88483-1.c -mno-stackrealign scan-assembler-not and[lq]?[^\\\\n]*-[0-9]+,[^\\\\n]*sp
FAIL: gcc.target/i386/stackalign/pr88483-1.c -mstackrealign scan-assembler-not and[lq]?[^\\\\n]*-[0-9]+,[^\\\\n]*sp
FAIL: gcc.target/i386/stackalign/pr88483-2.c -mno-stackrealign scan-assembler-not (sub|add)(l|q)[\\\\t ]*\\\\\$[0-9]*,[\\\\t ]*%[re]?sp
FAIL: gcc.target/i386/stackalign/pr88483-2.c -mno-stackrealign scan-assembler-not and[lq]?[^\\\\n]*-[0-9]+,[^\\\\n]*sp
FAIL: gcc.target/i386/stackalign/pr88483-2.c -mstackrealign scan-assembler-not (sub|add)(l|q)[\\\\t ]*\\\\\$[0-9]*,[\\\\t ]*%[re]?sp
FAIL: gcc.target/i386/stackalign/pr88483-2.c -mstackrealign scan-assembler-not and[lq]?[^\\\\n]*-[0-9]+,[^\\\\n]*sp
=== gcc Summary for unix/-m64 ===
# of expected passes 135608
# of unexpected failures 47
# of unexpected successes 4
# of expected failures 694
# of unresolved testcases 7
# of unsupported tests 4630
=== gcc Summary ===
# of expected passes 269171
# of unexpected failures 94
# of unexpected successes 13
# of expected failures 1387
# of unresolved testcases 10
# of unsupported tests 9543
/scratch/10-5-leo/gcc-master/gcc/xgcc version 10.0.1 20200401 (experimental) [master revision r10-7488-g73dd051894b8] (GCC)
=== gfortran tests ===
Running target unix/-m32
FAIL: gfortran.dg/pr93365.f90 -O0 (internal compiler error)
FAIL: gfortran.dg/pr93365.f90 -O0 (test for excess errors)
UNRESOLVED: gfortran.dg/pr93365.f90 -O0 compilation failed to produce executable
FAIL: gfortran.dg/pr93365.f90 -O1 (internal compiler error)
FAIL: gfortran.dg/pr93365.f90 -O1 (test for excess errors)
UNRESOLVED: gfortran.dg/pr93365.f90 -O1 compilation failed to produce executable
FAIL: gfortran.dg/pr93365.f90 -O2 (internal compiler error)
FAIL: gfortran.dg/pr93365.f90 -O2 (test for excess errors)
UNRESOLVED: gfortran.dg/pr93365.f90 -O2 compilation failed to produce executable
FAIL: gfortran.dg/pr93365.f90 -O3 -fomit-frame-pointer -funroll-loops -fpeel-loops -ftracer -finline-functions (internal compiler error)
FAIL: gfortran.dg/pr93365.f90 -O3 -fomit-frame-pointer -funroll-loops -fpeel-loops -ftracer -finline-functions (test for excess errors)
UNRESOLVED: gfortran.dg/pr93365.f90 -O3 -fomit-frame-pointer -funroll-loops -fpeel-loops -ftracer -finline-functions compilation failed to produce executable
FAIL: gfortran.dg/pr93365.f90 -O3 -g (internal compiler error)
FAIL: gfortran.dg/pr93365.f90 -O3 -g (test for excess errors)
UNRESOLVED: gfortran.dg/pr93365.f90 -O3 -g compilation failed to produce executable
FAIL: gfortran.dg/pr93365.f90 -Os (internal compiler error)
FAIL: gfortran.dg/pr93365.f90 -Os (test for excess errors)
UNRESOLVED: gfortran.dg/pr93365.f90 -Os compilation failed to produce executable
FAIL: gfortran.dg/pr93600_1.f90 -O (test for errors, line 6)
FAIL: gfortran.dg/pr93600_1.f90 -O (test for errors, line 7)
FAIL: gfortran.dg/pr93600_1.f90 -O (internal compiler error)
FAIL: gfortran.dg/pr93600_1.f90 -O (test for excess errors)
FAIL: gfortran.dg/pr93600_2.f90 -O0 (internal compiler error)
FAIL: gfortran.dg/pr93600_2.f90 -O0 (test for excess errors)
UNRESOLVED: gfortran.dg/pr93600_2.f90 -O0 compilation failed to produce executable
FAIL: gfortran.dg/pr93600_2.f90 -O1 (internal compiler error)
FAIL: gfortran.dg/pr93600_2.f90 -O1 (test for excess errors)
UNRESOLVED: gfortran.dg/pr93600_2.f90 -O1 compilation failed to produce executable
FAIL: gfortran.dg/pr93600_2.f90 -O2 (internal compiler error)
FAIL: gfortran.dg/pr93600_2.f90 -O2 (test for excess errors)
UNRESOLVED: gfortran.dg/pr93600_2.f90 -O2 compilation failed to produce executable
FAIL: gfortran.dg/pr93600_2.f90 -O3 -fomit-frame-pointer -funroll-loops -fpeel-loops -ftracer -finline-functions (internal compiler error)
FAIL: gfortran.dg/pr93600_2.f90 -O3 -fomit-frame-pointer -funroll-loops -fpeel-loops -ftracer -finline-functions (test for excess errors)
UNRESOLVED: gfortran.dg/pr93600_2.f90 -O3 -fomit-frame-pointer -funroll-loops -fpeel-loops -ftracer -finline-functions compilation failed to produce executable
FAIL: gfortran.dg/pr93600_2.f90 -O3 -g (internal compiler error)
FAIL: gfortran.dg/pr93600_2.f90 -O3 -g (test for excess errors)
UNRESOLVED: gfortran.dg/pr93600_2.f90 -O3 -g compilation failed to produce executable
FAIL: gfortran.dg/pr93600_2.f90 -Os (internal compiler error)
FAIL: gfortran.dg/pr93600_2.f90 -Os (test for excess errors)
UNRESOLVED: gfortran.dg/pr93600_2.f90 -Os compilation failed to produce executable
=== gfortran Summary for unix/-m32 ===
# of expected passes 53059
# of unexpected failures 28
# of expected failures 197
# of unresolved testcases 12
# of unsupported tests 208
Running target unix/-m64
FAIL: gfortran.dg/pr93365.f90 -O0 (internal compiler error)
FAIL: gfortran.dg/pr93365.f90 -O0 (test for excess errors)
UNRESOLVED: gfortran.dg/pr93365.f90 -O0 compilation failed to produce executable
FAIL: gfortran.dg/pr93365.f90 -O1 (internal compiler error)
FAIL: gfortran.dg/pr93365.f90 -O1 (test for excess errors)
UNRESOLVED: gfortran.dg/pr93365.f90 -O1 compilation failed to produce executable
FAIL: gfortran.dg/pr93365.f90 -O2 (internal compiler error)
FAIL: gfortran.dg/pr93365.f90 -O2 (test for excess errors)
UNRESOLVED: gfortran.dg/pr93365.f90 -O2 compilation failed to produce executable
FAIL: gfortran.dg/pr93365.f90 -O3 -fomit-frame-pointer -funroll-loops -fpeel-loops -ftracer -finline-functions (internal compiler error)
FAIL: gfortran.dg/pr93365.f90 -O3 -fomit-frame-pointer -funroll-loops -fpeel-loops -ftracer -finline-functions (test for excess errors)
UNRESOLVED: gfortran.dg/pr93365.f90 -O3 -fomit-frame-pointer -funroll-loops -fpeel-loops -ftracer -finline-functions compilation failed to produce executable
FAIL: gfortran.dg/pr93365.f90 -O3 -g (internal compiler error)
FAIL: gfortran.dg/pr93365.f90 -O3 -g (test for excess errors)
UNRESOLVED: gfortran.dg/pr93365.f90 -O3 -g compilation failed to produce executable
FAIL: gfortran.dg/pr93365.f90 -Os (internal compiler error)
FAIL: gfortran.dg/pr93365.f90 -Os (test for excess errors)
UNRESOLVED: gfortran.dg/pr93365.f90 -Os compilation failed to produce executable
FAIL: gfortran.dg/pr93600_1.f90 -O (test for errors, line 6)
FAIL: gfortran.dg/pr93600_1.f90 -O (test for errors, line 7)
FAIL: gfortran.dg/pr93600_1.f90 -O (internal compiler error)
FAIL: gfortran.dg/pr93600_1.f90 -O (test for excess errors)
FAIL: gfortran.dg/pr93600_2.f90 -O0 (internal compiler error)
FAIL: gfortran.dg/pr93600_2.f90 -O0 (test for excess errors)
UNRESOLVED: gfortran.dg/pr93600_2.f90 -O0 compilation failed to produce executable
FAIL: gfortran.dg/pr93600_2.f90 -O1 (internal compiler error)
FAIL: gfortran.dg/pr93600_2.f90 -O1 (test for excess errors)
UNRESOLVED: gfortran.dg/pr93600_2.f90 -O1 compilation failed to produce executable
FAIL: gfortran.dg/pr93600_2.f90 -O2 (internal compiler error)
FAIL: gfortran.dg/pr93600_2.f90 -O2 (test for excess errors)
UNRESOLVED: gfortran.dg/pr93600_2.f90 -O2 compilation failed to produce executable
FAIL: gfortran.dg/pr93600_2.f90 -O3 -fomit-frame-pointer -funroll-loops -fpeel-loops -ftracer -finline-functions (internal compiler error)
FAIL: gfortran.dg/pr93600_2.f90 -O3 -fomit-frame-pointer -funroll-loops -fpeel-loops -ftracer -finline-functions (test for excess errors)
UNRESOLVED: gfortran.dg/pr93600_2.f90 -O3 -fomit-frame-pointer -funroll-loops -fpeel-loops -ftracer -finline-functions compilation failed to produce executable
FAIL: gfortran.dg/pr93600_2.f90 -O3 -g (internal compiler error)
FAIL: gfortran.dg/pr93600_2.f90 -O3 -g (test for excess errors)
UNRESOLVED: gfortran.dg/pr93600_2.f90 -O3 -g compilation failed to produce executable
FAIL: gfortran.dg/pr93600_2.f90 -Os (internal compiler error)
FAIL: gfortran.dg/pr93600_2.f90 -Os (test for excess errors)
UNRESOLVED: gfortran.dg/pr93600_2.f90 -Os compilation failed to produce executable
=== gfortran Summary for unix/-m64 ===
# of expected passes 53290
# of unexpected failures 28
# of expected failures 195
# of unresolved testcases 12
# of unsupported tests 99
=== gfortran Summary ===
# of expected passes 106349
# of unexpected failures 56
# of expected failures 392
# of unresolved testcases 24
# of unsupported tests 307
/scratch/10-5-leo/gcc-master/gcc/testsuite/gfortran/../../gfortran version 10.0.1 20200401 (experimental) [master revision r10-7488-g73dd051894b8] (GCC)
=== gnat tests ===
Running target unix/-m32
FAIL: gnat.dg/bias1.adb scan-assembler DW_AT_GNU_bias
=== gnat Summary for unix/-m32 ===
# of expected passes 3272
# of unexpected failures 1
# of expected failures 23
# of unsupported tests 13
Running target unix/-m64
FAIL: gnat.dg/bias1.adb scan-assembler DW_AT_GNU_bias
=== gnat Summary for unix/-m64 ===
# of expected passes 3272
# of unexpected failures 1
# of expected failures 23
# of unsupported tests 13
=== gnat Summary ===
# of expected passes 6544
# of unexpected failures 2
# of expected failures 46
# of unsupported tests 26
/scratch/10-5-leo/gcc-master/gcc/gnatmake version 10.0.1 20200401 (experimental) [master revision r10-7488-g73dd051894b8]
=== obj-c++ tests ===
Running target unix/-m32
=== obj-c++ Summary for unix/-m32 ===
# of expected passes 3103
# of expected failures 2
# of unsupported tests 62
Running target unix/-m64
FAIL: obj-c++.dg/bitfield-2.mm -fnext-runtime execution test
FAIL: obj-c++.dg/property/synthesize-10.mm -fnext-runtime execution test
=== obj-c++ Summary for unix/-m64 ===
# of expected passes 3047
# of unexpected failures 2
# of expected failures 19
# of unsupported tests 67
=== obj-c++ Summary ===
# of expected passes 6150
# of unexpected failures 2
# of expected failures 21
# of unsupported tests 129
/scratch/10-5-leo/gcc-master/gcc/testsuite/obj-c++/../../xg++ version 10.0.1 20200401 (experimental) [master revision r10-7488-g73dd051894b8] (GCC)
=== objc tests ===
Running target unix/-m32
FAIL: objc.dg/ivar-scope-4.m -fnext-runtime execution test
=== objc Summary for unix/-m32 ===
# of expected passes 5635
# of unexpected failures 1
# of expected failures 6
# of unsupported tests 78
Running target unix/-m64
FAIL: objc.dg/ivar-scope-4.m -fnext-runtime execution test
=== objc Summary for unix/-m64 ===
# of expected passes 5583
# of unexpected failures 1
# of expected failures 12
# of unsupported tests 85
=== objc Summary ===
# of expected passes 11218
# of unexpected failures 2
# of expected failures 18
# of unsupported tests 163
/scratch/10-5-leo/gcc-master/gcc/xgcc version 10.0.1 20200401 (experimental) [master revision r10-7488-g73dd051894b8] (GCC)
=== libatomic tests ===
Running target unix/-m32
=== libatomic Summary for unix/-m32 ===
# of expected passes 44
# of unsupported tests 5
Running target unix/-m64
=== libatomic Summary for unix/-m64 ===
# of expected passes 54
=== libatomic Summary ===
# of expected passes 98
# of unsupported tests 5
=== libgomp tests ===
Running target unix/-m32
WARNING: program timed out.
FAIL: libgomp.c/../libgomp.c-c++-common/cancel-taskgroup-2.c execution test
WARNING: program timed out.
FAIL: libgomp.c/../libgomp.c-c++-common/cancel-taskgroup-4.c execution test
WARNING: program timed out.
FAIL: libgomp.c/barrier-1.c execution test
WARNING: program timed out.
FAIL: libgomp.c/cancel-parallel-2.c execution test
WARNING: program timed out.
FAIL: libgomp.c/critical-1.c execution test
WARNING: program timed out.
FAIL: libgomp.c/depend-3.c execution test
WARNING: program timed out.
FAIL: libgomp.c/depend-4.c execution test
WARNING: program timed out.
FAIL: libgomp.c/depend-8.c execution test
WARNING: program timed out.
FAIL: libgomp.c/depend-9.c execution test
WARNING: program timed out.
FAIL: libgomp.c/pr66133.c execution test
WARNING: program timed out.
FAIL: libgomp.c/target-25.c execution test
WARNING: program timed out.
FAIL: libgomp.c/target-27.c execution test
WARNING: program timed out.
FAIL: libgomp.c/target-32.c execution test
WARNING: program timed out.
FAIL: libgomp.c/thread-limit-1.c execution test
WARNING: program timed out.
FAIL: libgomp.c/thread-limit-2.c execution test
WARNING: program timed out.
FAIL: libgomp.c/thread-limit-4.c execution test
WARNING: program timed out.
FAIL: libgomp.c++/../libgomp.c-c++-common/cancel-taskgroup-2.c execution test
WARNING: program timed out.
FAIL: libgomp.c++/../libgomp.c-c++-common/cancel-taskgroup-4.c execution test
WARNING: program timed out.
FAIL: libgomp.c++/cancel-parallel-2.C execution test
WARNING: program timed out.
FAIL: libgomp.c++/cancel-taskgroup-3.C execution test
WARNING: program timed out.
FAIL: libgomp.c++/task-reduction-10.C execution test
=== libgomp Summary for unix/-m32 ===
# of expected passes 7533
# of unexpected failures 21
# of expected failures 4
# of unsupported tests 495
Running target unix/-m64
WARNING: program timed out.
FAIL: libgomp.c++/task-reduction-10.C execution test
=== libgomp Summary for unix/-m64 ===
# of expected passes 7553
# of unexpected failures 1
# of expected failures 4
# of unsupported tests 495
=== libgomp Summary ===
# of expected passes 15086
# of unexpected failures 22
# of expected failures 8
# of unsupported tests 990
=== libitm tests ===
Running target unix/-m32
=== libitm Summary for unix/-m32 ===
# of expected passes 40
# of expected failures 3
# of unsupported tests 2
Running target unix/-m64
=== libitm Summary for unix/-m64 ===
# of expected passes 40
# of expected failures 3
# of unsupported tests 2
=== libitm Summary ===
# of expected passes 80
# of expected failures 6
# of unsupported tests 4
=== libstdc++ tests ===
Running target unix/-m32
FAIL: 27_io/basic_filebuf/open/char/2.cc execution test
WARNING: 30_threads/async/async.cc execution test program timed out.
FAIL: 30_threads/async/async.cc execution test
WARNING: 30_threads/condition_variable/54185.cc execution test program timed out.
FAIL: 30_threads/condition_variable/54185.cc execution test
WARNING: 30_threads/condition_variable/members/1.cc execution test program timed out.
FAIL: 30_threads/condition_variable/members/1.cc execution test
WARNING: 30_threads/condition_variable/members/2.cc execution test program timed out.
FAIL: 30_threads/condition_variable/members/2.cc execution test
WARNING: 30_threads/condition_variable/members/68519.cc execution test program timed out.
FAIL: 30_threads/condition_variable/members/68519.cc execution test
WARNING: 30_threads/condition_variable_any/members/1.cc execution test program timed out.
FAIL: 30_threads/condition_variable_any/members/1.cc execution test
WARNING: 30_threads/condition_variable_any/members/2.cc execution test program timed out.
FAIL: 30_threads/condition_variable_any/members/2.cc execution test
WARNING: 30_threads/condition_variable_any/stop_token/wait_on.cc execution test program timed out.
FAIL: 30_threads/condition_variable_any/stop_token/wait_on.cc execution test
WARNING: 30_threads/future/members/wait_for.cc execution test program timed out.
FAIL: 30_threads/future/members/wait_for.cc execution test
WARNING: 30_threads/future/members/wait_until.cc execution test program timed out.
FAIL: 30_threads/future/members/wait_until.cc execution test
WARNING: 30_threads/jthread/jthread.cc execution test program timed out.
FAIL: 30_threads/jthread/jthread.cc execution test
WARNING: 30_threads/packaged_task/members/at_thread_exit.cc execution test program timed out.
FAIL: 30_threads/packaged_task/members/at_thread_exit.cc execution test
WARNING: 30_threads/packaged_task/members/get_future.cc execution test program timed out.
FAIL: 30_threads/packaged_task/members/get_future.cc execution test
WARNING: 30_threads/promise/60966.cc execution test program timed out.
FAIL: 30_threads/promise/60966.cc execution test
WARNING: 30_threads/promise/members/at_thread_exit.cc execution test program timed out.
FAIL: 30_threads/promise/members/at_thread_exit.cc execution test
WARNING: 30_threads/promise/members/set_value3.cc execution test program timed out.
FAIL: 30_threads/promise/members/set_value3.cc execution test
WARNING: 30_threads/promise/members/swap.cc execution test program timed out.
FAIL: 30_threads/promise/members/swap.cc execution test
WARNING: 30_threads/recursive_timed_mutex/try_lock_until/3.cc execution test program timed out.
FAIL: 30_threads/recursive_timed_mutex/try_lock_until/3.cc execution test
WARNING: 30_threads/shared_future/members/wait_for.cc execution test program timed out.
FAIL: 30_threads/shared_future/members/wait_for.cc execution test
WARNING: 30_threads/shared_future/members/wait_until.cc execution test program timed out.
FAIL: 30_threads/shared_future/members/wait_until.cc execution test
WARNING: 30_threads/shared_timed_mutex/try_lock/3.cc execution test program timed out.
FAIL: 30_threads/shared_timed_mutex/try_lock/3.cc execution test
WARNING: 30_threads/shared_timed_mutex/try_lock_until/1.cc execution test program timed out.
FAIL: 30_threads/shared_timed_mutex/try_lock_until/1.cc execution test
WARNING: 30_threads/stop_token/stop_callback/destroy.cc execution test program timed out.
FAIL: 30_threads/stop_token/stop_callback/destroy.cc execution test
WARNING: 30_threads/this_thread/3.cc execution test program timed out.
FAIL: 30_threads/this_thread/3.cc execution test
WARNING: 30_threads/this_thread/4.cc execution test program timed out.
FAIL: 30_threads/this_thread/4.cc execution test
WARNING: 30_threads/thread/native_handle/cancel.cc execution test program timed out.
FAIL: 30_threads/thread/native_handle/cancel.cc execution test
WARNING: 30_threads/timed_mutex/try_lock_for/3.cc execution test program timed out.
FAIL: 30_threads/timed_mutex/try_lock_for/3.cc execution test
WARNING: 30_threads/timed_mutex/try_lock_until/3.cc execution test program timed out.
FAIL: 30_threads/timed_mutex/try_lock_until/3.cc execution test
WARNING: 30_threads/timed_mutex/try_lock_until/57641.cc execution test program timed out.
FAIL: 30_threads/timed_mutex/try_lock_until/57641.cc execution test
FAIL: experimental/net/internet/resolver/ops/lookup.cc execution test
FAIL: experimental/net/internet/resolver/ops/reverse.cc execution test
FAIL: ext/mt_allocator/deallocate_global_thread-1.cc execution test
FAIL: ext/mt_allocator/deallocate_global_thread-3.cc execution test
FAIL: ext/stdio_filebuf/char/10063-2.cc execution test
FAIL: ext/stdio_filebuf/char/81751.cc execution test
=== libstdc++ Summary for unix/-m32 ===
# of expected passes 13049
# of unexpected failures 36
# of expected failures 93
# of unsupported tests 763
Running target unix/-m64
FAIL: 27_io/basic_filebuf/open/char/2.cc execution test
WARNING: 30_threads/condition_variable/54185.cc execution test program timed out.
FAIL: 30_threads/condition_variable/54185.cc execution test
FAIL: experimental/net/internet/resolver/ops/lookup.cc execution test
FAIL: experimental/net/internet/resolver/ops/reverse.cc execution test
FAIL: ext/mt_allocator/deallocate_global_thread-1.cc execution test
FAIL: ext/mt_allocator/deallocate_global_thread-3.cc execution test
FAIL: ext/stdio_filebuf/char/10063-2.cc execution test
FAIL: ext/stdio_filebuf/char/81751.cc execution test
=== libstdc++ Summary for unix/-m64 ===
# of expected passes 13075
# of unexpected failures 8
# of expected failures 93
# of unsupported tests 764
=== libstdc++ Summary ===
# of expected passes 26124
# of unexpected failures 44
# of expected failures 186
# of unsupported tests 1527
Compiler version: 10.0.1 20200401 (experimental) [master revision r10-7488-g73dd051894b8] (GCC)
Platform: i686-apple-darwin9
configure flags: --prefix=/opt/iains/i686-apple-darwin9/gcc-10-0-1 --target=i686-apple-darwin9 --host=i686-apple-darwin9 --build=i686-apple-darwin9 --with-ld=/Developer/usr/bin/ld --with-as=/Developer/usr/bin/as --with-sysroot=/Developer/SDKs/MacOSX10.5.sdk --enable-languages=all CC='gcc --sysroot=/Developer/SDKs/MacOSX10.5.sdk' CXX='g++ --sysroot=/Developer/SDKs/MacOSX10.5.sdk'
More information about the Gcc-testresults
mailing list