Results for 10.0.0 20190927 (experimental) (GCC) testsuite on x86_64-pc-linux-gnu
Shrisha Rao
shrao@alumni.cmu.edu
Sun Sep 29 03:57:00 GMT 2019
These results are as compiled on an EC2 instance from the SVN source.
The SVN version was 276173
==
Native configuration is x86_64-pc-linux-gnu
=== gcc tests ===
Running target unix
FAIL: gcc.target/i386/pr57193.c scan-assembler-times movdqa 2
=== gcc Summary ===
# of expected passes 142945
# of unexpected failures 1
# of expected failures 554
# of unsupported tests 2226
/home/ec2-user/tmp/gcctemp/gcc/xgcc version 10.0.0 20190927 (experimental) (GCC)
=== gfortran tests ===
Running target unix
=== gfortran Summary ===
# of expected passes 50548
# of expected failures 178
# of unsupported tests 96
/home/ec2-user/tmp/gcctemp/gcc/testsuite/gfortran/../../gfortran version 10.0.0 20190927 (experimental) (GCC)
=== g++ tests ===
Running target unix
=== g++ Summary ===
# of expected passes 138597
# of expected failures 579
# of unsupported tests 6170
/home/ec2-user/tmp/gcctemp/gcc/testsuite/g++/../../xg++ version 10.0.0 20190927 (experimental) (GCC)
=== objc tests ===
Running target unix
=== objc Summary ===
# of expected passes 2776
# of expected failures 6
# of unsupported tests 68
/home/ec2-user/tmp/gcctemp/gcc/xgcc version 10.0.0 20190927 (experimental) (GCC)
=== libatomic tests ===
Running target unix
=== libatomic Summary ===
# of expected passes 54
=== libgomp tests ===
Running target unix
=== libgomp Summary ===
# of expected passes 6722
# of expected failures 2
# of unsupported tests 349
=== libitm tests ===
Running target unix
=== libitm Summary ===
# of expected passes 42
# of expected failures 3
# of unsupported tests 1
=== libstdc++ tests ===
Running target unix
=== libstdc++ Summary ===
# of expected passes 13284
# of expected failures 92
# of unsupported tests 329
Compiler version: 10.0.0 20190927 (experimental) (GCC)
Platform: x86_64-pc-linux-gnu
configure flags: --disable-multilib --prefix=/shrao/testgcc
More information about the Gcc-testresults
mailing list