Results for 10.0.0 20190920 (experimental) [trunk revision 275989] (GCC) testsuite on x86_64-pc-solaris2.11
Rainer Orth
ro@CeBiTec.Uni-Bielefeld.DE
Sat Sep 21 12:18:00 GMT 2019
LAST_UPDATED: Fri Sep 20 08:43:58 UTC 2019 (revision 275989)
Native configuration is x86_64-pc-solaris2.11
=== libatomic tests ===
Running target unix/-m32
=== libatomic Summary for unix/-m32 ===
# of expected passes 44
# of unsupported tests 5
Running target unix
=== libatomic Summary for unix ===
# of expected passes 54
=== libatomic Summary ===
# of expected passes 98
# of unsupported tests 5
=== libffi tests ===
Running target unix/-m32
=== libffi Summary for unix/-m32 ===
# of expected passes 2799
Running target unix
=== libffi Summary for unix ===
# of expected passes 2214
=== libffi Summary ===
# of expected passes 5013
=== libgo tests ===
Running target unix
FAIL: go/build
=== libgo Summary for unix ===
# of expected passes 173
# of unexpected failures 1
Running target unix/-m32
FAIL: go/build
FAIL: runtime
FAIL: runtime/pprof
=== libgo Summary for unix/-m32 ===
# of expected passes 171
# of unexpected failures 3
=== libgo Summary ===
# of expected passes 344
# of unexpected failures 4
/var/gcc/regression/trunk/11.5-gcc-64/build/./gcc/gccgo version 10.0.0 20190920 (experimental) [trunk revision 275989] (GCC)
=== libgomp tests ===
Running target unix
=== libgomp Summary for unix ===
# of expected passes 6609
# of expected failures 4
# of unsupported tests 425
Running target unix/-m32
WARNING: libgomp.c++/task-reduction-10.C execution test program timed out.
FAIL: libgomp.c++/task-reduction-10.C execution test
=== libgomp Summary for unix/-m32 ===
# of expected passes 6608
# of unexpected failures 1
# of expected failures 4
# of unsupported tests 425
=== libgomp Summary ===
# of expected passes 13217
# of unexpected failures 1
# of expected failures 8
# of unsupported tests 850
=== libitm tests ===
Running target unix/-m32
=== libitm Summary for unix/-m32 ===
# of expected passes 42
# of expected failures 3
# of unsupported tests 1
Running target unix
=== libitm Summary for unix ===
# of expected passes 42
# of expected failures 3
# of unsupported tests 1
=== libitm Summary ===
# of expected passes 84
# of expected failures 6
# of unsupported tests 2
=== libstdc++ tests ===
Running target unix
=== libstdc++ Summary for unix ===
# of expected passes 12333
# of expected failures 92
# of unsupported tests 702
Running target unix/-m32
=== libstdc++ Summary for unix/-m32 ===
# of expected passes 12340
# of expected failures 93
# of unsupported tests 698
=== libstdc++ Summary ===
# of expected passes 24673
# of expected failures 185
# of unsupported tests 1400
=== acats tests ===
=== acats Summary ===
# of expected passes 2320
# of unexpected failures 0
=== g++ tests ===
Running target unix
FAIL: g++.dg/pr80481.C -std=gnu++14 scan-assembler-not vmovaps
FAIL: g++.dg/pr80481.C -std=gnu++17 scan-assembler-not vmovaps
FAIL: g++.dg/pr80481.C -std=gnu++98 scan-assembler-not vmovaps
FAIL: g++.dg/gcov/pr16855-priority.C -std=gnu++14 gcov: 1 failures in line counts, 0 in branch percentages, 0 in return percentages, 0 in intermediate format
FAIL: g++.dg/gcov/pr16855-priority.C -std=gnu++14 line 22: is #####:should be 1
FAIL: g++.dg/gcov/pr16855-priority.C -std=gnu++17 gcov: 1 failures in line counts, 0 in branch percentages, 0 in return percentages, 0 in intermediate format
FAIL: g++.dg/gcov/pr16855-priority.C -std=gnu++17 line 22: is #####:should be 1
FAIL: g++.dg/gcov/pr16855-priority.C -std=gnu++98 gcov: 1 failures in line counts, 0 in branch percentages, 0 in return percentages, 0 in intermediate format
FAIL: g++.dg/gcov/pr16855-priority.C -std=gnu++98 line 22: is #####:should be 1
FAIL: g++.dg/gcov/pr16855.C -std=gnu++14 gcov: 1 failures in line counts, 0 in branch percentages, 0 in return percentages, 0 in intermediate format
FAIL: g++.dg/gcov/pr16855.C -std=gnu++14 line 24: is #####:should be 1
FAIL: g++.dg/gcov/pr16855.C -std=gnu++17 gcov: 1 failures in line counts, 0 in branch percentages, 0 in return percentages, 0 in intermediate format
FAIL: g++.dg/gcov/pr16855.C -std=gnu++17 line 24: is #####:should be 1
FAIL: g++.dg/gcov/pr16855.C -std=gnu++98 gcov: 1 failures in line counts, 0 in branch percentages, 0 in return percentages, 0 in intermediate format
FAIL: g++.dg/gcov/pr16855.C -std=gnu++98 line 24: is #####:should be 1
FAIL: g++.dg/lto/pr89335 cp_lto_pr89335_0.o assemble, -O2 -flto -Wsuggest-final-methods
=== g++ Summary for unix ===
# of expected passes 133761
# of unexpected failures 16
# of expected failures 584
# of unsupported tests 6321
Running target unix/-m32
FAIL: c-c++-common/asan/swapcontext-test-1.c -O0 execution test
FAIL: c-c++-common/asan/swapcontext-test-1.c -O1 execution test
FAIL: c-c++-common/asan/swapcontext-test-1.c -O2 execution test
FAIL: c-c++-common/asan/swapcontext-test-1.c -O2 -flto execution test
FAIL: c-c++-common/asan/swapcontext-test-1.c -O2 -flto -flto-partition=none execution test
FAIL: c-c++-common/asan/swapcontext-test-1.c -O3 -fomit-frame-pointer -funroll-loops -fpeel-loops -ftracer -finline-functions execution test
FAIL: c-c++-common/asan/swapcontext-test-1.c -O3 -g execution test
FAIL: c-c++-common/asan/swapcontext-test-1.c -Os execution test
FAIL: g++.dg/asan/default-options-1.C -O0 execution test
FAIL: g++.dg/asan/default-options-1.C -O1 execution test
FAIL: g++.dg/asan/default-options-1.C -O2 execution test
FAIL: g++.dg/asan/default-options-1.C -O2 -flto execution test
FAIL: g++.dg/asan/default-options-1.C -O2 -flto -flto-partition=none execution test
FAIL: g++.dg/asan/default-options-1.C -O3 -g execution test
FAIL: g++.dg/asan/default-options-1.C -Os execution test
FAIL: c-c++-common/Warray-bounds.c -std=gnu++14 (test for warnings, line 103)
FAIL: c-c++-common/Warray-bounds.c -std=gnu++14 (test for warnings, line 111)
FAIL: c-c++-common/Warray-bounds.c -std=gnu++14 (test for warnings, line 112)
FAIL: c-c++-common/Warray-bounds.c -std=gnu++14 (test for warnings, line 113)
FAIL: c-c++-common/Warray-bounds.c -std=gnu++14 (test for warnings, line 114)
FAIL: c-c++-common/Warray-bounds.c -std=gnu++14 (test for warnings, line 115)
FAIL: c-c++-common/Warray-bounds.c -std=gnu++14 (test for warnings, line 116)
FAIL: c-c++-common/Warray-bounds.c -std=gnu++14 (test for warnings, line 122)
FAIL: c-c++-common/Warray-bounds.c -std=gnu++14 (test for warnings, line 123)
FAIL: c-c++-common/Warray-bounds.c -std=gnu++14 (test for warnings, line 126)
FAIL: c-c++-common/Warray-bounds.c -std=gnu++14 (test for warnings, line 127)
FAIL: c-c++-common/Warray-bounds.c -std=gnu++14 (test for warnings, line 128)
FAIL: c-c++-common/Warray-bounds.c -std=gnu++14 (test for warnings, line 129)
FAIL: c-c++-common/Warray-bounds.c -std=gnu++14 (test for warnings, line 132)
FAIL: c-c++-common/Warray-bounds.c -std=gnu++14 (test for warnings, line 137)
FAIL: c-c++-common/Warray-bounds.c -std=gnu++14 (test for warnings, line 138)
FAIL: c-c++-common/Warray-bounds.c -std=gnu++14 (test for warnings, line 142)
FAIL: c-c++-common/Warray-bounds.c -std=gnu++14 (test for warnings, line 143)
FAIL: c-c++-common/Warray-bounds.c -std=gnu++14 (test for warnings, line 144)
FAIL: c-c++-common/Warray-bounds.c -std=gnu++14 (test for warnings, line 149)
FAIL: c-c++-common/Warray-bounds.c -std=gnu++14 (test for warnings, line 150)
FAIL: c-c++-common/Warray-bounds.c -std=gnu++14 (test for warnings, line 152)
FAIL: c-c++-common/Warray-bounds.c -std=gnu++14 (test for warnings, line 153)
FAIL: c-c++-common/Warray-bounds.c -std=gnu++14 (test for warnings, line 154)
FAIL: c-c++-common/Warray-bounds.c -std=gnu++14 (test for warnings, line 155)
FAIL: c-c++-common/Warray-bounds.c -std=gnu++14 (test for warnings, line 157)
FAIL: c-c++-common/Warray-bounds.c -std=gnu++14 (test for warnings, line 158)
FAIL: c-c++-common/Warray-bounds.c -std=gnu++14 (test for warnings, line 160)
FAIL: c-c++-common/Warray-bounds.c -std=gnu++14 (test for warnings, line 161)
FAIL: c-c++-common/Warray-bounds.c -std=gnu++14 (test for warnings, line 162)
FAIL: c-c++-common/Warray-bounds.c -std=gnu++14 (test for warnings, line 163)
FAIL: c-c++-common/Warray-bounds.c -std=gnu++14 (test for warnings, line 165)
FAIL: c-c++-common/Warray-bounds.c -std=gnu++14 (test for warnings, line 166)
FAIL: c-c++-common/Warray-bounds.c -std=gnu++14 (test for warnings, line 168)
FAIL: c-c++-common/Warray-bounds.c -std=gnu++14 (test for warnings, line 169)
FAIL: c-c++-common/Warray-bounds.c -std=gnu++14 (test for warnings, line 170)
FAIL: c-c++-common/Warray-bounds.c -std=gnu++14 (test for warnings, line 171)
FAIL: c-c++-common/Warray-bounds.c -std=gnu++14 (test for warnings, line 173)
FAIL: c-c++-common/Warray-bounds.c -std=gnu++14 (test for warnings, line 174)
FAIL: c-c++-common/Warray-bounds.c -std=gnu++14 (test for warnings, line 176)
FAIL: c-c++-common/Warray-bounds.c -std=gnu++14 (test for warnings, line 182)
FAIL: c-c++-common/Warray-bounds.c -std=gnu++14 (test for warnings, line 183)
FAIL: c-c++-common/Warray-bounds.c -std=gnu++14 (test for warnings, line 185)
FAIL: c-c++-common/Warray-bounds.c -std=gnu++14 (test for warnings, line 187)
FAIL: c-c++-common/Warray-bounds.c -std=gnu++14 (test for warnings, line 188)
FAIL: c-c++-common/Warray-bounds.c -std=gnu++14 (test for warnings, line 190)
FAIL: c-c++-common/Warray-bounds.c -std=gnu++14 (test for warnings, line 191)
FAIL: c-c++-common/Warray-bounds.c -std=gnu++14 (test for warnings, line 193)
FAIL: c-c++-common/Warray-bounds.c -std=gnu++14 (test for warnings, line 194)
FAIL: c-c++-common/Warray-bounds.c -std=gnu++14 (test for warnings, line 196)
FAIL: c-c++-common/Warray-bounds.c -std=gnu++14 (test for warnings, line 197)
FAIL: c-c++-common/Warray-bounds.c -std=gnu++14 (test for warnings, line 27)
FAIL: c-c++-common/Warray-bounds.c -std=gnu++14 (test for warnings, line 28)
FAIL: c-c++-common/Warray-bounds.c -std=gnu++14 (test for warnings, line 32)
FAIL: c-c++-common/Warray-bounds.c -std=gnu++14 (test for warnings, line 33)
FAIL: c-c++-common/Warray-bounds.c -std=gnu++14 (test for warnings, line 34)
FAIL: c-c++-common/Warray-bounds.c -std=gnu++14 (test for warnings, line 36)
FAIL: c-c++-common/Warray-bounds.c -std=gnu++14 (test for warnings, line 46)
FAIL: c-c++-common/Warray-bounds.c -std=gnu++14 (test for warnings, line 47)
FAIL: c-c++-common/Warray-bounds.c -std=gnu++14 (test for warnings, line 51)
FAIL: c-c++-common/Warray-bounds.c -std=gnu++14 (test for warnings, line 52)
FAIL: c-c++-common/Warray-bounds.c -std=gnu++14 (test for warnings, line 53)
FAIL: c-c++-common/Warray-bounds.c -std=gnu++14 (test for warnings, line 54)
FAIL: c-c++-common/Warray-bounds.c -std=gnu++14 (test for warnings, line 56)
FAIL: c-c++-common/Warray-bounds.c -std=gnu++14 (test for warnings, line 63)
FAIL: c-c++-common/Warray-bounds.c -std=gnu++14 (test for warnings, line 64)
FAIL: c-c++-common/Warray-bounds.c -std=gnu++14 (test for warnings, line 66)
FAIL: c-c++-common/Warray-bounds.c -std=gnu++14 (test for warnings, line 67)
FAIL: c-c++-common/Warray-bounds.c -std=gnu++14 (test for warnings, line 69)
FAIL: c-c++-common/Warray-bounds.c -std=gnu++14 (test for warnings, line 70)
FAIL: c-c++-common/Warray-bounds.c -std=gnu++14 (test for warnings, line 72)
FAIL: c-c++-common/Warray-bounds.c -std=gnu++14 (test for warnings, line 73)
FAIL: c-c++-common/Warray-bounds.c -std=gnu++14 (test for warnings, line 75)
FAIL: c-c++-common/Warray-bounds.c -std=gnu++14 (test for warnings, line 76)
FAIL: c-c++-common/Warray-bounds.c -std=gnu++14 (test for warnings, line 79)
FAIL: c-c++-common/Warray-bounds.c -std=gnu++14 (test for warnings, line 81)
FAIL: c-c++-common/Warray-bounds.c -std=gnu++14 (test for warnings, line 83)
FAIL: c-c++-common/Warray-bounds.c -std=gnu++14 (test for warnings, line 93)
FAIL: c-c++-common/Warray-bounds.c -std=gnu++14 (internal compiler error)
FAIL: c-c++-common/Warray-bounds.c -std=gnu++14 (test for excess errors)
FAIL: c-c++-common/Warray-bounds.c -std=gnu++14 string (test for warnings, line 202)
FAIL: c-c++-common/Warray-bounds.c -std=gnu++14 string (test for warnings, line 203)
FAIL: c-c++-common/Warray-bounds.c -std=gnu++14 string (test for warnings, line 204)
FAIL: c-c++-common/Warray-bounds.c -std=gnu++14 string (test for warnings, line 206)
FAIL: c-c++-common/Warray-bounds.c -std=gnu++14 string (test for warnings, line 207)
FAIL: c-c++-common/Warray-bounds.c -std=gnu++14 string (test for warnings, line 210)
FAIL: c-c++-common/Warray-bounds.c -std=gnu++14 string (test for warnings, line 211)
FAIL: c-c++-common/Warray-bounds.c -std=gnu++14 string (test for warnings, line 212)
FAIL: c-c++-common/Warray-bounds.c -std=gnu++14 strlen (test for warnings, line 219)
FAIL: c-c++-common/Warray-bounds.c -std=gnu++14 vla (test for warnings, line 228)
FAIL: c-c++-common/Warray-bounds.c -std=gnu++14 vla (test for warnings, line 229)
FAIL: c-c++-common/Warray-bounds.c -std=gnu++14 vla (test for warnings, line 235)
FAIL: c-c++-common/Warray-bounds.c -std=gnu++17 (test for warnings, line 103)
FAIL: c-c++-common/Warray-bounds.c -std=gnu++17 (test for warnings, line 111)
FAIL: c-c++-common/Warray-bounds.c -std=gnu++17 (test for warnings, line 112)
FAIL: c-c++-common/Warray-bounds.c -std=gnu++17 (test for warnings, line 113)
FAIL: c-c++-common/Warray-bounds.c -std=gnu++17 (test for warnings, line 114)
FAIL: c-c++-common/Warray-bounds.c -std=gnu++17 (test for warnings, line 115)
FAIL: c-c++-common/Warray-bounds.c -std=gnu++17 (test for warnings, line 116)
FAIL: c-c++-common/Warray-bounds.c -std=gnu++17 (test for warnings, line 122)
FAIL: c-c++-common/Warray-bounds.c -std=gnu++17 (test for warnings, line 123)
FAIL: c-c++-common/Warray-bounds.c -std=gnu++17 (test for warnings, line 126)
FAIL: c-c++-common/Warray-bounds.c -std=gnu++17 (test for warnings, line 127)
FAIL: c-c++-common/Warray-bounds.c -std=gnu++17 (test for warnings, line 128)
FAIL: c-c++-common/Warray-bounds.c -std=gnu++17 (test for warnings, line 129)
FAIL: c-c++-common/Warray-bounds.c -std=gnu++17 (test for warnings, line 132)
FAIL: c-c++-common/Warray-bounds.c -std=gnu++17 (test for warnings, line 137)
FAIL: c-c++-common/Warray-bounds.c -std=gnu++17 (test for warnings, line 138)
FAIL: c-c++-common/Warray-bounds.c -std=gnu++17 (test for warnings, line 142)
FAIL: c-c++-common/Warray-bounds.c -std=gnu++17 (test for warnings, line 143)
FAIL: c-c++-common/Warray-bounds.c -std=gnu++17 (test for warnings, line 144)
FAIL: c-c++-common/Warray-bounds.c -std=gnu++17 (test for warnings, line 149)
FAIL: c-c++-common/Warray-bounds.c -std=gnu++17 (test for warnings, line 150)
FAIL: c-c++-common/Warray-bounds.c -std=gnu++17 (test for warnings, line 152)
FAIL: c-c++-common/Warray-bounds.c -std=gnu++17 (test for warnings, line 153)
FAIL: c-c++-common/Warray-bounds.c -std=gnu++17 (test for warnings, line 154)
FAIL: c-c++-common/Warray-bounds.c -std=gnu++17 (test for warnings, line 155)
FAIL: c-c++-common/Warray-bounds.c -std=gnu++17 (test for warnings, line 157)
FAIL: c-c++-common/Warray-bounds.c -std=gnu++17 (test for warnings, line 158)
FAIL: c-c++-common/Warray-bounds.c -std=gnu++17 (test for warnings, line 160)
FAIL: c-c++-common/Warray-bounds.c -std=gnu++17 (test for warnings, line 161)
FAIL: c-c++-common/Warray-bounds.c -std=gnu++17 (test for warnings, line 162)
FAIL: c-c++-common/Warray-bounds.c -std=gnu++17 (test for warnings, line 163)
FAIL: c-c++-common/Warray-bounds.c -std=gnu++17 (test for warnings, line 165)
FAIL: c-c++-common/Warray-bounds.c -std=gnu++17 (test for warnings, line 166)
FAIL: c-c++-common/Warray-bounds.c -std=gnu++17 (test for warnings, line 168)
FAIL: c-c++-common/Warray-bounds.c -std=gnu++17 (test for warnings, line 169)
FAIL: c-c++-common/Warray-bounds.c -std=gnu++17 (test for warnings, line 170)
FAIL: c-c++-common/Warray-bounds.c -std=gnu++17 (test for warnings, line 171)
FAIL: c-c++-common/Warray-bounds.c -std=gnu++17 (test for warnings, line 173)
FAIL: c-c++-common/Warray-bounds.c -std=gnu++17 (test for warnings, line 174)
FAIL: c-c++-common/Warray-bounds.c -std=gnu++17 (test for warnings, line 176)
FAIL: c-c++-common/Warray-bounds.c -std=gnu++17 (test for warnings, line 182)
FAIL: c-c++-common/Warray-bounds.c -std=gnu++17 (test for warnings, line 183)
FAIL: c-c++-common/Warray-bounds.c -std=gnu++17 (test for warnings, line 185)
FAIL: c-c++-common/Warray-bounds.c -std=gnu++17 (test for warnings, line 187)
FAIL: c-c++-common/Warray-bounds.c -std=gnu++17 (test for warnings, line 188)
FAIL: c-c++-common/Warray-bounds.c -std=gnu++17 (test for warnings, line 190)
FAIL: c-c++-common/Warray-bounds.c -std=gnu++17 (test for warnings, line 191)
FAIL: c-c++-common/Warray-bounds.c -std=gnu++17 (test for warnings, line 193)
FAIL: c-c++-common/Warray-bounds.c -std=gnu++17 (test for warnings, line 194)
FAIL: c-c++-common/Warray-bounds.c -std=gnu++17 (test for warnings, line 196)
FAIL: c-c++-common/Warray-bounds.c -std=gnu++17 (test for warnings, line 197)
FAIL: c-c++-common/Warray-bounds.c -std=gnu++17 (test for warnings, line 27)
FAIL: c-c++-common/Warray-bounds.c -std=gnu++17 (test for warnings, line 28)
FAIL: c-c++-common/Warray-bounds.c -std=gnu++17 (test for warnings, line 32)
FAIL: c-c++-common/Warray-bounds.c -std=gnu++17 (test for warnings, line 33)
FAIL: c-c++-common/Warray-bounds.c -std=gnu++17 (test for warnings, line 34)
FAIL: c-c++-common/Warray-bounds.c -std=gnu++17 (test for warnings, line 36)
FAIL: c-c++-common/Warray-bounds.c -std=gnu++17 (test for warnings, line 46)
FAIL: c-c++-common/Warray-bounds.c -std=gnu++17 (test for warnings, line 47)
FAIL: c-c++-common/Warray-bounds.c -std=gnu++17 (test for warnings, line 51)
FAIL: c-c++-common/Warray-bounds.c -std=gnu++17 (test for warnings, line 52)
FAIL: c-c++-common/Warray-bounds.c -std=gnu++17 (test for warnings, line 53)
FAIL: c-c++-common/Warray-bounds.c -std=gnu++17 (test for warnings, line 54)
FAIL: c-c++-common/Warray-bounds.c -std=gnu++17 (test for warnings, line 56)
FAIL: c-c++-common/Warray-bounds.c -std=gnu++17 (test for warnings, line 63)
FAIL: c-c++-common/Warray-bounds.c -std=gnu++17 (test for warnings, line 64)
FAIL: c-c++-common/Warray-bounds.c -std=gnu++17 (test for warnings, line 66)
FAIL: c-c++-common/Warray-bounds.c -std=gnu++17 (test for warnings, line 67)
FAIL: c-c++-common/Warray-bounds.c -std=gnu++17 (test for warnings, line 69)
FAIL: c-c++-common/Warray-bounds.c -std=gnu++17 (test for warnings, line 70)
FAIL: c-c++-common/Warray-bounds.c -std=gnu++17 (test for warnings, line 72)
FAIL: c-c++-common/Warray-bounds.c -std=gnu++17 (test for warnings, line 73)
FAIL: c-c++-common/Warray-bounds.c -std=gnu++17 (test for warnings, line 75)
FAIL: c-c++-common/Warray-bounds.c -std=gnu++17 (test for warnings, line 76)
FAIL: c-c++-common/Warray-bounds.c -std=gnu++17 (test for warnings, line 79)
FAIL: c-c++-common/Warray-bounds.c -std=gnu++17 (test for warnings, line 81)
FAIL: c-c++-common/Warray-bounds.c -std=gnu++17 (test for warnings, line 83)
FAIL: c-c++-common/Warray-bounds.c -std=gnu++17 (test for warnings, line 93)
FAIL: c-c++-common/Warray-bounds.c -std=gnu++17 (internal compiler error)
FAIL: c-c++-common/Warray-bounds.c -std=gnu++17 (test for excess errors)
FAIL: c-c++-common/Warray-bounds.c -std=gnu++17 string (test for warnings, line 202)
FAIL: c-c++-common/Warray-bounds.c -std=gnu++17 string (test for warnings, line 203)
FAIL: c-c++-common/Warray-bounds.c -std=gnu++17 string (test for warnings, line 204)
FAIL: c-c++-common/Warray-bounds.c -std=gnu++17 string (test for warnings, line 206)
FAIL: c-c++-common/Warray-bounds.c -std=gnu++17 string (test for warnings, line 207)
FAIL: c-c++-common/Warray-bounds.c -std=gnu++17 string (test for warnings, line 210)
FAIL: c-c++-common/Warray-bounds.c -std=gnu++17 string (test for warnings, line 211)
FAIL: c-c++-common/Warray-bounds.c -std=gnu++17 string (test for warnings, line 212)
FAIL: c-c++-common/Warray-bounds.c -std=gnu++17 strlen (test for warnings, line 219)
FAIL: c-c++-common/Warray-bounds.c -std=gnu++17 vla (test for warnings, line 228)
FAIL: c-c++-common/Warray-bounds.c -std=gnu++17 vla (test for warnings, line 229)
FAIL: c-c++-common/Warray-bounds.c -std=gnu++17 vla (test for warnings, line 235)
FAIL: c-c++-common/Warray-bounds.c -std=gnu++98 (test for warnings, line 103)
FAIL: c-c++-common/Warray-bounds.c -std=gnu++98 (test for warnings, line 111)
FAIL: c-c++-common/Warray-bounds.c -std=gnu++98 (test for warnings, line 112)
FAIL: c-c++-common/Warray-bounds.c -std=gnu++98 (test for warnings, line 113)
FAIL: c-c++-common/Warray-bounds.c -std=gnu++98 (test for warnings, line 114)
FAIL: c-c++-common/Warray-bounds.c -std=gnu++98 (test for warnings, line 115)
FAIL: c-c++-common/Warray-bounds.c -std=gnu++98 (test for warnings, line 116)
FAIL: c-c++-common/Warray-bounds.c -std=gnu++98 (test for warnings, line 122)
FAIL: c-c++-common/Warray-bounds.c -std=gnu++98 (test for warnings, line 123)
FAIL: c-c++-common/Warray-bounds.c -std=gnu++98 (test for warnings, line 126)
FAIL: c-c++-common/Warray-bounds.c -std=gnu++98 (test for warnings, line 127)
FAIL: c-c++-common/Warray-bounds.c -std=gnu++98 (test for warnings, line 128)
FAIL: c-c++-common/Warray-bounds.c -std=gnu++98 (test for warnings, line 129)
FAIL: c-c++-common/Warray-bounds.c -std=gnu++98 (test for warnings, line 132)
FAIL: c-c++-common/Warray-bounds.c -std=gnu++98 (test for warnings, line 137)
FAIL: c-c++-common/Warray-bounds.c -std=gnu++98 (test for warnings, line 138)
FAIL: c-c++-common/Warray-bounds.c -std=gnu++98 (test for warnings, line 142)
FAIL: c-c++-common/Warray-bounds.c -std=gnu++98 (test for warnings, line 143)
FAIL: c-c++-common/Warray-bounds.c -std=gnu++98 (test for warnings, line 144)
FAIL: c-c++-common/Warray-bounds.c -std=gnu++98 (test for warnings, line 149)
FAIL: c-c++-common/Warray-bounds.c -std=gnu++98 (test for warnings, line 150)
FAIL: c-c++-common/Warray-bounds.c -std=gnu++98 (test for warnings, line 152)
FAIL: c-c++-common/Warray-bounds.c -std=gnu++98 (test for warnings, line 153)
FAIL: c-c++-common/Warray-bounds.c -std=gnu++98 (test for warnings, line 154)
FAIL: c-c++-common/Warray-bounds.c -std=gnu++98 (test for warnings, line 155)
FAIL: c-c++-common/Warray-bounds.c -std=gnu++98 (test for warnings, line 157)
FAIL: c-c++-common/Warray-bounds.c -std=gnu++98 (test for warnings, line 158)
FAIL: c-c++-common/Warray-bounds.c -std=gnu++98 (test for warnings, line 160)
FAIL: c-c++-common/Warray-bounds.c -std=gnu++98 (test for warnings, line 161)
FAIL: c-c++-common/Warray-bounds.c -std=gnu++98 (test for warnings, line 162)
FAIL: c-c++-common/Warray-bounds.c -std=gnu++98 (test for warnings, line 163)
FAIL: c-c++-common/Warray-bounds.c -std=gnu++98 (test for warnings, line 165)
FAIL: c-c++-common/Warray-bounds.c -std=gnu++98 (test for warnings, line 166)
FAIL: c-c++-common/Warray-bounds.c -std=gnu++98 (test for warnings, line 168)
FAIL: c-c++-common/Warray-bounds.c -std=gnu++98 (test for warnings, line 169)
FAIL: c-c++-common/Warray-bounds.c -std=gnu++98 (test for warnings, line 170)
FAIL: c-c++-common/Warray-bounds.c -std=gnu++98 (test for warnings, line 171)
FAIL: c-c++-common/Warray-bounds.c -std=gnu++98 (test for warnings, line 173)
FAIL: c-c++-common/Warray-bounds.c -std=gnu++98 (test for warnings, line 174)
FAIL: c-c++-common/Warray-bounds.c -std=gnu++98 (test for warnings, line 176)
FAIL: c-c++-common/Warray-bounds.c -std=gnu++98 (test for warnings, line 182)
FAIL: c-c++-common/Warray-bounds.c -std=gnu++98 (test for warnings, line 183)
FAIL: c-c++-common/Warray-bounds.c -std=gnu++98 (test for warnings, line 185)
FAIL: c-c++-common/Warray-bounds.c -std=gnu++98 (test for warnings, line 187)
FAIL: c-c++-common/Warray-bounds.c -std=gnu++98 (test for warnings, line 188)
FAIL: c-c++-common/Warray-bounds.c -std=gnu++98 (test for warnings, line 190)
FAIL: c-c++-common/Warray-bounds.c -std=gnu++98 (test for warnings, line 191)
FAIL: c-c++-common/Warray-bounds.c -std=gnu++98 (test for warnings, line 193)
FAIL: c-c++-common/Warray-bounds.c -std=gnu++98 (test for warnings, line 194)
FAIL: c-c++-common/Warray-bounds.c -std=gnu++98 (test for warnings, line 196)
FAIL: c-c++-common/Warray-bounds.c -std=gnu++98 (test for warnings, line 197)
FAIL: c-c++-common/Warray-bounds.c -std=gnu++98 (test for warnings, line 27)
FAIL: c-c++-common/Warray-bounds.c -std=gnu++98 (test for warnings, line 28)
FAIL: c-c++-common/Warray-bounds.c -std=gnu++98 (test for warnings, line 32)
FAIL: c-c++-common/Warray-bounds.c -std=gnu++98 (test for warnings, line 33)
FAIL: c-c++-common/Warray-bounds.c -std=gnu++98 (test for warnings, line 34)
FAIL: c-c++-common/Warray-bounds.c -std=gnu++98 (test for warnings, line 36)
FAIL: c-c++-common/Warray-bounds.c -std=gnu++98 (test for warnings, line 46)
FAIL: c-c++-common/Warray-bounds.c -std=gnu++98 (test for warnings, line 47)
FAIL: c-c++-common/Warray-bounds.c -std=gnu++98 (test for warnings, line 51)
FAIL: c-c++-common/Warray-bounds.c -std=gnu++98 (test for warnings, line 52)
FAIL: c-c++-common/Warray-bounds.c -std=gnu++98 (test for warnings, line 53)
FAIL: c-c++-common/Warray-bounds.c -std=gnu++98 (test for warnings, line 54)
FAIL: c-c++-common/Warray-bounds.c -std=gnu++98 (test for warnings, line 56)
FAIL: c-c++-common/Warray-bounds.c -std=gnu++98 (test for warnings, line 63)
FAIL: c-c++-common/Warray-bounds.c -std=gnu++98 (test for warnings, line 64)
FAIL: c-c++-common/Warray-bounds.c -std=gnu++98 (test for warnings, line 66)
FAIL: c-c++-common/Warray-bounds.c -std=gnu++98 (test for warnings, line 67)
FAIL: c-c++-common/Warray-bounds.c -std=gnu++98 (test for warnings, line 69)
FAIL: c-c++-common/Warray-bounds.c -std=gnu++98 (test for warnings, line 70)
FAIL: c-c++-common/Warray-bounds.c -std=gnu++98 (test for warnings, line 72)
FAIL: c-c++-common/Warray-bounds.c -std=gnu++98 (test for warnings, line 73)
FAIL: c-c++-common/Warray-bounds.c -std=gnu++98 (test for warnings, line 75)
FAIL: c-c++-common/Warray-bounds.c -std=gnu++98 (test for warnings, line 76)
FAIL: c-c++-common/Warray-bounds.c -std=gnu++98 (test for warnings, line 79)
FAIL: c-c++-common/Warray-bounds.c -std=gnu++98 (test for warnings, line 81)
FAIL: c-c++-common/Warray-bounds.c -std=gnu++98 (test for warnings, line 83)
FAIL: c-c++-common/Warray-bounds.c -std=gnu++98 (test for warnings, line 93)
FAIL: c-c++-common/Warray-bounds.c -std=gnu++98 (internal compiler error)
FAIL: c-c++-common/Warray-bounds.c -std=gnu++98 (test for excess errors)
FAIL: c-c++-common/Warray-bounds.c -std=gnu++98 string (test for warnings, line 202)
FAIL: c-c++-common/Warray-bounds.c -std=gnu++98 string (test for warnings, line 203)
FAIL: c-c++-common/Warray-bounds.c -std=gnu++98 string (test for warnings, line 204)
FAIL: c-c++-common/Warray-bounds.c -std=gnu++98 string (test for warnings, line 206)
FAIL: c-c++-common/Warray-bounds.c -std=gnu++98 string (test for warnings, line 207)
FAIL: c-c++-common/Warray-bounds.c -std=gnu++98 string (test for warnings, line 210)
FAIL: c-c++-common/Warray-bounds.c -std=gnu++98 string (test for warnings, line 211)
FAIL: c-c++-common/Warray-bounds.c -std=gnu++98 string (test for warnings, line 212)
FAIL: c-c++-common/Warray-bounds.c -std=gnu++98 strlen (test for warnings, line 219)
FAIL: c-c++-common/Warray-bounds.c -std=gnu++98 vla (test for warnings, line 228)
FAIL: c-c++-common/Warray-bounds.c -std=gnu++98 vla (test for warnings, line 229)
FAIL: c-c++-common/Warray-bounds.c -std=gnu++98 vla (test for warnings, line 235)
FAIL: g++.dg/expr/bitfield14.C -std=c++14 (test for excess errors)
FAIL: g++.dg/expr/bitfield14.C -std=c++17 (test for excess errors)
FAIL: g++.dg/opt/pr59470.C -std=gnu++14 (test for excess errors)
UNRESOLVED: g++.dg/opt/pr59470.C -std=gnu++14 compilation failed to produce executable
FAIL: g++.dg/opt/pr59470.C -std=gnu++17 (test for excess errors)
UNRESOLVED: g++.dg/opt/pr59470.C -std=gnu++17 compilation failed to produce executable
FAIL: g++.dg/opt/pr59470.C -std=gnu++98 (test for excess errors)
UNRESOLVED: g++.dg/opt/pr59470.C -std=gnu++98 compilation failed to produce executable
FAIL: g++.dg/tree-ssa/pr90883.C scan-tree-dump dse1 "Deleted redundant store: .*.a = {}"
FAIL: g++.dg/gcov/pr16855-priority.C -std=gnu++14 gcov: 1 failures in line counts, 0 in branch percentages, 0 in return percentages, 0 in intermediate format
FAIL: g++.dg/gcov/pr16855-priority.C -std=gnu++14 line 22: is #####:should be 1
FAIL: g++.dg/gcov/pr16855-priority.C -std=gnu++17 gcov: 1 failures in line counts, 0 in branch percentages, 0 in return percentages, 0 in intermediate format
FAIL: g++.dg/gcov/pr16855-priority.C -std=gnu++17 line 22: is #####:should be 1
FAIL: g++.dg/gcov/pr16855-priority.C -std=gnu++98 gcov: 1 failures in line counts, 0 in branch percentages, 0 in return percentages, 0 in intermediate format
FAIL: g++.dg/gcov/pr16855-priority.C -std=gnu++98 line 22: is #####:should be 1
FAIL: g++.dg/gcov/pr16855.C -std=gnu++14 gcov: 1 failures in line counts, 0 in branch percentages, 0 in return percentages, 0 in intermediate format
FAIL: g++.dg/gcov/pr16855.C -std=gnu++14 line 24: is #####:should be 1
FAIL: g++.dg/gcov/pr16855.C -std=gnu++17 gcov: 1 failures in line counts, 0 in branch percentages, 0 in return percentages, 0 in intermediate format
FAIL: g++.dg/gcov/pr16855.C -std=gnu++17 line 24: is #####:should be 1
FAIL: g++.dg/gcov/pr16855.C -std=gnu++98 gcov: 1 failures in line counts, 0 in branch percentages, 0 in return percentages, 0 in intermediate format
FAIL: g++.dg/gcov/pr16855.C -std=gnu++98 line 24: is #####:should be 1
FAIL: g++.dg/lto/pr89335 cp_lto_pr89335_0.o assemble, -O2 -flto -Wsuggest-final-methods
=== g++ Summary for unix/-m32 ===
# of expected passes 133693
# of unexpected failures 310
# of expected failures 581
# of unresolved testcases 3
# of unsupported tests 6388
=== g++ Summary ===
# of expected passes 267454
# of unexpected failures 326
# of expected failures 1165
# of unresolved testcases 3
# of unsupported tests 12709
/var/gcc/regression/trunk/11.5-gcc-64/build/gcc/xg++ version 10.0.0 20190920 (experimental) [trunk revision 275989] (GCC)
=== gcc tests ===
Running target unix
FAIL: gcc.c-torture/compile/pr61159.c -O0 (test for excess errors)
FAIL: gcc.c-torture/compile/pr61159.c -O1 (test for excess errors)
FAIL: gcc.c-torture/compile/pr61159.c -O2 (test for excess errors)
FAIL: gcc.c-torture/compile/pr61159.c -O2 -flto (test for excess errors)
FAIL: gcc.c-torture/compile/pr61159.c -O2 -flto -flto-partition=none (test for excess errors)
FAIL: gcc.c-torture/compile/pr61159.c -O3 -g (test for excess errors)
FAIL: gcc.c-torture/compile/pr61159.c -Os (test for excess errors)
FAIL: gcc.dg/attr-weakref-1.c (test for excess errors)
UNRESOLVED: gcc.dg/attr-weakref-1.c compilation failed to produce executable
FAIL: gcc.dg/pr88031.c (internal compiler error)
FAIL: gcc.dg/pr88031.c (test for excess errors)
XPASS: gcc.dg/graphite/scop-21.c scan-tree-dump-times graphite "number of SCoPs: 1" 1
FAIL: gcc.dg/ipa/ipa-icf-38.c scan-ltrans-tree-dump-not optimized "Function bar"
FAIL: gcc.target/i386/avx512bw-pr86036.c (test for excess errors)
UNRESOLVED: gcc.target/i386/avx512bw-pr86036.c compilation failed to produce executable
FAIL: gcc.target/i386/avx512bw-vpmovb2m-2.c (test for excess errors)
UNRESOLVED: gcc.target/i386/avx512bw-vpmovb2m-2.c compilation failed to produce executable
FAIL: gcc.target/i386/avx512bw-vpmovm2b-2.c (test for excess errors)
UNRESOLVED: gcc.target/i386/avx512bw-vpmovm2b-2.c compilation failed to produce executable
FAIL: gcc.target/i386/avx512bw-vpmovm2w-2.c (test for excess errors)
UNRESOLVED: gcc.target/i386/avx512bw-vpmovm2w-2.c compilation failed to produce executable
FAIL: gcc.target/i386/avx512bw-vpmovw2m-2.c (test for excess errors)
UNRESOLVED: gcc.target/i386/avx512bw-vpmovw2m-2.c compilation failed to produce executable
FAIL: gcc.target/i386/avx512dq-vpmovd2m-2.c (test for excess errors)
UNRESOLVED: gcc.target/i386/avx512dq-vpmovd2m-2.c compilation failed to produce executable
FAIL: gcc.target/i386/avx512dq-vpmovm2d-2.c (test for excess errors)
UNRESOLVED: gcc.target/i386/avx512dq-vpmovm2d-2.c compilation failed to produce executable
FAIL: gcc.target/i386/avx512dq-vpmovq2m-2.c (test for excess errors)
UNRESOLVED: gcc.target/i386/avx512dq-vpmovq2m-2.c compilation failed to produce executable
FAIL: gcc.target/i386/avx512vl-pr88514-3.c (test for excess errors)
FAIL: gcc.target/i386/avx512vl-pr88547-2.c (test for excess errors)
UNRESOLVED: gcc.target/i386/avx512vl-pr88547-2.c compilation failed to produce executable
FAIL: gcc.target/i386/avx512vl-vpmovb2m-2.c (test for excess errors)
UNRESOLVED: gcc.target/i386/avx512vl-vpmovb2m-2.c compilation failed to produce executable
FAIL: gcc.target/i386/avx512vl-vpmovd2m-2.c (test for excess errors)
UNRESOLVED: gcc.target/i386/avx512vl-vpmovd2m-2.c compilation failed to produce executable
FAIL: gcc.target/i386/avx512vl-vpmovm2b-2.c (test for excess errors)
UNRESOLVED: gcc.target/i386/avx512vl-vpmovm2b-2.c compilation failed to produce executable
FAIL: gcc.target/i386/avx512vl-vpmovm2d-2.c (test for excess errors)
UNRESOLVED: gcc.target/i386/avx512vl-vpmovm2d-2.c compilation failed to produce executable
FAIL: gcc.target/i386/avx512vl-vpmovm2w-2.c (test for excess errors)
UNRESOLVED: gcc.target/i386/avx512vl-vpmovm2w-2.c compilation failed to produce executable
FAIL: gcc.target/i386/avx512vl-vpmovq2m-2.c (test for excess errors)
UNRESOLVED: gcc.target/i386/avx512vl-vpmovq2m-2.c compilation failed to produce executable
FAIL: gcc.target/i386/avx512vl-vpmovw2m-2.c (test for excess errors)
UNRESOLVED: gcc.target/i386/avx512vl-vpmovw2m-2.c compilation failed to produce executable
FAIL: gcc.target/i386/pr57193.c scan-assembler-times movdqa 2
FAIL: gcc.target/i386/pr80569.c (test for excess errors)
=== gcc Summary for unix ===
# of expected passes 137711
# of unexpected failures 30
# of unexpected successes 1
# of expected failures 539
# of unresolved testcases 17
# of unsupported tests 3027
Running target unix/-m32
FAIL: gcc.c-torture/compile/pr61159.c -O0 (test for excess errors)
FAIL: gcc.c-torture/compile/pr61159.c -O1 (test for excess errors)
FAIL: gcc.c-torture/compile/pr61159.c -O2 (test for excess errors)
FAIL: gcc.c-torture/compile/pr61159.c -O2 -flto (test for excess errors)
FAIL: gcc.c-torture/compile/pr61159.c -O2 -flto -flto-partition=none (test for excess errors)
FAIL: gcc.c-torture/compile/pr61159.c -O3 -g (test for excess errors)
FAIL: gcc.c-torture/compile/pr61159.c -Os (test for excess errors)
FAIL: c-c++-common/asan/swapcontext-test-1.c -O0 execution test
FAIL: c-c++-common/asan/swapcontext-test-1.c -O1 execution test
FAIL: c-c++-common/asan/swapcontext-test-1.c -O2 execution test
FAIL: c-c++-common/asan/swapcontext-test-1.c -O2 -flto execution test
FAIL: c-c++-common/asan/swapcontext-test-1.c -O2 -flto -flto-partition=none execution test
FAIL: c-c++-common/asan/swapcontext-test-1.c -O3 -fomit-frame-pointer -funroll-loops -fpeel-loops -ftracer -finline-functions execution test
FAIL: c-c++-common/asan/swapcontext-test-1.c -O3 -g execution test
FAIL: c-c++-common/asan/swapcontext-test-1.c -Os execution test
FAIL: c-c++-common/Warray-bounds.c -Wc++-compat (test for warnings, line 103)
FAIL: c-c++-common/Warray-bounds.c -Wc++-compat (test for warnings, line 111)
FAIL: c-c++-common/Warray-bounds.c -Wc++-compat (test for warnings, line 112)
FAIL: c-c++-common/Warray-bounds.c -Wc++-compat (test for warnings, line 113)
FAIL: c-c++-common/Warray-bounds.c -Wc++-compat (test for warnings, line 114)
FAIL: c-c++-common/Warray-bounds.c -Wc++-compat (test for warnings, line 115)
FAIL: c-c++-common/Warray-bounds.c -Wc++-compat (test for warnings, line 116)
FAIL: c-c++-common/Warray-bounds.c -Wc++-compat (test for warnings, line 122)
FAIL: c-c++-common/Warray-bounds.c -Wc++-compat (test for warnings, line 123)
FAIL: c-c++-common/Warray-bounds.c -Wc++-compat (test for warnings, line 126)
FAIL: c-c++-common/Warray-bounds.c -Wc++-compat (test for warnings, line 127)
FAIL: c-c++-common/Warray-bounds.c -Wc++-compat (test for warnings, line 128)
FAIL: c-c++-common/Warray-bounds.c -Wc++-compat (test for warnings, line 129)
FAIL: c-c++-common/Warray-bounds.c -Wc++-compat (test for warnings, line 132)
FAIL: c-c++-common/Warray-bounds.c -Wc++-compat (test for warnings, line 137)
FAIL: c-c++-common/Warray-bounds.c -Wc++-compat (test for warnings, line 138)
FAIL: c-c++-common/Warray-bounds.c -Wc++-compat (test for warnings, line 142)
FAIL: c-c++-common/Warray-bounds.c -Wc++-compat (test for warnings, line 143)
FAIL: c-c++-common/Warray-bounds.c -Wc++-compat (test for warnings, line 144)
FAIL: c-c++-common/Warray-bounds.c -Wc++-compat (test for warnings, line 149)
FAIL: c-c++-common/Warray-bounds.c -Wc++-compat (test for warnings, line 150)
FAIL: c-c++-common/Warray-bounds.c -Wc++-compat (test for warnings, line 152)
FAIL: c-c++-common/Warray-bounds.c -Wc++-compat (test for warnings, line 153)
FAIL: c-c++-common/Warray-bounds.c -Wc++-compat (test for warnings, line 154)
FAIL: c-c++-common/Warray-bounds.c -Wc++-compat (test for warnings, line 155)
FAIL: c-c++-common/Warray-bounds.c -Wc++-compat (test for warnings, line 157)
FAIL: c-c++-common/Warray-bounds.c -Wc++-compat (test for warnings, line 158)
FAIL: c-c++-common/Warray-bounds.c -Wc++-compat (test for warnings, line 160)
FAIL: c-c++-common/Warray-bounds.c -Wc++-compat (test for warnings, line 161)
FAIL: c-c++-common/Warray-bounds.c -Wc++-compat (test for warnings, line 162)
FAIL: c-c++-common/Warray-bounds.c -Wc++-compat (test for warnings, line 163)
FAIL: c-c++-common/Warray-bounds.c -Wc++-compat (test for warnings, line 165)
FAIL: c-c++-common/Warray-bounds.c -Wc++-compat (test for warnings, line 166)
FAIL: c-c++-common/Warray-bounds.c -Wc++-compat (test for warnings, line 168)
FAIL: c-c++-common/Warray-bounds.c -Wc++-compat (test for warnings, line 169)
FAIL: c-c++-common/Warray-bounds.c -Wc++-compat (test for warnings, line 170)
FAIL: c-c++-common/Warray-bounds.c -Wc++-compat (test for warnings, line 171)
FAIL: c-c++-common/Warray-bounds.c -Wc++-compat (test for warnings, line 173)
FAIL: c-c++-common/Warray-bounds.c -Wc++-compat (test for warnings, line 174)
FAIL: c-c++-common/Warray-bounds.c -Wc++-compat (test for warnings, line 176)
FAIL: c-c++-common/Warray-bounds.c -Wc++-compat (test for warnings, line 182)
FAIL: c-c++-common/Warray-bounds.c -Wc++-compat (test for warnings, line 183)
FAIL: c-c++-common/Warray-bounds.c -Wc++-compat (test for warnings, line 185)
FAIL: c-c++-common/Warray-bounds.c -Wc++-compat (test for warnings, line 187)
FAIL: c-c++-common/Warray-bounds.c -Wc++-compat (test for warnings, line 188)
FAIL: c-c++-common/Warray-bounds.c -Wc++-compat (test for warnings, line 190)
FAIL: c-c++-common/Warray-bounds.c -Wc++-compat (test for warnings, line 191)
FAIL: c-c++-common/Warray-bounds.c -Wc++-compat (test for warnings, line 193)
FAIL: c-c++-common/Warray-bounds.c -Wc++-compat (test for warnings, line 194)
FAIL: c-c++-common/Warray-bounds.c -Wc++-compat (test for warnings, line 196)
FAIL: c-c++-common/Warray-bounds.c -Wc++-compat (test for warnings, line 197)
FAIL: c-c++-common/Warray-bounds.c -Wc++-compat (test for warnings, line 27)
FAIL: c-c++-common/Warray-bounds.c -Wc++-compat (test for warnings, line 28)
FAIL: c-c++-common/Warray-bounds.c -Wc++-compat (test for warnings, line 32)
FAIL: c-c++-common/Warray-bounds.c -Wc++-compat (test for warnings, line 33)
FAIL: c-c++-common/Warray-bounds.c -Wc++-compat (test for warnings, line 34)
FAIL: c-c++-common/Warray-bounds.c -Wc++-compat (test for warnings, line 36)
FAIL: c-c++-common/Warray-bounds.c -Wc++-compat (test for warnings, line 46)
FAIL: c-c++-common/Warray-bounds.c -Wc++-compat (test for warnings, line 47)
FAIL: c-c++-common/Warray-bounds.c -Wc++-compat (test for warnings, line 51)
FAIL: c-c++-common/Warray-bounds.c -Wc++-compat (test for warnings, line 52)
FAIL: c-c++-common/Warray-bounds.c -Wc++-compat (test for warnings, line 53)
FAIL: c-c++-common/Warray-bounds.c -Wc++-compat (test for warnings, line 54)
FAIL: c-c++-common/Warray-bounds.c -Wc++-compat (test for warnings, line 56)
FAIL: c-c++-common/Warray-bounds.c -Wc++-compat (test for warnings, line 63)
FAIL: c-c++-common/Warray-bounds.c -Wc++-compat (test for warnings, line 64)
FAIL: c-c++-common/Warray-bounds.c -Wc++-compat (test for warnings, line 66)
FAIL: c-c++-common/Warray-bounds.c -Wc++-compat (test for warnings, line 67)
FAIL: c-c++-common/Warray-bounds.c -Wc++-compat (test for warnings, line 69)
FAIL: c-c++-common/Warray-bounds.c -Wc++-compat (test for warnings, line 70)
FAIL: c-c++-common/Warray-bounds.c -Wc++-compat (test for warnings, line 72)
FAIL: c-c++-common/Warray-bounds.c -Wc++-compat (test for warnings, line 73)
FAIL: c-c++-common/Warray-bounds.c -Wc++-compat (test for warnings, line 75)
FAIL: c-c++-common/Warray-bounds.c -Wc++-compat (test for warnings, line 76)
FAIL: c-c++-common/Warray-bounds.c -Wc++-compat (test for warnings, line 79)
FAIL: c-c++-common/Warray-bounds.c -Wc++-compat (test for warnings, line 81)
FAIL: c-c++-common/Warray-bounds.c -Wc++-compat (test for warnings, line 83)
FAIL: c-c++-common/Warray-bounds.c -Wc++-compat (test for warnings, line 93)
FAIL: c-c++-common/Warray-bounds.c -Wc++-compat (internal compiler error)
FAIL: c-c++-common/Warray-bounds.c -Wc++-compat (test for excess errors)
FAIL: c-c++-common/Warray-bounds.c -Wc++-compat string (test for warnings, line 202)
FAIL: c-c++-common/Warray-bounds.c -Wc++-compat string (test for warnings, line 203)
FAIL: c-c++-common/Warray-bounds.c -Wc++-compat string (test for warnings, line 204)
FAIL: c-c++-common/Warray-bounds.c -Wc++-compat string (test for warnings, line 206)
FAIL: c-c++-common/Warray-bounds.c -Wc++-compat string (test for warnings, line 207)
FAIL: c-c++-common/Warray-bounds.c -Wc++-compat string (test for warnings, line 210)
FAIL: c-c++-common/Warray-bounds.c -Wc++-compat string (test for warnings, line 211)
FAIL: c-c++-common/Warray-bounds.c -Wc++-compat string (test for warnings, line 212)
FAIL: c-c++-common/Warray-bounds.c -Wc++-compat strlen (test for warnings, line 219)
FAIL: c-c++-common/Warray-bounds.c -Wc++-compat vla (test for warnings, line 228)
FAIL: c-c++-common/Warray-bounds.c -Wc++-compat vla (test for warnings, line 229)
FAIL: c-c++-common/Warray-bounds.c -Wc++-compat vla (test for warnings, line 235)
FAIL: gcc.dg/attr-weakref-1.c (test for excess errors)
UNRESOLVED: gcc.dg/attr-weakref-1.c compilation failed to produce executable
FAIL: gcc.dg/pr88031.c (internal compiler error)
FAIL: gcc.dg/pr88031.c (test for excess errors)
XPASS: gcc.dg/graphite/scop-21.c scan-tree-dump-times graphite "number of SCoPs: 1" 1
FAIL: gcc.dg/ipa/ipa-icf-38.c scan-ltrans-tree-dump-not optimized "Function bar"
FAIL: gcc.target/i386/avx512bw-pr86036.c (test for excess errors)
UNRESOLVED: gcc.target/i386/avx512bw-pr86036.c compilation failed to produce executable
FAIL: gcc.target/i386/avx512bw-vpmovb2m-2.c (test for excess errors)
UNRESOLVED: gcc.target/i386/avx512bw-vpmovb2m-2.c compilation failed to produce executable
FAIL: gcc.target/i386/avx512bw-vpmovm2b-2.c (test for excess errors)
UNRESOLVED: gcc.target/i386/avx512bw-vpmovm2b-2.c compilation failed to produce executable
FAIL: gcc.target/i386/avx512bw-vpmovm2w-2.c (test for excess errors)
UNRESOLVED: gcc.target/i386/avx512bw-vpmovm2w-2.c compilation failed to produce executable
FAIL: gcc.target/i386/avx512bw-vpmovw2m-2.c (test for excess errors)
UNRESOLVED: gcc.target/i386/avx512bw-vpmovw2m-2.c compilation failed to produce executable
FAIL: gcc.target/i386/avx512dq-vpmovd2m-2.c (test for excess errors)
UNRESOLVED: gcc.target/i386/avx512dq-vpmovd2m-2.c compilation failed to produce executable
FAIL: gcc.target/i386/avx512dq-vpmovm2d-2.c (test for excess errors)
UNRESOLVED: gcc.target/i386/avx512dq-vpmovm2d-2.c compilation failed to produce executable
FAIL: gcc.target/i386/avx512dq-vpmovq2m-2.c (test for excess errors)
UNRESOLVED: gcc.target/i386/avx512dq-vpmovq2m-2.c compilation failed to produce executable
FAIL: gcc.target/i386/avx512vl-pr88514-3.c (test for excess errors)
FAIL: gcc.target/i386/avx512vl-pr88547-2.c (test for excess errors)
UNRESOLVED: gcc.target/i386/avx512vl-pr88547-2.c compilation failed to produce executable
FAIL: gcc.target/i386/avx512vl-vpmovb2m-2.c (test for excess errors)
UNRESOLVED: gcc.target/i386/avx512vl-vpmovb2m-2.c compilation failed to produce executable
FAIL: gcc.target/i386/avx512vl-vpmovd2m-2.c (test for excess errors)
UNRESOLVED: gcc.target/i386/avx512vl-vpmovd2m-2.c compilation failed to produce executable
FAIL: gcc.target/i386/avx512vl-vpmovm2b-2.c (test for excess errors)
UNRESOLVED: gcc.target/i386/avx512vl-vpmovm2b-2.c compilation failed to produce executable
FAIL: gcc.target/i386/avx512vl-vpmovm2d-2.c (test for excess errors)
UNRESOLVED: gcc.target/i386/avx512vl-vpmovm2d-2.c compilation failed to produce executable
FAIL: gcc.target/i386/avx512vl-vpmovm2w-2.c (test for excess errors)
UNRESOLVED: gcc.target/i386/avx512vl-vpmovm2w-2.c compilation failed to produce executable
FAIL: gcc.target/i386/avx512vl-vpmovq2m-2.c (test for excess errors)
UNRESOLVED: gcc.target/i386/avx512vl-vpmovq2m-2.c compilation failed to produce executable
FAIL: gcc.target/i386/avx512vl-vpmovw2m-2.c (test for excess errors)
UNRESOLVED: gcc.target/i386/avx512vl-vpmovw2m-2.c compilation failed to produce executable
FAIL: gcc.target/i386/pr57193.c scan-assembler-times movdqa 2
FAIL: gcc.target/i386/pr80569.c (test for excess errors)
=== gcc Summary for unix/-m32 ===
# of expected passes 137293
# of unexpected failures 130
# of unexpected successes 1
# of expected failures 546
# of unresolved testcases 17
# of unsupported tests 3524
=== gcc Summary ===
# of expected passes 275004
# of unexpected failures 160
# of unexpected successes 2
# of expected failures 1085
# of unresolved testcases 34
# of unsupported tests 6551
/var/gcc/regression/trunk/11.5-gcc-64/build/gcc/xgcc version 10.0.0 20190920 (experimental) [trunk revision 275989] (GCC)
=== gdc tests ===
Running target unix
=== gdc Summary for unix ===
# of expected passes 22867
# of unsupported tests 40
Running target unix/-m32
=== gdc Summary for unix/-m32 ===
# of expected passes 22867
# of unsupported tests 40
=== gdc Summary ===
# of expected passes 45734
# of unsupported tests 80
/var/gcc/regression/trunk/11.5-gcc-64/build/gcc/gdc version 10.0.0 20190920 (experimental) [trunk revision 275989] (GCC)
=== gfortran tests ===
Running target unix
=== gfortran Summary for unix ===
# of expected passes 50588
# of expected failures 188
# of unsupported tests 98
Running target unix/-m32
=== gfortran Summary for unix/-m32 ===
# of expected passes 50359
# of expected failures 188
# of unsupported tests 207
=== gfortran Summary ===
# of expected passes 100947
# of expected failures 376
# of unsupported tests 305
/var/gcc/regression/trunk/11.5-gcc-64/build/gcc/gfortran version 10.0.0 20190920 (experimental) [trunk revision 275989] (GCC)
=== gnat tests ===
Running target unix
=== gnat Summary for unix ===
# of expected passes 3266
# of expected failures 23
# of unsupported tests 9
Running target unix/-m32
=== gnat Summary for unix/-m32 ===
# of expected passes 3266
# of expected failures 23
# of unsupported tests 9
=== gnat Summary ===
# of expected passes 6532
# of expected failures 46
# of unsupported tests 18
/var/gcc/regression/trunk/11.5-gcc-64/build/gcc/gnatmake version 10.0.0 20190920 (experimental) [trunk revision 275989]
=== go tests ===
Running target unix
FAIL: ./index0-out.go execution, -O0 -g -fno-var-tracking-assignments
=== go Summary for unix ===
# of expected passes 7353
# of unexpected failures 1
# of expected failures 1
# of untested testcases 10
# of unsupported tests 1
Running target unix/-m32
FAIL: ./index0-out.go execution, -O0 -g -fno-var-tracking-assignments
FAIL: go.test/test/fixedbugs/issue4085b.go execution, -O2 -g
=== go Summary for unix/-m32 ===
# of expected passes 7471
# of unexpected failures 2
# of expected failures 1
# of untested testcases 10
# of unsupported tests 2
=== go Summary ===
# of expected passes 14824
# of unexpected failures 3
# of expected failures 2
# of untested testcases 20
# of unsupported tests 3
=== obj-c++ tests ===
Running target unix/-m32
=== obj-c++ Summary for unix/-m32 ===
# of expected passes 1450
# of expected failures 2
# of unsupported tests 77
Running target unix
=== obj-c++ Summary for unix ===
# of expected passes 1442
# of expected failures 10
# of unsupported tests 77
=== obj-c++ Summary ===
# of expected passes 2892
# of expected failures 12
# of unsupported tests 154
/var/gcc/regression/trunk/11.5-gcc-64/build/gcc/xg++ version 10.0.0 20190920 (experimental) [trunk revision 275989] (GCC)
=== objc tests ===
Running target unix
=== objc Summary for unix ===
# of expected passes 2776
# of expected failures 6
# of unsupported tests 68
Running target unix/-m32
=== objc Summary for unix/-m32 ===
# of expected passes 2776
# of expected failures 6
# of unsupported tests 68
=== objc Summary ===
# of expected passes 5552
# of expected failures 12
# of unsupported tests 136
/var/gcc/regression/trunk/11.5-gcc-64/build/gcc/xgcc version 10.0.0 20190920 (experimental) [trunk revision 275989] (GCC)
=== gotools tests ===
FAIL: TestAbort
FAIL: go test runtime
FAIL: go test misc/cgo/test
=== gotools Summary ===
# of expected passes 348
# of unexpected failures 3
# of untested testcases 199
/var/gcc/regression/trunk/11.5-gcc-64/build/./gcc/gccgo version 10.0.0 20190920 (experimental) [trunk revision 275989] (GCC)
Compiler version: 10.0.0 20190920 (experimental) [trunk revision 275989] (GCC)
Platform: x86_64-pc-solaris2.11
configure flags: --prefix=/vol/gcc --target=amd64-pc-solaris2.11 --enable-objc-gc --with-target-bdw-gc-include=/vol/gcc/include --with-target-bdw-gc-lib=/vol/gcc/lib/amd64,32=/vol/gcc/lib --with-as=/usr/ccs/bin/as --without-gnu-as --with-gmp-include=/vol/gcc/include --with-gmp-lib=/vol/gcc/lib/amd64 --with-mpfr-include=/vol/gcc/include --with-mpfr-lib=/vol/gcc/lib/amd64 --with-mpc-include=/vol/gcc/include --with-mpc-lib=/vol/gcc/lib/amd64 --enable-languages=all,ada,obj-c++,go --with-isl-include=/vol/gcc/include --with-isl-lib=/vol/gcc/lib/amd64 --with-zstd-include=/vol/gcc/include --with-zstd-lib=/vol/gcc/lib/amd64 --build=amd64-pc-solaris2.11 --host=amd64-pc-solaris2.11
BOOT_CFLAGS=-g -O2
More information about the Gcc-testresults
mailing list