Results for 8.3.1 20190920 [gcc-8-branch revision 275984] (GCC) testsuite on i686-pc-linux-gnu
H.J. Lu
hjl@gnu-3.sc.intel.com
Fri Sep 20 15:35:00 GMT 2019
Native configuration is i686-pc-linux-gnu
=== gcc tests ===
Running target unix
FAIL: gcc.dg/graphite/interchange-3.c scan-tree-dump graphite "tiled"
FAIL: gcc.dg/graphite/interchange-7.c scan-tree-dump graphite "tiled"
FAIL: gcc.dg/graphite/interchange-9.c scan-tree-dump graphite "tiled"
FAIL: gcc.dg/graphite/uns-interchange-9.c scan-tree-dump graphite "tiled"
FAIL: gcc.dg/tree-ssa/builtin-sprintf-warn-18.c (test for warnings, line 119)
FAIL: gcc.dg/tree-ssa/builtin-sprintf-warn-18.c (test for warnings, line 121)
XPASS: gcc.dg/vect/vect-reduc-in-order-1.c -flto -ffat-lto-objects execution test
XPASS: gcc.dg/vect/vect-reduc-in-order-1.c execution test
XPASS: gcc.dg/vect/vect-reduc-in-order-2.c -flto -ffat-lto-objects execution test
XPASS: gcc.dg/vect/vect-reduc-in-order-2.c execution test
XPASS: gcc.dg/vect/vect-reduc-in-order-3.c -flto -ffat-lto-objects execution test
XPASS: gcc.dg/vect/vect-reduc-in-order-3.c execution test
XPASS: gcc.dg/vect/vect-reduc-in-order-4.c -flto -ffat-lto-objects execution test
XPASS: gcc.dg/vect/vect-reduc-in-order-4.c execution test
=== gcc Summary ===
# of expected passes 134566
# of unexpected failures 6
# of unexpected successes 8
# of expected failures 405
# of unsupported tests 2402
/export/gnu/import/git/gcc-test/bld/gcc/xgcc version 8.3.1 20190920 [gcc-8-branch revision 275984] (GCC)
=== gfortran tests ===
Running target unix
=== gfortran Summary ===
# of expected passes 47983
# of expected failures 93
# of unsupported tests 194
/export/gnu/import/git/gcc-test/bld/gcc/gfortran version 8.3.1 20190920 [gcc-8-branch revision 275984] (GCC)
=== g++ tests ===
Running target unix
FAIL: g++.dg/pr83239.C -std=gnu++98 (test for excess errors)
=== g++ Summary ===
# of expected passes 124564
# of unexpected failures 1
# of expected failures 504
# of unsupported tests 4954
/export/gnu/import/git/gcc-test/bld/gcc/xg++ version 8.3.1 20190920 [gcc-8-branch revision 275984] (GCC)
=== objc tests ===
Running target unix
=== objc Summary ===
# of expected passes 2798
# of expected failures 6
# of unsupported tests 68
/export/gnu/import/git/gcc-test/bld/gcc/xgcc version 8.3.1 20190920 [gcc-8-branch revision 275984] (GCC)
=== libatomic tests ===
Running target unix
=== libatomic Summary ===
# of expected passes 44
# of unsupported tests 5
=== libgomp tests ===
Running target unix
=== libgomp Summary ===
# of expected passes 5577
# of expected failures 2
# of unsupported tests 303
=== libitm tests ===
Running target unix
=== libitm Summary ===
# of expected passes 42
# of expected failures 3
# of unsupported tests 1
=== libstdc++ tests ===
Running target unix
FAIL: 22_locale/time_get/get_time/char/2.cc execution test
FAIL: 22_locale/time_get/get_time/char/wrapped_env.cc execution test
FAIL: 22_locale/time_get/get_time/char/wrapped_locale.cc execution test
FAIL: 22_locale/time_get/get_time/wchar_t/2.cc execution test
FAIL: 22_locale/time_get/get_time/wchar_t/wrapped_env.cc execution test
FAIL: 22_locale/time_get/get_time/wchar_t/wrapped_locale.cc execution test
=== libstdc++ Summary ===
# of expected passes 12408
# of unexpected failures 6
# of expected failures 71
# of unsupported tests 254
Compiler version: 8.3.1 20190920 [gcc-8-branch revision 275984] (GCC)
Platform: i686-pc-linux-gnu
configure flags: --prefix=/usr/8.3.1 --enable-clocale=gnu --with-system-zlib --enable-shared --enable-cet --with-demangler-in-ld --enable-libmpx --with-fpmath=sse
More information about the Gcc-testresults
mailing list