Results for 10.0.0 20190920 (experimental) [trunk revision 275992] (GCC) testsuite on i686-pc-linux-gnu
H.J. Lu (ia32 Core i7)
ia32corei7@gnu-34.sc.intel.com
Fri Sep 20 14:03:00 GMT 2019
Native configuration is i686-pc-linux-gnu
=== gcc tests ===
Running target unix
FAIL: c-c++-common/Warray-bounds.c -Wc++-compat (test for warnings, line 103)
FAIL: c-c++-common/Warray-bounds.c -Wc++-compat (test for warnings, line 111)
FAIL: c-c++-common/Warray-bounds.c -Wc++-compat (test for warnings, line 112)
FAIL: c-c++-common/Warray-bounds.c -Wc++-compat (test for warnings, line 113)
FAIL: c-c++-common/Warray-bounds.c -Wc++-compat (test for warnings, line 114)
FAIL: c-c++-common/Warray-bounds.c -Wc++-compat (test for warnings, line 115)
FAIL: c-c++-common/Warray-bounds.c -Wc++-compat (test for warnings, line 116)
FAIL: c-c++-common/Warray-bounds.c -Wc++-compat (test for warnings, line 122)
FAIL: c-c++-common/Warray-bounds.c -Wc++-compat (test for warnings, line 123)
FAIL: c-c++-common/Warray-bounds.c -Wc++-compat (test for warnings, line 126)
FAIL: c-c++-common/Warray-bounds.c -Wc++-compat (test for warnings, line 127)
FAIL: c-c++-common/Warray-bounds.c -Wc++-compat (test for warnings, line 128)
FAIL: c-c++-common/Warray-bounds.c -Wc++-compat (test for warnings, line 129)
FAIL: c-c++-common/Warray-bounds.c -Wc++-compat (test for warnings, line 132)
FAIL: c-c++-common/Warray-bounds.c -Wc++-compat (test for warnings, line 137)
FAIL: c-c++-common/Warray-bounds.c -Wc++-compat (test for warnings, line 138)
FAIL: c-c++-common/Warray-bounds.c -Wc++-compat (test for warnings, line 142)
FAIL: c-c++-common/Warray-bounds.c -Wc++-compat (test for warnings, line 143)
FAIL: c-c++-common/Warray-bounds.c -Wc++-compat (test for warnings, line 144)
FAIL: c-c++-common/Warray-bounds.c -Wc++-compat (test for warnings, line 149)
FAIL: c-c++-common/Warray-bounds.c -Wc++-compat (test for warnings, line 150)
FAIL: c-c++-common/Warray-bounds.c -Wc++-compat (test for warnings, line 152)
FAIL: c-c++-common/Warray-bounds.c -Wc++-compat (test for warnings, line 153)
FAIL: c-c++-common/Warray-bounds.c -Wc++-compat (test for warnings, line 154)
FAIL: c-c++-common/Warray-bounds.c -Wc++-compat (test for warnings, line 155)
FAIL: c-c++-common/Warray-bounds.c -Wc++-compat (test for warnings, line 157)
FAIL: c-c++-common/Warray-bounds.c -Wc++-compat (test for warnings, line 158)
FAIL: c-c++-common/Warray-bounds.c -Wc++-compat (test for warnings, line 160)
FAIL: c-c++-common/Warray-bounds.c -Wc++-compat (test for warnings, line 161)
FAIL: c-c++-common/Warray-bounds.c -Wc++-compat (test for warnings, line 162)
FAIL: c-c++-common/Warray-bounds.c -Wc++-compat (test for warnings, line 163)
FAIL: c-c++-common/Warray-bounds.c -Wc++-compat (test for warnings, line 165)
FAIL: c-c++-common/Warray-bounds.c -Wc++-compat (test for warnings, line 166)
FAIL: c-c++-common/Warray-bounds.c -Wc++-compat (test for warnings, line 168)
FAIL: c-c++-common/Warray-bounds.c -Wc++-compat (test for warnings, line 169)
FAIL: c-c++-common/Warray-bounds.c -Wc++-compat (test for warnings, line 170)
FAIL: c-c++-common/Warray-bounds.c -Wc++-compat (test for warnings, line 171)
FAIL: c-c++-common/Warray-bounds.c -Wc++-compat (test for warnings, line 173)
FAIL: c-c++-common/Warray-bounds.c -Wc++-compat (test for warnings, line 174)
FAIL: c-c++-common/Warray-bounds.c -Wc++-compat (test for warnings, line 176)
FAIL: c-c++-common/Warray-bounds.c -Wc++-compat (test for warnings, line 182)
FAIL: c-c++-common/Warray-bounds.c -Wc++-compat (test for warnings, line 183)
FAIL: c-c++-common/Warray-bounds.c -Wc++-compat (test for warnings, line 185)
FAIL: c-c++-common/Warray-bounds.c -Wc++-compat (test for warnings, line 187)
FAIL: c-c++-common/Warray-bounds.c -Wc++-compat (test for warnings, line 188)
FAIL: c-c++-common/Warray-bounds.c -Wc++-compat (test for warnings, line 190)
FAIL: c-c++-common/Warray-bounds.c -Wc++-compat (test for warnings, line 191)
FAIL: c-c++-common/Warray-bounds.c -Wc++-compat (test for warnings, line 193)
FAIL: c-c++-common/Warray-bounds.c -Wc++-compat (test for warnings, line 194)
FAIL: c-c++-common/Warray-bounds.c -Wc++-compat (test for warnings, line 196)
FAIL: c-c++-common/Warray-bounds.c -Wc++-compat (test for warnings, line 197)
FAIL: c-c++-common/Warray-bounds.c -Wc++-compat (test for warnings, line 27)
FAIL: c-c++-common/Warray-bounds.c -Wc++-compat (test for warnings, line 28)
FAIL: c-c++-common/Warray-bounds.c -Wc++-compat (test for warnings, line 32)
FAIL: c-c++-common/Warray-bounds.c -Wc++-compat (test for warnings, line 33)
FAIL: c-c++-common/Warray-bounds.c -Wc++-compat (test for warnings, line 34)
FAIL: c-c++-common/Warray-bounds.c -Wc++-compat (test for warnings, line 36)
FAIL: c-c++-common/Warray-bounds.c -Wc++-compat (test for warnings, line 46)
FAIL: c-c++-common/Warray-bounds.c -Wc++-compat (test for warnings, line 47)
FAIL: c-c++-common/Warray-bounds.c -Wc++-compat (test for warnings, line 51)
FAIL: c-c++-common/Warray-bounds.c -Wc++-compat (test for warnings, line 52)
FAIL: c-c++-common/Warray-bounds.c -Wc++-compat (test for warnings, line 53)
FAIL: c-c++-common/Warray-bounds.c -Wc++-compat (test for warnings, line 54)
FAIL: c-c++-common/Warray-bounds.c -Wc++-compat (test for warnings, line 56)
FAIL: c-c++-common/Warray-bounds.c -Wc++-compat (test for warnings, line 63)
FAIL: c-c++-common/Warray-bounds.c -Wc++-compat (test for warnings, line 64)
FAIL: c-c++-common/Warray-bounds.c -Wc++-compat (test for warnings, line 66)
FAIL: c-c++-common/Warray-bounds.c -Wc++-compat (test for warnings, line 67)
FAIL: c-c++-common/Warray-bounds.c -Wc++-compat (test for warnings, line 69)
FAIL: c-c++-common/Warray-bounds.c -Wc++-compat (test for warnings, line 70)
FAIL: c-c++-common/Warray-bounds.c -Wc++-compat (test for warnings, line 72)
FAIL: c-c++-common/Warray-bounds.c -Wc++-compat (test for warnings, line 73)
FAIL: c-c++-common/Warray-bounds.c -Wc++-compat (test for warnings, line 75)
FAIL: c-c++-common/Warray-bounds.c -Wc++-compat (test for warnings, line 76)
FAIL: c-c++-common/Warray-bounds.c -Wc++-compat (test for warnings, line 79)
FAIL: c-c++-common/Warray-bounds.c -Wc++-compat (test for warnings, line 81)
FAIL: c-c++-common/Warray-bounds.c -Wc++-compat (test for warnings, line 83)
FAIL: c-c++-common/Warray-bounds.c -Wc++-compat (test for warnings, line 93)
FAIL: c-c++-common/Warray-bounds.c -Wc++-compat (internal compiler error)
FAIL: c-c++-common/Warray-bounds.c -Wc++-compat (test for excess errors)
FAIL: c-c++-common/Warray-bounds.c -Wc++-compat string (test for warnings, line 202)
FAIL: c-c++-common/Warray-bounds.c -Wc++-compat string (test for warnings, line 203)
FAIL: c-c++-common/Warray-bounds.c -Wc++-compat string (test for warnings, line 204)
FAIL: c-c++-common/Warray-bounds.c -Wc++-compat string (test for warnings, line 206)
FAIL: c-c++-common/Warray-bounds.c -Wc++-compat string (test for warnings, line 207)
FAIL: c-c++-common/Warray-bounds.c -Wc++-compat string (test for warnings, line 210)
FAIL: c-c++-common/Warray-bounds.c -Wc++-compat string (test for warnings, line 211)
FAIL: c-c++-common/Warray-bounds.c -Wc++-compat string (test for warnings, line 212)
FAIL: c-c++-common/Warray-bounds.c -Wc++-compat strlen (test for warnings, line 219)
FAIL: c-c++-common/Warray-bounds.c -Wc++-compat vla (test for warnings, line 228)
FAIL: c-c++-common/Warray-bounds.c -Wc++-compat vla (test for warnings, line 229)
FAIL: c-c++-common/Warray-bounds.c -Wc++-compat vla (test for warnings, line 235)
FAIL: gcc.dg/pr90263.c scan-assembler mempcpy
FAIL: gcc.dg/stack-layout-dynamic-1.c scan-assembler-not cfi_def_cfa_register
FAIL: gcc.dg/graphite/interchange-3.c scan-tree-dump graphite "tiled"
FAIL: gcc.dg/graphite/interchange-7.c scan-tree-dump graphite "tiled"
FAIL: gcc.dg/graphite/interchange-9.c scan-tree-dump graphite "tiled"
XPASS: gcc.dg/graphite/scop-21.c scan-tree-dump-times graphite "number of SCoPs: 1" 1
FAIL: gcc.dg/graphite/uns-interchange-9.c scan-tree-dump graphite "tiled"
XPASS: gcc.dg/guality/example.c -O0 execution test
XPASS: gcc.dg/guality/example.c -O1 -DPREVENT_OPTIMIZATION execution test
XPASS: gcc.dg/guality/example.c -O2 -DPREVENT_OPTIMIZATION execution test
XPASS: gcc.dg/guality/example.c -O2 -flto -fno-use-linker-plugin -flto-partition=none -DPREVENT_OPTIMIZATION execution test
XPASS: gcc.dg/guality/example.c -Og -DPREVENT_OPTIMIZATION execution test
XPASS: gcc.dg/guality/guality.c -O0 execution test
XPASS: gcc.dg/guality/guality.c -O1 -DPREVENT_OPTIMIZATION execution test
XPASS: gcc.dg/guality/guality.c -O2 -DPREVENT_OPTIMIZATION execution test
XPASS: gcc.dg/guality/guality.c -O2 -flto -fno-use-linker-plugin -flto-partition=none -DPREVENT_OPTIMIZATION execution test
XPASS: gcc.dg/guality/guality.c -O2 -flto -fuse-linker-plugin -fno-fat-lto-objects -DPREVENT_OPTIMIZATION execution test
XPASS: gcc.dg/guality/guality.c -O3 -g -DPREVENT_OPTIMIZATION execution test
XPASS: gcc.dg/guality/guality.c -Os -DPREVENT_OPTIMIZATION execution test
XPASS: gcc.dg/guality/guality.c -Og -DPREVENT_OPTIMIZATION execution test
XPASS: gcc.dg/guality/inline-params.c -O2 -DPREVENT_OPTIMIZATION execution test
XPASS: gcc.dg/guality/inline-params.c -O2 -flto -fno-use-linker-plugin -flto-partition=none -DPREVENT_OPTIMIZATION execution test
XPASS: gcc.dg/guality/inline-params.c -O2 -flto -fuse-linker-plugin -fno-fat-lto-objects -DPREVENT_OPTIMIZATION execution test
XPASS: gcc.dg/guality/inline-params.c -O3 -g -DPREVENT_OPTIMIZATION execution test
XPASS: gcc.dg/guality/inline-params.c -Os -DPREVENT_OPTIMIZATION execution test
FAIL: gcc.dg/guality/loop-1.c -O3 -fomit-frame-pointer -funroll-loops -fpeel-loops -ftracer -finline-functions -DPREVENT_OPTIMIZATION line 20 i == 1
FAIL: gcc.dg/guality/pr36728-4.c -O2 -flto -fuse-linker-plugin -fno-fat-lto-objects -DPREVENT_OPTIMIZATION line 14 y == 2
FAIL: gcc.dg/guality/pr36728-4.c -O2 -flto -fuse-linker-plugin -fno-fat-lto-objects -DPREVENT_OPTIMIZATION line 16 y == 2
FAIL: gcc.dg/guality/pr36728-4.c -O3 -g -DPREVENT_OPTIMIZATION line 14 y == 2
FAIL: gcc.dg/guality/pr36728-4.c -O3 -g -DPREVENT_OPTIMIZATION line 16 y == 2
XPASS: gcc.dg/guality/pr41353-1.c -O0 line 28 j == 28 + 37
XPASS: gcc.dg/guality/pr41353-1.c -Os -DPREVENT_OPTIMIZATION line 28 j == 28 + 37
XPASS: gcc.dg/guality/pr41353-1.c -Og -DPREVENT_OPTIMIZATION line 28 j == 28 + 37
FAIL: gcc.dg/guality/pr41447-1.c -O2 -DPREVENT_OPTIMIZATION execution test
FAIL: gcc.dg/guality/pr41447-1.c -O2 -flto -fno-use-linker-plugin -flto-partition=none -DPREVENT_OPTIMIZATION execution test
FAIL: gcc.dg/guality/pr41447-1.c -O3 -g -DPREVENT_OPTIMIZATION execution test
FAIL: gcc.dg/guality/pr54519-1.c -O2 -flto -fno-use-linker-plugin -flto-partition=none -DPREVENT_OPTIMIZATION line 20 y == 25
FAIL: gcc.dg/guality/pr54519-1.c -O2 -flto -fno-use-linker-plugin -flto-partition=none -DPREVENT_OPTIMIZATION line 20 z == 6
FAIL: gcc.dg/guality/pr54519-1.c -O2 -flto -fno-use-linker-plugin -flto-partition=none -DPREVENT_OPTIMIZATION line 23 y == 117
FAIL: gcc.dg/guality/pr54519-1.c -O2 -flto -fno-use-linker-plugin -flto-partition=none -DPREVENT_OPTIMIZATION line 23 z == 8
FAIL: gcc.dg/guality/pr54519-1.c -O2 -flto -fuse-linker-plugin -fno-fat-lto-objects -DPREVENT_OPTIMIZATION line 20 y == 25
FAIL: gcc.dg/guality/pr54519-1.c -O2 -flto -fuse-linker-plugin -fno-fat-lto-objects -DPREVENT_OPTIMIZATION line 20 z == 6
FAIL: gcc.dg/guality/pr54519-1.c -O2 -flto -fuse-linker-plugin -fno-fat-lto-objects -DPREVENT_OPTIMIZATION line 23 y == 117
FAIL: gcc.dg/guality/pr54519-1.c -O2 -flto -fuse-linker-plugin -fno-fat-lto-objects -DPREVENT_OPTIMIZATION line 23 z == 8
FAIL: gcc.dg/guality/pr54519-2.c -O2 -flto -fno-use-linker-plugin -flto-partition=none -DPREVENT_OPTIMIZATION line 17 y == 25
FAIL: gcc.dg/guality/pr54519-2.c -O2 -flto -fuse-linker-plugin -fno-fat-lto-objects -DPREVENT_OPTIMIZATION line 17 y == 25
FAIL: gcc.dg/guality/pr54519-3.c -O2 -flto -fno-use-linker-plugin -flto-partition=none -DPREVENT_OPTIMIZATION line 20 y == 25
FAIL: gcc.dg/guality/pr54519-3.c -O2 -flto -fno-use-linker-plugin -flto-partition=none -DPREVENT_OPTIMIZATION line 20 z == 6
FAIL: gcc.dg/guality/pr54519-3.c -O2 -flto -fno-use-linker-plugin -flto-partition=none -DPREVENT_OPTIMIZATION line 23 y == 117
FAIL: gcc.dg/guality/pr54519-3.c -O2 -flto -fno-use-linker-plugin -flto-partition=none -DPREVENT_OPTIMIZATION line 23 z == 8
FAIL: gcc.dg/guality/pr54519-3.c -O2 -flto -fuse-linker-plugin -fno-fat-lto-objects -DPREVENT_OPTIMIZATION line 20 y == 25
FAIL: gcc.dg/guality/pr54519-3.c -O2 -flto -fuse-linker-plugin -fno-fat-lto-objects -DPREVENT_OPTIMIZATION line 20 z == 6
FAIL: gcc.dg/guality/pr54519-3.c -O2 -flto -fuse-linker-plugin -fno-fat-lto-objects -DPREVENT_OPTIMIZATION line 23 y == 117
FAIL: gcc.dg/guality/pr54519-3.c -O2 -flto -fuse-linker-plugin -fno-fat-lto-objects -DPREVENT_OPTIMIZATION line 23 z == 8
FAIL: gcc.dg/guality/pr54519-4.c -O2 -flto -fno-use-linker-plugin -flto-partition=none -DPREVENT_OPTIMIZATION line 17 y == 25
FAIL: gcc.dg/guality/pr54519-4.c -O2 -flto -fuse-linker-plugin -fno-fat-lto-objects -DPREVENT_OPTIMIZATION line 17 y == 25
FAIL: gcc.dg/guality/pr54519-5.c -O2 -flto -fno-use-linker-plugin -flto-partition=none -DPREVENT_OPTIMIZATION line 17 y == 25
FAIL: gcc.dg/guality/pr54519-5.c -O2 -flto -fuse-linker-plugin -fno-fat-lto-objects -DPREVENT_OPTIMIZATION line 17 y == 25
FAIL: gcc.dg/guality/pr54519-6.c -Os -DPREVENT_OPTIMIZATION line 11 x == 2
FAIL: gcc.dg/guality/pr54693-2.c -O3 -fomit-frame-pointer -funroll-loops -fpeel-loops -ftracer -finline-functions -DPREVENT_OPTIMIZATION line 21 i == v + 1
XPASS: gcc.dg/guality/pr54970.c -O0 line 15 a[0] == 1
XPASS: gcc.dg/guality/pr54970.c -O0 line 20 a[0] == 1
XPASS: gcc.dg/guality/pr54970.c -O0 line 25 a[0] == 1
XPASS: gcc.dg/guality/pr54970.c -O0 line 31 a[0] == 4
XPASS: gcc.dg/guality/pr54970.c -O0 line 36 a[0] == 4
XPASS: gcc.dg/guality/pr54970.c -O0 line 45 a[0] == 4
XPASS: gcc.dg/guality/pr54970.c -O0 line 45 p[-2] == 4
XPASS: gcc.dg/guality/pr54970.c -O0 line 45 q[-1] == 4
XPASS: gcc.dg/guality/pr54970.c -Og -DPREVENT_OPTIMIZATION line 15 a[0] == 1
XPASS: gcc.dg/guality/pr54970.c -Og -DPREVENT_OPTIMIZATION line 20 a[0] == 1
XPASS: gcc.dg/guality/pr54970.c -Og -DPREVENT_OPTIMIZATION line 25 a[0] == 1
XPASS: gcc.dg/guality/pr54970.c -Og -DPREVENT_OPTIMIZATION line 31 a[0] == 4
XPASS: gcc.dg/guality/pr54970.c -Og -DPREVENT_OPTIMIZATION line 36 a[0] == 4
XPASS: gcc.dg/guality/pr54970.c -Og -DPREVENT_OPTIMIZATION line 45 a[0] == 4
XPASS: gcc.dg/guality/pr54970.c -Og -DPREVENT_OPTIMIZATION line 45 p[-2] == 4
XPASS: gcc.dg/guality/pr54970.c -Og -DPREVENT_OPTIMIZATION line 45 q[-1] == 4
FAIL: gcc.dg/guality/pr56154-1.c -Og -DPREVENT_OPTIMIZATION line pr56154-1.c:20 x.a == 6
FAIL: gcc.dg/guality/pr59776.c -Og -DPREVENT_OPTIMIZATION line pr59776.c:17 s1.f == 5.0
FAIL: gcc.dg/guality/pr59776.c -Og -DPREVENT_OPTIMIZATION line pr59776.c:17 s1.g == 6.0
FAIL: gcc.dg/guality/pr59776.c -Og -DPREVENT_OPTIMIZATION line pr59776.c:17 s2.f == 0.0
FAIL: gcc.dg/guality/pr59776.c -Og -DPREVENT_OPTIMIZATION line pr59776.c:17 s2.g == 6.0
FAIL: gcc.dg/guality/pr59776.c -Og -DPREVENT_OPTIMIZATION line pr59776.c:20 s1.f == 5.0
FAIL: gcc.dg/guality/pr59776.c -Og -DPREVENT_OPTIMIZATION line pr59776.c:20 s1.g == 6.0
FAIL: gcc.dg/guality/pr59776.c -Og -DPREVENT_OPTIMIZATION line pr59776.c:20 s2.f == 5.0
FAIL: gcc.dg/guality/pr59776.c -Og -DPREVENT_OPTIMIZATION line pr59776.c:20 s2.g == 6.0
FAIL: gcc.dg/guality/pr90074.c -O2 -flto -fuse-linker-plugin -fno-fat-lto-objects -DPREVENT_OPTIMIZATION line 28 c + 1 == 2
FAIL: gcc.dg/guality/pr90074.c -O2 -flto -fuse-linker-plugin -fno-fat-lto-objects -DPREVENT_OPTIMIZATION line 28 i + 1 == 8
FAIL: gcc.dg/guality/pr90716.c -O2 -flto -fuse-linker-plugin -fno-fat-lto-objects -DPREVENT_OPTIMIZATION line 23 j + 1 == 9
FAIL: gcc.dg/guality/sra-1.c -O2 -flto -fuse-linker-plugin -fno-fat-lto-objects -DPREVENT_OPTIMIZATION line 21 a.i == 4
FAIL: gcc.dg/guality/sra-1.c -O2 -flto -fuse-linker-plugin -fno-fat-lto-objects -DPREVENT_OPTIMIZATION line 21 a.j == 14
FAIL: gcc.dg/guality/sra-1.c -O2 -flto -fuse-linker-plugin -fno-fat-lto-objects -DPREVENT_OPTIMIZATION line 32 a[0] == 4
FAIL: gcc.dg/guality/sra-1.c -O2 -flto -fuse-linker-plugin -fno-fat-lto-objects -DPREVENT_OPTIMIZATION line 32 a[1] == 14
FAIL: gcc.dg/guality/sra-1.c -O2 -flto -fuse-linker-plugin -fno-fat-lto-objects -DPREVENT_OPTIMIZATION line 43 a.i == 4
FAIL: gcc.dg/guality/sra-1.c -O2 -flto -fuse-linker-plugin -fno-fat-lto-objects -DPREVENT_OPTIMIZATION line 43 a.j == 14
FAIL: gcc.dg/guality/sra-1.c -Og -DPREVENT_OPTIMIZATION line 21 a.i == 4
FAIL: gcc.dg/guality/sra-1.c -Og -DPREVENT_OPTIMIZATION line 21 a.j == 14
FAIL: gcc.dg/guality/sra-1.c -Og -DPREVENT_OPTIMIZATION line 32 a[0] == 4
FAIL: gcc.dg/guality/sra-1.c -Og -DPREVENT_OPTIMIZATION line 32 a[1] == 14
FAIL: gcc.dg/guality/sra-1.c -Og -DPREVENT_OPTIMIZATION line 43 a.i == 4
FAIL: gcc.dg/guality/sra-1.c -Og -DPREVENT_OPTIMIZATION line 43 a.j == 14
FAIL: gcc.dg/guality/vla-1.c -O1 -DPREVENT_OPTIMIZATION line 17 sizeof (a) == 6
FAIL: gcc.dg/guality/vla-1.c -O2 -DPREVENT_OPTIMIZATION line 17 sizeof (a) == 6
FAIL: gcc.dg/guality/vla-1.c -O2 -flto -fno-use-linker-plugin -flto-partition=none -DPREVENT_OPTIMIZATION line 17 sizeof (a) == 6
FAIL: gcc.dg/guality/vla-1.c -O2 -flto -fuse-linker-plugin -fno-fat-lto-objects -DPREVENT_OPTIMIZATION line 17 sizeof (a) == 6
FAIL: gcc.dg/guality/vla-1.c -O2 -flto -fuse-linker-plugin -fno-fat-lto-objects -DPREVENT_OPTIMIZATION line 24 i == 5
FAIL: gcc.dg/guality/vla-1.c -O2 -flto -fuse-linker-plugin -fno-fat-lto-objects -DPREVENT_OPTIMIZATION line 24 sizeof (a) == 17 * sizeof (short)
FAIL: gcc.dg/guality/vla-1.c -O3 -g -DPREVENT_OPTIMIZATION line 17 sizeof (a) == 6
FAIL: gcc.dg/guality/vla-1.c -Os -DPREVENT_OPTIMIZATION line 17 sizeof (a) == 6
FAIL: gcc.dg/tree-ssa/pr64910-2.c scan-assembler-times and|test 20
XPASS: gcc.dg/vect/vect-reduc-in-order-1.c -flto -ffat-lto-objects execution test
XPASS: gcc.dg/vect/vect-reduc-in-order-1.c execution test
XPASS: gcc.dg/vect/vect-reduc-in-order-2.c -flto -ffat-lto-objects execution test
XPASS: gcc.dg/vect/vect-reduc-in-order-2.c execution test
XPASS: gcc.dg/vect/vect-reduc-in-order-3.c -flto -ffat-lto-objects execution test
XPASS: gcc.dg/vect/vect-reduc-in-order-3.c execution test
XPASS: gcc.dg/vect/vect-reduc-in-order-4.c -flto -ffat-lto-objects execution test
XPASS: gcc.dg/vect/vect-reduc-in-order-4.c execution test
FAIL: gcc.target/i386/ipa-stack-alignment-2.c scan-assembler sub.*%.sp
FAIL: gcc.target/i386/ipa-stack-alignment.c scan-assembler sub.*%.sp
FAIL: gcc.target/i386/pr57193.c scan-assembler-times movdqa 2
FAIL: gcc.target/i386/pr79690.c scan-assembler mov[au]p.[ \\t][^,]+, %gs:
FAIL: gcc.target/i386/pr79723.c scan-assembler mov[au]p.[ \\t][^,]+, %gs:
=== gcc Summary ===
# of expected passes 144895
# of unexpected failures 168
# of unexpected successes 46
# of expected failures 595
# of unsupported tests 2723
/export/gnu/import/git/gcc-test-ia32corei7/bld/gcc/xgcc version 10.0.0 20190920 (experimental) [trunk revision 275992] (GCC)
=== gfortran tests ===
Running target unix
=== gfortran Summary ===
# of expected passes 50450
# of expected failures 188
# of unsupported tests 190
/export/gnu/import/git/gcc-test-ia32corei7/bld/gcc/gfortran version 10.0.0 20190920 (experimental) [trunk revision 275992] (GCC)
=== g++ tests ===
Running target unix
FAIL: c-c++-common/Warray-bounds.c -std=gnu++14 (test for warnings, line 103)
FAIL: c-c++-common/Warray-bounds.c -std=gnu++14 (test for warnings, line 111)
FAIL: c-c++-common/Warray-bounds.c -std=gnu++14 (test for warnings, line 112)
FAIL: c-c++-common/Warray-bounds.c -std=gnu++14 (test for warnings, line 113)
FAIL: c-c++-common/Warray-bounds.c -std=gnu++14 (test for warnings, line 114)
FAIL: c-c++-common/Warray-bounds.c -std=gnu++14 (test for warnings, line 115)
FAIL: c-c++-common/Warray-bounds.c -std=gnu++14 (test for warnings, line 116)
FAIL: c-c++-common/Warray-bounds.c -std=gnu++14 (test for warnings, line 122)
FAIL: c-c++-common/Warray-bounds.c -std=gnu++14 (test for warnings, line 123)
FAIL: c-c++-common/Warray-bounds.c -std=gnu++14 (test for warnings, line 126)
FAIL: c-c++-common/Warray-bounds.c -std=gnu++14 (test for warnings, line 127)
FAIL: c-c++-common/Warray-bounds.c -std=gnu++14 (test for warnings, line 128)
FAIL: c-c++-common/Warray-bounds.c -std=gnu++14 (test for warnings, line 129)
FAIL: c-c++-common/Warray-bounds.c -std=gnu++14 (test for warnings, line 132)
FAIL: c-c++-common/Warray-bounds.c -std=gnu++14 (test for warnings, line 137)
FAIL: c-c++-common/Warray-bounds.c -std=gnu++14 (test for warnings, line 138)
FAIL: c-c++-common/Warray-bounds.c -std=gnu++14 (test for warnings, line 142)
FAIL: c-c++-common/Warray-bounds.c -std=gnu++14 (test for warnings, line 143)
FAIL: c-c++-common/Warray-bounds.c -std=gnu++14 (test for warnings, line 144)
FAIL: c-c++-common/Warray-bounds.c -std=gnu++14 (test for warnings, line 149)
FAIL: c-c++-common/Warray-bounds.c -std=gnu++14 (test for warnings, line 150)
FAIL: c-c++-common/Warray-bounds.c -std=gnu++14 (test for warnings, line 152)
FAIL: c-c++-common/Warray-bounds.c -std=gnu++14 (test for warnings, line 153)
FAIL: c-c++-common/Warray-bounds.c -std=gnu++14 (test for warnings, line 154)
FAIL: c-c++-common/Warray-bounds.c -std=gnu++14 (test for warnings, line 155)
FAIL: c-c++-common/Warray-bounds.c -std=gnu++14 (test for warnings, line 157)
FAIL: c-c++-common/Warray-bounds.c -std=gnu++14 (test for warnings, line 158)
FAIL: c-c++-common/Warray-bounds.c -std=gnu++14 (test for warnings, line 160)
FAIL: c-c++-common/Warray-bounds.c -std=gnu++14 (test for warnings, line 161)
FAIL: c-c++-common/Warray-bounds.c -std=gnu++14 (test for warnings, line 162)
FAIL: c-c++-common/Warray-bounds.c -std=gnu++14 (test for warnings, line 163)
FAIL: c-c++-common/Warray-bounds.c -std=gnu++14 (test for warnings, line 165)
FAIL: c-c++-common/Warray-bounds.c -std=gnu++14 (test for warnings, line 166)
FAIL: c-c++-common/Warray-bounds.c -std=gnu++14 (test for warnings, line 168)
FAIL: c-c++-common/Warray-bounds.c -std=gnu++14 (test for warnings, line 169)
FAIL: c-c++-common/Warray-bounds.c -std=gnu++14 (test for warnings, line 170)
FAIL: c-c++-common/Warray-bounds.c -std=gnu++14 (test for warnings, line 171)
FAIL: c-c++-common/Warray-bounds.c -std=gnu++14 (test for warnings, line 173)
FAIL: c-c++-common/Warray-bounds.c -std=gnu++14 (test for warnings, line 174)
FAIL: c-c++-common/Warray-bounds.c -std=gnu++14 (test for warnings, line 176)
FAIL: c-c++-common/Warray-bounds.c -std=gnu++14 (test for warnings, line 182)
FAIL: c-c++-common/Warray-bounds.c -std=gnu++14 (test for warnings, line 183)
FAIL: c-c++-common/Warray-bounds.c -std=gnu++14 (test for warnings, line 185)
FAIL: c-c++-common/Warray-bounds.c -std=gnu++14 (test for warnings, line 187)
FAIL: c-c++-common/Warray-bounds.c -std=gnu++14 (test for warnings, line 188)
FAIL: c-c++-common/Warray-bounds.c -std=gnu++14 (test for warnings, line 190)
FAIL: c-c++-common/Warray-bounds.c -std=gnu++14 (test for warnings, line 191)
FAIL: c-c++-common/Warray-bounds.c -std=gnu++14 (test for warnings, line 193)
FAIL: c-c++-common/Warray-bounds.c -std=gnu++14 (test for warnings, line 194)
FAIL: c-c++-common/Warray-bounds.c -std=gnu++14 (test for warnings, line 196)
FAIL: c-c++-common/Warray-bounds.c -std=gnu++14 (test for warnings, line 197)
FAIL: c-c++-common/Warray-bounds.c -std=gnu++14 (test for warnings, line 27)
FAIL: c-c++-common/Warray-bounds.c -std=gnu++14 (test for warnings, line 28)
FAIL: c-c++-common/Warray-bounds.c -std=gnu++14 (test for warnings, line 32)
FAIL: c-c++-common/Warray-bounds.c -std=gnu++14 (test for warnings, line 33)
FAIL: c-c++-common/Warray-bounds.c -std=gnu++14 (test for warnings, line 34)
FAIL: c-c++-common/Warray-bounds.c -std=gnu++14 (test for warnings, line 36)
FAIL: c-c++-common/Warray-bounds.c -std=gnu++14 (test for warnings, line 46)
FAIL: c-c++-common/Warray-bounds.c -std=gnu++14 (test for warnings, line 47)
FAIL: c-c++-common/Warray-bounds.c -std=gnu++14 (test for warnings, line 51)
FAIL: c-c++-common/Warray-bounds.c -std=gnu++14 (test for warnings, line 52)
FAIL: c-c++-common/Warray-bounds.c -std=gnu++14 (test for warnings, line 53)
FAIL: c-c++-common/Warray-bounds.c -std=gnu++14 (test for warnings, line 54)
FAIL: c-c++-common/Warray-bounds.c -std=gnu++14 (test for warnings, line 56)
FAIL: c-c++-common/Warray-bounds.c -std=gnu++14 (test for warnings, line 63)
FAIL: c-c++-common/Warray-bounds.c -std=gnu++14 (test for warnings, line 64)
FAIL: c-c++-common/Warray-bounds.c -std=gnu++14 (test for warnings, line 66)
FAIL: c-c++-common/Warray-bounds.c -std=gnu++14 (test for warnings, line 67)
FAIL: c-c++-common/Warray-bounds.c -std=gnu++14 (test for warnings, line 69)
FAIL: c-c++-common/Warray-bounds.c -std=gnu++14 (test for warnings, line 70)
FAIL: c-c++-common/Warray-bounds.c -std=gnu++14 (test for warnings, line 72)
FAIL: c-c++-common/Warray-bounds.c -std=gnu++14 (test for warnings, line 73)
FAIL: c-c++-common/Warray-bounds.c -std=gnu++14 (test for warnings, line 75)
FAIL: c-c++-common/Warray-bounds.c -std=gnu++14 (test for warnings, line 76)
FAIL: c-c++-common/Warray-bounds.c -std=gnu++14 (test for warnings, line 79)
FAIL: c-c++-common/Warray-bounds.c -std=gnu++14 (test for warnings, line 81)
FAIL: c-c++-common/Warray-bounds.c -std=gnu++14 (test for warnings, line 83)
FAIL: c-c++-common/Warray-bounds.c -std=gnu++14 (test for warnings, line 93)
FAIL: c-c++-common/Warray-bounds.c -std=gnu++14 (internal compiler error)
FAIL: c-c++-common/Warray-bounds.c -std=gnu++14 (test for excess errors)
FAIL: c-c++-common/Warray-bounds.c -std=gnu++14 string (test for warnings, line 202)
FAIL: c-c++-common/Warray-bounds.c -std=gnu++14 string (test for warnings, line 203)
FAIL: c-c++-common/Warray-bounds.c -std=gnu++14 string (test for warnings, line 204)
FAIL: c-c++-common/Warray-bounds.c -std=gnu++14 string (test for warnings, line 206)
FAIL: c-c++-common/Warray-bounds.c -std=gnu++14 string (test for warnings, line 207)
FAIL: c-c++-common/Warray-bounds.c -std=gnu++14 string (test for warnings, line 210)
FAIL: c-c++-common/Warray-bounds.c -std=gnu++14 string (test for warnings, line 211)
FAIL: c-c++-common/Warray-bounds.c -std=gnu++14 string (test for warnings, line 212)
FAIL: c-c++-common/Warray-bounds.c -std=gnu++14 strlen (test for warnings, line 219)
FAIL: c-c++-common/Warray-bounds.c -std=gnu++14 vla (test for warnings, line 228)
FAIL: c-c++-common/Warray-bounds.c -std=gnu++14 vla (test for warnings, line 229)
FAIL: c-c++-common/Warray-bounds.c -std=gnu++14 vla (test for warnings, line 235)
FAIL: c-c++-common/Warray-bounds.c -std=gnu++17 (test for warnings, line 103)
FAIL: c-c++-common/Warray-bounds.c -std=gnu++17 (test for warnings, line 111)
FAIL: c-c++-common/Warray-bounds.c -std=gnu++17 (test for warnings, line 112)
FAIL: c-c++-common/Warray-bounds.c -std=gnu++17 (test for warnings, line 113)
FAIL: c-c++-common/Warray-bounds.c -std=gnu++17 (test for warnings, line 114)
FAIL: c-c++-common/Warray-bounds.c -std=gnu++17 (test for warnings, line 115)
FAIL: c-c++-common/Warray-bounds.c -std=gnu++17 (test for warnings, line 116)
FAIL: c-c++-common/Warray-bounds.c -std=gnu++17 (test for warnings, line 122)
FAIL: c-c++-common/Warray-bounds.c -std=gnu++17 (test for warnings, line 123)
FAIL: c-c++-common/Warray-bounds.c -std=gnu++17 (test for warnings, line 126)
FAIL: c-c++-common/Warray-bounds.c -std=gnu++17 (test for warnings, line 127)
FAIL: c-c++-common/Warray-bounds.c -std=gnu++17 (test for warnings, line 128)
FAIL: c-c++-common/Warray-bounds.c -std=gnu++17 (test for warnings, line 129)
FAIL: c-c++-common/Warray-bounds.c -std=gnu++17 (test for warnings, line 132)
FAIL: c-c++-common/Warray-bounds.c -std=gnu++17 (test for warnings, line 137)
FAIL: c-c++-common/Warray-bounds.c -std=gnu++17 (test for warnings, line 138)
FAIL: c-c++-common/Warray-bounds.c -std=gnu++17 (test for warnings, line 142)
FAIL: c-c++-common/Warray-bounds.c -std=gnu++17 (test for warnings, line 143)
FAIL: c-c++-common/Warray-bounds.c -std=gnu++17 (test for warnings, line 144)
FAIL: c-c++-common/Warray-bounds.c -std=gnu++17 (test for warnings, line 149)
FAIL: c-c++-common/Warray-bounds.c -std=gnu++17 (test for warnings, line 150)
FAIL: c-c++-common/Warray-bounds.c -std=gnu++17 (test for warnings, line 152)
FAIL: c-c++-common/Warray-bounds.c -std=gnu++17 (test for warnings, line 153)
FAIL: c-c++-common/Warray-bounds.c -std=gnu++17 (test for warnings, line 154)
FAIL: c-c++-common/Warray-bounds.c -std=gnu++17 (test for warnings, line 155)
FAIL: c-c++-common/Warray-bounds.c -std=gnu++17 (test for warnings, line 157)
FAIL: c-c++-common/Warray-bounds.c -std=gnu++17 (test for warnings, line 158)
FAIL: c-c++-common/Warray-bounds.c -std=gnu++17 (test for warnings, line 160)
FAIL: c-c++-common/Warray-bounds.c -std=gnu++17 (test for warnings, line 161)
FAIL: c-c++-common/Warray-bounds.c -std=gnu++17 (test for warnings, line 162)
FAIL: c-c++-common/Warray-bounds.c -std=gnu++17 (test for warnings, line 163)
FAIL: c-c++-common/Warray-bounds.c -std=gnu++17 (test for warnings, line 165)
FAIL: c-c++-common/Warray-bounds.c -std=gnu++17 (test for warnings, line 166)
FAIL: c-c++-common/Warray-bounds.c -std=gnu++17 (test for warnings, line 168)
FAIL: c-c++-common/Warray-bounds.c -std=gnu++17 (test for warnings, line 169)
FAIL: c-c++-common/Warray-bounds.c -std=gnu++17 (test for warnings, line 170)
FAIL: c-c++-common/Warray-bounds.c -std=gnu++17 (test for warnings, line 171)
FAIL: c-c++-common/Warray-bounds.c -std=gnu++17 (test for warnings, line 173)
FAIL: c-c++-common/Warray-bounds.c -std=gnu++17 (test for warnings, line 174)
FAIL: c-c++-common/Warray-bounds.c -std=gnu++17 (test for warnings, line 176)
FAIL: c-c++-common/Warray-bounds.c -std=gnu++17 (test for warnings, line 182)
FAIL: c-c++-common/Warray-bounds.c -std=gnu++17 (test for warnings, line 183)
FAIL: c-c++-common/Warray-bounds.c -std=gnu++17 (test for warnings, line 185)
FAIL: c-c++-common/Warray-bounds.c -std=gnu++17 (test for warnings, line 187)
FAIL: c-c++-common/Warray-bounds.c -std=gnu++17 (test for warnings, line 188)
FAIL: c-c++-common/Warray-bounds.c -std=gnu++17 (test for warnings, line 190)
FAIL: c-c++-common/Warray-bounds.c -std=gnu++17 (test for warnings, line 191)
FAIL: c-c++-common/Warray-bounds.c -std=gnu++17 (test for warnings, line 193)
FAIL: c-c++-common/Warray-bounds.c -std=gnu++17 (test for warnings, line 194)
FAIL: c-c++-common/Warray-bounds.c -std=gnu++17 (test for warnings, line 196)
FAIL: c-c++-common/Warray-bounds.c -std=gnu++17 (test for warnings, line 197)
FAIL: c-c++-common/Warray-bounds.c -std=gnu++17 (test for warnings, line 27)
FAIL: c-c++-common/Warray-bounds.c -std=gnu++17 (test for warnings, line 28)
FAIL: c-c++-common/Warray-bounds.c -std=gnu++17 (test for warnings, line 32)
FAIL: c-c++-common/Warray-bounds.c -std=gnu++17 (test for warnings, line 33)
FAIL: c-c++-common/Warray-bounds.c -std=gnu++17 (test for warnings, line 34)
FAIL: c-c++-common/Warray-bounds.c -std=gnu++17 (test for warnings, line 36)
FAIL: c-c++-common/Warray-bounds.c -std=gnu++17 (test for warnings, line 46)
FAIL: c-c++-common/Warray-bounds.c -std=gnu++17 (test for warnings, line 47)
FAIL: c-c++-common/Warray-bounds.c -std=gnu++17 (test for warnings, line 51)
FAIL: c-c++-common/Warray-bounds.c -std=gnu++17 (test for warnings, line 52)
FAIL: c-c++-common/Warray-bounds.c -std=gnu++17 (test for warnings, line 53)
FAIL: c-c++-common/Warray-bounds.c -std=gnu++17 (test for warnings, line 54)
FAIL: c-c++-common/Warray-bounds.c -std=gnu++17 (test for warnings, line 56)
FAIL: c-c++-common/Warray-bounds.c -std=gnu++17 (test for warnings, line 63)
FAIL: c-c++-common/Warray-bounds.c -std=gnu++17 (test for warnings, line 64)
FAIL: c-c++-common/Warray-bounds.c -std=gnu++17 (test for warnings, line 66)
FAIL: c-c++-common/Warray-bounds.c -std=gnu++17 (test for warnings, line 67)
FAIL: c-c++-common/Warray-bounds.c -std=gnu++17 (test for warnings, line 69)
FAIL: c-c++-common/Warray-bounds.c -std=gnu++17 (test for warnings, line 70)
FAIL: c-c++-common/Warray-bounds.c -std=gnu++17 (test for warnings, line 72)
FAIL: c-c++-common/Warray-bounds.c -std=gnu++17 (test for warnings, line 73)
FAIL: c-c++-common/Warray-bounds.c -std=gnu++17 (test for warnings, line 75)
FAIL: c-c++-common/Warray-bounds.c -std=gnu++17 (test for warnings, line 76)
FAIL: c-c++-common/Warray-bounds.c -std=gnu++17 (test for warnings, line 79)
FAIL: c-c++-common/Warray-bounds.c -std=gnu++17 (test for warnings, line 81)
FAIL: c-c++-common/Warray-bounds.c -std=gnu++17 (test for warnings, line 83)
FAIL: c-c++-common/Warray-bounds.c -std=gnu++17 (test for warnings, line 93)
FAIL: c-c++-common/Warray-bounds.c -std=gnu++17 (internal compiler error)
FAIL: c-c++-common/Warray-bounds.c -std=gnu++17 (test for excess errors)
FAIL: c-c++-common/Warray-bounds.c -std=gnu++17 string (test for warnings, line 202)
FAIL: c-c++-common/Warray-bounds.c -std=gnu++17 string (test for warnings, line 203)
FAIL: c-c++-common/Warray-bounds.c -std=gnu++17 string (test for warnings, line 204)
FAIL: c-c++-common/Warray-bounds.c -std=gnu++17 string (test for warnings, line 206)
FAIL: c-c++-common/Warray-bounds.c -std=gnu++17 string (test for warnings, line 207)
FAIL: c-c++-common/Warray-bounds.c -std=gnu++17 string (test for warnings, line 210)
FAIL: c-c++-common/Warray-bounds.c -std=gnu++17 string (test for warnings, line 211)
FAIL: c-c++-common/Warray-bounds.c -std=gnu++17 string (test for warnings, line 212)
FAIL: c-c++-common/Warray-bounds.c -std=gnu++17 strlen (test for warnings, line 219)
FAIL: c-c++-common/Warray-bounds.c -std=gnu++17 vla (test for warnings, line 228)
FAIL: c-c++-common/Warray-bounds.c -std=gnu++17 vla (test for warnings, line 229)
FAIL: c-c++-common/Warray-bounds.c -std=gnu++17 vla (test for warnings, line 235)
FAIL: c-c++-common/Warray-bounds.c -std=gnu++98 (test for warnings, line 103)
FAIL: c-c++-common/Warray-bounds.c -std=gnu++98 (test for warnings, line 111)
FAIL: c-c++-common/Warray-bounds.c -std=gnu++98 (test for warnings, line 112)
FAIL: c-c++-common/Warray-bounds.c -std=gnu++98 (test for warnings, line 113)
FAIL: c-c++-common/Warray-bounds.c -std=gnu++98 (test for warnings, line 114)
FAIL: c-c++-common/Warray-bounds.c -std=gnu++98 (test for warnings, line 115)
FAIL: c-c++-common/Warray-bounds.c -std=gnu++98 (test for warnings, line 116)
FAIL: c-c++-common/Warray-bounds.c -std=gnu++98 (test for warnings, line 122)
FAIL: c-c++-common/Warray-bounds.c -std=gnu++98 (test for warnings, line 123)
FAIL: c-c++-common/Warray-bounds.c -std=gnu++98 (test for warnings, line 126)
FAIL: c-c++-common/Warray-bounds.c -std=gnu++98 (test for warnings, line 127)
FAIL: c-c++-common/Warray-bounds.c -std=gnu++98 (test for warnings, line 128)
FAIL: c-c++-common/Warray-bounds.c -std=gnu++98 (test for warnings, line 129)
FAIL: c-c++-common/Warray-bounds.c -std=gnu++98 (test for warnings, line 132)
FAIL: c-c++-common/Warray-bounds.c -std=gnu++98 (test for warnings, line 137)
FAIL: c-c++-common/Warray-bounds.c -std=gnu++98 (test for warnings, line 138)
FAIL: c-c++-common/Warray-bounds.c -std=gnu++98 (test for warnings, line 142)
FAIL: c-c++-common/Warray-bounds.c -std=gnu++98 (test for warnings, line 143)
FAIL: c-c++-common/Warray-bounds.c -std=gnu++98 (test for warnings, line 144)
FAIL: c-c++-common/Warray-bounds.c -std=gnu++98 (test for warnings, line 149)
FAIL: c-c++-common/Warray-bounds.c -std=gnu++98 (test for warnings, line 150)
FAIL: c-c++-common/Warray-bounds.c -std=gnu++98 (test for warnings, line 152)
FAIL: c-c++-common/Warray-bounds.c -std=gnu++98 (test for warnings, line 153)
FAIL: c-c++-common/Warray-bounds.c -std=gnu++98 (test for warnings, line 154)
FAIL: c-c++-common/Warray-bounds.c -std=gnu++98 (test for warnings, line 155)
FAIL: c-c++-common/Warray-bounds.c -std=gnu++98 (test for warnings, line 157)
FAIL: c-c++-common/Warray-bounds.c -std=gnu++98 (test for warnings, line 158)
FAIL: c-c++-common/Warray-bounds.c -std=gnu++98 (test for warnings, line 160)
FAIL: c-c++-common/Warray-bounds.c -std=gnu++98 (test for warnings, line 161)
FAIL: c-c++-common/Warray-bounds.c -std=gnu++98 (test for warnings, line 162)
FAIL: c-c++-common/Warray-bounds.c -std=gnu++98 (test for warnings, line 163)
FAIL: c-c++-common/Warray-bounds.c -std=gnu++98 (test for warnings, line 165)
FAIL: c-c++-common/Warray-bounds.c -std=gnu++98 (test for warnings, line 166)
FAIL: c-c++-common/Warray-bounds.c -std=gnu++98 (test for warnings, line 168)
FAIL: c-c++-common/Warray-bounds.c -std=gnu++98 (test for warnings, line 169)
FAIL: c-c++-common/Warray-bounds.c -std=gnu++98 (test for warnings, line 170)
FAIL: c-c++-common/Warray-bounds.c -std=gnu++98 (test for warnings, line 171)
FAIL: c-c++-common/Warray-bounds.c -std=gnu++98 (test for warnings, line 173)
FAIL: c-c++-common/Warray-bounds.c -std=gnu++98 (test for warnings, line 174)
FAIL: c-c++-common/Warray-bounds.c -std=gnu++98 (test for warnings, line 176)
FAIL: c-c++-common/Warray-bounds.c -std=gnu++98 (test for warnings, line 182)
FAIL: c-c++-common/Warray-bounds.c -std=gnu++98 (test for warnings, line 183)
FAIL: c-c++-common/Warray-bounds.c -std=gnu++98 (test for warnings, line 185)
FAIL: c-c++-common/Warray-bounds.c -std=gnu++98 (test for warnings, line 187)
FAIL: c-c++-common/Warray-bounds.c -std=gnu++98 (test for warnings, line 188)
FAIL: c-c++-common/Warray-bounds.c -std=gnu++98 (test for warnings, line 190)
FAIL: c-c++-common/Warray-bounds.c -std=gnu++98 (test for warnings, line 191)
FAIL: c-c++-common/Warray-bounds.c -std=gnu++98 (test for warnings, line 193)
FAIL: c-c++-common/Warray-bounds.c -std=gnu++98 (test for warnings, line 194)
FAIL: c-c++-common/Warray-bounds.c -std=gnu++98 (test for warnings, line 196)
FAIL: c-c++-common/Warray-bounds.c -std=gnu++98 (test for warnings, line 197)
FAIL: c-c++-common/Warray-bounds.c -std=gnu++98 (test for warnings, line 27)
FAIL: c-c++-common/Warray-bounds.c -std=gnu++98 (test for warnings, line 28)
FAIL: c-c++-common/Warray-bounds.c -std=gnu++98 (test for warnings, line 32)
FAIL: c-c++-common/Warray-bounds.c -std=gnu++98 (test for warnings, line 33)
FAIL: c-c++-common/Warray-bounds.c -std=gnu++98 (test for warnings, line 34)
FAIL: c-c++-common/Warray-bounds.c -std=gnu++98 (test for warnings, line 36)
FAIL: c-c++-common/Warray-bounds.c -std=gnu++98 (test for warnings, line 46)
FAIL: c-c++-common/Warray-bounds.c -std=gnu++98 (test for warnings, line 47)
FAIL: c-c++-common/Warray-bounds.c -std=gnu++98 (test for warnings, line 51)
FAIL: c-c++-common/Warray-bounds.c -std=gnu++98 (test for warnings, line 52)
FAIL: c-c++-common/Warray-bounds.c -std=gnu++98 (test for warnings, line 53)
FAIL: c-c++-common/Warray-bounds.c -std=gnu++98 (test for warnings, line 54)
FAIL: c-c++-common/Warray-bounds.c -std=gnu++98 (test for warnings, line 56)
FAIL: c-c++-common/Warray-bounds.c -std=gnu++98 (test for warnings, line 63)
FAIL: c-c++-common/Warray-bounds.c -std=gnu++98 (test for warnings, line 64)
FAIL: c-c++-common/Warray-bounds.c -std=gnu++98 (test for warnings, line 66)
FAIL: c-c++-common/Warray-bounds.c -std=gnu++98 (test for warnings, line 67)
FAIL: c-c++-common/Warray-bounds.c -std=gnu++98 (test for warnings, line 69)
FAIL: c-c++-common/Warray-bounds.c -std=gnu++98 (test for warnings, line 70)
FAIL: c-c++-common/Warray-bounds.c -std=gnu++98 (test for warnings, line 72)
FAIL: c-c++-common/Warray-bounds.c -std=gnu++98 (test for warnings, line 73)
FAIL: c-c++-common/Warray-bounds.c -std=gnu++98 (test for warnings, line 75)
FAIL: c-c++-common/Warray-bounds.c -std=gnu++98 (test for warnings, line 76)
FAIL: c-c++-common/Warray-bounds.c -std=gnu++98 (test for warnings, line 79)
FAIL: c-c++-common/Warray-bounds.c -std=gnu++98 (test for warnings, line 81)
FAIL: c-c++-common/Warray-bounds.c -std=gnu++98 (test for warnings, line 83)
FAIL: c-c++-common/Warray-bounds.c -std=gnu++98 (test for warnings, line 93)
FAIL: c-c++-common/Warray-bounds.c -std=gnu++98 (internal compiler error)
FAIL: c-c++-common/Warray-bounds.c -std=gnu++98 (test for excess errors)
FAIL: c-c++-common/Warray-bounds.c -std=gnu++98 string (test for warnings, line 202)
FAIL: c-c++-common/Warray-bounds.c -std=gnu++98 string (test for warnings, line 203)
FAIL: c-c++-common/Warray-bounds.c -std=gnu++98 string (test for warnings, line 204)
FAIL: c-c++-common/Warray-bounds.c -std=gnu++98 string (test for warnings, line 206)
FAIL: c-c++-common/Warray-bounds.c -std=gnu++98 string (test for warnings, line 207)
FAIL: c-c++-common/Warray-bounds.c -std=gnu++98 string (test for warnings, line 210)
FAIL: c-c++-common/Warray-bounds.c -std=gnu++98 string (test for warnings, line 211)
FAIL: c-c++-common/Warray-bounds.c -std=gnu++98 string (test for warnings, line 212)
FAIL: c-c++-common/Warray-bounds.c -std=gnu++98 strlen (test for warnings, line 219)
FAIL: c-c++-common/Warray-bounds.c -std=gnu++98 vla (test for warnings, line 228)
FAIL: c-c++-common/Warray-bounds.c -std=gnu++98 vla (test for warnings, line 229)
FAIL: c-c++-common/Warray-bounds.c -std=gnu++98 vla (test for warnings, line 235)
FAIL: g++.dg/expr/bitfield14.C -std=c++14 (test for excess errors)
FAIL: g++.dg/expr/bitfield14.C -std=c++17 (test for excess errors)
FAIL: g++.dg/pr80481.C -std=gnu++14 scan-assembler-not vmovaps
FAIL: g++.dg/pr80481.C -std=gnu++17 scan-assembler-not vmovaps
FAIL: g++.dg/pr80481.C -std=gnu++98 scan-assembler-not vmovaps
FAIL: g++.dg/guality/pr55665.C -O2 line 23 p == 40
FAIL: g++.dg/guality/pr55665.C -O2 -flto -fno-use-linker-plugin -flto-partition=none line 23 p == 40
FAIL: g++.dg/guality/pr55665.C -O3 -g line 23 p == 40
FAIL: g++.dg/vect/slp-pr56812.cc -std=c++14 (test for errors, line 17)
FAIL: g++.dg/vect/slp-pr56812.cc -std=c++14 (test for excess errors)
FAIL: g++.dg/vect/slp-pr56812.cc -std=c++17 (test for errors, line 17)
FAIL: g++.dg/vect/slp-pr56812.cc -std=c++17 (test for excess errors)
FAIL: g++.dg/vect/slp-pr56812.cc -std=c++98 (test for errors, line 17)
FAIL: g++.dg/vect/slp-pr56812.cc -std=c++98 (test for excess errors)
=== g++ Summary ===
# of expected passes 136812
# of unexpected failures 290
# of expected failures 576
# of unsupported tests 6045
/export/gnu/import/git/gcc-test-ia32corei7/bld/gcc/xg++ version 10.0.0 20190920 (experimental) [trunk revision 275992] (GCC)
=== objc tests ===
Running target unix
=== objc Summary ===
# of expected passes 2776
# of expected failures 6
# of unsupported tests 68
/export/gnu/import/git/gcc-test-ia32corei7/bld/gcc/xgcc version 10.0.0 20190920 (experimental) [trunk revision 275992] (GCC)
=== libatomic tests ===
Running target unix
=== libatomic Summary ===
# of expected passes 44
# of unsupported tests 5
=== libgomp tests ===
Running target unix
=== libgomp Summary ===
# of expected passes 6733
# of expected failures 4
# of unsupported tests 363
=== libitm tests ===
Running target unix
=== libitm Summary ===
# of expected passes 42
# of expected failures 3
# of unsupported tests 1
=== libstdc++ tests ===
Running target unix
FAIL: libstdc++-prettyprinters/80276.cc whatis p4
FAIL: libstdc++-prettyprinters/80276.cc whatis p4
=== libstdc++ Summary ===
# of expected passes 14005
# of unexpected failures 2
# of expected failures 92
# of unsupported tests 322
Compiler version: 10.0.0 20190920 (experimental) [trunk revision 275992] (GCC)
Platform: i686-pc-linux-gnu
configure flags: --with-arch=corei7 --with-cpu=intel --prefix=/usr/10.0.0 --enable-clocale=gnu --with-system-zlib --enable-shared --enable-cet --with-demangler-in-ld --enable-libmpx i686-linux --with-fpmath=sse
More information about the Gcc-testresults
mailing list