Results for 10.0.0 20190906 (experimental) [trunk revision 275450] (GCC) testsuite on sparcv9-sun-solaris2.11
Rainer Orth
ro@CeBiTec.Uni-Bielefeld.DE
Sat Sep 7 14:58:00 GMT 2019
LAST_UPDATED: Fri Sep 6 08:56:03 UTC 2019 (revision 275450)
=== acats tests ===
=== acats Summary ===
# of expected passes 2320
# of unexpected failures 0
Native configuration is sparcv9-sun-solaris2.11
=== g++ tests ===
Running target unix
FAIL: g++.dg/gcov/pr16855-priority.C -std=gnu++14 gcov: 1 failures in line counts, 0 in branch percentages, 0 in return percentages, 0 in intermediate format
FAIL: g++.dg/gcov/pr16855-priority.C -std=gnu++14 line 22: is #####:should be 1
FAIL: g++.dg/gcov/pr16855-priority.C -std=gnu++17 gcov: 1 failures in line counts, 0 in branch percentages, 0 in return percentages, 0 in intermediate format
FAIL: g++.dg/gcov/pr16855-priority.C -std=gnu++17 line 22: is #####:should be 1
FAIL: g++.dg/gcov/pr16855-priority.C -std=gnu++98 gcov: 1 failures in line counts, 0 in branch percentages, 0 in return percentages, 0 in intermediate format
FAIL: g++.dg/gcov/pr16855-priority.C -std=gnu++98 line 22: is #####:should be 1
FAIL: g++.dg/gcov/pr16855.C -std=gnu++14 gcov: 1 failures in line counts, 0 in branch percentages, 0 in return percentages, 0 in intermediate format
FAIL: g++.dg/gcov/pr16855.C -std=gnu++14 line 24: is #####:should be 1
FAIL: g++.dg/gcov/pr16855.C -std=gnu++17 gcov: 1 failures in line counts, 0 in branch percentages, 0 in return percentages, 0 in intermediate format
FAIL: g++.dg/gcov/pr16855.C -std=gnu++17 line 24: is #####:should be 1
FAIL: g++.dg/gcov/pr16855.C -std=gnu++98 gcov: 1 failures in line counts, 0 in branch percentages, 0 in return percentages, 0 in intermediate format
FAIL: g++.dg/gcov/pr16855.C -std=gnu++98 line 24: is #####:should be 1
FAIL: g++.dg/lto/pr89335 cp_lto_pr89335_0.o assemble, -O2 -flto -Wsuggest-final-methods
FAIL: g++.dg/ubsan/pr59415.C -O2 -flto (test for excess errors)
FAIL: g++.dg/ubsan/pr59415.C -O2 -flto -flto-partition=none (test for excess errors)
=== g++ Summary for unix ===
# of expected passes 132329
# of unexpected failures 15
# of expected failures 569
# of unsupported tests 6553
Running target unix/-m32
FAIL: g++.dg/asan/default-options-1.C -O0 execution test
FAIL: g++.dg/asan/default-options-1.C -O1 execution test
FAIL: g++.dg/asan/default-options-1.C -O2 execution test
FAIL: g++.dg/asan/default-options-1.C -O2 -flto execution test
FAIL: g++.dg/asan/default-options-1.C -O2 -flto -flto-partition=none execution test
FAIL: g++.dg/asan/default-options-1.C -O3 -g execution test
FAIL: g++.dg/asan/default-options-1.C -Os execution test
FAIL: g++.dg/gcov/pr16855-priority.C -std=gnu++14 gcov: 1 failures in line counts, 0 in branch percentages, 0 in return percentages, 0 in intermediate format
FAIL: g++.dg/gcov/pr16855-priority.C -std=gnu++14 line 22: is #####:should be 1
FAIL: g++.dg/gcov/pr16855-priority.C -std=gnu++17 gcov: 1 failures in line counts, 0 in branch percentages, 0 in return percentages, 0 in intermediate format
FAIL: g++.dg/gcov/pr16855-priority.C -std=gnu++17 line 22: is #####:should be 1
FAIL: g++.dg/gcov/pr16855-priority.C -std=gnu++98 gcov: 1 failures in line counts, 0 in branch percentages, 0 in return percentages, 0 in intermediate format
FAIL: g++.dg/gcov/pr16855-priority.C -std=gnu++98 line 22: is #####:should be 1
FAIL: g++.dg/gcov/pr16855.C -std=gnu++14 gcov: 1 failures in line counts, 0 in branch percentages, 0 in return percentages, 0 in intermediate format
FAIL: g++.dg/gcov/pr16855.C -std=gnu++14 line 24: is #####:should be 1
FAIL: g++.dg/gcov/pr16855.C -std=gnu++17 gcov: 1 failures in line counts, 0 in branch percentages, 0 in return percentages, 0 in intermediate format
FAIL: g++.dg/gcov/pr16855.C -std=gnu++17 line 24: is #####:should be 1
FAIL: g++.dg/gcov/pr16855.C -std=gnu++98 gcov: 1 failures in line counts, 0 in branch percentages, 0 in return percentages, 0 in intermediate format
FAIL: g++.dg/gcov/pr16855.C -std=gnu++98 line 24: is #####:should be 1
FAIL: g++.dg/lto/pr89335 cp_lto_pr89335_0.o assemble, -O2 -flto -Wsuggest-final-methods
FAIL: g++.dg/ubsan/pr59415.C -O2 -flto (test for excess errors)
FAIL: g++.dg/ubsan/pr59415.C -O2 -flto -flto-partition=none (test for excess errors)
=== g++ Summary for unix/-m32 ===
# of expected passes 132182
# of unexpected failures 22
# of expected failures 566
# of unsupported tests 6836
=== g++ Summary ===
# of expected passes 264511
# of unexpected failures 37
# of expected failures 1135
# of unsupported tests 13389
/var/gcc/regression/trunk/11-gcc-64/build/gcc/xg++ version 10.0.0 20190906 (experimental) [trunk revision 275450] (GCC)
=== gcc tests ===
Running target unix
XPASS: gcc.dg/graphite/scop-21.c scan-tree-dump-times graphite "number of SCoPs: 1" 1
FAIL: gcc.dg/ipa/ipa-icf-38.c scan-ltrans-tree-dump-not optimized "Function bar"
FAIL: gcc.dg/torture/pr91656-1.c -O0 execution test
FAIL: gcc.dg/torture/pr91656-1.c -O1 execution test
FAIL: gcc.dg/torture/pr91656-1.c -O2 execution test
FAIL: gcc.dg/torture/pr91656-1.c -O2 -flto execution test
FAIL: gcc.dg/torture/pr91656-1.c -O2 -flto -flto-partition=none execution test
FAIL: gcc.dg/torture/pr91656-1.c -O3 -g execution test
FAIL: gcc.dg/torture/pr91656-1.c -Os execution test
FAIL: gcc.dg/torture/pr91656-2.c -O0 execution test
FAIL: gcc.dg/torture/pr91656-2.c -O1 execution test
FAIL: gcc.dg/torture/pr91656-2.c -O2 execution test
FAIL: gcc.dg/torture/pr91656-2.c -O2 -flto execution test
FAIL: gcc.dg/torture/pr91656-2.c -O2 -flto -flto-partition=none execution test
FAIL: gcc.dg/torture/pr91656-2.c -O3 -g execution test
FAIL: gcc.dg/torture/pr91656-2.c -Os execution test
XPASS: gcc.dg/vect/bb-slp-div-1.c -flto -ffat-lto-objects scan-tree-dump slp2 "basic block vectorized"
XPASS: gcc.dg/vect/bb-slp-div-1.c scan-tree-dump slp2 "basic block vectorized"
WARNING: gcc.target/sparc/ultrasp12.c (test for excess errors) program timed out.
FAIL: gcc.target/sparc/ultrasp12.c (test for excess errors)
=== gcc Summary for unix ===
# of expected passes 116079
# of unexpected failures 16
# of unexpected successes 3
# of expected failures 604
# of unsupported tests 2893
Running target unix/-m32
FAIL: gcc.dg/pr84877.c execution test
XPASS: gcc.dg/graphite/scop-21.c scan-tree-dump-times graphite "number of SCoPs: 1" 1
FAIL: gcc.dg/ipa/ipa-icf-38.c scan-ltrans-tree-dump-not optimized "Function bar"
FAIL: gcc.dg/simulate-thread/atomic-other-int.c -O2 -g thread simulation test
FAIL: gcc.dg/simulate-thread/atomic-other-int.c -O3 -g thread simulation test
FAIL: gcc.dg/simulate-thread/speculative-store-4.c -O0 -g thread simulation test
FAIL: gcc.dg/simulate-thread/speculative-store-4.c -O2 -g thread simulation test
FAIL: gcc.dg/simulate-thread/speculative-store-4.c -O3 -g thread simulation test
FAIL: gcc.dg/simulate-thread/speculative-store.c -O0 -g thread simulation test
FAIL: gcc.dg/torture/pr91656-1.c -O0 execution test
FAIL: gcc.dg/torture/pr91656-1.c -O1 execution test
FAIL: gcc.dg/torture/pr91656-1.c -O2 execution test
FAIL: gcc.dg/torture/pr91656-1.c -O2 -flto execution test
FAIL: gcc.dg/torture/pr91656-1.c -O2 -flto -flto-partition=none execution test
FAIL: gcc.dg/torture/pr91656-1.c -O3 -g execution test
FAIL: gcc.dg/torture/pr91656-1.c -Os execution test
XPASS: gcc.dg/vect/bb-slp-div-1.c -flto -ffat-lto-objects scan-tree-dump slp2 "basic block vectorized"
XPASS: gcc.dg/vect/bb-slp-div-1.c scan-tree-dump slp2 "basic block vectorized"
=== gcc Summary for unix/-m32 ===
# of expected passes 116526
# of unexpected failures 15
# of unexpected successes 3
# of expected failures 611
# of unsupported tests 3497
=== gcc Summary ===
# of expected passes 232605
# of unexpected failures 31
# of unexpected successes 6
# of expected failures 1215
# of unsupported tests 6390
/var/gcc/regression/trunk/11-gcc-64/build/gcc/xgcc version 10.0.0 20190906 (experimental) [trunk revision 275450] (GCC)
=== gdc tests ===
Running target unix
=== gdc Summary for unix ===
# of expected passes 22867
# of unsupported tests 40
Running target unix/-m32
=== gdc Summary for unix/-m32 ===
# of expected passes 22867
# of unsupported tests 40
=== gdc Summary ===
# of expected passes 45734
# of unsupported tests 80
/var/gcc/regression/trunk/11-gcc-64/build/gcc/gdc version 10.0.0 20190906 (experimental) [trunk revision 275450] (GCC)
=== gfortran tests ===
Running target unix
=== gfortran Summary for unix ===
# of expected passes 50420
# of expected failures 188
# of unsupported tests 149
Running target unix/-m32
=== gfortran Summary for unix/-m32 ===
# of expected passes 50161
# of expected failures 188
# of unsupported tests 276
=== gfortran Summary ===
# of expected passes 100581
# of expected failures 376
# of unsupported tests 425
/var/gcc/regression/trunk/11-gcc-64/build/gcc/gfortran version 10.0.0 20190906 (experimental) [trunk revision 275450] (GCC)
=== gnat tests ===
Running target unix
=== gnat Summary for unix ===
# of expected passes 3175
# of expected failures 23
# of unsupported tests 32
Running target unix/-m32
=== gnat Summary for unix/-m32 ===
# of expected passes 3175
# of expected failures 23
# of unsupported tests 32
=== gnat Summary ===
# of expected passes 6350
# of expected failures 46
# of unsupported tests 64
/var/gcc/regression/trunk/11-gcc-64/build/gcc/gnatmake version 10.0.0 20190906 (experimental) [trunk revision 275450]
=== go tests ===
Running target unix
FAIL: ./index0-out.go execution, -O0 -g -fno-var-tracking-assignments
FAIL: go.test/test/fixedbugs/issue4348.go -O (test for excess errors)
=== go Summary for unix ===
# of expected passes 7348
# of unexpected failures 2
# of expected failures 1
# of untested testcases 11
# of unsupported tests 3
Running target unix/-m32
FAIL: ./index0-out.go execution, -O0 -g -fno-var-tracking-assignments
FAIL: go.test/test/fixedbugs/issue4085b.go execution, -O2 -g
=== go Summary for unix/-m32 ===
# of expected passes 7468
# of unexpected failures 2
# of expected failures 1
# of untested testcases 11
# of unsupported tests 3
=== go Summary ===
# of expected passes 14816
# of unexpected failures 4
# of expected failures 2
# of untested testcases 22
# of unsupported tests 6
=== obj-c++ tests ===
Running target unix/-m32
=== obj-c++ Summary for unix/-m32 ===
# of expected passes 1450
# of expected failures 2
# of unsupported tests 77
Running target unix
=== obj-c++ Summary for unix ===
# of expected passes 1442
# of expected failures 10
# of unsupported tests 77
=== obj-c++ Summary ===
# of expected passes 2892
# of expected failures 12
# of unsupported tests 154
/var/gcc/regression/trunk/11-gcc-64/build/gcc/xg++ version 10.0.0 20190906 (experimental) [trunk revision 275450] (GCC)
=== objc tests ===
Running target unix
=== objc Summary for unix ===
# of expected passes 2782
# of unsupported tests 68
Running target unix/-m32
=== objc Summary for unix/-m32 ===
# of expected passes 2782
# of unsupported tests 68
=== objc Summary ===
# of expected passes 5564
# of unsupported tests 136
/var/gcc/regression/trunk/11-gcc-64/build/gcc/xgcc version 10.0.0 20190906 (experimental) [trunk revision 275450] (GCC)
=== gotools tests ===
FAIL: TestScript
FAIL: go test cmd/go
FAIL: TestAbort
FAIL: TestArenaCollision
FAIL: TestGccgoCrashTracebackNodebug
FAIL: go test runtime
=== gotools Summary ===
# of expected passes 409
# of unexpected failures 6
# of untested testcases 191
/var/gcc/regression/trunk/11-gcc-64/build/./gcc/gccgo version 10.0.0 20190906 (experimental) [trunk revision 275450] (GCC)
=== libatomic tests ===
Running target unix/-m32
=== libatomic Summary for unix/-m32 ===
# of expected passes 44
# of unsupported tests 5
Running target unix
=== libatomic Summary for unix ===
# of expected passes 54
=== libatomic Summary ===
# of expected passes 98
# of unsupported tests 5
=== libffi tests ===
Running target unix/-m32
=== libffi Summary for unix/-m32 ===
# of expected passes 2214
Running target unix
=== libffi Summary for unix ===
# of expected passes 2214
=== libffi Summary ===
# of expected passes 4428
=== libgo tests ===
Running target unix
FAIL: go/build
FAIL: runtime
FAIL: runtime/pprof
FAIL: sync/atomic
=== libgo Summary for unix ===
# of expected passes 181
# of unexpected failures 4
Running target unix/-m32
FAIL: go/build
FAIL: internal/x/crypto/cryptobyte
FAIL: runtime
FAIL: runtime/pprof
FAIL: sync
FAIL: sync/atomic
=== libgo Summary for unix/-m32 ===
# of expected passes 179
# of unexpected failures 6
=== libgo Summary ===
# of expected passes 360
# of unexpected failures 10
/var/gcc/regression/trunk/11-gcc-64/build/./gcc/gccgo version 10.0.0 20190906 (experimental) [trunk revision 275450] (GCC)
=== libgomp tests ===
Running target unix
=== libgomp Summary for unix ===
# of expected passes 6589
# of expected failures 4
# of unsupported tests 426
Running target unix/-m32
=== libgomp Summary for unix/-m32 ===
# of expected passes 6589
# of expected failures 4
# of unsupported tests 426
=== libgomp Summary ===
# of expected passes 13178
# of expected failures 8
# of unsupported tests 852
=== libitm tests ===
Running target unix/-m32
=== libitm Summary for unix/-m32 ===
# of expected passes 42
# of expected failures 3
# of unsupported tests 1
Running target unix
=== libitm Summary for unix ===
# of expected passes 42
# of expected failures 3
# of unsupported tests 1
=== libitm Summary ===
# of expected passes 84
# of expected failures 6
# of unsupported tests 2
=== libstdc++ tests ===
Running target unix
=== libstdc++ Summary for unix ===
# of expected passes 12303
# of expected failures 92
# of unsupported tests 717
Running target unix/-m32
FAIL: 23_containers/span/get_neg.cc (test for excess errors)
=== libstdc++ Summary for unix/-m32 ===
# of expected passes 12302
# of unexpected failures 1
# of expected failures 92
# of unsupported tests 717
=== libstdc++ Summary ===
# of expected passes 24605
# of unexpected failures 1
# of expected failures 184
# of unsupported tests 1434
Compiler version: 10.0.0 20190906 (experimental) [trunk revision 275450] (GCC)
Platform: sparcv9-sun-solaris2.11
configure flags: --prefix=/vol/gcc --target=sparcv9-sun-solaris2.11 --enable-objc-gc --with-target-bdw-gc-include=/vol/gcc/include --with-target-bdw-gc-lib=/vol/gcc/lib/sparcv9,sparcv8plus=/vol/gcc/lib --with-as=/usr/ccs/bin/as --without-gnu-as --with-gmp-include=/vol/gcc/include --with-gmp-lib=/vol/gcc/lib/sparcv9 --with-mpfr-include=/vol/gcc/include --with-mpfr-lib=/vol/gcc/lib/sparcv9 --with-mpc-include=/vol/gcc/include --with-mpc-lib=/vol/gcc/lib/sparcv9 --enable-languages=all,ada,obj-c++,go --with-isl-include=/vol/gcc/include --with-isl-lib=/vol/gcc/lib/sparcv9 --with-zstd-include=/vol/gcc/include --with-zstd-lib=/vol/gcc/lib/sparcv9 --build=sparcv9-sun-solaris2.11 --host=sparcv9-sun-solaris2.11
BOOT_CFLAGS=-g -O2
More information about the Gcc-testresults
mailing list