Results for 9.2.1 20190906 [gcc-9-branch revision 275448] (GCC) testsuite on i386-pc-solaris2.10
Rainer Orth
ro@CeBiTec.Uni-Bielefeld.DE
Fri Sep 6 19:54:00 GMT 2019
LAST_UPDATED: Fri Sep 6 09:00:40 UTC 2019 (revision 275448)
=== acats tests ===
=== acats Summary ===
# of expected passes 2320
# of unexpected failures 0
Native configuration is i386-pc-solaris2.10
=== g++ tests ===
Running target unix
FAIL: g++.dg/lto/pr89335 cp_lto_pr89335_0.o assemble, -O2 -flto -Wsuggest-final-methods
=== g++ Summary for unix ===
# of expected passes 123901
# of unexpected failures 1
# of expected failures 529
# of unsupported tests 5734
Running target unix/-m64
FAIL: g++.dg/pr80481.C -std=gnu++14 scan-assembler-not vmovaps
FAIL: g++.dg/pr80481.C -std=gnu++17 scan-assembler-not vmovaps
FAIL: g++.dg/pr80481.C -std=gnu++98 scan-assembler-not vmovaps
FAIL: g++.dg/lto/pr89335 cp_lto_pr89335_0.o assemble, -O2 -flto -Wsuggest-final-methods
=== g++ Summary for unix/-m64 ===
# of expected passes 125398
# of unexpected failures 4
# of expected failures 532
# of unsupported tests 5930
=== g++ Summary ===
# of expected passes 249299
# of unexpected failures 5
# of expected failures 1061
# of unsupported tests 11664
/var/gcc/regression/gcc-9-branch/10-gcc-gas/build/gcc/xg++ version 9.2.1 20190906 [gcc-9-branch revision 275448] (GCC)
=== gcc tests ===
Running target unix
WARNING: gcc.c-torture/execute/doloop-2.c -O0 (test for excess errors) program timed out.
FAIL: gcc.c-torture/execute/doloop-2.c -O0 (test for excess errors)
UNRESOLVED: gcc.c-torture/execute/doloop-2.c -O0 compilation failed to produce executable
WARNING: gcc.c-torture/execute/floatunsisf-1.c -O2 -flto (test for excess errors) program timed out.
FAIL: gcc.c-torture/execute/floatunsisf-1.c -O2 -flto (test for excess errors)
UNRESOLVED: gcc.c-torture/execute/floatunsisf-1.c -O2 -flto compilation failed to produce executable
WARNING: gcc.c-torture/execute/inst-check.c -O2 (test for excess errors) program timed out.
FAIL: gcc.c-torture/execute/inst-check.c -O2 (test for excess errors)
UNRESOLVED: gcc.c-torture/execute/inst-check.c -O2 compilation failed to produce executable
WARNING: gcc.c-torture/execute/loop-13.c -O0 (test for excess errors) program timed out.
FAIL: gcc.c-torture/execute/loop-13.c -O0 (test for excess errors)
UNRESOLVED: gcc.c-torture/execute/loop-13.c -O0 compilation failed to produce executable
FAIL: gcc.dg/visibility-22.c execution test
FAIL: gcc.dg/ipa/ipa-icf-38.c scan-ltrans-tree-dump-not optimized "Function bar"
FAIL: gcc.target/i386/indirect-thunk-1.c scan-assembler jmp[ \\t]*_?__x86_indirect_thunk_(r|e)ax
FAIL: gcc.target/i386/indirect-thunk-2.c scan-assembler jmp[ \\t]*_?__x86_indirect_thunk_(r|e)ax
FAIL: gcc.target/i386/indirect-thunk-3.c scan-assembler call[ \\t]*_?__x86_indirect_thunk_(r|e)ax
FAIL: gcc.target/i386/indirect-thunk-4.c scan-assembler call[ \\t]*_?__x86_indirect_thunk_(r|e)ax
FAIL: gcc.target/i386/indirect-thunk-7.c scan-assembler jmp[ \\t]*_?__x86_indirect_thunk_(r|e)ax
FAIL: gcc.target/i386/indirect-thunk-attr-1.c scan-assembler jmp[ \\t]*_?__x86_indirect_thunk_(r|e)ax
FAIL: gcc.target/i386/indirect-thunk-attr-2.c scan-assembler jmp[ \\t]*_?__x86_indirect_thunk_(r|e)ax
FAIL: gcc.target/i386/indirect-thunk-attr-5.c scan-assembler call[ \\t]*_?__x86_indirect_thunk_(r|e)ax
FAIL: gcc.target/i386/indirect-thunk-attr-6.c scan-assembler call[ \\t]*_?__x86_indirect_thunk_(r|e)ax
FAIL: gcc.target/i386/indirect-thunk-attr-7.c scan-assembler jmp[ \\t]*_?__x86_indirect_thunk(_nt|)_(r|e)ax
FAIL: gcc.target/i386/indirect-thunk-extern-1.c scan-assembler jmp[ \\t]*_?__x86_indirect_thunk_(r|e)ax
FAIL: gcc.target/i386/indirect-thunk-extern-2.c scan-assembler jmp[ \\t]*_?__x86_indirect_thunk_(r|e)ax
FAIL: gcc.target/i386/indirect-thunk-extern-3.c scan-assembler call[ \\t]*_?__x86_indirect_thunk_(r|e)ax
FAIL: gcc.target/i386/indirect-thunk-extern-4.c scan-assembler call[ \\t]*_?__x86_indirect_thunk_(r|e)ax
FAIL: gcc.target/i386/indirect-thunk-extern-7.c scan-assembler jmp[ \\t]*_?__x86_indirect_thunk(_nt|)_(r|e)ax
FAIL: gcc.target/i386/indirect-thunk-register-1.c scan-assembler jmp[ \\t]*_?__x86_indirect_thunk_(r|e)ax
FAIL: gcc.target/i386/indirect-thunk-register-3.c scan-assembler jmp[ \\t]*_?__x86_indirect_thunk_(r|e)ax
FAIL: gcc.target/i386/pr57193.c scan-assembler-times movdqa 2
FAIL: gcc.target/i386/pr90178.c scan-assembler-times xorl[\\\\t ]*\\\\%eax,[\\\\t ]*%eax 1
FAIL: gcc.target/i386/ret-thunk-1.c scan-assembler jmp[ \\t]*_?__x86_return_thunk
FAIL: gcc.target/i386/ret-thunk-10.c scan-assembler _?__x86_indirect_thunk_(r|e)ax:
FAIL: gcc.target/i386/ret-thunk-10.c scan-assembler call[ \\t]*_?__x86_indirect_thunk_(r|e)ax
FAIL: gcc.target/i386/ret-thunk-11.c scan-assembler _?__x86_indirect_thunk_(r|e)ax:
FAIL: gcc.target/i386/ret-thunk-11.c scan-assembler call[ \\t]*_?__x86_indirect_thunk_(r|e)ax
FAIL: gcc.target/i386/ret-thunk-11.c scan-assembler jmp[ \\t]*_?__x86_return_thunk
FAIL: gcc.target/i386/ret-thunk-12.c scan-assembler _?__x86_indirect_thunk_(r|e)ax:
FAIL: gcc.target/i386/ret-thunk-12.c scan-assembler call[ \\t]*_?__x86_indirect_thunk_(r|e)ax
FAIL: gcc.target/i386/ret-thunk-13.c scan-assembler jmp[ \\t]*_?__x86_return_thunk
FAIL: gcc.target/i386/ret-thunk-14.c scan-assembler call[ \\t]*_?__x86_indirect_thunk_(r|e)ax
FAIL: gcc.target/i386/ret-thunk-15.c scan-assembler call[ \\t]*_?__x86_indirect_thunk_(r|e)ax
FAIL: gcc.target/i386/ret-thunk-15.c scan-assembler jmp[ \\t]*_?__x86_return_thunk
FAIL: gcc.target/i386/ret-thunk-22.c scan-assembler jmp[ \\t]*_?__x86_return_thunk_ecx
FAIL: gcc.target/i386/ret-thunk-23.c scan-assembler jmp[ \\t]*_?__x86_return_thunk_ecx
FAIL: gcc.target/i386/ret-thunk-26.c (test for excess errors)
UNRESOLVED: gcc.target/i386/ret-thunk-26.c compilation failed to produce executable
FAIL: gcc.target/i386/ret-thunk-3.c scan-assembler jmp[ \\t]*_?__x86_return_thunk
FAIL: gcc.target/i386/ret-thunk-5.c scan-assembler jmp[ \\t]*_?__x86_return_thunk
FAIL: gcc.target/i386/ret-thunk-7.c scan-assembler jmp[ \\t]*_?__x86_return_thunk
FAIL: gcc.target/i386/ret-thunk-9.c scan-assembler _?__x86_return_thunk:
FAIL: gcc.target/i386/ret-thunk-9.c scan-assembler call[ \\t]*_?__x86_indirect_thunk_(r|e)ax
FAIL: gcc.target/i386/ret-thunk-9.c scan-assembler jmp[ \\t]*_?__x86_return_thunk
=== gcc Summary for unix ===
# of expected passes 130016
# of unexpected failures 46
# of expected failures 543
# of unresolved testcases 5
# of unsupported tests 2393
Running target unix/-m64
FAIL: gcc.dg/visibility-22.c execution test
FAIL: gcc.dg/ipa/ipa-icf-38.c scan-ltrans-tree-dump-not optimized "Function bar"
FAIL: gcc.target/i386/indirect-thunk-1.c scan-assembler jmp[ \\t]*_?__x86_indirect_thunk_(r|e)ax
FAIL: gcc.target/i386/indirect-thunk-2.c scan-assembler jmp[ \\t]*_?__x86_indirect_thunk_(r|e)ax
FAIL: gcc.target/i386/indirect-thunk-3.c scan-assembler call[ \\t]*_?__x86_indirect_thunk_(r|e)ax
FAIL: gcc.target/i386/indirect-thunk-4.c scan-assembler call[ \\t]*_?__x86_indirect_thunk_(r|e)ax
FAIL: gcc.target/i386/indirect-thunk-7.c scan-assembler jmp[ \\t]*_?__x86_indirect_thunk_(r|e)ax
FAIL: gcc.target/i386/indirect-thunk-attr-1.c scan-assembler jmp[ \\t]*_?__x86_indirect_thunk_(r|e)ax
FAIL: gcc.target/i386/indirect-thunk-attr-2.c scan-assembler jmp[ \\t]*_?__x86_indirect_thunk_(r|e)ax
FAIL: gcc.target/i386/indirect-thunk-attr-5.c scan-assembler call[ \\t]*_?__x86_indirect_thunk_(r|e)ax
FAIL: gcc.target/i386/indirect-thunk-attr-6.c scan-assembler call[ \\t]*_?__x86_indirect_thunk_(r|e)ax
FAIL: gcc.target/i386/indirect-thunk-attr-7.c scan-assembler jmp[ \\t]*_?__x86_indirect_thunk(_nt|)_(r|e)ax
FAIL: gcc.target/i386/indirect-thunk-extern-1.c scan-assembler jmp[ \\t]*_?__x86_indirect_thunk_(r|e)ax
FAIL: gcc.target/i386/indirect-thunk-extern-2.c scan-assembler jmp[ \\t]*_?__x86_indirect_thunk_(r|e)ax
FAIL: gcc.target/i386/indirect-thunk-extern-3.c scan-assembler call[ \\t]*_?__x86_indirect_thunk_(r|e)ax
FAIL: gcc.target/i386/indirect-thunk-extern-4.c scan-assembler call[ \\t]*_?__x86_indirect_thunk_(r|e)ax
FAIL: gcc.target/i386/indirect-thunk-extern-7.c scan-assembler jmp[ \\t]*_?__x86_indirect_thunk(_nt|)_(r|e)ax
FAIL: gcc.target/i386/indirect-thunk-register-1.c scan-assembler jmp[ \\t]*_?__x86_indirect_thunk_(r|e)ax
FAIL: gcc.target/i386/indirect-thunk-register-3.c scan-assembler jmp[ \\t]*_?__x86_indirect_thunk_(r|e)ax
FAIL: gcc.target/i386/pr57193.c scan-assembler-times movdqa 2
FAIL: gcc.target/i386/pr90178.c scan-assembler-times xorl[\\\\t ]*\\\\%eax,[\\\\t ]*%eax 1
FAIL: gcc.target/i386/ret-thunk-1.c scan-assembler jmp[ \\t]*_?__x86_return_thunk
FAIL: gcc.target/i386/ret-thunk-10.c scan-assembler _?__x86_indirect_thunk_(r|e)ax:
FAIL: gcc.target/i386/ret-thunk-10.c scan-assembler call[ \\t]*_?__x86_indirect_thunk_(r|e)ax
FAIL: gcc.target/i386/ret-thunk-11.c scan-assembler _?__x86_indirect_thunk_(r|e)ax:
FAIL: gcc.target/i386/ret-thunk-11.c scan-assembler call[ \\t]*_?__x86_indirect_thunk_(r|e)ax
FAIL: gcc.target/i386/ret-thunk-11.c scan-assembler jmp[ \\t]*_?__x86_return_thunk
FAIL: gcc.target/i386/ret-thunk-12.c scan-assembler _?__x86_indirect_thunk_(r|e)ax:
FAIL: gcc.target/i386/ret-thunk-12.c scan-assembler call[ \\t]*_?__x86_indirect_thunk_(r|e)ax
FAIL: gcc.target/i386/ret-thunk-13.c scan-assembler jmp[ \\t]*_?__x86_return_thunk
FAIL: gcc.target/i386/ret-thunk-14.c scan-assembler call[ \\t]*_?__x86_indirect_thunk_(r|e)ax
FAIL: gcc.target/i386/ret-thunk-15.c scan-assembler call[ \\t]*_?__x86_indirect_thunk_(r|e)ax
FAIL: gcc.target/i386/ret-thunk-15.c scan-assembler jmp[ \\t]*_?__x86_return_thunk
FAIL: gcc.target/i386/ret-thunk-3.c scan-assembler jmp[ \\t]*_?__x86_return_thunk
FAIL: gcc.target/i386/ret-thunk-5.c scan-assembler jmp[ \\t]*_?__x86_return_thunk
FAIL: gcc.target/i386/ret-thunk-7.c scan-assembler jmp[ \\t]*_?__x86_return_thunk
FAIL: gcc.target/i386/ret-thunk-9.c scan-assembler _?__x86_return_thunk:
FAIL: gcc.target/i386/ret-thunk-9.c scan-assembler call[ \\t]*_?__x86_indirect_thunk_(r|e)ax
FAIL: gcc.target/i386/ret-thunk-9.c scan-assembler jmp[ \\t]*_?__x86_return_thunk
=== gcc Summary for unix/-m64 ===
# of expected passes 131954
# of unexpected failures 39
# of expected failures 535
# of unsupported tests 2215
=== gcc Summary ===
# of expected passes 261970
# of unexpected failures 85
# of expected failures 1078
# of unresolved testcases 5
# of unsupported tests 4608
/var/gcc/regression/gcc-9-branch/10-gcc-gas/build/gcc/xgcc version 9.2.1 20190906 [gcc-9-branch revision 275448] (GCC)
=== gdc tests ===
Running target unix
FAIL: gdc.test/compilable/line.d output-exists line.o
FAIL: gdc.test/compilable/line.d -O2 output-exists line.o
FAIL: gdc.test/compilable/line.d -O2 -frelease output-exists line.o
FAIL: gdc.test/compilable/line.d -O2 -frelease -g output-exists line.o
FAIL: gdc.test/compilable/line.d -O2 -g output-exists line.o
FAIL: gdc.test/compilable/line.d -frelease output-exists line.o
FAIL: gdc.test/compilable/line.d -frelease -g output-exists line.o
FAIL: gdc.test/compilable/line.d -g output-exists line.o
=== gdc Summary for unix ===
# of expected passes 22437
# of unexpected failures 8
# of unsupported tests 40
Running target unix/-m64
FAIL: gdc.test/compilable/line.d output-exists line.o
FAIL: gdc.test/compilable/line.d -O2 output-exists line.o
FAIL: gdc.test/compilable/line.d -O2 -frelease output-exists line.o
FAIL: gdc.test/compilable/line.d -O2 -frelease -g output-exists line.o
FAIL: gdc.test/compilable/line.d -O2 -g output-exists line.o
FAIL: gdc.test/compilable/line.d -frelease output-exists line.o
FAIL: gdc.test/compilable/line.d -frelease -g output-exists line.o
FAIL: gdc.test/compilable/line.d -g output-exists line.o
=== gdc Summary for unix/-m64 ===
# of expected passes 22437
# of unexpected failures 8
# of unsupported tests 40
=== gdc Summary ===
# of expected passes 44874
# of unexpected failures 16
# of unsupported tests 80
/var/gcc/regression/gcc-9-branch/10-gcc-gas/build/gcc/gdc version 9.2.1 20190906 [gcc-9-branch revision 275448] (GCC)
=== gfortran tests ===
Running target unix
=== gfortran Summary for unix ===
# of expected passes 50181
# of expected failures 188
# of unsupported tests 205
Running target unix/-m64
=== gfortran Summary for unix/-m64 ===
# of expected passes 50410
# of expected failures 188
# of unsupported tests 96
=== gfortran Summary ===
# of expected passes 100591
# of expected failures 376
# of unsupported tests 301
/var/gcc/regression/gcc-9-branch/10-gcc-gas/build/gcc/gfortran version 9.2.1 20190906 [gcc-9-branch revision 275448] (GCC)
=== gnat tests ===
Running target unix
=== gnat Summary for unix ===
# of expected passes 2980
# of expected failures 23
# of unsupported tests 10
Running target unix/-m64
=== gnat Summary for unix/-m64 ===
# of expected passes 2980
# of expected failures 23
# of unsupported tests 10
=== gnat Summary ===
# of expected passes 5960
# of expected failures 46
# of unsupported tests 20
/var/gcc/regression/gcc-9-branch/10-gcc-gas/build/gcc/gnatmake version 9.2.1 20190906 [gcc-9-branch revision 275448]
=== go tests ===
Running target unix
FAIL: ./index0-out.go execution, -O0 -g -fno-var-tracking-assignments
FAIL: go.test/test/recover.go execution, -O2 -g
=== go Summary for unix ===
# of expected passes 7459
# of unexpected failures 2
# of expected failures 1
# of untested testcases 10
# of unsupported tests 2
Running target unix/-m64
FAIL: ./index0-out.go execution, -O0 -g -fno-var-tracking-assignments
FAIL: go.test/test/recover.go execution, -O2 -g
=== go Summary for unix/-m64 ===
# of expected passes 7340
# of unexpected failures 2
# of expected failures 1
# of untested testcases 10
# of unsupported tests 1
=== go Summary ===
# of expected passes 14799
# of unexpected failures 4
# of expected failures 2
# of untested testcases 20
# of unsupported tests 3
=== obj-c++ tests ===
Running target unix
=== obj-c++ Summary for unix ===
# of expected passes 1466
# of expected failures 2
# of unsupported tests 77
Running target unix/-m64
=== obj-c++ Summary for unix/-m64 ===
# of expected passes 1458
# of expected failures 10
# of unsupported tests 77
=== obj-c++ Summary ===
# of expected passes 2924
# of expected failures 12
# of unsupported tests 154
/var/gcc/regression/gcc-9-branch/10-gcc-gas/build/gcc/xg++ version 9.2.1 20190906 [gcc-9-branch revision 275448] (GCC)
=== objc tests ===
Running target unix
=== objc Summary for unix ===
# of expected passes 2798
# of expected failures 6
# of unsupported tests 68
Running target unix/-m64
=== objc Summary for unix/-m64 ===
# of expected passes 2798
# of expected failures 6
# of unsupported tests 68
=== objc Summary ===
# of expected passes 5596
# of expected failures 12
# of unsupported tests 136
/var/gcc/regression/gcc-9-branch/10-gcc-gas/build/gcc/xgcc version 9.2.1 20190906 [gcc-9-branch revision 275448] (GCC)
=== gotools tests ===
FAIL: TestScript
FAIL: TestTestRegexps
FAIL: go test cmd/go
FAIL: go test runtime
FAIL: go test misc/cgo/test
FAIL: TestCompileWithoutShared
FAIL: TestEarlySignalHandler
FAIL: TestInstall
FAIL: TestOsSignal
FAIL: TestPIE
FAIL: TestSIGPROF
FAIL: TestSigaltstack
FAIL: TestSignalForwarding
FAIL: TestSignalForwardingExternal
FAIL: go test misc/cgo/testcarchive
FAIL: TestVet
FAIL: go test cmd/vet
=== gotools Summary ===
# of expected passes 140
# of unexpected failures 17
# of untested testcases 129
=== libatomic tests ===
Running target unix
=== libatomic Summary for unix ===
# of expected passes 44
# of unsupported tests 5
Running target unix/-m64
=== libatomic Summary for unix/-m64 ===
# of expected passes 54
=== libatomic Summary ===
# of expected passes 98
# of unsupported tests 5
=== libffi tests ===
Running target unix
=== libffi Summary for unix ===
# of expected passes 2799
Running target unix/-m64
=== libffi Summary for unix/-m64 ===
# of expected passes 2214
=== libffi Summary ===
# of expected passes 5013
=== libgo tests ===
Running target unix
FAIL: go/build
FAIL: runtime
FAIL: runtime/debug
=== libgo Summary for unix ===
# of expected passes 182
# of unexpected failures 3
Running target unix/-m64
FAIL: go/build
FAIL: math
FAIL: runtime
FAIL: runtime/debug
=== libgo Summary for unix/-m64 ===
# of expected passes 181
# of unexpected failures 4
=== libgo Summary ===
# of expected passes 363
# of unexpected failures 7
=== libgomp tests ===
Running target unix
=== libgomp Summary for unix ===
# of expected passes 6475
# of expected failures 4
# of unsupported tests 363
Running target unix/-m64
WARNING: libgomp.c++/task-reduction-10.C execution test program timed out.
FAIL: libgomp.c++/task-reduction-10.C execution test
WARNING: libgomp.c++/task-reduction-11.C execution test program timed out.
FAIL: libgomp.c++/task-reduction-11.C execution test
WARNING: libgomp.c++/task-reduction-13.C execution test program timed out.
FAIL: libgomp.c++/task-reduction-13.C execution test
WARNING: libgomp.c++/task-reduction-8.C execution test program timed out.
FAIL: libgomp.c++/task-reduction-8.C execution test
=== libgomp Summary for unix/-m64 ===
# of expected passes 6471
# of unexpected failures 4
# of expected failures 4
# of unsupported tests 363
=== libgomp Summary ===
# of expected passes 12946
# of unexpected failures 4
# of expected failures 8
# of unsupported tests 726
=== libitm tests ===
Running target unix
=== libitm Summary for unix ===
# of expected passes 42
# of expected failures 3
# of unsupported tests 1
Running target unix/-m64
=== libitm Summary for unix/-m64 ===
# of expected passes 42
# of expected failures 3
# of unsupported tests 1
=== libitm Summary ===
# of expected passes 84
# of expected failures 6
# of unsupported tests 2
=== libstdc++ tests ===
Running target unix
XPASS: experimental/memory_resource/resource_adaptor.cc execution test
FAIL: experimental/names.cc (test for excess errors)
FAIL: experimental/net/internet/resolver/ops/lookup.cc execution test
=== libstdc++ Summary for unix ===
# of expected passes 12059
# of unexpected failures 2
# of unexpected successes 1
# of expected failures 80
# of unsupported tests 707
Running target unix/-m64
FAIL: 27_io/filesystem/operations/last_write_time.cc execution test
FAIL: experimental/filesystem/operations/last_write_time.cc execution test
FAIL: experimental/names.cc (test for excess errors)
FAIL: experimental/net/internet/resolver/ops/lookup.cc execution test
=== libstdc++ Summary for unix/-m64 ===
# of expected passes 12051
# of unexpected failures 4
# of expected failures 79
# of unsupported tests 711
=== libstdc++ Summary ===
# of expected passes 24110
# of unexpected failures 6
# of unexpected successes 1
# of expected failures 159
# of unsupported tests 1418
Compiler version: 9.2.1 20190906 [gcc-9-branch revision 275448] (GCC)
Platform: i386-pc-solaris2.10
configure flags: --prefix=/vol/gcc --target=i386-pc-solaris2.10 --enable-obsolete --enable-objc-gc --with-target-bdw-gc-include=/vol/gcc/include --with-target-bdw-gc-lib=/vol/gcc/lib,amd64=/vol/gcc/lib/amd64 --with-as=/vol/gcc/bin/gas-2.32 --with-gnu-as --with-gmp-include=/vol/gcc/include --with-gmp-lib=/vol/gcc/lib --with-mpfr-include=/vol/gcc/include --with-mpfr-lib=/vol/gcc/lib --with-mpc-include=/vol/gcc/include --with-mpc-lib=/vol/gcc/lib --enable-languages=all,ada,obj-c++,go --with-isl-include=/vol/gcc/include --with-isl-lib=/vol/gcc/lib --with-zstd-include=/vol/gcc/include --with-zstd-lib=/vol/gcc/lib --build=i386-pc-solaris2.10 --host=i386-pc-solaris2.10
BOOT_CFLAGS=-g -O2
More information about the Gcc-testresults
mailing list