Results for 8.3.1 20190901 [gcc-8-branch revision 275283] (GCC) testsuite on x86_64-apple-darwin16
Iain Sandoe
iains.gcc@gmail.com
Mon Sep 2 20:21:00 GMT 2019
LAST_UPDATED: Sun Sep 1 19:43:49 UTC 2019 (revision 275283)
=== acats tests ===
=== acats Summary ===
# of expected passes 2320
# of unexpected failures 0
Native configuration is x86_64-apple-darwin16
=== g++ tests ===
Running target unix/-m32
FAIL: g++.dg/ipa/pr67056.C scan-ipa-dump cp "Speculative outer type:struct CompositeClass"
FAIL: g++.dg/pr80481.C -std=gnu++11 scan-assembler-not vmovaps
FAIL: g++.dg/pr80481.C -std=gnu++14 scan-assembler-not vmovaps
FAIL: g++.dg/pr80481.C -std=gnu++98 scan-assembler-not vmovaps
FAIL: g++.dg/pr83239.C -std=gnu++98 (test for excess errors)
WARNING: program timed out.
FAIL: g++.dg/lto/pr65276 cp_lto_pr65276_0.o-cp_lto_pr65276_1.o link, -flto -O0 -std=c++11
FAIL: g++.dg/lto/pr65549 cp_lto_pr65549_0.o-cp_lto_pr65549_0.o link, -std=gnu++14 -flto -g -O2 -fno-inline -flto-partition=max -Wno-return-type
FAIL: g++.dg/pch/pch.C -O2 -g -I. -Dwith_PCH (test for excess errors)
FAIL: g++.dg/pch/pch.C -O2 -g assembly comparison
WARNING: program timed out.
FAIL: g++.dg/tls/pr77285-2.C -std=c++11 scan-assembler _ZTH4var1B3tag
FAIL: g++.dg/tls/pr77285-2.C -std=c++14 scan-assembler _ZTH4var1B3tag
FAIL: g++.dg/tree-prof/pr57451.C compilation, -fprofile-generate -D_PROFILE_GENERATE
UNRESOLVED: g++.dg/tree-prof/pr57451.C compilation, -fprofile-use -D_PROFILE_USE
UNRESOLVED: g++.dg/tree-prof/pr57451.C execution, -fprofile-generate -D_PROFILE_GENERATE
UNRESOLVED: g++.dg/tree-prof/pr57451.C execution, -fprofile-use -D_PROFILE_USE
FAIL: g++.dg/tree-prof/pr63581.C compilation, -fprofile-generate -D_PROFILE_GENERATE
UNRESOLVED: g++.dg/tree-prof/pr63581.C compilation, -fprofile-use -D_PROFILE_USE
UNRESOLVED: g++.dg/tree-prof/pr63581.C execution, -fprofile-generate -D_PROFILE_GENERATE
UNRESOLVED: g++.dg/tree-prof/pr63581.C execution, -fprofile-use -D_PROFILE_USE
=== g++ Summary for unix/-m32 ===
# of expected passes 119982
# of unexpected failures 13
# of expected failures 519
# of unresolved testcases 6
# of unsupported tests 5410
Running target unix/-m64
FAIL: g++.dg/ipa/pr67056.C scan-ipa-dump cp "Speculative outer type:struct CompositeClass"
FAIL: g++.dg/pr83239.C -std=gnu++98 (test for excess errors)
FAIL: g++.dg/lto/pr65276 cp_lto_pr65276_0.o-cp_lto_pr65276_1.o link, -flto -O0 -std=c++11
FAIL: g++.dg/lto/pr65549 cp_lto_pr65549_0.o-cp_lto_pr65549_0.o link, -std=gnu++14 -flto -g -O2 -fno-inline -flto-partition=max -Wno-return-type
FAIL: g++.dg/tls/pr77285-2.C -std=c++11 scan-assembler _ZTH4var1B3tag
FAIL: g++.dg/tls/pr77285-2.C -std=c++14 scan-assembler _ZTH4var1B3tag
FAIL: g++.dg/tree-prof/pr57451.C compilation, -fprofile-generate -D_PROFILE_GENERATE
UNRESOLVED: g++.dg/tree-prof/pr57451.C compilation, -fprofile-use -D_PROFILE_USE
UNRESOLVED: g++.dg/tree-prof/pr57451.C execution, -fprofile-generate -D_PROFILE_GENERATE
UNRESOLVED: g++.dg/tree-prof/pr57451.C execution, -fprofile-use -D_PROFILE_USE
FAIL: g++.dg/tree-prof/pr63581.C compilation, -fprofile-generate -D_PROFILE_GENERATE
UNRESOLVED: g++.dg/tree-prof/pr63581.C compilation, -fprofile-use -D_PROFILE_USE
UNRESOLVED: g++.dg/tree-prof/pr63581.C execution, -fprofile-generate -D_PROFILE_GENERATE
UNRESOLVED: g++.dg/tree-prof/pr63581.C execution, -fprofile-use -D_PROFILE_USE
FAIL: g++.dg/ubsan/pr82353.C -O0 scan-rtl-dump-not reload "Inserting rematerialization insn"
FAIL: g++.dg/ubsan/pr82353.C -O1 scan-rtl-dump-not reload "Inserting rematerialization insn"
FAIL: g++.dg/ubsan/pr82353.C -O2 scan-rtl-dump-not reload "Inserting rematerialization insn"
FAIL: g++.dg/ubsan/pr82353.C -O2 -flto scan-rtl-dump-not reload "Inserting rematerialization insn"
FAIL: g++.dg/ubsan/pr82353.C -O2 -flto -flto-partition=none scan-rtl-dump-not reload "Inserting rematerialization insn"
FAIL: g++.dg/ubsan/pr82353.C -O3 -g scan-rtl-dump-not reload "Inserting rematerialization insn"
FAIL: g++.dg/ubsan/pr82353.C -Os scan-rtl-dump-not reload "Inserting rematerialization insn"
FAIL: g++.old-deja/g++.mike/dyncast2.C -std=gnu++98 (test for excess errors)
WARNING: program timed out.
=== g++ Summary for unix/-m64 ===
# of expected passes 121571
# of unexpected failures 16
# of expected failures 522
# of unresolved testcases 6
# of unsupported tests 5561
=== g++ Summary ===
# of expected passes 241553
# of unexpected failures 29
# of expected failures 1041
# of unresolved testcases 12
# of unsupported tests 10971
/scratch/10-12-sie/gcc-8x-unpatched/gcc/testsuite/g++/../../xg++ version 8.3.1 20190901 [gcc-8-branch revision 275283] (GCC)
=== gcc tests ===
Running target unix/-m32
FAIL: gcc.c-torture/compile/pr72802.c -O0 (test for excess errors)
FAIL: gcc.c-torture/compile/pr72802.c -O1 (test for excess errors)
FAIL: gcc.c-torture/compile/pr72802.c -O2 (test for excess errors)
FAIL: gcc.c-torture/compile/pr72802.c -O2 -flto (test for excess errors)
FAIL: gcc.c-torture/compile/pr72802.c -O2 -flto -flto-partition=none (test for excess errors)
FAIL: gcc.c-torture/compile/pr72802.c -O3 -fomit-frame-pointer -funroll-loops -fpeel-loops -ftracer -finline-functions (test for excess errors)
FAIL: gcc.c-torture/compile/pr72802.c -O3 -g (test for excess errors)
FAIL: gcc.c-torture/compile/pr72802.c -Os (test for excess errors)
FAIL: c-c++-common/asan/alloca_overflow_right.c -O1 (test for excess errors)
FAIL: c-c++-common/asan/strncpy-overflow-1.c -O0 output pattern test
WARNING: program timed out.
FAIL: gcc.dg/atomic/c11-atomic-exec-5.c -O0 execution test
FAIL: gcc.dg/atomic/c11-atomic-exec-5.c -O1 execution test
FAIL: gcc.dg/atomic/c11-atomic-exec-5.c -O2 execution test
FAIL: gcc.dg/atomic/c11-atomic-exec-5.c -O2 -flto execution test
FAIL: gcc.dg/atomic/c11-atomic-exec-5.c -O2 -flto -flto-partition=none execution test
FAIL: gcc.dg/atomic/c11-atomic-exec-5.c -O3 -fomit-frame-pointer -funroll-loops -fpeel-loops -ftracer -finline-functions execution test
FAIL: gcc.dg/atomic/c11-atomic-exec-5.c -O3 -g execution test
FAIL: gcc.dg/atomic/c11-atomic-exec-5.c -Os execution test
WARNING: program timed out.
WARNING: program timed out.
WARNING: program timed out.
WARNING: program timed out.
WARNING: program timed out.
WARNING: program timed out.
WARNING: program timed out.
WARNING: program timed out.
FAIL: c-c++-common/Wrestrict-2.c -Wc++-compat strcpy (test for warnings, line 39)
FAIL: gcc.dg/Wnonnull.c (test for warnings, line 21)
FAIL: gcc.dg/Wnonnull.c (test for warnings, line 24)
FAIL: gcc.dg/framework-1.c (test for excess errors)
FAIL: gcc.dg/pie-7.c (test for excess errors)
UNRESOLVED: gcc.dg/pie-7.c compilation failed to produce executable
FAIL: gcc.dg/pr57438-2.c scan-assembler nop\\\\nLFE.*
FAIL: gcc.dg/pr90760.c (test for errors, line 6)
FAIL: gcc.dg/pr90760.c (test for errors, line 8)
FAIL: gcc.dg/pr90760.c (test for excess errors)
FAIL: gcc.dg/stack-layout-dynamic-1.c (test for excess errors)
UNRESOLVED: gcc.dg/stack-layout-dynamic-1.c scan-assembler-not cfi_def_cfa_register
FAIL: gcc.dg/graphite/interchange-3.c scan-tree-dump graphite "tiled"
FAIL: gcc.dg/graphite/interchange-7.c scan-tree-dump graphite "tiled"
FAIL: gcc.dg/graphite/interchange-9.c scan-tree-dump graphite "tiled"
FAIL: gcc.dg/graphite/scop-19.c scan-tree-dump-times graphite "number of SCoPs: 0" 1
FAIL: gcc.dg/graphite/uns-interchange-9.c scan-tree-dump graphite "tiled"
FAIL: gcc.dg/torture/builtin-self.c -O0 scan-assembler-not \\tcall
FAIL: gcc.dg/vect/pr68417.c -flto -ffat-lto-objects (test for excess errors)
WARNING: program timed out.
FAIL: gcc.target/i386/avx512bw-vpmovswb-1.c scan-assembler-times vpmovswb[ \\\\t]+[^{\\n]*%xmm[0-9]+[^\\n]*res1[^\\n]*{%k[1-7]}(?:\\n|[ \\\\t]+#) 1
FAIL: gcc.target/i386/avx512bw-vpmovswb-1.c scan-assembler-times vpmovswb[ \\\\t]+[^{\\n]*%ymm[0-9]+[^\\n]*res2[^\\n]*{%k[1-7]}(?:\\n|[ \\\\t]+#) 1
FAIL: gcc.target/i386/avx512bw-vpmovswb-1.c scan-assembler-times vpmovswb[ \\\\t]+[^{\\n]*%zmm[0-9]+[^\\n]*res3[^\\n]*{%k[1-7]}(?:\\n|[ \\\\t]+#) 1
FAIL: gcc.target/i386/avx512bw-vpmovuswb-1.c scan-assembler-times vpmovuswb[ \\\\t]+[^{\\n]*%xmm[0-9]+[^\\n]*res1[^\\n]*{%k[1-7]}(?:\\n|[ \\\\t]+#) 1
FAIL: gcc.target/i386/avx512bw-vpmovuswb-1.c scan-assembler-times vpmovuswb[ \\\\t]+[^{\\n]*%ymm[0-9]+[^\\n]*res2[^\\n]*{%k[1-7]}(?:\\n|[ \\\\t]+#) 1
FAIL: gcc.target/i386/avx512bw-vpmovuswb-1.c scan-assembler-times vpmovuswb[ \\\\t]+[^{\\n]*%zmm[0-9]+[^\\n]*res3[^\\n]*{%k[1-7]}(?:\\n|[ \\\\t]+#) 1
FAIL: gcc.target/i386/avx512bw-vpmovwb-1.c scan-assembler-times vpmovwb[ \\\\t]+[^{\\n]*%xmm[0-9]+[^\\n]*res1[^\\n]*{%k[1-7]}(?:\\n|[ \\\\t]+#) 1
FAIL: gcc.target/i386/avx512bw-vpmovwb-1.c scan-assembler-times vpmovwb[ \\\\t]+[^{\\n]*%ymm[0-9]+[^\\n]*res2[^\\n]*{%k[1-7]}(?:\\n|[ \\\\t]+#) 1
FAIL: gcc.target/i386/avx512bw-vpmovwb-1.c scan-assembler-times vpmovwb[ \\\\t]+[^{\\n]*%zmm[0-9]+[^\\n]*res3[^\\n]*{%k[1-7]}(?:\\n|[ \\\\t]+#) 1
FAIL: gcc.target/i386/darwin-fpmath.c scan-assembler addsd
FAIL: gcc.target/i386/naked-1.c scan-assembler-not (?n)^\\\\s*ret\$
FAIL: gcc.target/i386/pad-3.c scan-assembler-not nop
FAIL: gcc.target/i386/pr36502.c scan-assembler-not esp
FAIL: gcc.target/i386/pr66334.c scan-assembler movl[ \\\\t].+, %ebx
FAIL: gcc.target/i386/pr71245-1.c scan-assembler-not (fistp|fild)
FAIL: gcc.target/i386/pr71245-2.c scan-assembler-not movlps
FAIL: gcc.target/i386/pr78035.c scan-assembler-times cmp 2
FAIL: gcc.target/i386/pr81736-5.c scan-assembler-not %[re]bp
FAIL: gcc.target/i386/pr84278.c scan-assembler-not \\\\(%.sp\\\\)
=== gcc Summary for unix/-m32 ===
# of expected passes 123693
# of unexpected failures 54
# of expected failures 405
# of unresolved testcases 2
# of unsupported tests 4093
Running target unix/-m64
FAIL: gcc.c-torture/compile/20060823-1.c -O0 (test for excess errors)
WARNING: program timed out.
FAIL: c-c++-common/asan/strncpy-overflow-1.c -O0 output pattern test
FAIL: gcc.dg/atomic/c11-atomic-exec-5.c -O0 execution test
FAIL: gcc.dg/atomic/c11-atomic-exec-5.c -O1 execution test
FAIL: gcc.dg/atomic/c11-atomic-exec-5.c -O2 execution test
FAIL: gcc.dg/atomic/c11-atomic-exec-5.c -O2 -flto execution test
FAIL: gcc.dg/atomic/c11-atomic-exec-5.c -O2 -flto -flto-partition=none execution test
FAIL: gcc.dg/atomic/c11-atomic-exec-5.c -O3 -fomit-frame-pointer -funroll-loops -fpeel-loops -ftracer -finline-functions execution test
FAIL: gcc.dg/atomic/c11-atomic-exec-5.c -O3 -g execution test
FAIL: gcc.dg/atomic/c11-atomic-exec-5.c -Os execution test
WARNING: program timed out.
WARNING: program timed out.
WARNING: program timed out.
WARNING: program timed out.
WARNING: program timed out.
WARNING: program timed out.
WARNING: program timed out.
WARNING: program timed out.
FAIL: c-c++-common/Wrestrict-2.c -Wc++-compat strcpy (test for warnings, line 39)
FAIL: gcc.dg/Wnonnull.c (test for warnings, line 21)
FAIL: gcc.dg/Wnonnull.c (test for warnings, line 24)
FAIL: gcc.dg/framework-1.c (test for excess errors)
FAIL: gcc.dg/pie-7.c (test for excess errors)
UNRESOLVED: gcc.dg/pie-7.c compilation failed to produce executable
FAIL: gcc.dg/pr57438-2.c scan-assembler nop\\\\nLFE.*
FAIL: gcc.dg/pr90760.c (test for errors, line 6)
FAIL: gcc.dg/pr90760.c (test for errors, line 8)
FAIL: gcc.dg/pr90760.c (test for excess errors)
FAIL: gcc.dg/graphite/interchange-3.c scan-tree-dump graphite "tiled"
FAIL: gcc.dg/graphite/interchange-7.c scan-tree-dump graphite "tiled"
FAIL: gcc.dg/graphite/interchange-9.c scan-tree-dump graphite "tiled"
FAIL: gcc.dg/graphite/scop-19.c scan-tree-dump-times graphite "number of SCoPs: 0" 1
FAIL: gcc.dg/graphite/uns-interchange-9.c scan-tree-dump graphite "tiled"
FAIL: gcc.dg/pch/save-temps-1.c -Os -I. -Dwith_PCH (internal compiler error)
FAIL: gcc.dg/pch/save-temps-1.c -Os -I. -Dwith_PCH (test for excess errors)
FAIL: gcc.dg/pch/save-temps-1.c -Os assembly comparison
FAIL: gcc.target/i386/avx512bw-vpmovswb-1.c scan-assembler-times vpmovswb[ \\\\t]+[^{\\n]*%xmm[0-9]+[^\\n]*res1[^\\n]*{%k[1-7]}(?:\\n|[ \\\\t]+#) 1
FAIL: gcc.target/i386/avx512bw-vpmovswb-1.c scan-assembler-times vpmovswb[ \\\\t]+[^{\\n]*%ymm[0-9]+[^\\n]*res2[^\\n]*{%k[1-7]}(?:\\n|[ \\\\t]+#) 1
FAIL: gcc.target/i386/avx512bw-vpmovswb-1.c scan-assembler-times vpmovswb[ \\\\t]+[^{\\n]*%zmm[0-9]+[^\\n]*res3[^\\n]*{%k[1-7]}(?:\\n|[ \\\\t]+#) 1
FAIL: gcc.target/i386/avx512bw-vpmovuswb-1.c scan-assembler-times vpmovuswb[ \\\\t]+[^{\\n]*%xmm[0-9]+[^\\n]*res1[^\\n]*{%k[1-7]}(?:\\n|[ \\\\t]+#) 1
FAIL: gcc.target/i386/avx512bw-vpmovuswb-1.c scan-assembler-times vpmovuswb[ \\\\t]+[^{\\n]*%ymm[0-9]+[^\\n]*res2[^\\n]*{%k[1-7]}(?:\\n|[ \\\\t]+#) 1
FAIL: gcc.target/i386/avx512bw-vpmovuswb-1.c scan-assembler-times vpmovuswb[ \\\\t]+[^{\\n]*%zmm[0-9]+[^\\n]*res3[^\\n]*{%k[1-7]}(?:\\n|[ \\\\t]+#) 1
FAIL: gcc.target/i386/avx512bw-vpmovwb-1.c scan-assembler-times vpmovwb[ \\\\t]+[^{\\n]*%xmm[0-9]+[^\\n]*res1[^\\n]*{%k[1-7]}(?:\\n|[ \\\\t]+#) 1
FAIL: gcc.target/i386/avx512bw-vpmovwb-1.c scan-assembler-times vpmovwb[ \\\\t]+[^{\\n]*%ymm[0-9]+[^\\n]*res2[^\\n]*{%k[1-7]}(?:\\n|[ \\\\t]+#) 1
FAIL: gcc.target/i386/avx512bw-vpmovwb-1.c scan-assembler-times vpmovwb[ \\\\t]+[^{\\n]*%zmm[0-9]+[^\\n]*res3[^\\n]*{%k[1-7]}(?:\\n|[ \\\\t]+#) 1
FAIL: gcc.target/i386/pr78035.c scan-assembler-times cmp 2
=== gcc Summary for unix/-m64 ===
# of expected passes 125547
# of unexpected failures 37
# of expected failures 398
# of unresolved testcases 1
# of unsupported tests 3920
=== gcc Summary ===
# of expected passes 249240
# of unexpected failures 91
# of expected failures 803
# of unresolved testcases 3
# of unsupported tests 8013
/scratch/10-12-sie/gcc-8x-unpatched/gcc/xgcc version 8.3.1 20190901 [gcc-8-branch revision 275283] (GCC)
=== gfortran tests ===
Running target unix/-m32
WARNING: program timed out.
=== gfortran Summary for unix/-m32 ===
# of expected passes 47846
# of expected failures 93
# of unsupported tests 179
Running target unix/-m64
=== gfortran Summary for unix/-m64 ===
# of expected passes 48063
# of expected failures 93
# of unsupported tests 76
=== gfortran Summary ===
# of expected passes 95909
# of expected failures 186
# of unsupported tests 255
/scratch/10-12-sie/gcc-8x-unpatched/gcc/testsuite/gfortran/../../gfortran version 8.3.1 20190901 [gcc-8-branch revision 275283] (GCC)
=== gnat tests ===
Running target unix/-m32
=== gnat Summary for unix/-m32 ===
# of expected passes 2718
# of expected failures 24
# of unsupported tests 8
Running target unix/-m64
=== gnat Summary for unix/-m64 ===
# of expected passes 2718
# of expected failures 24
# of unsupported tests 8
=== gnat Summary ===
# of expected passes 5436
# of expected failures 48
# of unsupported tests 16
/scratch/10-12-sie/gcc-8x-unpatched/gcc/gnatmake version 8.3.1 20190901 [gcc-8-branch revision 275283]
=== obj-c++ tests ===
Running target unix/-m64
FAIL: obj-c++.dg/bitfield-2.mm -fnext-runtime execution test
FAIL: obj-c++.dg/gnu-api-2-objc.mm -fnext-runtime execution test
FAIL: obj-c++.dg/try-catch-2.mm -fnext-runtime execution test
FAIL: obj-c++.dg/try-catch-9.mm -fnext-runtime execution test
FAIL: obj-c++.dg/plugin/diagnostic-test-expressions-1.mm -fplugin=./diagnostic_plugin_test_tree_expression_range.so (test for warnings, line 60)
FAIL: obj-c++.dg/plugin/diagnostic-test-expressions-1.mm -fplugin=./diagnostic_plugin_test_tree_expression_range.so (test for warnings, line 68)
FAIL: obj-c++.dg/plugin/diagnostic-test-expressions-1.mm -fplugin=./diagnostic_plugin_test_tree_expression_range.so expected multiline pattern lines 62-63 not found: " __emit_expression_range \\( 0, @selector\\(func0\\) \\);.*\\n \\^~~~~~~~~~~~~~~~\\n"
FAIL: obj-c++.dg/plugin/diagnostic-test-expressions-1.mm -fplugin=./diagnostic_plugin_test_tree_expression_range.so expected multiline pattern lines 70-71 not found: " __emit_expression_range \\( 0, @protocol\\(prot\\) \\);.*\\n \\^~~~~~~~~~~~~~~\\n"
FAIL: obj-c++.dg/plugin/diagnostic-test-expressions-1.mm -fplugin=./diagnostic_plugin_test_tree_expression_range.so (test for excess errors)
FAIL: obj-c++.dg/property/synthesize-10.mm -fnext-runtime execution test
=== obj-c++ Summary for unix/-m64 ===
# of expected passes 3072
# of unexpected failures 10
# of expected failures 18
# of unsupported tests 70
Running target unix/-m32
FAIL: obj-c++.dg/gnu-api-2-objc.mm -fnext-runtime execution test
FAIL: obj-c++.dg/stubify-2.mm -fnext-runtime scan-rtl-dump-not jump "symbol_ref.*"objc_msgSend""
FAIL: obj-c++.dg/plugin/diagnostic-test-expressions-1.mm -fplugin=./diagnostic_plugin_test_tree_expression_range.so (test for warnings, line 60)
FAIL: obj-c++.dg/plugin/diagnostic-test-expressions-1.mm -fplugin=./diagnostic_plugin_test_tree_expression_range.so expected multiline pattern lines 62-63 not found: " __emit_expression_range \\( 0, @selector\\(func0\\) \\);.*\\n \\^~~~~~~~~~~~~~~~\\n"
FAIL: obj-c++.dg/plugin/diagnostic-test-expressions-1.mm -fplugin=./diagnostic_plugin_test_tree_expression_range.so (test for excess errors)
=== obj-c++ Summary for unix/-m32 ===
# of expected passes 3135
# of unexpected failures 5
# of expected failures 2
# of unsupported tests 64
=== obj-c++ Summary ===
# of expected passes 6207
# of unexpected failures 15
# of expected failures 20
# of unsupported tests 134
/scratch/10-12-sie/gcc-8x-unpatched/gcc/testsuite/obj-c++/../../xg++ version 8.3.1 20190901 [gcc-8-branch revision 275283] (GCC)
=== objc tests ===
Running target unix/-m32
FAIL: objc.dg/call-super-2.m -fnext-runtime (test for warnings, line 104)
FAIL: objc.dg/call-super-2.m -fnext-runtime (test for warnings, line 74)
FAIL: objc.dg/gnu-api-2-objc.m -fnext-runtime execution test
FAIL: objc.dg/ivar-scope-4.m -fnext-runtime execution test
FAIL: objc.dg/plugin/diagnostic-test-expressions-1.m -fplugin=./diagnostic_plugin_test_tree_expression_range.so (test for warnings, line 60)
FAIL: objc.dg/plugin/diagnostic-test-expressions-1.m -fplugin=./diagnostic_plugin_test_tree_expression_range.so expected multiline pattern lines 62-63 not found: " __emit_expression_range \\( 0, @selector\\(func0\\) \\);.*\\n \\^~~~~~~~~~~~~~~~\\n"
FAIL: objc.dg/plugin/diagnostic-test-expressions-1.m -fplugin=./diagnostic_plugin_test_tree_expression_range.so (test for excess errors)
=== objc Summary for unix/-m32 ===
# of expected passes 5675
# of unexpected failures 7
# of expected failures 7
# of unsupported tests 82
Running target unix/-m64
FAIL: objc.dg/call-super-2.m -fnext-runtime (test for warnings, line 104)
FAIL: objc.dg/call-super-2.m -fnext-runtime (test for warnings, line 74)
FAIL: objc.dg/category-1.m -fnext-runtime execution test
FAIL: objc.dg/exceptions-2.m -fnext-runtime execution test
FAIL: objc.dg/gnu-api-2-objc.m -fnext-runtime execution test
FAIL: objc.dg/super-class-3.m -fnext-runtime execution test
FAIL: objc.dg/plugin/diagnostic-test-expressions-1.m -fplugin=./diagnostic_plugin_test_tree_expression_range.so (test for warnings, line 60)
FAIL: objc.dg/plugin/diagnostic-test-expressions-1.m -fplugin=./diagnostic_plugin_test_tree_expression_range.so (test for warnings, line 68)
FAIL: objc.dg/plugin/diagnostic-test-expressions-1.m -fplugin=./diagnostic_plugin_test_tree_expression_range.so expected multiline pattern lines 62-63 not found: " __emit_expression_range \\( 0, @selector\\(func0\\) \\);.*\\n \\^~~~~~~~~~~~~~~~\\n"
FAIL: objc.dg/plugin/diagnostic-test-expressions-1.m -fplugin=./diagnostic_plugin_test_tree_expression_range.so expected multiline pattern lines 70-71 not found: " __emit_expression_range \\( 0, @protocol\\(prot\\) \\);.*\\n ~~~~~~~~~~~~~~~\\n"
FAIL: objc.dg/plugin/diagnostic-test-expressions-1.m -fplugin=./diagnostic_plugin_test_tree_expression_range.so (test for excess errors)
FAIL: objc.dg/torture/forward-1.m -O0 -fnext-runtime execution test
FAIL: objc.dg/torture/forward-1.m -O1 -fnext-runtime execution test
FAIL: objc.dg/torture/forward-1.m -O2 -fnext-runtime execution test
FAIL: objc.dg/torture/forward-1.m -O2 -flto -fnext-runtime execution test
FAIL: objc.dg/torture/forward-1.m -O2 -flto -flto-partition=none -fnext-runtime execution test
FAIL: objc.dg/torture/forward-1.m -O3 -fomit-frame-pointer -funroll-loops -fpeel-loops -ftracer -finline-functions -fnext-runtime execution test
FAIL: objc.dg/torture/forward-1.m -O3 -g -fnext-runtime execution test
FAIL: objc.dg/torture/forward-1.m -Os -fnext-runtime execution test
=== objc Summary for unix/-m64 ===
# of expected passes 5529
# of unexpected failures 19
# of expected failures 7
# of unsupported tests 88
=== objc Summary ===
# of expected passes 11204
# of unexpected failures 26
# of expected failures 14
# of unsupported tests 170
/scratch/10-12-sie/gcc-8x-unpatched/gcc/xgcc version 8.3.1 20190901 [gcc-8-branch revision 275283] (GCC)
=== libatomic tests ===
Running target unix/-m64
=== libatomic Summary for unix/-m64 ===
# of expected passes 54
Running target unix/-m32
=== libatomic Summary for unix/-m32 ===
# of expected passes 44
# of unsupported tests 5
=== libatomic Summary ===
# of expected passes 98
# of unsupported tests 5
=== libgomp tests ===
Running target unix/-m64
=== libgomp Summary for unix/-m64 ===
# of expected passes 5453
# of expected failures 2
# of unsupported tests 365
Running target unix/-m32
=== libgomp Summary for unix/-m32 ===
# of expected passes 5453
# of expected failures 2
# of unsupported tests 365
=== libgomp Summary ===
# of expected passes 10906
# of expected failures 4
# of unsupported tests 730
=== libitm tests ===
Running target unix/-m64
=== libitm Summary for unix/-m64 ===
# of expected passes 40
# of expected failures 3
# of unsupported tests 2
Running target unix/-m32
=== libitm Summary for unix/-m32 ===
# of expected passes 40
# of expected failures 3
# of unsupported tests 2
=== libitm Summary ===
# of expected passes 80
# of expected failures 6
# of unsupported tests 4
=== libstdc++ tests ===
Running target unix/-m32
FAIL: 17_intro/names.cc (test for excess errors)
FAIL: 20_util/unique_ptr/assign/48635_neg.cc (test for errors, line 307)
FAIL: 20_util/unique_ptr/assign/48635_neg.cc (test for errors, line 566)
FAIL: 20_util/unique_ptr/assign/48635_neg.cc (test for excess errors)
FAIL: 20_util/unique_ptr/cons/cv_qual_neg.cc (test for errors, line 473)
FAIL: 20_util/unique_ptr/cons/cv_qual_neg.cc (test for excess errors)
FAIL: experimental/names.cc (test for excess errors)
=== libstdc++ Summary for unix/-m32 ===
# of expected passes 11375
# of unexpected failures 7
# of expected failures 71
# of unsupported tests 674
Running target unix/-m64
FAIL: 17_intro/names.cc (test for excess errors)
FAIL: 20_util/unique_ptr/assign/48635_neg.cc (test for errors, line 307)
FAIL: 20_util/unique_ptr/assign/48635_neg.cc (test for errors, line 566)
FAIL: 20_util/unique_ptr/assign/48635_neg.cc (test for excess errors)
FAIL: 20_util/unique_ptr/cons/cv_qual_neg.cc (test for errors, line 473)
FAIL: 20_util/unique_ptr/cons/cv_qual_neg.cc (test for excess errors)
FAIL: experimental/names.cc (test for excess errors)
=== libstdc++ Summary for unix/-m64 ===
# of expected passes 11373
# of unexpected failures 7
# of expected failures 71
# of unsupported tests 675
=== libstdc++ Summary ===
# of expected passes 22748
# of unexpected failures 14
# of expected failures 142
# of unsupported tests 1349
Compiler version: 8.3.1 20190901 [gcc-8-branch revision 275283] (GCC)
Platform: x86_64-apple-darwin16
configure flags: --prefix=/opt/iains/x86_64-apple-darwin16/gcc-8-wip --target=x86_64-apple-darwin16 --host=x86_64-apple-darwin16 --build=x86_64-apple-darwin16 --with-iconv-prefix=/usr --disable-nls --disable-libstdcxx-pch --with-sysroot=/opt/iains/SDKs/darwin16 --enable-version-specific-runtime-libs --with-as=/XC/9.4/usr/bin/as --with-ld=/XC/9.4/usr/bin/ld --enable-languages=all CC='gcc --sysroot=/opt/iains/SDKs/darwin15' CXX='g++ --sysroot=/opt/iains/SDKs/darwin15'
More information about the Gcc-testresults
mailing list