Results for 10.0.0 20190830 (experimental) (GCC) testsuite on x86_64-pc-linux-gnu
Shrisha Rao
shrao@alumni.cmu.edu
Sun Sep 1 03:57:00 GMT 2019
These results are as compiled on an EC2 instance from the SVN source.
The SVN version was 275059
==
Native configuration is x86_64-pc-linux-gnu
=== gcc tests ===
Running target unix
FAIL: gcc.dg/plugin/location-overflow-test-pr83173.c -fplugin=./location_overflow_plugin.so scan-file-not # (?!1 [^\\r\\n]+location-overflow-test-pr83173-1.h" 1)[0-9]+ [^\\r\\n]+location-overflow-test-pr83173-1.h"
FAIL: gcc.target/i386/pr57193.c scan-assembler-times movdqa 2
=== gcc Summary ===
# of expected passes 142213
# of unexpected failures 2
# of expected failures 534
# of unsupported tests 2225
/home/ec2-user/tmp/gcctemp/gcc/xgcc version 10.0.0 20190830 (experimental) (GCC)
=== gfortran tests ===
Running target unix
=== gfortran Summary ===
# of expected passes 50424
# of expected failures 178
# of unsupported tests 96
/home/ec2-user/tmp/gcctemp/gcc/testsuite/gfortran/../../gfortran version 10.0.0 20190830 (experimental) (GCC)
=== g++ tests ===
Running target unix
=== g++ Summary ===
# of expected passes 138441
# of expected failures 579
# of unsupported tests 6150
/home/ec2-user/tmp/gcctemp/gcc/testsuite/g++/../../xg++ version 10.0.0 20190830 (experimental) (GCC)
=== objc tests ===
Running target unix
=== objc Summary ===
# of expected passes 2776
# of expected failures 6
# of unsupported tests 68
/home/ec2-user/tmp/gcctemp/gcc/xgcc version 10.0.0 20190830 (experimental) (GCC)
=== libatomic tests ===
Running target unix
=== libatomic Summary ===
# of expected passes 54
=== libgomp tests ===
Running target unix
=== libgomp Summary ===
# of expected passes 6722
# of expected failures 2
# of unsupported tests 349
=== libitm tests ===
Running target unix
=== libitm Summary ===
# of expected passes 42
# of expected failures 3
# of unsupported tests 1
=== libstdc++ tests ===
Running target unix
=== libstdc++ Summary ===
# of expected passes 13198
# of expected failures 79
# of unsupported tests 329
Compiler version: 10.0.0 20190830 (experimental) (GCC)
Platform: x86_64-pc-linux-gnu
configure flags: --disable-multilib --prefix=/shrao/testgcc
More information about the Gcc-testresults
mailing list