Results for 10.0.0 20191031 (experimental) [master revision 277675] (GCC) testsuite on aarch64-unknown-linux-gnu
LINARO TCWG
tcwg-buildslave@linaro.org
Thu Oct 31 20:00:00 GMT 2019
LAST_UPDATED: Thu Oct 31 16:27:23 UTC 2019 (revision 277675)
Native configuration is aarch64-unknown-linux-gnu
=== libatomic tests ===
Running target tcwg-local
=== libatomic Summary ===
# of expected passes 54
=== libgomp tests ===
Running target tcwg-local
FAIL: libgomp.c/../libgomp.c-c++-common/lastprivate-conditional-7.c execution test
FAIL: libgomp.c/../libgomp.c-c++-common/lastprivate-conditional-8.c execution test
FAIL: libgomp.c/../libgomp.c-c++-common/loop-1.c execution test
FAIL: libgomp.c/pr58392.c execution test
FAIL: libgomp.c/scan-11.c execution test
FAIL: libgomp.c/scan-12.c execution test
FAIL: libgomp.c/scan-13.c execution test
FAIL: libgomp.c/scan-14.c (test for excess errors)
FAIL: libgomp.c/scan-14.c execution test
FAIL: libgomp.c/scan-15.c execution test
FAIL: libgomp.c/scan-16.c execution test
FAIL: libgomp.c/scan-17.c execution test
FAIL: libgomp.c/scan-18.c (test for excess errors)
FAIL: libgomp.c/scan-18.c execution test
FAIL: libgomp.c/scan-19.c execution test
FAIL: libgomp.c/scan-20.c execution test
FAIL: libgomp.c/simd-10.c execution test
FAIL: libgomp.c/simd-12.c execution test
FAIL: libgomp.c/simd-13.c execution test
FAIL: libgomp.c/simd-6.c execution test
FAIL: libgomp.c++/../libgomp.c-c++-common/lastprivate-conditional-7.c execution test
FAIL: libgomp.c++/../libgomp.c-c++-common/lastprivate-conditional-8.c execution test
FAIL: libgomp.c++/../libgomp.c-c++-common/loop-1.c execution test
FAIL: libgomp.c++/scan-10.C execution test
FAIL: libgomp.c++/scan-11.C execution test
FAIL: libgomp.c++/scan-12.C execution test
FAIL: libgomp.c++/scan-13.C execution test
FAIL: libgomp.c++/scan-14.C execution test
FAIL: libgomp.c++/scan-15.C execution test
FAIL: libgomp.c++/scan-16.C execution test
FAIL: libgomp.c++/scan-9.C execution test
FAIL: libgomp.c++/simd-8.C execution test
FAIL: libgomp.fortran/nestedfn5.f90 -O1 execution test
FAIL: libgomp.fortran/nestedfn5.f90 -O2 execution test
FAIL: libgomp.fortran/nestedfn5.f90 -O3 -fomit-frame-pointer -funroll-loops -fpeel-loops -ftracer -finline-functions execution test
FAIL: libgomp.fortran/nestedfn5.f90 -O3 -g execution test
FAIL: libgomp.fortran/nestedfn5.f90 -Os execution test
FAIL: libgomp.fortran/simd1.f90 -O1 execution test
FAIL: libgomp.fortran/simd1.f90 -O2 execution test
FAIL: libgomp.fortran/simd1.f90 -O3 -fomit-frame-pointer -funroll-loops -fpeel-loops -ftracer -finline-functions execution test
FAIL: libgomp.fortran/simd1.f90 -O3 -g execution test
FAIL: libgomp.fortran/simd1.f90 -Os execution test
FAIL: libgomp.oacc-fortran/reduction-4.f90 -DACC_DEVICE_TYPE_host=1 -DACC_MEM_SHARED=1 -foffload=disable -O1 execution test
FAIL: libgomp.oacc-fortran/reduction-4.f90 -DACC_DEVICE_TYPE_host=1 -DACC_MEM_SHARED=1 -foffload=disable -O2 execution test
FAIL: libgomp.oacc-fortran/reduction-4.f90 -DACC_DEVICE_TYPE_host=1 -DACC_MEM_SHARED=1 -foffload=disable -O3 -fomit-frame-pointer -funroll-loops -fpeel-loops -ftracer -finline-functions execution test
FAIL: libgomp.oacc-fortran/reduction-4.f90 -DACC_DEVICE_TYPE_host=1 -DACC_MEM_SHARED=1 -foffload=disable -O3 -g execution test
FAIL: libgomp.oacc-fortran/reduction-4.f90 -DACC_DEVICE_TYPE_host=1 -DACC_MEM_SHARED=1 -foffload=disable -Os execution test
=== libgomp Summary ===
# of expected passes 6884
# of unexpected failures 47
# of expected failures 2
# of unsupported tests 425
=== libitm tests ===
Running target tcwg-local
=== libitm Summary ===
# of expected passes 42
# of expected failures 3
# of unsupported tests 1
=== libstdc++ tests ===
Running target tcwg-local
FAIL: libstdc++-prettyprinters/80276.cc whatis p4
FAIL: libstdc++-prettyprinters/80276.cc whatis p4
=== libstdc++ Summary ===
# of expected passes 13266
# of unexpected failures 2
# of expected failures 92
# of unsupported tests 676
=== gcc tests ===
Running target tcwg-local
FAIL: gcc.dg/gomp/pr89104.c (test for excess errors)
XPASS: gcc.dg/guality/example.c -O0 execution test
XPASS: gcc.dg/guality/example.c -O1 -DPREVENT_OPTIMIZATION execution test
XPASS: gcc.dg/guality/example.c -Og -DPREVENT_OPTIMIZATION execution test
XPASS: gcc.dg/guality/guality.c -O0 execution test
XPASS: gcc.dg/guality/guality.c -O1 -DPREVENT_OPTIMIZATION execution test
XPASS: gcc.dg/guality/guality.c -O2 -DPREVENT_OPTIMIZATION execution test
XPASS: gcc.dg/guality/guality.c -O2 -flto -fno-use-linker-plugin -flto-partition=none -DPREVENT_OPTIMIZATION execution test
XPASS: gcc.dg/guality/guality.c -O2 -flto -fuse-linker-plugin -fno-fat-lto-objects -DPREVENT_OPTIMIZATION execution test
XPASS: gcc.dg/guality/guality.c -O3 -g -DPREVENT_OPTIMIZATION execution test
XPASS: gcc.dg/guality/guality.c -Os -DPREVENT_OPTIMIZATION execution test
XPASS: gcc.dg/guality/guality.c -Og -DPREVENT_OPTIMIZATION execution test
XPASS: gcc.dg/guality/inline-params.c -O2 -DPREVENT_OPTIMIZATION execution test
XPASS: gcc.dg/guality/inline-params.c -O2 -flto -fno-use-linker-plugin -flto-partition=none -DPREVENT_OPTIMIZATION execution test
XPASS: gcc.dg/guality/inline-params.c -O2 -flto -fuse-linker-plugin -fno-fat-lto-objects -DPREVENT_OPTIMIZATION execution test
XPASS: gcc.dg/guality/inline-params.c -O3 -g -DPREVENT_OPTIMIZATION execution test
XPASS: gcc.dg/guality/inline-params.c -Os -DPREVENT_OPTIMIZATION execution test
FAIL: gcc.dg/guality/loop-1.c -O3 -fomit-frame-pointer -funroll-loops -fpeel-loops -ftracer -finline-functions -DPREVENT_OPTIMIZATION line 20 i == 1
FAIL: gcc.dg/guality/pr36728-1.c -O2 -flto -fuse-linker-plugin -fno-fat-lto-objects -DPREVENT_OPTIMIZATION line 16 y == 2
FAIL: gcc.dg/guality/pr36728-2.c -O2 -flto -fuse-linker-plugin -fno-fat-lto-objects -DPREVENT_OPTIMIZATION line 16 arg1 == 1
FAIL: gcc.dg/guality/pr36728-2.c -O2 -flto -fuse-linker-plugin -fno-fat-lto-objects -DPREVENT_OPTIMIZATION line 16 arg2 == 2
FAIL: gcc.dg/guality/pr36728-2.c -O2 -flto -fuse-linker-plugin -fno-fat-lto-objects -DPREVENT_OPTIMIZATION line 16 arg3 == 3
FAIL: gcc.dg/guality/pr36728-2.c -O2 -flto -fuse-linker-plugin -fno-fat-lto-objects -DPREVENT_OPTIMIZATION line 16 arg4 == 4
FAIL: gcc.dg/guality/pr36728-2.c -O2 -flto -fuse-linker-plugin -fno-fat-lto-objects -DPREVENT_OPTIMIZATION line 16 arg5 == 5
FAIL: gcc.dg/guality/pr36728-2.c -O2 -flto -fuse-linker-plugin -fno-fat-lto-objects -DPREVENT_OPTIMIZATION line 16 arg6 == 6
FAIL: gcc.dg/guality/pr36728-2.c -O2 -flto -fuse-linker-plugin -fno-fat-lto-objects -DPREVENT_OPTIMIZATION line 16 arg7 == 30
FAIL: gcc.dg/guality/pr36728-2.c -O2 -flto -fuse-linker-plugin -fno-fat-lto-objects -DPREVENT_OPTIMIZATION line 16 y == 2
FAIL: gcc.dg/guality/pr36728-2.c -O2 -flto -fuse-linker-plugin -fno-fat-lto-objects -DPREVENT_OPTIMIZATION line 18 arg1 == 1
FAIL: gcc.dg/guality/pr36728-2.c -O2 -flto -fuse-linker-plugin -fno-fat-lto-objects -DPREVENT_OPTIMIZATION line 18 arg2 == 2
FAIL: gcc.dg/guality/pr36728-2.c -O2 -flto -fuse-linker-plugin -fno-fat-lto-objects -DPREVENT_OPTIMIZATION line 18 arg3 == 3
FAIL: gcc.dg/guality/pr36728-2.c -O2 -flto -fuse-linker-plugin -fno-fat-lto-objects -DPREVENT_OPTIMIZATION line 18 arg4 == 4
FAIL: gcc.dg/guality/pr36728-2.c -O2 -flto -fuse-linker-plugin -fno-fat-lto-objects -DPREVENT_OPTIMIZATION line 18 arg5 == 5
FAIL: gcc.dg/guality/pr36728-2.c -O2 -flto -fuse-linker-plugin -fno-fat-lto-objects -DPREVENT_OPTIMIZATION line 18 arg6 == 6
FAIL: gcc.dg/guality/pr36728-2.c -O2 -flto -fuse-linker-plugin -fno-fat-lto-objects -DPREVENT_OPTIMIZATION line 18 arg7 == 30
FAIL: gcc.dg/guality/pr36728-2.c -O3 -g -DPREVENT_OPTIMIZATION line 16 arg1 == 1
FAIL: gcc.dg/guality/pr36728-2.c -O3 -g -DPREVENT_OPTIMIZATION line 16 arg2 == 2
FAIL: gcc.dg/guality/pr36728-2.c -O3 -g -DPREVENT_OPTIMIZATION line 16 arg3 == 3
FAIL: gcc.dg/guality/pr36728-2.c -O3 -g -DPREVENT_OPTIMIZATION line 16 arg4 == 4
FAIL: gcc.dg/guality/pr36728-2.c -O3 -g -DPREVENT_OPTIMIZATION line 16 arg5 == 5
FAIL: gcc.dg/guality/pr36728-2.c -O3 -g -DPREVENT_OPTIMIZATION line 16 arg6 == 6
FAIL: gcc.dg/guality/pr36728-2.c -O3 -g -DPREVENT_OPTIMIZATION line 16 arg7 == 30
FAIL: gcc.dg/guality/pr36728-2.c -O3 -g -DPREVENT_OPTIMIZATION line 18 arg1 == 1
FAIL: gcc.dg/guality/pr36728-2.c -O3 -g -DPREVENT_OPTIMIZATION line 18 arg2 == 2
FAIL: gcc.dg/guality/pr36728-2.c -O3 -g -DPREVENT_OPTIMIZATION line 18 arg3 == 3
FAIL: gcc.dg/guality/pr36728-2.c -O3 -g -DPREVENT_OPTIMIZATION line 18 arg4 == 4
FAIL: gcc.dg/guality/pr36728-2.c -O3 -g -DPREVENT_OPTIMIZATION line 18 arg5 == 5
FAIL: gcc.dg/guality/pr36728-2.c -O3 -g -DPREVENT_OPTIMIZATION line 18 arg6 == 6
FAIL: gcc.dg/guality/pr36728-2.c -O3 -g -DPREVENT_OPTIMIZATION line 18 arg7 == 30
FAIL: gcc.dg/guality/pr36728-3.c -O3 -g -DPREVENT_OPTIMIZATION line 14 y == 2
XPASS: gcc.dg/guality/pr41353-1.c -O0 line 28 j == 28 + 37
FAIL: gcc.dg/guality/pr41447-1.c -O2 -DPREVENT_OPTIMIZATION execution test
FAIL: gcc.dg/guality/pr41447-1.c -O2 -flto -fno-use-linker-plugin -flto-partition=none -DPREVENT_OPTIMIZATION execution test
FAIL: gcc.dg/guality/pr41447-1.c -O3 -g -DPREVENT_OPTIMIZATION execution test
FAIL: gcc.dg/guality/pr41447-1.c -Os -DPREVENT_OPTIMIZATION execution test
FAIL: gcc.dg/guality/pr54200.c -O1 -DPREVENT_OPTIMIZATION line 20 z == 3
FAIL: gcc.dg/guality/pr54200.c -O2 -DPREVENT_OPTIMIZATION line 20 z == 3
FAIL: gcc.dg/guality/pr54200.c -O2 -flto -fno-use-linker-plugin -flto-partition=none -DPREVENT_OPTIMIZATION line 20 z == 3
FAIL: gcc.dg/guality/pr54200.c -O3 -g -DPREVENT_OPTIMIZATION line 20 z == 3
FAIL: gcc.dg/guality/pr54200.c -Os -DPREVENT_OPTIMIZATION line 20 z == 3
FAIL: gcc.dg/guality/pr54519-1.c -O2 -flto -fno-use-linker-plugin -flto-partition=none -DPREVENT_OPTIMIZATION line 20 y == 25
FAIL: gcc.dg/guality/pr54519-1.c -O2 -flto -fno-use-linker-plugin -flto-partition=none -DPREVENT_OPTIMIZATION line 20 z == 6
FAIL: gcc.dg/guality/pr54519-1.c -O2 -flto -fno-use-linker-plugin -flto-partition=none -DPREVENT_OPTIMIZATION line 23 y == 117
FAIL: gcc.dg/guality/pr54519-1.c -O2 -flto -fno-use-linker-plugin -flto-partition=none -DPREVENT_OPTIMIZATION line 23 z == 8
FAIL: gcc.dg/guality/pr54519-1.c -O2 -flto -fuse-linker-plugin -fno-fat-lto-objects -DPREVENT_OPTIMIZATION line 20 y == 25
FAIL: gcc.dg/guality/pr54519-1.c -O2 -flto -fuse-linker-plugin -fno-fat-lto-objects -DPREVENT_OPTIMIZATION line 20 z == 6
FAIL: gcc.dg/guality/pr54519-1.c -O2 -flto -fuse-linker-plugin -fno-fat-lto-objects -DPREVENT_OPTIMIZATION line 23 y == 117
FAIL: gcc.dg/guality/pr54519-1.c -O2 -flto -fuse-linker-plugin -fno-fat-lto-objects -DPREVENT_OPTIMIZATION line 23 z == 8
FAIL: gcc.dg/guality/pr54519-2.c -O2 -flto -fno-use-linker-plugin -flto-partition=none -DPREVENT_OPTIMIZATION line 17 y == 25
FAIL: gcc.dg/guality/pr54519-2.c -O2 -flto -fuse-linker-plugin -fno-fat-lto-objects -DPREVENT_OPTIMIZATION line 17 y == 25
FAIL: gcc.dg/guality/pr54519-3.c -O2 -flto -fno-use-linker-plugin -flto-partition=none -DPREVENT_OPTIMIZATION line 20 y == 25
FAIL: gcc.dg/guality/pr54519-3.c -O2 -flto -fno-use-linker-plugin -flto-partition=none -DPREVENT_OPTIMIZATION line 20 z == 6
FAIL: gcc.dg/guality/pr54519-3.c -O2 -flto -fno-use-linker-plugin -flto-partition=none -DPREVENT_OPTIMIZATION line 23 y == 117
FAIL: gcc.dg/guality/pr54519-3.c -O2 -flto -fno-use-linker-plugin -flto-partition=none -DPREVENT_OPTIMIZATION line 23 z == 8
FAIL: gcc.dg/guality/pr54519-3.c -O2 -flto -fuse-linker-plugin -fno-fat-lto-objects -DPREVENT_OPTIMIZATION line 20 y == 25
FAIL: gcc.dg/guality/pr54519-3.c -O2 -flto -fuse-linker-plugin -fno-fat-lto-objects -DPREVENT_OPTIMIZATION line 20 z == 6
FAIL: gcc.dg/guality/pr54519-3.c -O2 -flto -fuse-linker-plugin -fno-fat-lto-objects -DPREVENT_OPTIMIZATION line 23 y == 117
FAIL: gcc.dg/guality/pr54519-3.c -O2 -flto -fuse-linker-plugin -fno-fat-lto-objects -DPREVENT_OPTIMIZATION line 23 z == 8
FAIL: gcc.dg/guality/pr54519-4.c -O2 -flto -fno-use-linker-plugin -flto-partition=none -DPREVENT_OPTIMIZATION line 17 y == 25
FAIL: gcc.dg/guality/pr54519-4.c -O2 -flto -fuse-linker-plugin -fno-fat-lto-objects -DPREVENT_OPTIMIZATION line 17 y == 25
FAIL: gcc.dg/guality/pr54519-5.c -O2 -flto -fno-use-linker-plugin -flto-partition=none -DPREVENT_OPTIMIZATION line 17 y == 25
FAIL: gcc.dg/guality/pr54519-5.c -O2 -flto -fuse-linker-plugin -fno-fat-lto-objects -DPREVENT_OPTIMIZATION line 17 y == 25
FAIL: gcc.dg/guality/pr54519-6.c -Os -DPREVENT_OPTIMIZATION line 11 x == 2
FAIL: gcc.dg/guality/pr54693-2.c -O2 -flto -fuse-linker-plugin -fno-fat-lto-objects -DPREVENT_OPTIMIZATION line 21 z == 30 - 3 * i
FAIL: gcc.dg/guality/pr54693-2.c -Os -DPREVENT_OPTIMIZATION line 21 z == 30 - 3 * i
XPASS: gcc.dg/guality/pr54970.c -O0 line 15 a[0] == 1
XPASS: gcc.dg/guality/pr54970.c -O0 line 20 a[0] == 1
XPASS: gcc.dg/guality/pr54970.c -O0 line 25 a[0] == 1
XPASS: gcc.dg/guality/pr54970.c -O0 line 31 a[0] == 4
XPASS: gcc.dg/guality/pr54970.c -O0 line 36 a[0] == 4
XPASS: gcc.dg/guality/pr54970.c -O0 line 45 a[0] == 4
XPASS: gcc.dg/guality/pr54970.c -O0 line 45 p[-2] == 4
XPASS: gcc.dg/guality/pr54970.c -O0 line 45 q[-1] == 4
XPASS: gcc.dg/guality/pr54970.c -Og -DPREVENT_OPTIMIZATION line 15 a[0] == 1
XPASS: gcc.dg/guality/pr54970.c -Og -DPREVENT_OPTIMIZATION line 20 a[0] == 1
XPASS: gcc.dg/guality/pr54970.c -Og -DPREVENT_OPTIMIZATION line 25 a[0] == 1
XPASS: gcc.dg/guality/pr54970.c -Og -DPREVENT_OPTIMIZATION line 31 a[0] == 4
XPASS: gcc.dg/guality/pr54970.c -Og -DPREVENT_OPTIMIZATION line 36 a[0] == 4
XPASS: gcc.dg/guality/pr54970.c -Og -DPREVENT_OPTIMIZATION line 45 a[0] == 4
XPASS: gcc.dg/guality/pr54970.c -Og -DPREVENT_OPTIMIZATION line 45 p[-2] == 4
XPASS: gcc.dg/guality/pr54970.c -Og -DPREVENT_OPTIMIZATION line 45 q[-1] == 4
FAIL: gcc.dg/guality/pr56154-1.c -Og -DPREVENT_OPTIMIZATION line pr56154-1.c:20 x.a == 6
FAIL: gcc.dg/guality/pr59776.c -Og -DPREVENT_OPTIMIZATION line pr59776.c:17 s1.f == 5.0
FAIL: gcc.dg/guality/pr59776.c -Og -DPREVENT_OPTIMIZATION line pr59776.c:17 s1.g == 6.0
FAIL: gcc.dg/guality/pr59776.c -Og -DPREVENT_OPTIMIZATION line pr59776.c:17 s2.f == 0.0
FAIL: gcc.dg/guality/pr59776.c -Og -DPREVENT_OPTIMIZATION line pr59776.c:17 s2.g == 6.0
FAIL: gcc.dg/guality/pr59776.c -Og -DPREVENT_OPTIMIZATION line pr59776.c:20 s1.f == 5.0
FAIL: gcc.dg/guality/pr59776.c -Og -DPREVENT_OPTIMIZATION line pr59776.c:20 s1.g == 6.0
FAIL: gcc.dg/guality/pr59776.c -Og -DPREVENT_OPTIMIZATION line pr59776.c:20 s2.f == 5.0
FAIL: gcc.dg/guality/pr59776.c -Og -DPREVENT_OPTIMIZATION line pr59776.c:20 s2.g == 6.0
FAIL: gcc.dg/guality/pr68860-1.c -O2 -DPREVENT_OPTIMIZATION line 14 y == 2
FAIL: gcc.dg/guality/pr68860-1.c -O3 -g -DPREVENT_OPTIMIZATION line 14 y == 2
FAIL: gcc.dg/guality/pr68860-2.c -O3 -g -DPREVENT_OPTIMIZATION line 14 y == 2
FAIL: gcc.dg/guality/pr90074.c -O2 -flto -fuse-linker-plugin -fno-fat-lto-objects -DPREVENT_OPTIMIZATION line 28 c + 1 == 2
FAIL: gcc.dg/guality/pr90074.c -O2 -flto -fuse-linker-plugin -fno-fat-lto-objects -DPREVENT_OPTIMIZATION line 28 i + 1 == 8
FAIL: gcc.dg/guality/pr90716.c -O2 -flto -fuse-linker-plugin -fno-fat-lto-objects -DPREVENT_OPTIMIZATION line 23 j + 1 == 9
FAIL: gcc.dg/guality/sra-1.c -O2 -flto -fuse-linker-plugin -fno-fat-lto-objects -DPREVENT_OPTIMIZATION line 21 a.j == 14
FAIL: gcc.dg/guality/sra-1.c -O2 -flto -fuse-linker-plugin -fno-fat-lto-objects -DPREVENT_OPTIMIZATION line 32 a[1] == 14
FAIL: gcc.dg/guality/sra-1.c -O2 -flto -fuse-linker-plugin -fno-fat-lto-objects -DPREVENT_OPTIMIZATION line 43 a.j == 14
FAIL: gcc.dg/guality/sra-1.c -Og -DPREVENT_OPTIMIZATION line 43 a.i == 4
FAIL: gcc.dg/guality/sra-1.c -Og -DPREVENT_OPTIMIZATION line 43 a.j == 14
FAIL: gcc.dg/torture/pr91323.c -O1 execution test
FAIL: gcc.dg/torture/pr91323.c -O2 execution test
FAIL: gcc.dg/torture/pr91323.c -O2 -flto -fno-use-linker-plugin -flto-partition=none execution test
FAIL: gcc.dg/torture/pr91323.c -O2 -flto -fuse-linker-plugin -fno-fat-lto-objects execution test
FAIL: gcc.dg/torture/pr91323.c -O3 -g execution test
FAIL: gcc.dg/torture/pr91323.c -Os execution test
FAIL: gcc.target/aarch64/insv_1.c scan-assembler bfi\\tx[0-9]+, x[0-9]+, 0, 8
FAIL: gcc.target/aarch64/insv_1.c scan-assembler bfi\\tx[0-9]+, x[0-9]+, 16, 5
FAIL: gcc.target/aarch64/insv_1.c scan-assembler movk\\tx[0-9]+, 0x1d6b, lsl 32
FAIL: gcc.target/aarch64/lsl_asr_sbfiz.c scan-assembler sbfiz\\tw
FAIL: gcc.target/aarch64/vect-ld1r-compile-fp.c scan-assembler ld1r\\\\t{v[0-9]+.2d
FAIL: gcc.target/aarch64/vect-ld1r-compile.c scan-assembler ld1r\\\\t{v[0-9]+.2d
FAIL: gcc.target/aarch64/vect-ld1r-compile.c scan-assembler ld1r\\\\t{v[0-9]+.4h
FAIL: gcc.target/aarch64/simd/vrbit_1.c scan-assembler-times rbit[ \\t]+[vV][0-9]+.16[bB], ?[vV][0-9]+.16[bB] 3
FAIL: gcc.target/aarch64/simd/vrbit_1.c scan-assembler-times rbit[ \\t]+[vV][0-9]+.8[bB], ?[vV][0-9]+.8[bB] 3
FAIL: gcc.target/aarch64/sve/index_offset_1.c -march=armv8.2-a+sve scan-assembler-times ld1b\\\\tz[0-9]+.b, p[0-9]+/z, \\\\[x[0-9]+, x[0-9]+\\\\] 16
FAIL: gcc.target/aarch64/sve/index_offset_1.c -march=armv8.2-a+sve scan-assembler-times st1b\\\\tz[0-9]+.b, p[0-9]+, \\\\[x[0-9]+, x[0-9]+\\\\] 16
=== gcc Summary ===
# of expected passes 208702
# of unexpected failures 104
# of unexpected successes 33
# of expected failures 1395
# of unsupported tests 3829
/home/tcwg-buildslave/workspace/tcwg-buildfarm__0/_build/builds/aarch64-unknown-linux-gnu/aarch64-unknown-linux-gnu/gcc.git~master_rev_e1505d111c330e6cbb20f15b5fe784679cd30330-stage2/gcc/xgcc version 10.0.0 20191031 (experimental) [master revision 277675] (GCC)
=== gfortran tests ===
Running target tcwg-local
FAIL: gfortran.dg/ieee/ieee_6.f90 -O0 execution test
FAIL: gfortran.dg/ieee/ieee_6.f90 -O1 execution test
FAIL: gfortran.dg/ieee/ieee_6.f90 -O2 execution test
FAIL: gfortran.dg/ieee/ieee_6.f90 -O3 -fomit-frame-pointer -funroll-loops -fpeel-loops -ftracer -finline-functions execution test
FAIL: gfortran.dg/ieee/ieee_6.f90 -O3 -g execution test
FAIL: gfortran.dg/ieee/ieee_6.f90 -Os execution test
XPASS: gfortran.dg/ieee/ieee_8.f90 -O0 execution test
XPASS: gfortran.dg/ieee/ieee_8.f90 -O1 execution test
XPASS: gfortran.dg/ieee/ieee_8.f90 -O2 execution test
XPASS: gfortran.dg/ieee/ieee_8.f90 -O3 -fomit-frame-pointer -funroll-loops -fpeel-loops -ftracer -finline-functions execution test
XPASS: gfortran.dg/ieee/ieee_8.f90 -O3 -g execution test
XPASS: gfortran.dg/ieee/ieee_8.f90 -Os execution test
=== gfortran Summary ===
# of expected passes 50275
# of unexpected failures 6
# of unexpected successes 6
# of expected failures 179
# of unsupported tests 85
/home/tcwg-buildslave/workspace/tcwg-buildfarm__0/_build/builds/aarch64-unknown-linux-gnu/aarch64-unknown-linux-gnu/gcc.git~master_rev_e1505d111c330e6cbb20f15b5fe784679cd30330-stage2/gcc/gfortran version 10.0.0 20191031 (experimental) [master revision 277675] (GCC)
=== g++ tests ===
Running target tcwg-local
FAIL: g++.dg/cpp2a/nodiscard-once.C -std=gnu++2a (test for excess errors)
FAIL: g++.dg/cpp2a/nodiscard-reason.C -std=gnu++2a (test for warnings, line 16)
FAIL: g++.dg/cpp2a/nodiscard-reason.C -std=gnu++2a (test for warnings, line 17)
FAIL: g++.dg/cpp2a/nodiscard-reason.C -std=gnu++2a (test for warnings, line 176)
FAIL: g++.dg/cpp2a/nodiscard-reason.C -std=gnu++2a (test for warnings, line 178)
FAIL: g++.dg/cpp2a/nodiscard-reason.C -std=gnu++2a (test for warnings, line 183)
FAIL: g++.dg/cpp2a/nodiscard-reason.C -std=gnu++2a (test for warnings, line 185)
FAIL: g++.dg/cpp2a/nodiscard-reason.C -std=gnu++2a (test for warnings, line 190)
FAIL: g++.dg/cpp2a/nodiscard-reason.C -std=gnu++2a (test for warnings, line 192)
FAIL: g++.dg/cpp2a/nodiscard-reason.C -std=gnu++2a (test for excess errors)
FAIL: g++.dg/tree-ssa/pr90883.C scan-tree-dump dse1 "Deleted redundant store: .*.a = {}"
FAIL: g++.target/aarch64/return_address_sign_b_exception.C (test for excess errors)
=== g++ Summary ===
# of expected passes 252051
# of unexpected failures 12
# of expected failures 1538
# of unsupported tests 7603
/home/tcwg-buildslave/workspace/tcwg-buildfarm__0/_build/builds/aarch64-unknown-linux-gnu/aarch64-unknown-linux-gnu/gcc.git~master_rev_e1505d111c330e6cbb20f15b5fe784679cd30330-stage2/gcc/xg++ version 10.0.0 20191031 (experimental) [master revision 277675] (GCC)
=== obj-c++ tests ===
Running target tcwg-local
=== obj-c++ Summary ===
# of expected passes 1442
# of expected failures 10
# of unsupported tests 77
/home/tcwg-buildslave/workspace/tcwg-buildfarm__0/_build/builds/aarch64-unknown-linux-gnu/aarch64-unknown-linux-gnu/gcc.git~master_rev_e1505d111c330e6cbb20f15b5fe784679cd30330-stage2/gcc/xg++ version 10.0.0 20191031 (experimental) [master revision 277675] (GCC)
=== objc tests ===
Running target tcwg-local
=== objc Summary ===
# of expected passes 2780
# of unsupported tests 69
/home/tcwg-buildslave/workspace/tcwg-buildfarm__0/_build/builds/aarch64-unknown-linux-gnu/aarch64-unknown-linux-gnu/gcc.git~master_rev_e1505d111c330e6cbb20f15b5fe784679cd30330-stage2/gcc/xgcc version 10.0.0 20191031 (experimental) [master revision 277675] (GCC)
Compiler version: 10.0.0 20191031 (experimental) [master revision 277675] (GCC)
Platform: aarch64-unknown-linux-gnu
configure flags: SHELL=/bin/bash --with-mpc=/home/tcwg-buildslave/workspace/tcwg-buildfarm__0/_build/builds/destdir/aarch64-unknown-linux-gnu --with-mpfr=/home/tcwg-buildslave/workspace/tcwg-buildfarm__0/_build/builds/destdir/aarch64-unknown-linux-gnu --with-gmp=/home/tcwg-buildslave/workspace/tcwg-buildfarm__0/_build/builds/destdir/aarch64-unknown-linux-gnu --with-gnu-as --with-gnu-ld --disable-libmudflap --enable-lto --enable-shared --without-included-gettext --enable-nls --with-system-zlib --disable-sjlj-exceptions --enable-gnu-unique-object --enable-linker-build-id --disable-libstdcxx-pch --enable-c99 --enable-clocale=gnu --enable-libstdcxx-debug --enable-long-long --with-cloog=no --with-ppl=no --with-isl=no --disable-multilib --enable-fix-cortex-a53-835769 --enable-fix-cortex-a53-843419 --with-arch=armv8-a --enable-threads=posix --enable-multiarch --enable-libstdcxx-time=yes --enable-gnu-indirect-function --enable-checking=yes --enable-bootstrap --enable-languages=c,c++,fortran,
lto,objc,obj-c++ --build=aarch64-unknown-linux-gnu --host=aarch64-unknown-linux-gnu --target=aarch64-unknown-linux-gnu --prefix=/home/tcwg-buildslave/workspace/tcwg-buildfarm__0/_build/builds/destdir/aarch64-unknown-linux-gnu
More information about the Gcc-testresults
mailing list