Results for 7.4.1 20191026 [gcc-7-branch revision 277471] (GCC) testsuite on i686-apple-darwin9
Iain Sandoe
iains.gcc@gmail.com
Sun Oct 27 10:26:00 GMT 2019
LAST_UPDATED: Sat Oct 26 10:43:54 UTC 2019 (revision 277471)
=== acats tests ===
FAIL: c43205c
FAIL: cxg2001
FAIL: cxg2014
=== acats Summary ===
# of expected passes 2317
# of unexpected failures 3
Native configuration is i686-apple-darwin9
=== g++ tests ===
Running target unix/-m32
XPASS: g++.dg/ext/sync-4.C -std=gnu++11 execution test
XPASS: g++.dg/ext/sync-4.C -std=gnu++14 execution test
XPASS: g++.dg/ext/sync-4.C -std=gnu++98 execution test
FAIL: g++.dg/ipa/pr67056.C scan-ipa-dump cp "Speculative outer type:struct CompositeClass"
UNRESOLVED: g++.dg/lto/20100603-1 cp_lto_20100603-1_0.o-cp_lto_20100603-1_1.o execute -O0 -flto -flto-partition=1to1
FAIL: g++.dg/lto/20100603-1 cp_lto_20100603-1_0.o-cp_lto_20100603-1_1.o link, -O0 -flto -flto-partition=1to1 (internal compiler error)
UNRESOLVED: g++.dg/lto/pr54625-1 cp_lto_pr54625-1_0.o-cp_lto_pr54625-1_1.o execute -O0 -flto -flto-partition=1to1
UNRESOLVED: g++.dg/lto/pr54625-1 cp_lto_pr54625-1_0.o-cp_lto_pr54625-1_1.o execute -O2 -flto -flto-partition=1to1
FAIL: g++.dg/lto/pr54625-1 cp_lto_pr54625-1_0.o-cp_lto_pr54625-1_1.o link, -O0 -flto -flto-partition=1to1 (internal compiler error)
FAIL: g++.dg/lto/pr54625-1 cp_lto_pr54625-1_0.o-cp_lto_pr54625-1_1.o link, -O2 -flto -flto-partition=1to1 (internal compiler error)
UNRESOLVED: g++.dg/lto/pr54625-2 cp_lto_pr54625-2_0.o-cp_lto_pr54625-2_1.o execute -O0 -flto -flto-partition=1to1
UNRESOLVED: g++.dg/lto/pr54625-2 cp_lto_pr54625-2_0.o-cp_lto_pr54625-2_1.o execute -O2 -flto -flto-partition=1to1
FAIL: g++.dg/lto/pr54625-2 cp_lto_pr54625-2_0.o-cp_lto_pr54625-2_1.o link, -O0 -flto -flto-partition=1to1 (internal compiler error)
FAIL: g++.dg/lto/pr54625-2 cp_lto_pr54625-2_0.o-cp_lto_pr54625-2_1.o link, -O2 -flto -flto-partition=1to1 (internal compiler error)
UNRESOLVED: g++.dg/lto/pr65276 cp_lto_pr65276_0.o-cp_lto_pr65276_1.o execute -flto -O0 -std=c++11
FAIL: g++.dg/lto/pr65276 cp_lto_pr65276_0.o-cp_lto_pr65276_1.o link, -flto -O0 -std=c++11
UNRESOLVED: g++.dg/lto/pr78472 cp_lto_pr78472_0.o-cp_lto_pr78472_1.o execute -O0 -flto -flto-partition=1to1
FAIL: g++.dg/lto/pr78472 cp_lto_pr78472_0.o-cp_lto_pr78472_1.o link, -O0 -flto -flto-partition=1to1 (internal compiler error)
UNRESOLVED: g++.dg/lto/pr79671 cp_lto_pr79671_0.o-cp_lto_pr79671_1.o execute -O0 -flto -flto-partition=1to1
FAIL: g++.dg/lto/pr79671 cp_lto_pr79671_0.o-cp_lto_pr79671_1.o link, -O0 -flto -flto-partition=1to1 (internal compiler error)
FAIL: g++.dg/simulate-thread/atomics-1.C -O0 -g thread simulation test
FAIL: g++.dg/tls/pr77285-2.C -std=c++11 scan-assembler _ZTH4var1B3tag
FAIL: g++.dg/tls/pr77285-2.C -std=c++14 scan-assembler _ZTH4var1B3tag
FAIL: g++.dg/tls/thread_local-order2.C -std=c++11 execution test
FAIL: g++.dg/tls/thread_local-order2.C -std=c++14 execution test
=== g++ Summary for unix/-m32 ===
# of expected passes 105727
# of unexpected failures 14
# of unexpected successes 3
# of expected failures 403
# of unresolved testcases 8
# of unsupported tests 4301
Running target unix/-m64
XPASS: g++.dg/ext/sync-4.C -std=gnu++11 execution test
XPASS: g++.dg/ext/sync-4.C -std=gnu++14 execution test
XPASS: g++.dg/ext/sync-4.C -std=gnu++98 execution test
FAIL: g++.dg/ipa/pr67056.C scan-ipa-dump cp "Speculative outer type:struct CompositeClass"
UNRESOLVED: g++.dg/lto/pr65276 cp_lto_pr65276_0.o-cp_lto_pr65276_1.o execute -flto -O0 -std=c++11
FAIL: g++.dg/lto/pr65276 cp_lto_pr65276_0.o-cp_lto_pr65276_1.o link, -flto -O0 -std=c++11
FAIL: g++.dg/tls/pr77285-2.C -std=c++11 scan-assembler _ZTH4var1B3tag
FAIL: g++.dg/tls/pr77285-2.C -std=c++14 scan-assembler _ZTH4var1B3tag
FAIL: g++.dg/tls/thread_local-order2.C -std=c++11 execution test
FAIL: g++.dg/tls/thread_local-order2.C -std=c++14 execution test
=== g++ Summary for unix/-m64 ===
# of expected passes 107068
# of unexpected failures 6
# of unexpected successes 3
# of expected failures 403
# of unresolved testcases 1
# of unsupported tests 4536
=== g++ Summary ===
# of expected passes 212795
# of unexpected failures 20
# of unexpected successes 6
# of expected failures 806
# of unresolved testcases 9
# of unsupported tests 8837
/Volumes/Work/10-5-leo/gcc-7-wip/gcc/testsuite/g++/../../xg++ version 7.4.1 20191026 [gcc-7-branch revision 277471] (GCC)
=== gcc tests ===
Running target unix/-m32
FAIL: gcc.c-torture/compile/pr72802.c -O0 (test for excess errors)
FAIL: gcc.c-torture/compile/pr72802.c -O1 (test for excess errors)
FAIL: gcc.c-torture/compile/pr72802.c -O2 (test for excess errors)
FAIL: gcc.c-torture/compile/pr72802.c -O2 -flto (test for excess errors)
FAIL: gcc.c-torture/compile/pr72802.c -O2 -flto -flto-partition=none (test for excess errors)
FAIL: gcc.c-torture/compile/pr72802.c -O3 -fomit-frame-pointer -funroll-loops -fpeel-loops -ftracer -finline-functions (test for excess errors)
FAIL: gcc.c-torture/compile/pr72802.c -O3 -g (test for excess errors)
FAIL: gcc.c-torture/compile/pr72802.c -Os (test for excess errors)
FAIL: gcc.dg/atomic/c11-atomic-exec-5.c -O0 execution test
FAIL: gcc.dg/atomic/c11-atomic-exec-5.c -O1 execution test
FAIL: gcc.dg/atomic/c11-atomic-exec-5.c -O2 execution test
FAIL: gcc.dg/atomic/c11-atomic-exec-5.c -O2 -flto execution test
FAIL: gcc.dg/atomic/c11-atomic-exec-5.c -O3 -fomit-frame-pointer -funroll-loops -fpeel-loops -ftracer -finline-functions execution test
WARNING: standard_wait: program timed out
WARNING: standard_wait: program timed out
WARNING: standard_wait: program timed out
WARNING: standard_wait: program timed out
WARNING: standard_wait: program timed out
FAIL: gcc.dg/pr57438-2.c scan-assembler nop\\\\nLFE.*
FAIL: gcc.dg/pr61861.c (test for excess errors)
XPASS: gcc.dg/pr78768.c -Wformat-overflow (test for warnings, line 11)
FAIL: gcc.dg/pr90760.c (test for errors, line 6)
FAIL: gcc.dg/pr90760.c (test for errors, line 8)
FAIL: gcc.dg/pr90760.c (test for excess errors)
FAIL: gcc.dg/stack-layout-dynamic-1.c (test for excess errors)
UNRESOLVED: gcc.dg/stack-layout-dynamic-1.c scan-assembler-not cfi_def_cfa_register
FAIL: gcc.dg/graphite/scop-19.c scan-tree-dump-times graphite "number of SCoPs: 0" 1
FAIL: gcc.dg/torture/builtin-self.c -O0 scan-assembler-not \\tcall
FAIL: gcc.dg/vect/vect-tail-nomask-1.c (test for excess errors)
FAIL: gcc.dg/vect/vect-tail-nomask-1.c -flto -ffat-lto-objects (test for excess errors)
WARNING: gcc.dg/vect/vect-tail-nomask-1.c -flto -ffat-lto-objects compilation failed to produce executable
WARNING: gcc.dg/vect/vect-tail-nomask-1.c compilation failed to produce executable
FAIL: gcc.target/i386/align-limit.c scan-assembler .p2align 6,,1
FAIL: gcc.target/i386/darwin-fpmath.c scan-assembler addsd
FAIL: gcc.target/i386/pad-3.c scan-assembler-not nop
FAIL: gcc.target/i386/pr36502.c scan-assembler-not esp
FAIL: gcc.target/i386/pr66334.c scan-assembler movl[ \\\\t].+, %ebx
FAIL: gcc.target/i386/pr71245-1.c scan-assembler-not (fistp|fild)
FAIL: gcc.target/i386/pr71245-2.c scan-assembler-not movlps
FAIL: gcc.target/i386/pr78035.c scan-assembler-times cmp 2
FAIL: gcc.target/i386/pr80569.c (test for excess errors)
=== gcc Summary for unix/-m32 ===
# of expected passes 114580
# of unexpected failures 32
# of unexpected successes 1
# of expected failures 371
# of unresolved testcases 1
# of unsupported tests 4204
Running target unix/-m64
FAIL: gcc.dg/atomic/c11-atomic-exec-5.c -O0 execution test
FAIL: gcc.dg/atomic/c11-atomic-exec-5.c -O1 execution test
FAIL: gcc.dg/atomic/c11-atomic-exec-5.c -O2 execution test
FAIL: gcc.dg/atomic/c11-atomic-exec-5.c -O2 -flto execution test
FAIL: gcc.dg/atomic/c11-atomic-exec-5.c -O2 -flto -flto-partition=none execution test
FAIL: gcc.dg/atomic/c11-atomic-exec-5.c -O3 -fomit-frame-pointer -funroll-loops -fpeel-loops -ftracer -finline-functions execution test
FAIL: gcc.dg/atomic/c11-atomic-exec-5.c -O3 -g execution test
FAIL: gcc.dg/atomic/c11-atomic-exec-5.c -Os execution test
WARNING: standard_wait: program timed out
WARNING: standard_wait: program timed out
WARNING: standard_wait: program timed out
FAIL: gcc.dg/attr-weakref-1.c execution test
XPASS: gcc.dg/pr78768.c -Wformat-overflow (test for warnings, line 11)
FAIL: gcc.dg/pr90760.c (test for errors, line 6)
FAIL: gcc.dg/pr90760.c (test for errors, line 8)
FAIL: gcc.dg/pr90760.c (test for excess errors)
FAIL: gcc.dg/graphite/scop-19.c scan-tree-dump-times graphite "number of SCoPs: 0" 1
FAIL: gcc.dg/rtl/x86_64/final.c (internal compiler error)
FAIL: gcc.dg/rtl/x86_64/final.c (test for excess errors)
UNRESOLVED: gcc.dg/rtl/x86_64/final.c scan-assembler .cfi_endproc
UNRESOLVED: gcc.dg/rtl/x86_64/final.c scan-assembler .cfi_startproc
UNRESOLVED: gcc.dg/rtl/x86_64/final.c scan-assembler ret
UNRESOLVED: gcc.dg/rtl/x86_64/final.c scan-assembler test_1:
FAIL: gcc.dg/vect/vect-tail-nomask-1.c (test for excess errors)
FAIL: gcc.dg/vect/vect-tail-nomask-1.c -flto -ffat-lto-objects (test for excess errors)
WARNING: gcc.dg/vect/vect-tail-nomask-1.c -flto -ffat-lto-objects compilation failed to produce executable
WARNING: gcc.dg/vect/vect-tail-nomask-1.c compilation failed to produce executable
FAIL: gcc.target/i386/align-limit.c scan-assembler .p2align 6,,1
FAIL: gcc.target/i386/pr78035.c scan-assembler-times cmp 2
FAIL: gcc.target/i386/pr80569.c (test for excess errors)
=== gcc Summary for unix/-m64 ===
# of expected passes 116026
# of unexpected failures 20
# of unexpected successes 1
# of expected failures 371
# of unresolved testcases 4
# of unsupported tests 4162
=== gcc Summary ===
# of expected passes 230606
# of unexpected failures 52
# of unexpected successes 2
# of expected failures 742
# of unresolved testcases 5
# of unsupported tests 8366
/Volumes/Work/10-5-leo/gcc-7-wip/gcc/xgcc version 7.4.1 20191026 [gcc-7-branch revision 277471] (GCC)
=== gfortran tests ===
Running target unix/-m32
=== gfortran Summary for unix/-m32 ===
# of expected passes 45883
# of expected failures 93
# of unsupported tests 191
Running target unix/-m64
=== gfortran Summary for unix/-m64 ===
# of expected passes 46100
# of expected failures 93
# of unsupported tests 88
=== gfortran Summary ===
# of expected passes 91983
# of expected failures 186
# of unsupported tests 279
/Volumes/Work/10-5-leo/gcc-7-wip/gcc/testsuite/gfortran/../../gfortran version 7.4.1 20191026 [gcc-7-branch revision 277471] (GCC)
=== gnat tests ===
Running target unix/-m32
=== gnat Summary for unix/-m32 ===
# of expected passes 2603
# of expected failures 25
# of unsupported tests 7
Running target unix/-m64
=== gnat Summary for unix/-m64 ===
# of expected passes 2603
# of expected failures 25
# of unsupported tests 7
=== gnat Summary ===
# of expected passes 5206
# of expected failures 50
# of unsupported tests 14
/Volumes/Work/10-5-leo/gcc-7-wip/gcc/gnatmake version 7.4.1 20191026 [gcc-7-branch revision 277471]
=== obj-c++ tests ===
Running target unix/-m32
FAIL: obj-c++.dg/stubify-2.mm -fnext-runtime scan-rtl-dump-not jump "symbol_ref.*"objc_msgSend""
=== obj-c++ Summary for unix/-m32 ===
# of expected passes 3116
# of unexpected failures 1
# of expected failures 2
# of unsupported tests 62
Running target unix/-m64
=== obj-c++ Summary for unix/-m64 ===
# of expected passes 3067
# of expected failures 19
# of unsupported tests 67
=== obj-c++ Summary ===
# of expected passes 6183
# of unexpected failures 1
# of expected failures 21
# of unsupported tests 129
/Volumes/Work/10-5-leo/gcc-7-wip/gcc/testsuite/obj-c++/../../xg++ version 7.4.1 20191026 [gcc-7-branch revision 277471] (GCC)
=== objc tests ===
Running target unix/-m32
FAIL: objc.dg/ivar-scope-4.m -fnext-runtime execution test
=== objc Summary for unix/-m32 ===
# of expected passes 5671
# of unexpected failures 1
# of expected failures 6
# of unsupported tests 79
Running target unix/-m64
FAIL: objc.dg/ivar-scope-4.m -fnext-runtime execution test
=== objc Summary for unix/-m64 ===
# of expected passes 5625
# of unexpected failures 1
# of expected failures 12
# of unsupported tests 85
=== objc Summary ===
# of expected passes 11296
# of unexpected failures 2
# of expected failures 18
# of unsupported tests 164
/Volumes/Work/10-5-leo/gcc-7-wip/gcc/xgcc version 7.4.1 20191026 [gcc-7-branch revision 277471] (GCC)
=== libatomic tests ===
Running target unix/-m32
=== libatomic Summary for unix/-m32 ===
# of expected passes 44
# of unsupported tests 5
Running target unix/-m64
=== libatomic Summary for unix/-m64 ===
# of expected passes 54
=== libatomic Summary ===
# of expected passes 98
# of unsupported tests 5
=== libgomp tests ===
Running target unix/-m32
=== libgomp Summary for unix/-m32 ===
# of expected passes 5126
# of unsupported tests 393
Running target unix/-m64
=== libgomp Summary for unix/-m64 ===
# of expected passes 5126
# of unsupported tests 393
=== libgomp Summary ===
# of expected passes 10252
# of unsupported tests 786
=== libitm tests ===
Running target unix/-m32
=== libitm Summary for unix/-m32 ===
# of expected passes 40
# of expected failures 3
# of unsupported tests 2
Running target unix/-m64
=== libitm Summary for unix/-m64 ===
# of expected passes 40
# of expected failures 3
# of unsupported tests 2
=== libitm Summary ===
# of expected passes 80
# of expected failures 6
# of unsupported tests 4
=== libstdc++ tests ===
Running target unix/-m32
FAIL: 17_intro/names.cc (test for excess errors)
FAIL: 27_io/basic_filebuf/open/char/2.cc execution test
FAIL: experimental/names.cc (test for excess errors)
FAIL: ext/mt_allocator/deallocate_global_thread-1.cc execution test
FAIL: ext/mt_allocator/deallocate_global_thread-3.cc execution test
FAIL: ext/stdio_filebuf/char/10063-2.cc execution test
FAIL: ext/stdio_filebuf/char/81751.cc execution test
=== libstdc++ Summary for unix/-m32 ===
# of expected passes 10903
# of unexpected failures 7
# of expected failures 66
# of unsupported tests 671
Running target unix/-m64
FAIL: 17_intro/names.cc (test for excess errors)
FAIL: 27_io/basic_filebuf/open/char/2.cc execution test
FAIL: experimental/filesystem/operations/last_write_time.cc execution test
FAIL: experimental/names.cc (test for excess errors)
FAIL: ext/mt_allocator/deallocate_global_thread-1.cc execution test
FAIL: ext/mt_allocator/deallocate_global_thread-3.cc execution test
FAIL: ext/stdio_filebuf/char/10063-2.cc execution test
FAIL: ext/stdio_filebuf/char/81751.cc execution test
=== libstdc++ Summary for unix/-m64 ===
# of expected passes 10900
# of unexpected failures 8
# of expected failures 66
# of unsupported tests 672
=== libstdc++ Summary ===
# of expected passes 21803
# of unexpected failures 15
# of expected failures 132
# of unsupported tests 1343
Compiler version: 7.4.1 20191026 [gcc-7-branch revision 277471] (GCC)
Platform: i686-apple-darwin9
configure flags: --prefix=/opt/iains/i686-apple-darwin9/gcc-7-wip --target=i686-apple-darwin9 --host=i686-apple-darwin9 --build=i686-apple-darwin9 --disable-nls --disable-libstdcxx-pch --enable-version-specific-runtime-libs --enable-languages=all,ada,obj-c++ --with-ld=/usr/bin/ld --with-as=/usr/bin/as CC=gcc CXX=g++
More information about the Gcc-testresults
mailing list