Results for 10.0.0 20191025 (experimental) [trunk revision 277438] (GCC) testsuite on sparc-sun-solaris2.11
Rainer Orth
ro@CeBiTec.Uni-Bielefeld.DE
Fri Oct 25 11:40:00 GMT 2019
LAST_UPDATED: Fri Oct 25 08:46:36 UTC 2019 (revision 277438)
=== acats tests ===
=== acats Summary ===
# of expected passes 2320
# of unexpected failures 0
Native configuration is sparc-sun-solaris2.11
=== g++ tests ===
Running target unix
FAIL: g++.dg/asan/default-options-1.C -O0 execution test
FAIL: g++.dg/asan/default-options-1.C -O1 execution test
FAIL: g++.dg/asan/default-options-1.C -O2 execution test
FAIL: g++.dg/asan/default-options-1.C -O2 -flto execution test
FAIL: g++.dg/asan/default-options-1.C -O2 -flto -flto-partition=none execution test
FAIL: g++.dg/asan/default-options-1.C -O3 -g execution test
FAIL: g++.dg/asan/default-options-1.C -Os execution test
FAIL: c-c++-common/Warray-bounds-4.c -std=gnu++14 strcpy (test for warnings, line 66)
FAIL: c-c++-common/Warray-bounds-4.c -std=gnu++17 strcpy (test for warnings, line 66)
FAIL: c-c++-common/Warray-bounds-4.c -std=gnu++2a strcpy (test for warnings, line 66)
FAIL: c-c++-common/Warray-bounds-4.c -std=gnu++98 strcpy (test for warnings, line 66)
FAIL: g++.dg/cpp2a/nodiscard-once.C -std=gnu++2a (test for excess errors)
FAIL: g++.dg/cpp2a/nodiscard-reason.C -std=gnu++2a (test for warnings, line 16)
FAIL: g++.dg/cpp2a/nodiscard-reason.C -std=gnu++2a (test for warnings, line 17)
FAIL: g++.dg/cpp2a/nodiscard-reason.C -std=gnu++2a (test for warnings, line 176)
FAIL: g++.dg/cpp2a/nodiscard-reason.C -std=gnu++2a (test for warnings, line 178)
FAIL: g++.dg/cpp2a/nodiscard-reason.C -std=gnu++2a (test for warnings, line 183)
FAIL: g++.dg/cpp2a/nodiscard-reason.C -std=gnu++2a (test for warnings, line 185)
FAIL: g++.dg/cpp2a/nodiscard-reason.C -std=gnu++2a (test for warnings, line 190)
FAIL: g++.dg/cpp2a/nodiscard-reason.C -std=gnu++2a (test for warnings, line 192)
FAIL: g++.dg/cpp2a/nodiscard-reason.C -std=gnu++2a (test for excess errors)
FAIL: g++.dg/gcov/pr16855-priority.C -std=gnu++14 gcov: 1 failures in line counts, 0 in branch percentages, 0 in return percentages, 0 in intermediate format
FAIL: g++.dg/gcov/pr16855-priority.C -std=gnu++14 line 22: is #####:should be 1
FAIL: g++.dg/gcov/pr16855-priority.C -std=gnu++17 gcov: 1 failures in line counts, 0 in branch percentages, 0 in return percentages, 0 in intermediate format
FAIL: g++.dg/gcov/pr16855-priority.C -std=gnu++17 line 22: is #####:should be 1
FAIL: g++.dg/gcov/pr16855-priority.C -std=gnu++2a gcov: 1 failures in line counts, 0 in branch percentages, 0 in return percentages, 0 in intermediate format
FAIL: g++.dg/gcov/pr16855-priority.C -std=gnu++2a line 22: is #####:should be 1
FAIL: g++.dg/gcov/pr16855-priority.C -std=gnu++98 gcov: 1 failures in line counts, 0 in branch percentages, 0 in return percentages, 0 in intermediate format
FAIL: g++.dg/gcov/pr16855-priority.C -std=gnu++98 line 22: is #####:should be 1
FAIL: g++.dg/gcov/pr16855.C -std=gnu++14 gcov: 1 failures in line counts, 0 in branch percentages, 0 in return percentages, 0 in intermediate format
FAIL: g++.dg/gcov/pr16855.C -std=gnu++14 line 24: is #####:should be 1
FAIL: g++.dg/gcov/pr16855.C -std=gnu++17 gcov: 1 failures in line counts, 0 in branch percentages, 0 in return percentages, 0 in intermediate format
FAIL: g++.dg/gcov/pr16855.C -std=gnu++17 line 24: is #####:should be 1
FAIL: g++.dg/gcov/pr16855.C -std=gnu++2a gcov: 1 failures in line counts, 0 in branch percentages, 0 in return percentages, 0 in intermediate format
FAIL: g++.dg/gcov/pr16855.C -std=gnu++2a line 24: is #####:should be 1
FAIL: g++.dg/gcov/pr16855.C -std=gnu++98 gcov: 1 failures in line counts, 0 in branch percentages, 0 in return percentages, 0 in intermediate format
FAIL: g++.dg/gcov/pr16855.C -std=gnu++98 line 24: is #####:should be 1
FAIL: g++.dg/lto/pr89335 cp_lto_pr89335_0.o assemble, -O2 -flto -Wsuggest-final-methods
=== g++ Summary for unix ===
# of expected passes 175338
# of unexpected failures 38
# of expected failures 759
# of unsupported tests 7805
Running target unix/-m64
FAIL: c-c++-common/Warray-bounds-4.c -std=gnu++14 strcpy (test for warnings, line 66)
FAIL: c-c++-common/Warray-bounds-4.c -std=gnu++17 strcpy (test for warnings, line 66)
FAIL: c-c++-common/Warray-bounds-4.c -std=gnu++2a strcpy (test for warnings, line 66)
FAIL: c-c++-common/Warray-bounds-4.c -std=gnu++98 strcpy (test for warnings, line 66)
FAIL: g++.dg/cpp2a/nodiscard-once.C -std=gnu++2a (test for excess errors)
FAIL: g++.dg/cpp2a/nodiscard-reason.C -std=gnu++2a (test for warnings, line 16)
FAIL: g++.dg/cpp2a/nodiscard-reason.C -std=gnu++2a (test for warnings, line 17)
FAIL: g++.dg/cpp2a/nodiscard-reason.C -std=gnu++2a (test for warnings, line 176)
FAIL: g++.dg/cpp2a/nodiscard-reason.C -std=gnu++2a (test for warnings, line 178)
FAIL: g++.dg/cpp2a/nodiscard-reason.C -std=gnu++2a (test for warnings, line 183)
FAIL: g++.dg/cpp2a/nodiscard-reason.C -std=gnu++2a (test for warnings, line 185)
FAIL: g++.dg/cpp2a/nodiscard-reason.C -std=gnu++2a (test for warnings, line 190)
FAIL: g++.dg/cpp2a/nodiscard-reason.C -std=gnu++2a (test for warnings, line 192)
FAIL: g++.dg/cpp2a/nodiscard-reason.C -std=gnu++2a (test for excess errors)
FAIL: g++.dg/gcov/pr16855-priority.C -std=gnu++14 gcov: 1 failures in line counts, 0 in branch percentages, 0 in return percentages, 0 in intermediate format
FAIL: g++.dg/gcov/pr16855-priority.C -std=gnu++14 line 22: is #####:should be 1
FAIL: g++.dg/gcov/pr16855-priority.C -std=gnu++17 gcov: 1 failures in line counts, 0 in branch percentages, 0 in return percentages, 0 in intermediate format
FAIL: g++.dg/gcov/pr16855-priority.C -std=gnu++17 line 22: is #####:should be 1
FAIL: g++.dg/gcov/pr16855-priority.C -std=gnu++2a gcov: 1 failures in line counts, 0 in branch percentages, 0 in return percentages, 0 in intermediate format
FAIL: g++.dg/gcov/pr16855-priority.C -std=gnu++2a line 22: is #####:should be 1
FAIL: g++.dg/gcov/pr16855-priority.C -std=gnu++98 gcov: 1 failures in line counts, 0 in branch percentages, 0 in return percentages, 0 in intermediate format
FAIL: g++.dg/gcov/pr16855-priority.C -std=gnu++98 line 22: is #####:should be 1
FAIL: g++.dg/gcov/pr16855.C -std=gnu++14 gcov: 1 failures in line counts, 0 in branch percentages, 0 in return percentages, 0 in intermediate format
FAIL: g++.dg/gcov/pr16855.C -std=gnu++14 line 24: is #####:should be 1
FAIL: g++.dg/gcov/pr16855.C -std=gnu++17 gcov: 1 failures in line counts, 0 in branch percentages, 0 in return percentages, 0 in intermediate format
FAIL: g++.dg/gcov/pr16855.C -std=gnu++17 line 24: is #####:should be 1
FAIL: g++.dg/gcov/pr16855.C -std=gnu++2a gcov: 1 failures in line counts, 0 in branch percentages, 0 in return percentages, 0 in intermediate format
FAIL: g++.dg/gcov/pr16855.C -std=gnu++2a line 24: is #####:should be 1
FAIL: g++.dg/gcov/pr16855.C -std=gnu++98 gcov: 1 failures in line counts, 0 in branch percentages, 0 in return percentages, 0 in intermediate format
FAIL: g++.dg/gcov/pr16855.C -std=gnu++98 line 24: is #####:should be 1
FAIL: g++.dg/lto/pr89335 cp_lto_pr89335_0.o assemble, -O2 -flto -Wsuggest-final-methods
=== g++ Summary for unix/-m64 ===
# of expected passes 176124
# of unexpected failures 31
# of expected failures 763
# of unsupported tests 7509
=== g++ Summary ===
# of expected passes 351462
# of unexpected failures 69
# of expected failures 1522
# of unsupported tests 15314
/var/gcc/regression/trunk/11.5-gcc/build/gcc/xg++ version 10.0.0 20191025 (experimental) [trunk revision 277438] (GCC)
=== gcc tests ===
Running target unix
FAIL: c-c++-common/Warray-bounds-4.c -Wc++-compat strcpy (test for warnings, line 66)
FAIL: gcc.dg/pr84877.c execution test
FAIL: gcc.dg/strlenopt-81.c (test for excess errors)
UNRESOLVED: gcc.dg/strlenopt-81.c compilation failed to produce executable
FAIL: gcc.dg/unroll-and-jam.c scan-tree-dump-times unrolljam "applying unroll and jam" 6
XPASS: gcc.dg/graphite/scop-21.c scan-tree-dump-times graphite "number of SCoPs: 1" 1
FAIL: gcc.dg/ipa/ipa-icf-38.c scan-ltrans-tree-dump-not optimized "Function bar"
FAIL: gcc.dg/simulate-thread/atomic-other-int.c -O2 -g thread simulation test
FAIL: gcc.dg/simulate-thread/atomic-other-int.c -O3 -g thread simulation test
FAIL: gcc.dg/simulate-thread/speculative-store-4.c -O0 -g thread simulation test
FAIL: gcc.dg/simulate-thread/speculative-store-4.c -O2 -g thread simulation test
FAIL: gcc.dg/simulate-thread/speculative-store-4.c -O3 -g thread simulation test
FAIL: gcc.dg/simulate-thread/speculative-store.c -O0 -g thread simulation test
FAIL: gcc.dg/vect/bb-slp-22.c -flto -ffat-lto-objects scan-tree-dump-times slp2 "basic block vectorized" 1
FAIL: gcc.dg/vect/bb-slp-22.c scan-tree-dump-times slp2 "basic block vectorized" 1
XPASS: gcc.dg/vect/bb-slp-div-1.c -flto -ffat-lto-objects scan-tree-dump slp2 "basic block vectorized"
XPASS: gcc.dg/vect/bb-slp-div-1.c scan-tree-dump slp2 "basic block vectorized"
FAIL: gcc.target/sparc/sparc-ret-3.c scan-assembler ld[ \\t]*\\\\[%i5\\\\+8\\\\], %i0\\n[^\\n]*return[ \\t]*%i7\\\\+8
=== gcc Summary for unix ===
# of expected passes 117903
# of unexpected failures 14
# of unexpected successes 3
# of expected failures 621
# of unresolved testcases 1
# of unsupported tests 3521
Running target unix/-m64
FAIL: c-c++-common/Warray-bounds-4.c -Wc++-compat strcpy (test for warnings, line 66)
FAIL: gcc.dg/strlenopt-81.c (test for excess errors)
UNRESOLVED: gcc.dg/strlenopt-81.c compilation failed to produce executable
XPASS: gcc.dg/graphite/scop-21.c scan-tree-dump-times graphite "number of SCoPs: 1" 1
FAIL: gcc.dg/ipa/ipa-icf-38.c scan-ltrans-tree-dump-not optimized "Function bar"
FAIL: gcc.dg/vect/bb-slp-22.c -flto -ffat-lto-objects scan-tree-dump-times slp2 "basic block vectorized" 1
FAIL: gcc.dg/vect/bb-slp-22.c scan-tree-dump-times slp2 "basic block vectorized" 1
XPASS: gcc.dg/vect/bb-slp-div-1.c -flto -ffat-lto-objects scan-tree-dump slp2 "basic block vectorized"
XPASS: gcc.dg/vect/bb-slp-div-1.c scan-tree-dump slp2 "basic block vectorized"
WARNING: gcc.target/sparc/ultrasp12.c (test for excess errors) program timed out.
FAIL: gcc.target/sparc/ultrasp12.c (test for excess errors)
=== gcc Summary for unix/-m64 ===
# of expected passes 117466
# of unexpected failures 6
# of unexpected successes 3
# of expected failures 614
# of unresolved testcases 1
# of unsupported tests 2916
=== gcc Summary ===
# of expected passes 235369
# of unexpected failures 20
# of unexpected successes 6
# of expected failures 1235
# of unresolved testcases 2
# of unsupported tests 6437
/var/gcc/regression/trunk/11.5-gcc/build/gcc/xgcc version 10.0.0 20191025 (experimental) [trunk revision 277438] (GCC)
=== gdc tests ===
Running target unix
=== gdc Summary for unix ===
# of expected passes 22867
# of unsupported tests 40
Running target unix/-m64
=== gdc Summary for unix/-m64 ===
# of expected passes 22867
# of unsupported tests 40
=== gdc Summary ===
# of expected passes 45734
# of unsupported tests 80
/var/gcc/regression/trunk/11.5-gcc/build/gcc/gdc version 10.0.0 20191025 (experimental) [trunk revision 277438] (GCC)
=== gfortran tests ===
Running target unix
=== gfortran Summary for unix ===
# of expected passes 50548
# of expected failures 189
# of unsupported tests 277
Running target unix/-m64
=== gfortran Summary for unix/-m64 ===
# of expected passes 50807
# of expected failures 189
# of unsupported tests 150
=== gfortran Summary ===
# of expected passes 101355
# of expected failures 378
# of unsupported tests 427
/var/gcc/regression/trunk/11.5-gcc/build/gcc/gfortran version 10.0.0 20191025 (experimental) [trunk revision 277438] (GCC)
=== gnat tests ===
Running target unix
=== gnat Summary for unix ===
# of expected passes 3227
# of expected failures 23
# of unsupported tests 32
Running target unix/-m64
=== gnat Summary for unix/-m64 ===
# of expected passes 3227
# of expected failures 23
# of unsupported tests 32
=== gnat Summary ===
# of expected passes 6454
# of expected failures 46
# of unsupported tests 64
/var/gcc/regression/trunk/11.5-gcc/build/gcc/gnatmake version 10.0.0 20191025 (experimental) [trunk revision 277438]
=== go tests ===
Running target unix
FAIL: ./index0-out.go execution, -O0 -g -fno-var-tracking-assignments
FAIL: go.test/test/fixedbugs/issue4085b.go execution, -O2 -g
FAIL: go.test/test/fixedbugs/issue4562.go execution, -O2 -g
FAIL: go.test/test/nil.go execution, -O2 -g
=== go Summary for unix ===
# of expected passes 7466
# of unexpected failures 4
# of expected failures 1
# of untested testcases 11
# of unsupported tests 3
Running target unix/-m64
FAIL: ./index0-out.go execution, -O0 -g -fno-var-tracking-assignments
FAIL: go.test/test/fixedbugs/issue4348.go -O (test for excess errors)
=== go Summary for unix/-m64 ===
# of expected passes 7348
# of unexpected failures 2
# of expected failures 1
# of untested testcases 11
# of unsupported tests 3
=== go Summary ===
# of expected passes 14814
# of unexpected failures 6
# of expected failures 2
# of untested testcases 22
# of unsupported tests 6
=== obj-c++ tests ===
Running target unix
=== obj-c++ Summary for unix ===
# of expected passes 1450
# of expected failures 2
# of unsupported tests 77
Running target unix/-m64
=== obj-c++ Summary for unix/-m64 ===
# of expected passes 1442
# of expected failures 10
# of unsupported tests 77
=== obj-c++ Summary ===
# of expected passes 2892
# of expected failures 12
# of unsupported tests 154
/var/gcc/regression/trunk/11.5-gcc/build/gcc/xg++ version 10.0.0 20191025 (experimental) [trunk revision 277438] (GCC)
=== objc tests ===
Running target unix
=== objc Summary for unix ===
# of expected passes 2782
# of unsupported tests 68
Running target unix/-m64
=== objc Summary for unix/-m64 ===
# of expected passes 2782
# of unsupported tests 68
=== objc Summary ===
# of expected passes 5564
# of unsupported tests 136
/var/gcc/regression/trunk/11.5-gcc/build/gcc/xgcc version 10.0.0 20191025 (experimental) [trunk revision 277438] (GCC)
=== gotools tests ===
FAIL: go test cmd/go
FAIL: TestAbort
FAIL: TestBreakpoint
FAIL: TestCgoSignalDeadlock
FAIL: TestGccgoCrashTracebackNodebug
FAIL: TestPanicInlined
FAIL: TestSelectStackAdjust
FAIL: go test runtime
FAIL: go test misc/cgo/test
FAIL: TestCompileWithoutShared
FAIL: TestEarlySignalHandler
FAIL: TestOsSignal
FAIL: TestSigaltstack
FAIL: TestSignalForwarding
FAIL: TestSignalForwardingExternal
FAIL: go test misc/cgo/testcarchive
FAIL: go test cmd/vet
=== gotools Summary ===
# of expected passes 239
# of unexpected failures 17
# of untested testcases 178
/var/gcc/regression/trunk/11.5-gcc/build/./gcc/gccgo version 10.0.0 20191025 (experimental) [trunk revision 277438] (GCC)
=== libatomic tests ===
Running target unix
=== libatomic Summary for unix ===
# of expected passes 44
# of unsupported tests 5
Running target unix/-m64
=== libatomic Summary for unix/-m64 ===
# of expected passes 54
=== libatomic Summary ===
# of expected passes 98
# of unsupported tests 5
=== libffi tests ===
Running target unix
=== libffi Summary for unix ===
# of expected passes 2214
Running target unix/-m64
=== libffi Summary for unix/-m64 ===
# of expected passes 2214
=== libffi Summary ===
# of expected passes 4428
=== libgo tests ===
Running target unix
FAIL: go/build
FAIL: net/http
FAIL: os/signal
FAIL: runtime
FAIL: runtime/pprof
FAIL: sync/atomic
=== libgo Summary for unix ===
# of expected passes 168
# of unexpected failures 6
Running target unix/-m64
FAIL: go/build
FAIL: net/http
FAIL: runtime
FAIL: runtime/pprof
FAIL: sync/atomic
=== libgo Summary for unix/-m64 ===
# of expected passes 169
# of unexpected failures 5
=== libgo Summary ===
# of expected passes 337
# of unexpected failures 11
/var/gcc/regression/trunk/11.5-gcc/build/./gcc/gccgo version 10.0.0 20191025 (experimental) [trunk revision 277438] (GCC)
=== libgomp tests ===
Running target unix
WARNING: libgomp.c++/task-reduction-13.C execution test program timed out.
FAIL: libgomp.c++/task-reduction-13.C execution test
=== libgomp Summary for unix ===
# of expected passes 6610
# of unexpected failures 1
# of expected failures 4
# of unsupported tests 426
Running target unix/-m64
WARNING: libgomp.c++/task-reduction-10.C execution test program timed out.
FAIL: libgomp.c++/task-reduction-10.C execution test
WARNING: libgomp.c++/task-reduction-12.C execution test program timed out.
FAIL: libgomp.c++/task-reduction-12.C execution test
WARNING: libgomp.c++/task-reduction-8.C execution test program timed out.
FAIL: libgomp.c++/task-reduction-8.C execution test
=== libgomp Summary for unix/-m64 ===
# of expected passes 6608
# of unexpected failures 3
# of expected failures 4
# of unsupported tests 426
=== libgomp Summary ===
# of expected passes 13218
# of unexpected failures 4
# of expected failures 8
# of unsupported tests 852
=== libitm tests ===
Running target unix
=== libitm Summary for unix ===
# of expected passes 42
# of expected failures 3
# of unsupported tests 1
Running target unix/-m64
=== libitm Summary for unix/-m64 ===
# of expected passes 42
# of expected failures 3
# of unsupported tests 1
=== libitm Summary ===
# of expected passes 84
# of expected failures 6
# of unsupported tests 2
=== libstdc++ tests ===
Running target unix
=== libstdc++ Summary for unix ===
# of expected passes 12382
# of expected failures 92
# of unsupported tests 721
Running target unix/-m64
=== libstdc++ Summary for unix/-m64 ===
# of expected passes 12382
# of expected failures 92
# of unsupported tests 721
=== libstdc++ Summary ===
# of expected passes 24764
# of expected failures 184
# of unsupported tests 1442
Compiler version: 10.0.0 20191025 (experimental) [trunk revision 277438] (GCC)
Platform: sparc-sun-solaris2.11
configure flags: --prefix=/vol/gcc --target=sparc-sun-solaris2.11 --enable-objc-gc --with-target-bdw-gc-include=/vol/gcc/include --with-target-bdw-gc-lib=/vol/gcc/lib,sparcv9=/vol/gcc/lib/sparcv9 --with-as=/usr/ccs/bin/as --without-gnu-as --with-gmp-include=/vol/gcc/include --with-gmp-lib=/vol/gcc/lib --with-mpfr-include=/vol/gcc/include --with-mpfr-lib=/vol/gcc/lib --with-mpc-include=/vol/gcc/include --with-mpc-lib=/vol/gcc/lib --enable-languages=all,ada,obj-c++,go --with-isl-include=/vol/gcc/include --with-isl-lib=/vol/gcc/lib --with-zstd-include=/vol/gcc/include --with-zstd-lib=/vol/gcc/lib --build=sparc-sun-solaris2.11 --host=sparc-sun-solaris2.11
BOOT_CFLAGS=-g -O2
More information about the Gcc-testresults
mailing list