Results for 10.0.0 20191007 (experimental) (GCC) testsuite on x86_64-pc-linux-gnu
Shrisha Rao
shrao@alumni.cmu.edu
Wed Oct 9 02:32:00 GMT 2019
These results are as compiled on an EC2 instance from the SVN source.
The SVN version was 276644
==
Native configuration is x86_64-pc-linux-gnu
=== gcc tests ===
Running target unix
XPASS: gcc.dg/Wstringop-overflow-12.c pr89350 (test for warnings, line 42)
FAIL: gcc.target/i386/pr57193.c scan-assembler-times movdqa 2
=== gcc Summary ===
# of expected passes 143236
# of unexpected failures 1
# of unexpected successes 1
# of expected failures 553
# of unsupported tests 2224
/home/ec2-user/tmp/gcctemp/gcc/xgcc version 10.0.0 20191007 (experimental) (GCC)
=== gfortran tests ===
Running target unix
FAIL: gfortran.dg/auto_in_equiv_3.f90 -O1 execution test
FAIL: gfortran.dg/auto_in_equiv_3.f90 -O2 execution test
FAIL: gfortran.dg/auto_in_equiv_3.f90 -O3 -fomit-frame-pointer -funroll-loops -fpeel-loops -ftracer -finline-functions execution test
FAIL: gfortran.dg/auto_in_equiv_3.f90 -O3 -g execution test
FAIL: gfortran.dg/auto_in_equiv_3.f90 -Os execution test
=== gfortran Summary ===
# of expected passes 50716
# of unexpected failures 5
# of expected failures 179
# of unsupported tests 96
/home/ec2-user/tmp/gcctemp/gcc/testsuite/gfortran/../../gfortran version 10.0.0 20191007 (experimental) (GCC)
=== g++ tests ===
Running target unix
=== g++ Summary ===
# of expected passes 138818
# of expected failures 579
# of unsupported tests 6204
/home/ec2-user/tmp/gcctemp/gcc/testsuite/g++/../../xg++ version 10.0.0 20191007 (experimental) (GCC)
=== objc tests ===
Running target unix
=== objc Summary ===
# of expected passes 2776
# of expected failures 6
# of unsupported tests 68
/home/ec2-user/tmp/gcctemp/gcc/xgcc version 10.0.0 20191007 (experimental) (GCC)
=== libatomic tests ===
Running target unix
=== libatomic Summary ===
# of expected passes 54
=== libgomp tests ===
Running target unix
=== libgomp Summary ===
# of expected passes 6724
# of expected failures 2
# of unsupported tests 349
=== libitm tests ===
Running target unix
=== libitm Summary ===
# of expected passes 42
# of expected failures 3
# of unsupported tests 1
=== libstdc++ tests ===
Running target unix
=== libstdc++ Summary ===
# of expected passes 13287
# of expected failures 92
# of unsupported tests 333
Compiler version: 10.0.0 20191007 (experimental) (GCC)
Platform: x86_64-pc-linux-gnu
configure flags: --disable-multilib --prefix=/shrao/testgcc
More information about the Gcc-testresults
mailing list