Results for 10.0.0 20191124 (experimental) [trunk revision 278658] (GCC) testsuite on hppa64-hp-hpux11.11
John David Anglin
dave@hiauly3.hia.nrc.ca
Thu Nov 28 17:07:00 GMT 2019
Native configuration is hppa64-hp-hpux11.11
=== g++ tests ===
Running target unix
WARNING: program timed out.
FAIL: g++.dg/lto/alias-1 cp_lto_alias-1_0.o-cp_lto_alias-1_1.o execute -O3 -flto
FAIL: g++.dg/lto/alias-2 cp_lto_alias-2_0.o-cp_lto_alias-2_1.o execute -O3 -flto
FAIL: g++.dg/lto/alias-3 cp_lto_alias-3_0.o-cp_lto_alias-3_1.o execute -O3 -flto -fno-early-inlining
FAIL: g++.dg/lto/alias-4 cp_lto_alias-4_0.o-cp_lto_alias-4_0.o execute -O3 -flto -fno-early-inlining
FAIL: g++.dg/lto/alias-5 cp_lto_alias-5_0.o-cp_lto_alias-5_2.o execute -O3 -flto
FAIL: g++-dg-lto-devirt-19-01.exe 1 blank line(s) in output
FAIL: g++.dg/lto/devirt-19 cp_lto_devirt-19_0.o-cp_lto_devirt-19_0.o link, -O2 -fdump-ipa-cp -fipa-cp-clone -Wno-return-type -flto -r -nostdlib
FAIL: g++.dg/lto/pr70929 cp_lto_pr70929_0.o-cp_lto_pr70929_1.o execute -O3 -flto
FAIL: g++.dg/lto/pr89335 cp_lto_pr89335_0.o assemble, -O2 -flto -Wsuggest-final-methods
FAIL: g++.dg/torture/pr81812.C -O0 (test for excess errors)
FAIL: g++.dg/torture/pr81812.C -O1 (test for excess errors)
FAIL: g++.dg/torture/pr81812.C -O2 (test for excess errors)
FAIL: g++.dg/torture/pr81812.C -O3 -g (test for excess errors)
FAIL: g++.dg/torture/pr81812.C -Os (test for excess errors)
FAIL: g++.dg/torture/pr81812.C -O2 -flto -flto-partition=none (test for excess errors)
FAIL: g++.dg/torture/pr81812.C -O2 -flto (test for excess errors)
=== g++ Summary ===
# of expected passes 168236
# of unexpected failures 16
# of expected failures 707
# of unsupported tests 7817
/test/gnu/gcc/objdir/gcc/testsuite/g++/../../xg++ version 10.0.0 20191124 (experimental) [trunk revision 278658] (GCC)
=== gcc tests ===
Running target unix
FAIL: gcc.dg/atomic/c11-atomic-exec-5.c -O0 execution test
FAIL: gcc.dg/atomic/c11-atomic-exec-5.c -O1 execution test
FAIL: gcc.dg/atomic/c11-atomic-exec-5.c -O2 execution test
FAIL: gcc.dg/atomic/c11-atomic-exec-5.c -O3 -fomit-frame-pointer -funroll-loops -fpeel-loops -ftracer -finline-functions execution test
FAIL: gcc.dg/atomic/c11-atomic-exec-5.c -O3 -g execution test
FAIL: gcc.dg/atomic/c11-atomic-exec-5.c -Os execution test
FAIL: gcc.dg/atomic/c11-atomic-exec-5.c -O2 -flto -flto-partition=none execution test
FAIL: gcc.dg/atomic/c11-atomic-exec-5.c -O2 -flto execution test
FAIL: gcc.dg/Wstringop-overflow-17.c (test for warnings, line 8)
FAIL: gcc.dg/attr-vector_size.c (internal compiler error)
FAIL: gcc.dg/attr-vector_size.c LP64 (test for errors, line 33)
FAIL: gcc.dg/attr-vector_size.c LP64 (test for errors, line 60)
FAIL: gcc.dg/attr-vector_size.c (test for excess errors)
XPASS: gcc.dg/sibcall-3.c execution test
XPASS: gcc.dg/sibcall-4.c execution test
FAIL: gcc.dg/strlenopt-81.c (test for excess errors)
FAIL: gcc.dg/strlenopt-81.c execution test
FAIL: gcc.dg/winline-3.c (test for warnings, line 5)
FAIL: gcc.dg/winline-3.c (test for excess errors)
FAIL: gcc.dg/graphite/scop-19.c scan-tree-dump-times graphite "number of SCoPs: 0" 1
XPASS: gcc.dg/graphite/scop-21.c scan-tree-dump-times graphite "number of SCoPs: 1" 1
WARNING: program timed out.
FAIL: gcc.dg/ipa/ipa-icf-38.c scan-ltrans-tree-dump-not optimized "Function bar"
FAIL: gcc.dg/lto/20081201-2 c_lto_20081201-2_0.o-c_lto_20081201-2_1.o execute -O3 -flto -flto-partition=1to1
FAIL: gcc.dg/lto/pr48622 c_lto_pr48622_0.o-c_lto_pr48622_0.o link, -O -flto -finline-small-functions -fno-early-inlining
FAIL: gcc.dg/plugin/must-tail-call-1.c -fplugin=./must_tail_call_plugin.so (test for excess errors)
XPASS: gcc.dg/torture/pr47917.c -O1 execution test
XPASS: gcc.dg/torture/pr47917.c -O2 execution test
XPASS: gcc.dg/torture/pr47917.c -O3 -g execution test
XPASS: gcc.dg/torture/pr47917.c -Os execution test
XPASS: gcc.dg/torture/pr47917.c -O2 -flto -flto-partition=none execution test
XPASS: gcc.dg/torture/pr47917.c -O2 -flto execution test
FAIL: gcc.dg/tree-ssa/builtin-sprintf.c execution test
FAIL: gcc.dg/tree-ssa/sra-17.c scan-tree-dump-times esra "Removing load: a = \\\\*.?L.?C.?.?.?0;" 1
FAIL: gcc.dg/tree-ssa/sra-17.c scan-tree-dump-times esra "SR\\\\.[0-9_]+ = \\\\*.?L.?C.?.?.?0\\\\[" 4
FAIL: gcc.dg/tree-ssa/sra-18.c scan-tree-dump-times esra "Removing load: a = \\\\*.?L.?C.?.?.?0;" 1
FAIL: gcc.dg/tree-ssa/sra-18.c scan-tree-dump-times esra "SR\\\\.[0-9_]+ = \\\\*.?L.?C.?.?.?0\\\\.b\\\\[0\\\\]\\\\.f\\\\[0\\\\]\\\\.x" 1
FAIL: gcc.dg/tree-ssa/sra-18.c scan-tree-dump-times esra "SR\\\\.[0-9_]+ = \\\\*.?L.?C.?.?.?0\\\\.b\\\\[0\\\\]\\\\.f\\\\[1\\\\]\\\\.x" 1
FAIL: gcc.dg/tree-ssa/sra-18.c scan-tree-dump-times esra "SR\\\\.[0-9_]+ = \\\\*.?L.?C.?.?.?0\\\\.b\\\\[1\\\\]\\\\.f\\\\[0\\\\]\\\\.x" 1
FAIL: gcc.dg/tree-ssa/sra-18.c scan-tree-dump-times esra "SR\\\\.[0-9_]+ = \\\\*.?L.?C.?.?.?0\\\\.b\\\\[1\\\\]\\\\.f\\\\[1\\\\]\\\\.x" 1
=== gcc Summary ===
# of expected passes 106984
# of unexpected failures 30
# of unexpected successes 9
# of expected failures 469
# of unsupported tests 2618
/test/gnu/gcc/objdir/gcc/xgcc version 10.0.0 20191124 (experimental) [trunk revision 278658] (GCC)
=== gdc tests ===
Running target unix
FAIL: gdc.dg/compilable.d -O0 (test for excess errors)
FAIL: gdc.dg/compilable.d -O1 (test for excess errors)
FAIL: gdc.dg/compilable.d -O2 (test for excess errors)
FAIL: gdc.dg/compilable.d -O3 (test for excess errors)
FAIL: gdc.dg/compilable.d -Os (test for excess errors)
FAIL: gdc.dg/compilable.d -O0 -frelease (test for excess errors)
FAIL: gdc.dg/compilable.d -O0 -g (test for excess errors)
FAIL: gdc.dg/compilable.d -O0 -frelease -g (test for excess errors)
FAIL: gdc.dg/compilable.d -O1 -frelease (test for excess errors)
FAIL: gdc.dg/compilable.d -O1 -g (test for excess errors)
FAIL: gdc.dg/compilable.d -O1 -frelease -g (test for excess errors)
FAIL: gdc.dg/compilable.d -O2 -frelease (test for excess errors)
FAIL: gdc.dg/compilable.d -O2 -g (test for excess errors)
FAIL: gdc.dg/compilable.d -O2 -frelease -g (test for excess errors)
FAIL: gdc.dg/compilable.d -O3 -frelease (test for excess errors)
FAIL: gdc.dg/compilable.d -O3 -g (test for excess errors)
FAIL: gdc.dg/compilable.d -O3 -frelease -g (test for excess errors)
FAIL: gdc.dg/compilable.d -Os -frelease (test for excess errors)
FAIL: gdc.dg/compilable.d -Os -g (test for excess errors)
FAIL: gdc.dg/compilable.d -Os -frelease -g (test for excess errors)
FAIL: gdc.dg/gdc283.d -O0 (test for excess errors)
FAIL: gdc.dg/gdc283.d -O1 (test for excess errors)
FAIL: gdc.dg/gdc283.d -O2 (test for excess errors)
FAIL: gdc.dg/gdc283.d -O3 (test for excess errors)
FAIL: gdc.dg/gdc283.d -Os (test for excess errors)
FAIL: gdc.dg/gdc283.d -O0 -frelease (test for excess errors)
FAIL: gdc.dg/gdc283.d -O0 -g (test for excess errors)
FAIL: gdc.dg/gdc283.d -O0 -frelease -g (test for excess errors)
FAIL: gdc.dg/gdc283.d -O1 -frelease (test for excess errors)
FAIL: gdc.dg/gdc283.d -O1 -g (test for excess errors)
FAIL: gdc.dg/gdc283.d -O1 -frelease -g (test for excess errors)
FAIL: gdc.dg/gdc283.d -O2 -frelease (test for excess errors)
FAIL: gdc.dg/gdc283.d -O2 -g (test for excess errors)
FAIL: gdc.dg/gdc283.d -O2 -frelease -g (test for excess errors)
FAIL: gdc.dg/gdc283.d -O3 -frelease (test for excess errors)
FAIL: gdc.dg/gdc283.d -O3 -g (test for excess errors)
FAIL: gdc.dg/gdc283.d -O3 -frelease -g (test for excess errors)
FAIL: gdc.dg/gdc283.d -Os -frelease (test for excess errors)
FAIL: gdc.dg/gdc283.d -Os -g (test for excess errors)
FAIL: gdc.dg/gdc283.d -Os -frelease -g (test for excess errors)
FAIL: gdc.dg/simd.d -O0 (test for excess errors)
FAIL: gdc.dg/simd.d -O1 (test for excess errors)
FAIL: gdc.dg/simd.d -O2 (test for excess errors)
FAIL: gdc.dg/simd.d -O3 (test for excess errors)
FAIL: gdc.dg/simd.d -Os (test for excess errors)
FAIL: gdc.dg/simd.d -O0 -frelease (test for excess errors)
FAIL: gdc.dg/simd.d -O0 -g (test for excess errors)
FAIL: gdc.dg/simd.d -O0 -frelease -g (test for excess errors)
FAIL: gdc.dg/simd.d -O1 -frelease (test for excess errors)
FAIL: gdc.dg/simd.d -O1 -g (test for excess errors)
FAIL: gdc.dg/simd.d -O1 -frelease -g (test for excess errors)
FAIL: gdc.dg/simd.d -O2 -frelease (test for excess errors)
FAIL: gdc.dg/simd.d -O2 -g (test for excess errors)
FAIL: gdc.dg/simd.d -O2 -frelease -g (test for excess errors)
FAIL: gdc.dg/simd.d -O3 -frelease (test for excess errors)
FAIL: gdc.dg/simd.d -O3 -g (test for excess errors)
FAIL: gdc.dg/simd.d -O3 -frelease -g (test for excess errors)
FAIL: gdc.dg/simd.d -Os -frelease (test for excess errors)
FAIL: gdc.dg/simd.d -Os -g (test for excess errors)
FAIL: gdc.dg/simd.d -Os -frelease -g (test for excess errors)
FAIL: gdc.test/compilable/art4769.d output-exists art4769.o
FAIL: gdc.test/compilable/betterCarray.d output-exists betterCarray.o
FAIL: gdc.test/compilable/betterCswitch.d output-exists betterCswitch.o
FAIL: gdc.test/compilable/betterCswitch.d -O2 output-exists betterCswitch.o
FAIL: gdc.test/compilable/betterCswitch.d -frelease output-exists betterCswitch.o
FAIL: gdc.test/compilable/betterCswitch.d -O2 -frelease output-exists betterCswitch.o
FAIL: gdc.test/compilable/betterCswitch.d -g output-exists betterCswitch.o
FAIL: gdc.test/compilable/betterCswitch.d -O2 -g output-exists betterCswitch.o
FAIL: gdc.test/compilable/betterCswitch.d -frelease -g output-exists betterCswitch.o
FAIL: gdc.test/compilable/betterCswitch.d -O2 -frelease -g output-exists betterCswitch.o
FAIL: gdc.test/compilable/compile1.d output-exists compile1.o
FAIL: gdc.test/compilable/cppmangle.d output-exists cppmangle.o
FAIL: gdc.test/compilable/cppmangle.d -O2 output-exists cppmangle.o
FAIL: gdc.test/compilable/cppmangle.d -frelease output-exists cppmangle.o
FAIL: gdc.test/compilable/cppmangle.d -O2 -frelease output-exists cppmangle.o
FAIL: gdc.test/compilable/cppmangle.d -g output-exists cppmangle.o
FAIL: gdc.test/compilable/cppmangle.d -O2 -g output-exists cppmangle.o
FAIL: gdc.test/compilable/cppmangle.d -frelease -g output-exists cppmangle.o
FAIL: gdc.test/compilable/cppmangle.d -O2 -frelease -g output-exists cppmangle.o
FAIL: gdc.test/compilable/ctfe_math.d output-exists ctfe_math.o
FAIL: gdc.test/compilable/ctfe_math.d -O2 output-exists ctfe_math.o
FAIL: gdc.test/compilable/ctfe_math.d -frelease output-exists ctfe_math.o
FAIL: gdc.test/compilable/ctfe_math.d -O2 -frelease output-exists ctfe_math.o
FAIL: gdc.test/compilable/ctfe_math.d -g output-exists ctfe_math.o
FAIL: gdc.test/compilable/ctfe_math.d -O2 -g output-exists ctfe_math.o
FAIL: gdc.test/compilable/ctfe_math.d -frelease -g output-exists ctfe_math.o
FAIL: gdc.test/compilable/ctfe_math.d -O2 -frelease -g output-exists ctfe_math.o
FAIL: gdc.test/compilable/ddocunittest.d output-exists ddocunittest.s
UNRESOLVED: gdc.test/compilable/ddocunittest.d scan-file Generated by Ddoc from compilable/ddocunittest.d
FAIL: gdc.test/compilable/ddocunittest.d -funittest output-exists ddocunittest.s
UNRESOLVED: gdc.test/compilable/ddocunittest.d -funittest scan-file Generated by Ddoc from compilable/ddocunittest.d
FAIL: gdc.test/compilable/depsOutput9948.d output-exists depsOutput9948.o
FAIL: gdc.test/compilable/line.d output-exists line.o
FAIL: gdc.test/compilable/line.d -O2 output-exists line.o
FAIL: gdc.test/compilable/line.d -frelease output-exists line.o
FAIL: gdc.test/compilable/line.d -O2 -frelease output-exists line.o
FAIL: gdc.test/compilable/line.d -g output-exists line.o
FAIL: gdc.test/compilable/line.d -O2 -g output-exists line.o
FAIL: gdc.test/compilable/line.d -frelease -g output-exists line.o
FAIL: gdc.test/compilable/line.d -O2 -frelease -g output-exists line.o
FAIL: gdc.test/compilable/riia_ctor.d output-exists riia_ctor.o
FAIL: gdc.test/compilable/riia_ctor.d -O2 output-exists riia_ctor.o
FAIL: gdc.test/compilable/riia_ctor.d -frelease output-exists riia_ctor.o
FAIL: gdc.test/compilable/riia_ctor.d -O2 -frelease output-exists riia_ctor.o
FAIL: gdc.test/compilable/riia_ctor.d -g output-exists riia_ctor.o
FAIL: gdc.test/compilable/riia_ctor.d -O2 -g output-exists riia_ctor.o
FAIL: gdc.test/compilable/riia_ctor.d -frelease -g output-exists riia_ctor.o
FAIL: gdc.test/compilable/riia_ctor.d -O2 -frelease -g output-exists riia_ctor.o
FAIL: gdc.test/compilable/test12009.d output-exists test12009.o
FAIL: gdc.test/compilable/test12009.d -O2 output-exists test12009.o
FAIL: gdc.test/compilable/test12009.d -frelease output-exists test12009.o
FAIL: gdc.test/compilable/test12009.d -O2 -frelease output-exists test12009.o
FAIL: gdc.test/compilable/test12009.d -g output-exists test12009.o
FAIL: gdc.test/compilable/test12009.d -O2 -g output-exists test12009.o
FAIL: gdc.test/compilable/test12009.d -frelease -g output-exists test12009.o
FAIL: gdc.test/compilable/test12009.d -O2 -frelease -g output-exists test12009.o
FAIL: gdc.test/compilable/test13512.d output-exists test13512.o
FAIL: gdc.test/compilable/test13512.d -O2 output-exists test13512.o
FAIL: gdc.test/compilable/test13512.d -frelease output-exists test13512.o
FAIL: gdc.test/compilable/test13512.d -O2 -frelease output-exists test13512.o
FAIL: gdc.test/compilable/test13512.d -g output-exists test13512.o
FAIL: gdc.test/compilable/test13512.d -O2 -g output-exists test13512.o
FAIL: gdc.test/compilable/test13512.d -frelease -g output-exists test13512.o
FAIL: gdc.test/compilable/test13512.d -O2 -frelease -g output-exists test13512.o
FAIL: gdc.test/compilable/test15019.d output-exists test15019.o
FAIL: gdc.test/compilable/test15019.d -O2 output-exists test15019.o
FAIL: gdc.test/compilable/test15019.d -frelease output-exists test15019.o
FAIL: gdc.test/compilable/test15019.d -O2 -frelease output-exists test15019.o
FAIL: gdc.test/compilable/test15019.d -g output-exists test15019.o
FAIL: gdc.test/compilable/test15019.d -O2 -g output-exists test15019.o
FAIL: gdc.test/compilable/test15019.d -frelease -g output-exists test15019.o
FAIL: gdc.test/compilable/test15019.d -O2 -frelease -g output-exists test15019.o
FAIL: gdc.test/compilable/test15056.d output-exists test15056.o
FAIL: gdc.test/compilable/test15056.d -O2 output-exists test15056.o
FAIL: gdc.test/compilable/test15056.d -frelease output-exists test15056.o
FAIL: gdc.test/compilable/test15056.d -O2 -frelease output-exists test15056.o
FAIL: gdc.test/compilable/test15056.d -g output-exists test15056.o
FAIL: gdc.test/compilable/test15056.d -O2 -g output-exists test15056.o
FAIL: gdc.test/compilable/test15056.d -frelease -g output-exists test15056.o
FAIL: gdc.test/compilable/test15056.d -O2 -frelease -g output-exists test15056.o
FAIL: gdc.test/compilable/test15780.d output-exists test15780.o
FAIL: gdc.test/compilable/test17057.d output-exists test17057.o
FAIL: gdc.test/compilable/test17143.d output-exists test17143.o
FAIL: gdc.test/compilable/test17143.d -O2 output-exists test17143.o
FAIL: gdc.test/compilable/test17143.d -frelease output-exists test17143.o
FAIL: gdc.test/compilable/test17143.d -O2 -frelease output-exists test17143.o
FAIL: gdc.test/compilable/test17143.d -g output-exists test17143.o
FAIL: gdc.test/compilable/test17143.d -O2 -g output-exists test17143.o
FAIL: gdc.test/compilable/test17143.d -frelease -g output-exists test17143.o
FAIL: gdc.test/compilable/test17143.d -O2 -frelease -g output-exists test17143.o
FAIL: gdc.test/compilable/test25.d output-exists test25.o
FAIL: gdc.test/compilable/test313a.d output-exists test313a.o
FAIL: gdc.test/compilable/test313a.d -O2 output-exists test313a.o
FAIL: gdc.test/compilable/test313a.d -frelease output-exists test313a.o
FAIL: gdc.test/compilable/test313a.d -O2 -frelease output-exists test313a.o
FAIL: gdc.test/compilable/test313a.d -g output-exists test313a.o
FAIL: gdc.test/compilable/test313a.d -O2 -g output-exists test313a.o
FAIL: gdc.test/compilable/test313a.d -frelease -g output-exists test313a.o
FAIL: gdc.test/compilable/test313a.d -O2 -frelease -g output-exists test313a.o
FAIL: gdc.test/compilable/test313b.d output-exists test313b.o
FAIL: gdc.test/compilable/test313b.d -O2 output-exists test313b.o
FAIL: gdc.test/compilable/test313b.d -frelease output-exists test313b.o
FAIL: gdc.test/compilable/test313b.d -O2 -frelease output-exists test313b.o
FAIL: gdc.test/compilable/test313b.d -g output-exists test313b.o
FAIL: gdc.test/compilable/test313b.d -O2 -g output-exists test313b.o
FAIL: gdc.test/compilable/test313b.d -frelease -g output-exists test313b.o
FAIL: gdc.test/compilable/test313b.d -O2 -frelease -g output-exists test313b.o
FAIL: gdc.test/compilable/test5227.d (internal compiler error)
FAIL: gdc.test/compilable/test5227.d output-exists test5227.o
FAIL: gdc.test/compilable/testheader1.d output-exists testheader1.o
FAIL: gdc.test/compilable/testheader1.d -Wdeprecated output-exists testheader1.o
FAIL: gdc.test/compilable/testheader1.d -Wno-deprecated output-exists testheader1.o
FAIL: gdc.test/compilable/testheader1.d -Wdeprecated -Wno-deprecated output-exists testheader1.o
FAIL: gdc.test/compilable/testheader1.d -Wno-error output-exists testheader1.o
FAIL: gdc.test/compilable/testheader1.d -Wdeprecated -Wno-error output-exists testheader1.o
FAIL: gdc.test/compilable/testheader1.d -Wno-deprecated -Wno-error output-exists testheader1.o
FAIL: gdc.test/compilable/testheader1.d -Wdeprecated -Wno-deprecated -Wno-error output-exists testheader1.o
FAIL: gdc.test/compilable/testheader1i.d output-exists testheader1i.o
FAIL: gdc.test/compilable/testheader1i.d -Wdeprecated output-exists testheader1i.o
FAIL: gdc.test/compilable/testheader1i.d -Wno-deprecated output-exists testheader1i.o
FAIL: gdc.test/compilable/testheader1i.d -Wdeprecated -Wno-deprecated output-exists testheader1i.o
FAIL: gdc.test/compilable/testheader1i.d -Wno-error output-exists testheader1i.o
FAIL: gdc.test/compilable/testheader1i.d -Wdeprecated -Wno-error output-exists testheader1i.o
FAIL: gdc.test/compilable/testheader1i.d -Wno-deprecated -Wno-error output-exists testheader1i.o
FAIL: gdc.test/compilable/testheader1i.d -Wdeprecated -Wno-deprecated -Wno-error output-exists testheader1i.o
WARNING: program timed out.
=== gdc Summary ===
# of expected passes 22683
# of unexpected failures 183
# of unresolved testcases 2
# of unsupported tests 40
/test/gnu/gcc/objdir/gcc/testsuite/gdc/../../gdc version 10.0.0 20191124 (experimental) [trunk revision 278658] (GCC)
=== gfortran tests ===
Running target unix
FAIL: gfortran.dg/bind_c_coms.f90 -O0 (test for excess errors)
FAIL: gfortran.dg/bind_c_coms.f90 -O1 (test for excess errors)
FAIL: gfortran.dg/bind_c_coms.f90 -O2 (test for excess errors)
FAIL: gfortran.dg/bind_c_coms.f90 -O3 -fomit-frame-pointer -funroll-loops -fpeel-loops -ftracer -finline-functions (test for excess errors)
FAIL: gfortran.dg/bind_c_coms.f90 -O3 -g (test for excess errors)
FAIL: gfortran.dg/bind_c_coms.f90 -Os (test for excess errors)
FAIL: gfortran.dg/bind_c_vars.f90 -O0 (test for excess errors)
FAIL: gfortran.dg/bind_c_vars.f90 -O1 (test for excess errors)
FAIL: gfortran.dg/bind_c_vars.f90 -O2 (test for excess errors)
FAIL: gfortran.dg/bind_c_vars.f90 -O3 -fomit-frame-pointer -funroll-loops -fpeel-loops -ftracer -finline-functions (test for excess errors)
FAIL: gfortran.dg/bind_c_vars.f90 -O3 -g (test for excess errors)
FAIL: gfortran.dg/bind_c_vars.f90 -Os (test for excess errors)
FAIL: gfortran.dg/fmt_f_default_field_width_3.f90 -O (test for excess errors)
FAIL: gfortran.dg/fmt_g_default_field_width_3.f90 -O (test for excess errors)
FAIL: gfortran.dg/unlimited_polymorphic_30.f03 -O0 execution test
FAIL: gfortran.dg/unlimited_polymorphic_30.f03 -O1 execution test
FAIL: gfortran.dg/unlimited_polymorphic_30.f03 -O2 execution test
FAIL: gfortran.dg/unlimited_polymorphic_30.f03 -O3 -fomit-frame-pointer -funroll-loops -fpeel-loops -ftracer -finline-functions execution test
FAIL: gfortran.dg/unlimited_polymorphic_30.f03 -O3 -g execution test
FAIL: gfortran.dg/unlimited_polymorphic_30.f03 -Os execution test
FAIL: gfortran.fortran-torture/compile/pr32663.f, -O3 -g (internal compiler error)
=== gfortran Summary ===
# of expected passes 50648
# of unexpected failures 21
# of expected failures 201
# of unsupported tests 428
/test/gnu/gcc/objdir/gcc/testsuite/gfortran/../../gfortran version 10.0.0 20191124 (experimental) [trunk revision 278658] (GCC)
=== obj-c++ tests ===
Running target unix
=== obj-c++ Summary ===
# of expected passes 1442
# of expected failures 10
# of unsupported tests 77
/test/gnu/gcc/objdir/gcc/testsuite/obj-c++/../../xg++ version 10.0.0 20191124 (experimental) [trunk revision 278658] (GCC)
=== objc tests ===
Running target unix
=== objc Summary ===
# of expected passes 2780
# of unsupported tests 69
/test/gnu/gcc/objdir/gcc/xgcc version 10.0.0 20191124 (experimental) [trunk revision 278658] (GCC)
=== libatomic tests ===
Running target unix
=== libatomic Summary ===
# of expected passes 44
# of unsupported tests 5
=== libgomp tests ===
Running target unix
WARNING: program timed out.
FAIL: libgomp.c++/../libgomp.c-c++-common/for-11.c (test for excess errors)
UNRESOLVED: libgomp.c++/../libgomp.c-c++-common/for-11.c compilation failed to produce executable
=== libgomp Summary ===
# of expected passes 7002
# of unexpected failures 1
# of expected failures 4
# of unresolved testcases 1
# of unsupported tests 445
=== libstdc++ tests ===
Running target unix
FAIL: 17_intro/headers/c++1998/charset.cc (test for excess errors)
FAIL: 17_intro/headers/c++2011/charset.cc (test for excess errors)
FAIL: 17_intro/headers/c++2014/charset.cc (test for excess errors)
FAIL: 17_intro/headers/c++2017/charset.cc (test for excess errors)
FAIL: 17_intro/headers/c++2020/charset.cc (test for excess errors)
FAIL: 26_numerics/complex/proj.cc execution test
FAIL: 30_threads/condition_variable_any/stop_token/wait_on.cc (test for excess errors)
FAIL: 30_threads/condition_variable_any/stop_token/wait_on.cc execution test
FAIL: 30_threads/jthread/jthread.cc (test for excess errors)
FAIL: 30_threads/jthread/jthread.cc execution test
FAIL: 30_threads/stop_token/stop_callback.cc (test for excess errors)
FAIL: 30_threads/stop_token/stop_callback.cc execution test
FAIL: 30_threads/stop_token/stop_source.cc (test for excess errors)
FAIL: 30_threads/stop_token/stop_source.cc execution test
FAIL: 30_threads/stop_token/stop_token.cc (test for excess errors)
FAIL: 30_threads/stop_token/stop_token.cc execution test
FAIL: experimental/memory_resource/new_delete_resource.cc execution test
=== libstdc++ Summary ===
# of expected passes 11858
# of unexpected failures 17
# of expected failures 92
# of unsupported tests 994
Compiler version: 10.0.0 20191124 (experimental) [trunk revision 278658] (GCC)
Platform: hppa64-hp-hpux11.11
configure flags:Test Run By dave on Tue Nov 26 03:37:15 2019
More information about the Gcc-testresults
mailing list