Results for 10.0.0 20191127 (experimental) [master revision 278775] (GCC) testsuite on aarch64-unknown-linux-gnu
LINARO TCWG
tcwg-buildslave@linaro.org
Wed Nov 27 23:29:00 GMT 2019
LAST_UPDATED: Wed Nov 27 16:27:23 UTC 2019 (revision 278775)
Native configuration is aarch64-unknown-linux-gnu
=== libatomic tests ===
Running target tcwg-local
=== libatomic Summary ===
# of expected passes 54
=== libgomp tests ===
Running target tcwg-local
=== libgomp Summary ===
# of expected passes 6981
# of expected failures 2
# of unsupported tests 434
=== libitm tests ===
Running target tcwg-local
=== libitm Summary ===
# of expected passes 42
# of expected failures 3
# of unsupported tests 1
=== libstdc++ tests ===
Running target tcwg-local
FAIL: libstdc++-abi/abi_check
FAIL: libstdc++-prettyprinters/80276.cc whatis p4
FAIL: libstdc++-prettyprinters/80276.cc whatis p4
=== libstdc++ Summary ===
# of expected passes 13323
# of unexpected failures 3
# of expected failures 92
# of unsupported tests 677
=== gcc tests ===
Running target tcwg-local
FAIL: gcc.c-torture/execute/alias-2.c -O1 execution test
FAIL: gcc.c-torture/execute/alias-2.c -O2 execution test
FAIL: gcc.c-torture/execute/alias-2.c -O2 -flto -fno-use-linker-plugin -flto-partition=none execution test
FAIL: gcc.c-torture/execute/alias-2.c -O3 -g execution test
FAIL: gcc.c-torture/execute/alias-2.c -Os execution test
FAIL: gcc.dg/Wstringop-overflow-17.c (test for warnings, line 8)
FAIL: gcc.dg/pr70405.c (internal compiler error)
FAIL: gcc.dg/pr70405.c (test for excess errors)
FAIL: gcc.dg/winline-3.c (test for warnings, line 5)
FAIL: gcc.dg/winline-3.c (test for excess errors)
FAIL: gcc.dg/gomp/pr89104.c (test for excess errors)
XPASS: gcc.dg/guality/example.c -O0 execution test
XPASS: gcc.dg/guality/example.c -O1 -DPREVENT_OPTIMIZATION execution test
XPASS: gcc.dg/guality/example.c -Og -DPREVENT_OPTIMIZATION execution test
XPASS: gcc.dg/guality/guality.c -O0 execution test
XPASS: gcc.dg/guality/guality.c -O1 -DPREVENT_OPTIMIZATION execution test
XPASS: gcc.dg/guality/guality.c -O2 -DPREVENT_OPTIMIZATION execution test
XPASS: gcc.dg/guality/guality.c -O2 -flto -fno-use-linker-plugin -flto-partition=none -DPREVENT_OPTIMIZATION execution test
XPASS: gcc.dg/guality/guality.c -O2 -flto -fuse-linker-plugin -fno-fat-lto-objects -DPREVENT_OPTIMIZATION execution test
XPASS: gcc.dg/guality/guality.c -O3 -g -DPREVENT_OPTIMIZATION execution test
XPASS: gcc.dg/guality/guality.c -Os -DPREVENT_OPTIMIZATION execution test
XPASS: gcc.dg/guality/guality.c -Og -DPREVENT_OPTIMIZATION execution test
XPASS: gcc.dg/guality/inline-params.c -O2 -DPREVENT_OPTIMIZATION execution test
XPASS: gcc.dg/guality/inline-params.c -O2 -flto -fno-use-linker-plugin -flto-partition=none -DPREVENT_OPTIMIZATION execution test
XPASS: gcc.dg/guality/inline-params.c -O2 -flto -fuse-linker-plugin -fno-fat-lto-objects -DPREVENT_OPTIMIZATION execution test
XPASS: gcc.dg/guality/inline-params.c -O3 -g -DPREVENT_OPTIMIZATION execution test
XPASS: gcc.dg/guality/inline-params.c -Os -DPREVENT_OPTIMIZATION execution test
FAIL: gcc.dg/guality/loop-1.c -O3 -fomit-frame-pointer -funroll-loops -fpeel-loops -ftracer -finline-functions -DPREVENT_OPTIMIZATION line 20 i == 1
FAIL: gcc.dg/guality/pr36728-1.c -O2 -flto -fuse-linker-plugin -fno-fat-lto-objects -DPREVENT_OPTIMIZATION line 16 y == 2
FAIL: gcc.dg/guality/pr36728-2.c -O2 -flto -fuse-linker-plugin -fno-fat-lto-objects -DPREVENT_OPTIMIZATION line 16 arg1 == 1
FAIL: gcc.dg/guality/pr36728-2.c -O2 -flto -fuse-linker-plugin -fno-fat-lto-objects -DPREVENT_OPTIMIZATION line 16 arg2 == 2
FAIL: gcc.dg/guality/pr36728-2.c -O2 -flto -fuse-linker-plugin -fno-fat-lto-objects -DPREVENT_OPTIMIZATION line 16 arg3 == 3
FAIL: gcc.dg/guality/pr36728-2.c -O2 -flto -fuse-linker-plugin -fno-fat-lto-objects -DPREVENT_OPTIMIZATION line 16 arg4 == 4
FAIL: gcc.dg/guality/pr36728-2.c -O2 -flto -fuse-linker-plugin -fno-fat-lto-objects -DPREVENT_OPTIMIZATION line 16 arg5 == 5
FAIL: gcc.dg/guality/pr36728-2.c -O2 -flto -fuse-linker-plugin -fno-fat-lto-objects -DPREVENT_OPTIMIZATION line 16 arg6 == 6
FAIL: gcc.dg/guality/pr36728-2.c -O2 -flto -fuse-linker-plugin -fno-fat-lto-objects -DPREVENT_OPTIMIZATION line 16 arg7 == 30
FAIL: gcc.dg/guality/pr36728-2.c -O2 -flto -fuse-linker-plugin -fno-fat-lto-objects -DPREVENT_OPTIMIZATION line 16 y == 2
FAIL: gcc.dg/guality/pr36728-2.c -O2 -flto -fuse-linker-plugin -fno-fat-lto-objects -DPREVENT_OPTIMIZATION line 18 arg1 == 1
FAIL: gcc.dg/guality/pr36728-2.c -O2 -flto -fuse-linker-plugin -fno-fat-lto-objects -DPREVENT_OPTIMIZATION line 18 arg2 == 2
FAIL: gcc.dg/guality/pr36728-2.c -O2 -flto -fuse-linker-plugin -fno-fat-lto-objects -DPREVENT_OPTIMIZATION line 18 arg3 == 3
FAIL: gcc.dg/guality/pr36728-2.c -O2 -flto -fuse-linker-plugin -fno-fat-lto-objects -DPREVENT_OPTIMIZATION line 18 arg4 == 4
FAIL: gcc.dg/guality/pr36728-2.c -O2 -flto -fuse-linker-plugin -fno-fat-lto-objects -DPREVENT_OPTIMIZATION line 18 arg5 == 5
FAIL: gcc.dg/guality/pr36728-2.c -O2 -flto -fuse-linker-plugin -fno-fat-lto-objects -DPREVENT_OPTIMIZATION line 18 arg6 == 6
FAIL: gcc.dg/guality/pr36728-2.c -O2 -flto -fuse-linker-plugin -fno-fat-lto-objects -DPREVENT_OPTIMIZATION line 18 arg7 == 30
FAIL: gcc.dg/guality/pr36728-2.c -O3 -g -DPREVENT_OPTIMIZATION line 16 arg1 == 1
FAIL: gcc.dg/guality/pr36728-2.c -O3 -g -DPREVENT_OPTIMIZATION line 16 arg2 == 2
FAIL: gcc.dg/guality/pr36728-2.c -O3 -g -DPREVENT_OPTIMIZATION line 16 arg3 == 3
FAIL: gcc.dg/guality/pr36728-2.c -O3 -g -DPREVENT_OPTIMIZATION line 16 arg4 == 4
FAIL: gcc.dg/guality/pr36728-2.c -O3 -g -DPREVENT_OPTIMIZATION line 16 arg5 == 5
FAIL: gcc.dg/guality/pr36728-2.c -O3 -g -DPREVENT_OPTIMIZATION line 16 arg6 == 6
FAIL: gcc.dg/guality/pr36728-2.c -O3 -g -DPREVENT_OPTIMIZATION line 16 arg7 == 30
FAIL: gcc.dg/guality/pr36728-2.c -O3 -g -DPREVENT_OPTIMIZATION line 18 arg1 == 1
FAIL: gcc.dg/guality/pr36728-2.c -O3 -g -DPREVENT_OPTIMIZATION line 18 arg2 == 2
FAIL: gcc.dg/guality/pr36728-2.c -O3 -g -DPREVENT_OPTIMIZATION line 18 arg3 == 3
FAIL: gcc.dg/guality/pr36728-2.c -O3 -g -DPREVENT_OPTIMIZATION line 18 arg4 == 4
FAIL: gcc.dg/guality/pr36728-2.c -O3 -g -DPREVENT_OPTIMIZATION line 18 arg5 == 5
FAIL: gcc.dg/guality/pr36728-2.c -O3 -g -DPREVENT_OPTIMIZATION line 18 arg6 == 6
FAIL: gcc.dg/guality/pr36728-2.c -O3 -g -DPREVENT_OPTIMIZATION line 18 arg7 == 30
FAIL: gcc.dg/guality/pr36728-3.c -O3 -g -DPREVENT_OPTIMIZATION line 14 y == 2
XPASS: gcc.dg/guality/pr41353-1.c -O0 line 28 j == 28 + 37
FAIL: gcc.dg/guality/pr41447-1.c -O2 -DPREVENT_OPTIMIZATION execution test
FAIL: gcc.dg/guality/pr41447-1.c -O2 -flto -fno-use-linker-plugin -flto-partition=none -DPREVENT_OPTIMIZATION execution test
FAIL: gcc.dg/guality/pr41447-1.c -O3 -g -DPREVENT_OPTIMIZATION execution test
FAIL: gcc.dg/guality/pr41447-1.c -Os -DPREVENT_OPTIMIZATION execution test
FAIL: gcc.dg/guality/pr54200.c -O1 -DPREVENT_OPTIMIZATION line 20 z == 3
FAIL: gcc.dg/guality/pr54200.c -O2 -DPREVENT_OPTIMIZATION line 20 z == 3
FAIL: gcc.dg/guality/pr54200.c -O2 -flto -fno-use-linker-plugin -flto-partition=none -DPREVENT_OPTIMIZATION line 20 z == 3
FAIL: gcc.dg/guality/pr54200.c -O3 -g -DPREVENT_OPTIMIZATION line 20 z == 3
FAIL: gcc.dg/guality/pr54200.c -Os -DPREVENT_OPTIMIZATION line 20 z == 3
FAIL: gcc.dg/guality/pr54519-1.c -O2 -flto -fno-use-linker-plugin -flto-partition=none -DPREVENT_OPTIMIZATION line 20 y == 25
FAIL: gcc.dg/guality/pr54519-1.c -O2 -flto -fno-use-linker-plugin -flto-partition=none -DPREVENT_OPTIMIZATION line 20 z == 6
FAIL: gcc.dg/guality/pr54519-1.c -O2 -flto -fno-use-linker-plugin -flto-partition=none -DPREVENT_OPTIMIZATION line 23 y == 117
FAIL: gcc.dg/guality/pr54519-1.c -O2 -flto -fno-use-linker-plugin -flto-partition=none -DPREVENT_OPTIMIZATION line 23 z == 8
FAIL: gcc.dg/guality/pr54519-1.c -O2 -flto -fuse-linker-plugin -fno-fat-lto-objects -DPREVENT_OPTIMIZATION line 20 y == 25
FAIL: gcc.dg/guality/pr54519-1.c -O2 -flto -fuse-linker-plugin -fno-fat-lto-objects -DPREVENT_OPTIMIZATION line 20 z == 6
FAIL: gcc.dg/guality/pr54519-1.c -O2 -flto -fuse-linker-plugin -fno-fat-lto-objects -DPREVENT_OPTIMIZATION line 23 y == 117
FAIL: gcc.dg/guality/pr54519-1.c -O2 -flto -fuse-linker-plugin -fno-fat-lto-objects -DPREVENT_OPTIMIZATION line 23 z == 8
FAIL: gcc.dg/guality/pr54519-2.c -O2 -flto -fno-use-linker-plugin -flto-partition=none -DPREVENT_OPTIMIZATION line 17 y == 25
FAIL: gcc.dg/guality/pr54519-2.c -O2 -flto -fuse-linker-plugin -fno-fat-lto-objects -DPREVENT_OPTIMIZATION line 17 y == 25
FAIL: gcc.dg/guality/pr54519-3.c -O2 -flto -fno-use-linker-plugin -flto-partition=none -DPREVENT_OPTIMIZATION line 20 y == 25
FAIL: gcc.dg/guality/pr54519-3.c -O2 -flto -fno-use-linker-plugin -flto-partition=none -DPREVENT_OPTIMIZATION line 20 z == 6
FAIL: gcc.dg/guality/pr54519-3.c -O2 -flto -fno-use-linker-plugin -flto-partition=none -DPREVENT_OPTIMIZATION line 23 y == 117
FAIL: gcc.dg/guality/pr54519-3.c -O2 -flto -fno-use-linker-plugin -flto-partition=none -DPREVENT_OPTIMIZATION line 23 z == 8
FAIL: gcc.dg/guality/pr54519-3.c -O2 -flto -fuse-linker-plugin -fno-fat-lto-objects -DPREVENT_OPTIMIZATION line 20 y == 25
FAIL: gcc.dg/guality/pr54519-3.c -O2 -flto -fuse-linker-plugin -fno-fat-lto-objects -DPREVENT_OPTIMIZATION line 20 z == 6
FAIL: gcc.dg/guality/pr54519-3.c -O2 -flto -fuse-linker-plugin -fno-fat-lto-objects -DPREVENT_OPTIMIZATION line 23 y == 117
FAIL: gcc.dg/guality/pr54519-3.c -O2 -flto -fuse-linker-plugin -fno-fat-lto-objects -DPREVENT_OPTIMIZATION line 23 z == 8
FAIL: gcc.dg/guality/pr54519-4.c -O2 -flto -fno-use-linker-plugin -flto-partition=none -DPREVENT_OPTIMIZATION line 17 y == 25
FAIL: gcc.dg/guality/pr54519-4.c -O2 -flto -fuse-linker-plugin -fno-fat-lto-objects -DPREVENT_OPTIMIZATION line 17 y == 25
FAIL: gcc.dg/guality/pr54519-5.c -O2 -flto -fno-use-linker-plugin -flto-partition=none -DPREVENT_OPTIMIZATION line 17 y == 25
FAIL: gcc.dg/guality/pr54519-5.c -O2 -flto -fuse-linker-plugin -fno-fat-lto-objects -DPREVENT_OPTIMIZATION line 17 y == 25
FAIL: gcc.dg/guality/pr54519-6.c -Os -DPREVENT_OPTIMIZATION line 11 x == 2
FAIL: gcc.dg/guality/pr54693-2.c -O2 -flto -fuse-linker-plugin -fno-fat-lto-objects -DPREVENT_OPTIMIZATION line 21 z == 30 - 3 * i
FAIL: gcc.dg/guality/pr54693-2.c -Os -DPREVENT_OPTIMIZATION line 21 z == 30 - 3 * i
XPASS: gcc.dg/guality/pr54970.c -O0 line 15 a[0] == 1
XPASS: gcc.dg/guality/pr54970.c -O0 line 20 a[0] == 1
XPASS: gcc.dg/guality/pr54970.c -O0 line 25 a[0] == 1
XPASS: gcc.dg/guality/pr54970.c -O0 line 31 a[0] == 4
XPASS: gcc.dg/guality/pr54970.c -O0 line 36 a[0] == 4
XPASS: gcc.dg/guality/pr54970.c -O0 line 45 a[0] == 4
XPASS: gcc.dg/guality/pr54970.c -O0 line 45 p[-2] == 4
XPASS: gcc.dg/guality/pr54970.c -O0 line 45 q[-1] == 4
XPASS: gcc.dg/guality/pr54970.c -Og -DPREVENT_OPTIMIZATION line 15 a[0] == 1
XPASS: gcc.dg/guality/pr54970.c -Og -DPREVENT_OPTIMIZATION line 20 a[0] == 1
XPASS: gcc.dg/guality/pr54970.c -Og -DPREVENT_OPTIMIZATION line 25 a[0] == 1
XPASS: gcc.dg/guality/pr54970.c -Og -DPREVENT_OPTIMIZATION line 31 a[0] == 4
XPASS: gcc.dg/guality/pr54970.c -Og -DPREVENT_OPTIMIZATION line 36 a[0] == 4
XPASS: gcc.dg/guality/pr54970.c -Og -DPREVENT_OPTIMIZATION line 45 a[0] == 4
XPASS: gcc.dg/guality/pr54970.c -Og -DPREVENT_OPTIMIZATION line 45 p[-2] == 4
XPASS: gcc.dg/guality/pr54970.c -Og -DPREVENT_OPTIMIZATION line 45 q[-1] == 4
FAIL: gcc.dg/guality/pr56154-1.c -Og -DPREVENT_OPTIMIZATION line pr56154-1.c:20 x.a == 6
FAIL: gcc.dg/guality/pr59776.c -Og -DPREVENT_OPTIMIZATION line pr59776.c:17 s1.f == 5.0
FAIL: gcc.dg/guality/pr59776.c -Og -DPREVENT_OPTIMIZATION line pr59776.c:17 s1.g == 6.0
FAIL: gcc.dg/guality/pr59776.c -Og -DPREVENT_OPTIMIZATION line pr59776.c:17 s2.f == 0.0
FAIL: gcc.dg/guality/pr59776.c -Og -DPREVENT_OPTIMIZATION line pr59776.c:17 s2.g == 6.0
FAIL: gcc.dg/guality/pr59776.c -Og -DPREVENT_OPTIMIZATION line pr59776.c:20 s1.f == 5.0
FAIL: gcc.dg/guality/pr59776.c -Og -DPREVENT_OPTIMIZATION line pr59776.c:20 s1.g == 6.0
FAIL: gcc.dg/guality/pr59776.c -Og -DPREVENT_OPTIMIZATION line pr59776.c:20 s2.f == 5.0
FAIL: gcc.dg/guality/pr59776.c -Og -DPREVENT_OPTIMIZATION line pr59776.c:20 s2.g == 6.0
FAIL: gcc.dg/guality/pr68860-1.c -O2 -DPREVENT_OPTIMIZATION line 14 y == 2
FAIL: gcc.dg/guality/pr68860-1.c -O3 -g -DPREVENT_OPTIMIZATION line 14 y == 2
FAIL: gcc.dg/guality/pr68860-2.c -O3 -g -DPREVENT_OPTIMIZATION line 14 y == 2
FAIL: gcc.dg/guality/pr90074.c -O2 -flto -fuse-linker-plugin -fno-fat-lto-objects -DPREVENT_OPTIMIZATION line 28 c + 1 == 2
FAIL: gcc.dg/guality/pr90074.c -O2 -flto -fuse-linker-plugin -fno-fat-lto-objects -DPREVENT_OPTIMIZATION line 28 i + 1 == 8
FAIL: gcc.dg/guality/pr90716.c -O2 -flto -fuse-linker-plugin -fno-fat-lto-objects -DPREVENT_OPTIMIZATION line 23 j + 1 == 9
FAIL: gcc.dg/guality/sra-1.c -O2 -flto -fuse-linker-plugin -fno-fat-lto-objects -DPREVENT_OPTIMIZATION line 21 a.j == 14
FAIL: gcc.dg/guality/sra-1.c -O2 -flto -fuse-linker-plugin -fno-fat-lto-objects -DPREVENT_OPTIMIZATION line 32 a[1] == 14
FAIL: gcc.dg/guality/sra-1.c -O2 -flto -fuse-linker-plugin -fno-fat-lto-objects -DPREVENT_OPTIMIZATION line 43 a.j == 14
FAIL: gcc.dg/guality/sra-1.c -Og -DPREVENT_OPTIMIZATION line 43 a.i == 4
FAIL: gcc.dg/guality/sra-1.c -Og -DPREVENT_OPTIMIZATION line 43 a.j == 14
FAIL: gcc.dg/torture/pr91323.c -O1 execution test
FAIL: gcc.dg/torture/pr91323.c -O2 execution test
FAIL: gcc.dg/torture/pr91323.c -O2 -flto -fno-use-linker-plugin -flto-partition=none execution test
FAIL: gcc.dg/torture/pr91323.c -O2 -flto -fuse-linker-plugin -fno-fat-lto-objects execution test
FAIL: gcc.dg/torture/pr91323.c -O3 -g execution test
FAIL: gcc.dg/torture/pr91323.c -Os execution test
FAIL: gcc.target/aarch64/cmpimm_branch_1.c scan-assembler-not cmp\\tw[0-9]*.*
FAIL: gcc.target/aarch64/cmpimm_branch_1.c scan-assembler-not cmp\\tx[0-9]*.*
FAIL: gcc.target/aarch64/cmpimm_branch_1.c scan-assembler-times sub\\tw[0-9]+.* 1
FAIL: gcc.target/aarch64/cmpimm_branch_1.c scan-assembler-times sub\\tx[0-9]+.* 1
FAIL: gcc.target/aarch64/cmpimm_branch_1.c scan-assembler-times subs\\tw[0-9]+.* 1
FAIL: gcc.target/aarch64/cmpimm_branch_1.c scan-assembler-times subs\\tx[0-9]+.* 1
FAIL: gcc.target/aarch64/fmla_intrinsic_1.c (internal compiler error)
FAIL: gcc.target/aarch64/fmla_intrinsic_1.c (test for excess errors)
UNRESOLVED: gcc.target/aarch64/fmla_intrinsic_1.c compilation failed to produce executable
FAIL: gcc.target/aarch64/fmla_intrinsic_1.c scan-assembler-times fmadd\\\\td[0-9]+, d[0-9]+, d[0-9]+, d[0-9]+ 1
FAIL: gcc.target/aarch64/fmla_intrinsic_1.c scan-assembler-times fmla\\\\tv[0-9]+.2d, v[0-9]+.2d, v[0-9]+.2?d\\\\[[0-9]+\\\\] 3
FAIL: gcc.target/aarch64/fmla_intrinsic_1.c scan-assembler-times fmla\\\\tv[0-9]+.2s, v[0-9]+.2s, v[0-9]+.2s\\\\[[0-9]+\\\\] 2
FAIL: gcc.target/aarch64/fmla_intrinsic_1.c scan-assembler-times fmla\\\\tv[0-9]+.4s, v[0-9]+.4s, v[0-9]+.4s\\\\[[0-9]+\\\\] 2
FAIL: gcc.target/aarch64/fmls_intrinsic_1.c (internal compiler error)
FAIL: gcc.target/aarch64/fmls_intrinsic_1.c (test for excess errors)
UNRESOLVED: gcc.target/aarch64/fmls_intrinsic_1.c compilation failed to produce executable
FAIL: gcc.target/aarch64/fmls_intrinsic_1.c scan-assembler-times fmls\\\\tv[0-9]+.2d, v[0-9]+.2d, v[0-9]+.2?d\\\\[[0-9]+\\\\] 3
FAIL: gcc.target/aarch64/fmls_intrinsic_1.c scan-assembler-times fmls\\\\tv[0-9]+.2s, v[0-9]+.2s, v[0-9]+.2s\\\\[[0-9]+\\\\] 2
FAIL: gcc.target/aarch64/fmls_intrinsic_1.c scan-assembler-times fmls\\\\tv[0-9]+.4s, v[0-9]+.4s, v[0-9]+.4s\\\\[[0-9]+\\\\] 2
FAIL: gcc.target/aarch64/fmls_intrinsic_1.c scan-assembler-times fmsub\\\\td[0-9]+, d[0-9]+, d[0-9]+, d[0-9]+ 1
FAIL: gcc.target/aarch64/fmul_intrinsic_1.c (internal compiler error)
FAIL: gcc.target/aarch64/fmul_intrinsic_1.c (test for excess errors)
UNRESOLVED: gcc.target/aarch64/fmul_intrinsic_1.c compilation failed to produce executable
FAIL: gcc.target/aarch64/fmul_intrinsic_1.c scan-assembler-times fmul\\\\td[0-9]+, d[0-9]+, d[0-9]+ 1
FAIL: gcc.target/aarch64/fmul_intrinsic_1.c scan-assembler-times fmul\\\\tv[0-9]+.2d, v[0-9]+.2d, v[0-9]+.d\\\\[[0-9]+\\\\] 3
FAIL: gcc.target/aarch64/fmul_intrinsic_1.c scan-assembler-times fmul\\\\tv[0-9]+.2s, v[0-9]+.2s, v[0-9]+.s\\\\[[0-9]+\\\\] 2
FAIL: gcc.target/aarch64/fmul_intrinsic_1.c scan-assembler-times fmul\\\\tv[0-9]+.4s, v[0-9]+.4s, v[0-9]+.s\\\\[[0-9]+\\\\] 2
FAIL: gcc.target/aarch64/insv_1.c scan-assembler bfi\\tx[0-9]+, x[0-9]+, 0, 8
FAIL: gcc.target/aarch64/insv_1.c scan-assembler bfi\\tx[0-9]+, x[0-9]+, 16, 5
FAIL: gcc.target/aarch64/insv_1.c scan-assembler movk\\tx[0-9]+, 0x1d6b, lsl 32
FAIL: gcc.target/aarch64/lsl_asr_sbfiz.c scan-assembler sbfiz\\tw
FAIL: gcc.target/aarch64/mla_intrinsic_1.c (internal compiler error)
FAIL: gcc.target/aarch64/mla_intrinsic_1.c (test for excess errors)
UNRESOLVED: gcc.target/aarch64/mla_intrinsic_1.c compilation failed to produce executable
FAIL: gcc.target/aarch64/mla_intrinsic_1.c scan-assembler-times mla\\\\tv[0-9]+.4s, v[0-9]+.4s, v[0-9]+.4s\\\\[[0-9]+\\\\] 4
FAIL: gcc.target/aarch64/mla_intrinsic_1.c scan-assembler-times mla\\\\tv[0-9]+.8h, v[0-9]+.8h, v[0-9]+.8h\\\\[[0-9]+\\\\] 4
FAIL: gcc.target/aarch64/mls_intrinsic_1.c (internal compiler error)
FAIL: gcc.target/aarch64/mls_intrinsic_1.c (test for excess errors)
UNRESOLVED: gcc.target/aarch64/mls_intrinsic_1.c compilation failed to produce executable
FAIL: gcc.target/aarch64/mls_intrinsic_1.c scan-assembler-times mls\\\\tv[0-9]+.4s, v[0-9]+.4s, v[0-9]+.4s\\\\[[0-9]+\\\\] 4
FAIL: gcc.target/aarch64/mls_intrinsic_1.c scan-assembler-times mls\\\\tv[0-9]+.8h, v[0-9]+.8h, v[0-9]+.8h\\\\[[0-9]+\\\\] 4
FAIL: gcc.target/aarch64/mul_intrinsic_1.c (internal compiler error)
FAIL: gcc.target/aarch64/mul_intrinsic_1.c (test for excess errors)
UNRESOLVED: gcc.target/aarch64/mul_intrinsic_1.c compilation failed to produce executable
FAIL: gcc.target/aarch64/mul_intrinsic_1.c scan-assembler-times mul\\\\tv[0-9]+.4s, v[0-9]+.4s, v[0-9]+.s\\\\[[0-9]+\\\\] 4
FAIL: gcc.target/aarch64/mul_intrinsic_1.c scan-assembler-times mul\\\\tv[0-9]+.8h, v[0-9]+.8h, v[0-9]+.h\\\\[[0-9]+\\\\] 4
FAIL: gcc.target/aarch64/pr71727.c scan-assembler-times mov\\tx 5
FAIL: gcc.target/aarch64/singleton_intrinsics_1.c scan-assembler-times aarch64_get_lanev2di 2
FAIL: gcc.target/aarch64/vdup_lane_1.c (internal compiler error)
FAIL: gcc.target/aarch64/vdup_lane_1.c (test for excess errors)
UNRESOLVED: gcc.target/aarch64/vdup_lane_1.c compilation failed to produce executable
FAIL: gcc.target/aarch64/vdup_lane_1.c scan-assembler-times dup\\\\tv[0-9]+.16b, v[0-9]+.b\\\\[0\\\\] 1
FAIL: gcc.target/aarch64/vdup_lane_1.c scan-assembler-times dup\\\\tv[0-9]+.16b, v[0-9]+.b\\\\[1\\\\] 1
FAIL: gcc.target/aarch64/vdup_lane_1.c scan-assembler-times dup\\\\tv[0-9]+.2s, v[0-9]+.s\\\\[0\\\\] 2
FAIL: gcc.target/aarch64/vdup_lane_1.c scan-assembler-times dup\\\\tv[0-9]+.2s, v[0-9]+.s\\\\[1\\\\] 2
FAIL: gcc.target/aarch64/vdup_lane_1.c scan-assembler-times dup\\\\tv[0-9]+.4h, v[0-9]+.h\\\\[0\\\\] 1
FAIL: gcc.target/aarch64/vdup_lane_1.c scan-assembler-times dup\\\\tv[0-9]+.4h, v[0-9]+.h\\\\[1\\\\] 1
FAIL: gcc.target/aarch64/vdup_lane_1.c scan-assembler-times dup\\\\tv[0-9]+.4s, v[0-9]+.s\\\\[0\\\\] 2
FAIL: gcc.target/aarch64/vdup_lane_1.c scan-assembler-times dup\\\\tv[0-9]+.4s, v[0-9]+.s\\\\[1\\\\] 2
FAIL: gcc.target/aarch64/vdup_lane_1.c scan-assembler-times dup\\\\tv[0-9]+.8b, v[0-9]+.b\\\\[0\\\\] 1
FAIL: gcc.target/aarch64/vdup_lane_1.c scan-assembler-times dup\\\\tv[0-9]+.8b, v[0-9]+.b\\\\[1\\\\] 1
FAIL: gcc.target/aarch64/vdup_lane_1.c scan-assembler-times dup\\\\tv[0-9]+.8h, v[0-9]+.h\\\\[0\\\\] 1
FAIL: gcc.target/aarch64/vdup_lane_1.c scan-assembler-times dup\\\\tv[0-9]+.8h, v[0-9]+.h\\\\[1\\\\] 1
FAIL: gcc.target/aarch64/advsimd-intrinsics/vdup_lane.c -O1 (internal compiler error)
FAIL: gcc.target/aarch64/advsimd-intrinsics/vdup_lane.c -O1 (test for excess errors)
UNRESOLVED: gcc.target/aarch64/advsimd-intrinsics/vdup_lane.c -O1 compilation failed to produce executable
FAIL: gcc.target/aarch64/advsimd-intrinsics/vdup_lane.c -O2 (internal compiler error)
FAIL: gcc.target/aarch64/advsimd-intrinsics/vdup_lane.c -O2 (test for excess errors)
UNRESOLVED: gcc.target/aarch64/advsimd-intrinsics/vdup_lane.c -O2 compilation failed to produce executable
FAIL: gcc.target/aarch64/advsimd-intrinsics/vdup_lane.c -O2 -flto -fno-use-linker-plugin -flto-partition=none (internal compiler error)
FAIL: gcc.target/aarch64/advsimd-intrinsics/vdup_lane.c -O2 -flto -fno-use-linker-plugin -flto-partition=none (test for excess errors)
UNRESOLVED: gcc.target/aarch64/advsimd-intrinsics/vdup_lane.c -O2 -flto -fno-use-linker-plugin -flto-partition=none compilation failed to produce executable
FAIL: gcc.target/aarch64/advsimd-intrinsics/vdup_lane.c -O2 -flto -fuse-linker-plugin -fno-fat-lto-objects (internal compiler error)
FAIL: gcc.target/aarch64/advsimd-intrinsics/vdup_lane.c -O2 -flto -fuse-linker-plugin -fno-fat-lto-objects (test for excess errors)
UNRESOLVED: gcc.target/aarch64/advsimd-intrinsics/vdup_lane.c -O2 -flto -fuse-linker-plugin -fno-fat-lto-objects compilation failed to produce executable
FAIL: gcc.target/aarch64/advsimd-intrinsics/vdup_lane.c -O3 -g (internal compiler error)
FAIL: gcc.target/aarch64/advsimd-intrinsics/vdup_lane.c -O3 -g (test for excess errors)
UNRESOLVED: gcc.target/aarch64/advsimd-intrinsics/vdup_lane.c -O3 -g compilation failed to produce executable
FAIL: gcc.target/aarch64/advsimd-intrinsics/vdup_lane.c -Og -g (internal compiler error)
FAIL: gcc.target/aarch64/advsimd-intrinsics/vdup_lane.c -Og -g (test for excess errors)
UNRESOLVED: gcc.target/aarch64/advsimd-intrinsics/vdup_lane.c -Og -g compilation failed to produce executable
FAIL: gcc.target/aarch64/advsimd-intrinsics/vdup_lane.c -Os (internal compiler error)
FAIL: gcc.target/aarch64/advsimd-intrinsics/vdup_lane.c -Os (test for excess errors)
UNRESOLVED: gcc.target/aarch64/advsimd-intrinsics/vdup_lane.c -Os compilation failed to produce executable
FAIL: gcc.target/aarch64/simd/vmulx_laneq_f32_1.c scan-assembler-times fmulx[ \\t]+[vV][0-9]+.2[sS], ?[vV][0-9]+.2[sS], ?[vV][0-9]+.[sS]\\\\[0\\\\]\\n 1
FAIL: gcc.target/aarch64/simd/vmulx_laneq_f32_1.c scan-assembler-times fmulx[ \\t]+[vV][0-9]+.2[sS], ?[vV][0-9]+.2[sS], ?[vV][0-9]+.[sS]\\\\[1\\\\]\\n 1
FAIL: gcc.target/aarch64/simd/vmulx_laneq_f32_1.c scan-assembler-times fmulx[ \\t]+[vV][0-9]+.2[sS], ?[vV][0-9]+.2[sS], ?[vV][0-9]+.[sS]\\\\[2\\\\]\\n 1
FAIL: gcc.target/aarch64/simd/vmulx_laneq_f32_1.c scan-assembler-times fmulx[ \\t]+[vV][0-9]+.2[sS], ?[vV][0-9]+.2[sS], ?[vV][0-9]+.[sS]\\\\[3\\\\]\\n 1
FAIL: gcc.target/aarch64/simd/vmulx_laneq_f64_1.c scan-assembler-times fmulx[ \\t]+[dD][0-9]+, ?[dD][0-9]+, ?[vV][0-9]+.[dD]\\\\[0\\\\]\\n 1
FAIL: gcc.target/aarch64/simd/vmulx_laneq_f64_1.c scan-assembler-times fmulx[ \\t]+[dD][0-9]+, ?[dD][0-9]+, ?[vV][0-9]+.[dD]\\\\[1\\\\]\\n 1
FAIL: gcc.target/aarch64/simd/vmulxq_lane_f32_1.c (internal compiler error)
FAIL: gcc.target/aarch64/simd/vmulxq_lane_f32_1.c (test for excess errors)
UNRESOLVED: gcc.target/aarch64/simd/vmulxq_lane_f32_1.c compilation failed to produce executable
FAIL: gcc.target/aarch64/simd/vmulxq_lane_f32_1.c scan-assembler-times fmulx[ \\t]+[vV][0-9]+.4[sS], ?[vV][0-9]+.4[sS], ?[vV][0-9]+.[sS]\\\\[0\\\\]\\n 1
FAIL: gcc.target/aarch64/simd/vmulxq_lane_f32_1.c scan-assembler-times fmulx[ \\t]+[vV][0-9]+.4[sS], ?[vV][0-9]+.4[sS], ?[vV][0-9]+.[sS]\\\\[1\\\\]\\n 1
=== gcc Summary ===
# of expected passes 211013
# of unexpected failures 183
# of unexpected successes 33
# of expected failures 1352
# of unresolved testcases 15
# of unsupported tests 3834
/home/tcwg-buildslave/workspace/tcwg-buildfarm__0/_build/builds/aarch64-unknown-linux-gnu/aarch64-unknown-linux-gnu/gcc.git~master_rev_8019cbadfacad5715d280819c13c60c1c8fbb2a4-stage2/gcc/xgcc version 10.0.0 20191127 (experimental) [master revision 278775] (GCC)
=== gfortran tests ===
Running target tcwg-local
FAIL: gfortran.dg/ISO_Fortran_binding_15.f90 -O0 execution test
FAIL: gfortran.dg/ISO_Fortran_binding_15.f90 -O1 execution test
FAIL: gfortran.dg/ISO_Fortran_binding_15.f90 -O2 execution test
FAIL: gfortran.dg/ISO_Fortran_binding_15.f90 -O3 -fomit-frame-pointer -funroll-loops -fpeel-loops -ftracer -finline-functions execution test
FAIL: gfortran.dg/ISO_Fortran_binding_15.f90 -O3 -g execution test
FAIL: gfortran.dg/ISO_Fortran_binding_15.f90 -Os execution test
FAIL: gfortran.dg/ieee/ieee_6.f90 -O0 execution test
FAIL: gfortran.dg/ieee/ieee_6.f90 -O1 execution test
FAIL: gfortran.dg/ieee/ieee_6.f90 -O2 execution test
FAIL: gfortran.dg/ieee/ieee_6.f90 -O3 -fomit-frame-pointer -funroll-loops -fpeel-loops -ftracer -finline-functions execution test
FAIL: gfortran.dg/ieee/ieee_6.f90 -O3 -g execution test
FAIL: gfortran.dg/ieee/ieee_6.f90 -Os execution test
XPASS: gfortran.dg/ieee/ieee_8.f90 -O0 execution test
XPASS: gfortran.dg/ieee/ieee_8.f90 -O1 execution test
XPASS: gfortran.dg/ieee/ieee_8.f90 -O2 execution test
XPASS: gfortran.dg/ieee/ieee_8.f90 -O3 -fomit-frame-pointer -funroll-loops -fpeel-loops -ftracer -finline-functions execution test
XPASS: gfortran.dg/ieee/ieee_8.f90 -O3 -g execution test
XPASS: gfortran.dg/ieee/ieee_8.f90 -Os execution test
=== gfortran Summary ===
# of expected passes 52036
# of unexpected failures 12
# of unexpected successes 6
# of expected failures 179
# of unsupported tests 85
/home/tcwg-buildslave/workspace/tcwg-buildfarm__0/_build/builds/aarch64-unknown-linux-gnu/aarch64-unknown-linux-gnu/gcc.git~master_rev_8019cbadfacad5715d280819c13c60c1c8fbb2a4-stage2/gcc/gfortran version 10.0.0 20191127 (experimental) [master revision 278775] (GCC)
=== g++ tests ===
Running target tcwg-local
FAIL: g++.dg/tree-ssa/pr90883.C scan-tree-dump dse1 "Deleted redundant store: .*.a = {}"
FAIL: g++.target/aarch64/return_address_sign_b_exception.C (test for excess errors)
=== g++ Summary ===
# of expected passes 253745
# of unexpected failures 2
# of expected failures 1465
# of unsupported tests 7789
/home/tcwg-buildslave/workspace/tcwg-buildfarm__0/_build/builds/aarch64-unknown-linux-gnu/aarch64-unknown-linux-gnu/gcc.git~master_rev_8019cbadfacad5715d280819c13c60c1c8fbb2a4-stage2/gcc/xg++ version 10.0.0 20191127 (experimental) [master revision 278775] (GCC)
=== obj-c++ tests ===
Running target tcwg-local
=== obj-c++ Summary ===
# of expected passes 1442
# of expected failures 10
# of unsupported tests 77
/home/tcwg-buildslave/workspace/tcwg-buildfarm__0/_build/builds/aarch64-unknown-linux-gnu/aarch64-unknown-linux-gnu/gcc.git~master_rev_8019cbadfacad5715d280819c13c60c1c8fbb2a4-stage2/gcc/xg++ version 10.0.0 20191127 (experimental) [master revision 278775] (GCC)
=== objc tests ===
Running target tcwg-local
=== objc Summary ===
# of expected passes 2780
# of unsupported tests 69
/home/tcwg-buildslave/workspace/tcwg-buildfarm__0/_build/builds/aarch64-unknown-linux-gnu/aarch64-unknown-linux-gnu/gcc.git~master_rev_8019cbadfacad5715d280819c13c60c1c8fbb2a4-stage2/gcc/xgcc version 10.0.0 20191127 (experimental) [master revision 278775] (GCC)
Compiler version: 10.0.0 20191127 (experimental) [master revision 278775] (GCC)
Platform: aarch64-unknown-linux-gnu
configure flags: SHELL=/bin/bash --with-mpc=/home/tcwg-buildslave/workspace/tcwg-buildfarm__0/_build/builds/destdir/aarch64-unknown-linux-gnu --with-mpfr=/home/tcwg-buildslave/workspace/tcwg-buildfarm__0/_build/builds/destdir/aarch64-unknown-linux-gnu --with-gmp=/home/tcwg-buildslave/workspace/tcwg-buildfarm__0/_build/builds/destdir/aarch64-unknown-linux-gnu --with-gnu-as --with-gnu-ld --disable-libmudflap --enable-lto --enable-shared --without-included-gettext --enable-nls --with-system-zlib --disable-sjlj-exceptions --enable-gnu-unique-object --enable-linker-build-id --disable-libstdcxx-pch --enable-c99 --enable-clocale=gnu --enable-libstdcxx-debug --enable-long-long --with-cloog=no --with-ppl=no --with-isl=no --disable-multilib --enable-fix-cortex-a53-835769 --enable-fix-cortex-a53-843419 --with-arch=armv8-a --enable-threads=posix --enable-multiarch --enable-libstdcxx-time=yes --enable-gnu-indirect-function --enable-checking=yes --enable-bootstrap --enable-languages=c,c++,fortran,
lto,objc,obj-c++ --build=aarch64-unknown-linux-gnu --host=aarch64-unknown-linux-gnu --target=aarch64-unknown-linux-gnu --prefix=/home/tcwg-buildslave/workspace/tcwg-buildfarm__0/_build/builds/destdir/aarch64-unknown-linux-gnu
More information about the Gcc-testresults
mailing list