Results for 10.0.0 20191123 (experimental) [trunk revision 278639] (GCC) testsuite on i686-apple-darwin9
Iain Sandoe
iains.gcc@gmail.com
Mon Nov 25 11:34:00 GMT 2019
LAST_UPDATED: Sat Nov 23 08:53:11 UTC 2019 (revision 278639)
=== acats tests ===
FAIL: c38005c
FAIL: c48006b
FAIL: c87b38a
FAIL: c96008a
FAIL: c97201a
FAIL: ca11020
FAIL: cc50a01
=== acats Summary ===
# of expected passes 2313
# of unexpected failures 7
Native configuration is i686-apple-darwin9
=== g++ tests ===
Running target unix/-m32
WARNING: g++.dg/addr_builtin-1.C -std=c++2a (test for errors, line 75) program timed out.
WARNING: g++.dg/cpp0x/enum2.C -std=c++2a (test for errors, line 4) program timed out.
WARNING: g++.dg/cpp0x/syntax-err1.C -std=c++17 (test for errors, line 6) program timed out.
WARNING: g++.dg/cpp1y/constexpr-89785-2.C -std=c++14 (test for errors, line 14) program timed out.
WARNING: g++.dg/cpp1z/inline-var3.C -std=gnu++98 (test for warnings, line 7) program timed out.
WARNING: g++.dg/eh/simd-2.C -std=gnu++2a (test for excess errors) program timed out.
FAIL: g++.dg/eh/simd-2.C -std=gnu++2a (test for excess errors)
FAIL: g++.dg/ext/pr84828.C -std=gnu++14 (internal compiler error)
FAIL: g++.dg/ext/pr84828.C -std=gnu++14 (test for excess errors)
FAIL: g++.dg/ext/pr84828.C -std=gnu++17 (internal compiler error)
FAIL: g++.dg/ext/pr84828.C -std=gnu++17 (test for excess errors)
FAIL: g++.dg/ext/pr84828.C -std=gnu++2a (internal compiler error)
FAIL: g++.dg/ext/pr84828.C -std=gnu++2a (test for excess errors)
FAIL: g++.dg/ext/pr84828.C -std=gnu++98 (internal compiler error)
FAIL: g++.dg/ext/pr84828.C -std=gnu++98 (test for excess errors)
XPASS: g++.dg/ext/sync-4.C -std=gnu++14 execution test
XPASS: g++.dg/ext/sync-4.C -std=gnu++17 execution test
XPASS: g++.dg/ext/sync-4.C -std=gnu++2a execution test
XPASS: g++.dg/ext/sync-4.C -std=gnu++98 execution test
FAIL: g++.dg/ipa/pr61160-1.C -std=gnu++14 (internal compiler error)
FAIL: g++.dg/ipa/pr61160-1.C -std=gnu++14 (test for excess errors)
FAIL: g++.dg/ipa/pr61160-1.C -std=gnu++17 (internal compiler error)
FAIL: g++.dg/ipa/pr61160-1.C -std=gnu++17 (test for excess errors)
FAIL: g++.dg/ipa/pr61160-1.C -std=gnu++2a (internal compiler error)
FAIL: g++.dg/ipa/pr61160-1.C -std=gnu++2a (test for excess errors)
FAIL: g++.dg/ipa/pr61160-1.C -std=gnu++98 (internal compiler error)
FAIL: g++.dg/ipa/pr61160-1.C -std=gnu++98 (test for excess errors)
FAIL: g++.dg/ipa/pr61160-2.C -std=gnu++14 (internal compiler error)
FAIL: g++.dg/ipa/pr61160-2.C -std=gnu++14 (test for excess errors)
UNRESOLVED: g++.dg/ipa/pr61160-2.C -std=gnu++14 compilation failed to produce executable
FAIL: g++.dg/ipa/pr61160-2.C -std=gnu++17 (internal compiler error)
FAIL: g++.dg/ipa/pr61160-2.C -std=gnu++17 (test for excess errors)
UNRESOLVED: g++.dg/ipa/pr61160-2.C -std=gnu++17 compilation failed to produce executable
FAIL: g++.dg/ipa/pr61160-2.C -std=gnu++2a (internal compiler error)
FAIL: g++.dg/ipa/pr61160-2.C -std=gnu++2a (test for excess errors)
UNRESOLVED: g++.dg/ipa/pr61160-2.C -std=gnu++2a compilation failed to produce executable
FAIL: g++.dg/ipa/pr61160-2.C -std=gnu++98 (internal compiler error)
FAIL: g++.dg/ipa/pr61160-2.C -std=gnu++98 (test for excess errors)
UNRESOLVED: g++.dg/ipa/pr61160-2.C -std=gnu++98 compilation failed to produce executable
FAIL: g++.dg/ipa/pr61160-3.C -std=gnu++14 (internal compiler error)
FAIL: g++.dg/ipa/pr61160-3.C -std=gnu++14 (test for excess errors)
UNRESOLVED: g++.dg/ipa/pr61160-3.C -std=gnu++14 compilation failed to produce executable
FAIL: g++.dg/ipa/pr61160-3.C -std=gnu++17 (internal compiler error)
FAIL: g++.dg/ipa/pr61160-3.C -std=gnu++17 (test for excess errors)
UNRESOLVED: g++.dg/ipa/pr61160-3.C -std=gnu++17 compilation failed to produce executable
FAIL: g++.dg/ipa/pr61160-3.C -std=gnu++2a (internal compiler error)
FAIL: g++.dg/ipa/pr61160-3.C -std=gnu++2a (test for excess errors)
UNRESOLVED: g++.dg/ipa/pr61160-3.C -std=gnu++2a compilation failed to produce executable
FAIL: g++.dg/ipa/pr61160-3.C -std=gnu++98 (internal compiler error)
FAIL: g++.dg/ipa/pr61160-3.C -std=gnu++98 (test for excess errors)
UNRESOLVED: g++.dg/ipa/pr61160-3.C -std=gnu++98 compilation failed to produce executable
FAIL: g++.dg/ipa/pr61654.C -std=gnu++14 (internal compiler error)
FAIL: g++.dg/ipa/pr61654.C -std=gnu++14 (test for excess errors)
FAIL: g++.dg/ipa/pr61654.C -std=gnu++17 (internal compiler error)
FAIL: g++.dg/ipa/pr61654.C -std=gnu++17 (test for excess errors)
FAIL: g++.dg/ipa/pr61654.C -std=gnu++2a (internal compiler error)
FAIL: g++.dg/ipa/pr61654.C -std=gnu++2a (test for excess errors)
FAIL: g++.dg/ipa/pr61654.C -std=gnu++98 (internal compiler error)
FAIL: g++.dg/ipa/pr61654.C -std=gnu++98 (test for excess errors)
FAIL: g++.dg/ipa/pr63814.C -std=gnu++14 (internal compiler error)
FAIL: g++.dg/ipa/pr63814.C -std=gnu++14 (test for excess errors)
UNRESOLVED: g++.dg/ipa/pr63814.C -std=gnu++14 compilation failed to produce executable
FAIL: g++.dg/ipa/pr63814.C -std=gnu++17 (internal compiler error)
FAIL: g++.dg/ipa/pr63814.C -std=gnu++17 (test for excess errors)
UNRESOLVED: g++.dg/ipa/pr63814.C -std=gnu++17 compilation failed to produce executable
FAIL: g++.dg/ipa/pr63814.C -std=gnu++2a (internal compiler error)
FAIL: g++.dg/ipa/pr63814.C -std=gnu++2a (test for excess errors)
UNRESOLVED: g++.dg/ipa/pr63814.C -std=gnu++2a compilation failed to produce executable
FAIL: g++.dg/ipa/pr63814.C -std=gnu++98 (internal compiler error)
FAIL: g++.dg/ipa/pr63814.C -std=gnu++98 (test for excess errors)
UNRESOLVED: g++.dg/ipa/pr63814.C -std=gnu++98 compilation failed to produce executable
FAIL: g++.dg/ipa/pr66616.C -std=gnu++14 (internal compiler error)
FAIL: g++.dg/ipa/pr66616.C -std=gnu++14 (test for excess errors)
UNRESOLVED: g++.dg/ipa/pr66616.C -std=gnu++14 compilation failed to produce executable
FAIL: g++.dg/ipa/pr66616.C -std=gnu++17 (internal compiler error)
FAIL: g++.dg/ipa/pr66616.C -std=gnu++17 (test for excess errors)
UNRESOLVED: g++.dg/ipa/pr66616.C -std=gnu++17 compilation failed to produce executable
FAIL: g++.dg/ipa/pr66616.C -std=gnu++2a (internal compiler error)
FAIL: g++.dg/ipa/pr66616.C -std=gnu++2a (test for excess errors)
UNRESOLVED: g++.dg/ipa/pr66616.C -std=gnu++2a compilation failed to produce executable
FAIL: g++.dg/ipa/pr66616.C -std=gnu++98 (internal compiler error)
FAIL: g++.dg/ipa/pr66616.C -std=gnu++98 (test for excess errors)
UNRESOLVED: g++.dg/ipa/pr66616.C -std=gnu++98 compilation failed to produce executable
FAIL: g++.dg/ipa/pr67056.C scan-ipa-dump cp "Speculative outer type:struct CompositeClass"
WARNING: g++.dg/opt/pr60597.C -std=gnu++17 (test for excess errors) program timed out.
FAIL: g++.dg/opt/pr60597.C -std=gnu++17 (test for excess errors)
FAIL: g++.dg/other/pr87916.C -std=gnu++14 (internal compiler error)
FAIL: g++.dg/other/pr87916.C -std=gnu++14 (test for excess errors)
FAIL: g++.dg/other/pr87916.C -std=gnu++17 (internal compiler error)
FAIL: g++.dg/other/pr87916.C -std=gnu++17 (test for excess errors)
FAIL: g++.dg/other/pr87916.C -std=gnu++2a (internal compiler error)
FAIL: g++.dg/other/pr87916.C -std=gnu++2a (test for excess errors)
FAIL: g++.dg/other/pr87916.C -std=gnu++98 (internal compiler error)
FAIL: g++.dg/other/pr87916.C -std=gnu++98 (test for excess errors)
WARNING: g++.dg/overload/operator4.C -std=c++98 (test for excess errors) program timed out.
FAIL: g++.dg/overload/operator4.C -std=c++98 (test for excess errors)
WARNING: g++.dg/parse/error4.C -std=gnu++17 (test for errors, line 6) program timed out.
FAIL: g++.dg/pr80481.C -std=gnu++14 scan-assembler-not vmovaps
FAIL: g++.dg/pr80481.C -std=gnu++17 scan-assembler-not vmovaps
FAIL: g++.dg/pr80481.C -std=gnu++2a scan-assembler-not vmovaps
FAIL: g++.dg/pr80481.C -std=gnu++98 scan-assembler-not vmovaps
WARNING: g++.dg/warn/Wunused-parm-2.C -std=gnu++17 (test for warnings, line 25) program timed out.
FAIL: g++.dg/gomp/pr88182.C -std=gnu++14 (test for excess errors)
UNRESOLVED: g++.dg/gomp/pr88182.C -std=gnu++14 compilation failed to produce executable
FAIL: g++.dg/gomp/pr88182.C -std=gnu++17 (test for excess errors)
UNRESOLVED: g++.dg/gomp/pr88182.C -std=gnu++17 compilation failed to produce executable
FAIL: g++.dg/gomp/pr88182.C -std=gnu++2a (test for excess errors)
UNRESOLVED: g++.dg/gomp/pr88182.C -std=gnu++2a compilation failed to produce executable
FAIL: g++.dg/gomp/pr88182.C -std=gnu++98 (test for excess errors)
UNRESOLVED: g++.dg/gomp/pr88182.C -std=gnu++98 compilation failed to produce executable
WARNING: g++.dg/lto/20081120-1 cp_lto_20081120-1_0.o assemble, -flto -r -nostdlib program timed out.
FAIL: g++.dg/lto/20081120-1 cp_lto_20081120-1_0.o assemble, -flto -r -nostdlib
WARNING: g++.dg/lto/odr-3 (test for LTO warnings, odr-3_0.C line 4) program timed out.
FAIL: g++.dg/lto/pr65276 cp_lto_pr65276_0.o-cp_lto_pr65276_1.o link, -flto -O0 -std=c++11
FAIL: g++.dg/lto/pr89335 cp_lto_pr89335_0.o assemble, -O2 -flto -Wsuggest-final-methods
FAIL: g++.dg/tls/thread_local-order2.C -std=c++14 execution test
FAIL: g++.dg/tls/thread_local-order2.C -std=c++17 execution test
FAIL: g++.dg/tls/thread_local-order2.C -std=c++2a execution test
WARNING: c-c++-common/torture/pr83553.c -O0 (test for excess errors) program timed out.
FAIL: c-c++-common/torture/pr83553.c -O0 (test for excess errors)
WARNING: g++.dg/torture/pr48600.C -Os (test for excess errors) program timed out.
FAIL: g++.dg/torture/pr48600.C -Os (test for excess errors)
WARNING: g++.dg/torture/pr52582.C -O2 -flto (test for excess errors) program timed out.
FAIL: g++.dg/torture/pr52582.C -O2 -flto (test for excess errors)
WARNING: g++.dg/torture/pr85627.C -O1 (test for excess errors) program timed out.
FAIL: g++.dg/torture/pr85627.C -O1 (test for excess errors)
WARNING: g++.old-deja/g++.law/arg10.C -std=c++14 (test for excess errors) program timed out.
FAIL: g++.old-deja/g++.law/arg10.C -std=c++14 (test for excess errors)
=== g++ Summary for unix/-m32 ===
# of expected passes 172322
# of unexpected failures 87
# of unexpected successes 4
# of expected failures 734
# of unresolved testcases 20
# of unsupported tests 7143
Running target unix/-m64
WARNING: g++.dg/debug/pr72808.C -gstabs (test for excess errors) program timed out.
FAIL: g++.dg/debug/pr72808.C -gstabs (test for excess errors)
WARNING: g++.dg/debug/dwarf2/local-var-in-contructor.C -std=gnu++14 (test for excess errors) program timed out.
FAIL: g++.dg/debug/dwarf2/local-var-in-contructor.C -std=gnu++14 (test for excess errors)
WARNING: g++.dg/abi/Wabi-3-2.C -std=gnu++2a (test for warnings, line 15) program timed out.
WARNING: g++.dg/abi/param2.C -std=gnu++17 (test for excess errors) program timed out.
FAIL: g++.dg/abi/param2.C -std=gnu++17 (test for excess errors)
WARNING: g++.dg/cpp0x/alignas13.C -std=c++2a (test for errors, line 4) program timed out.
WARNING: g++.dg/cpp0x/ref-qual5.C -std=c++17 (test for warnings, line 10) program timed out.
WARNING: g++.dg/cpp1y/attr-deprecated-2.C -std=c++17 (test for errors, line 4) program timed out.
WARNING: g++.dg/cpp1y/auto-fn35.C -std=c++14 (test for excess errors) program timed out.
FAIL: g++.dg/cpp1y/auto-fn35.C -std=c++14 (test for excess errors)
WARNING: g++.dg/cpp2a/consteval13.C (test for errors, line 13) program timed out.
FAIL: g++.dg/eh/weak1.C -std=gnu++14 execution test
FAIL: g++.dg/eh/weak1.C -std=gnu++17 execution test
FAIL: g++.dg/eh/weak1.C -std=gnu++2a execution test
FAIL: g++.dg/eh/weak1.C -std=gnu++98 execution test
XPASS: g++.dg/ext/sync-4.C -std=gnu++14 execution test
XPASS: g++.dg/ext/sync-4.C -std=gnu++17 execution test
XPASS: g++.dg/ext/sync-4.C -std=gnu++2a execution test
XPASS: g++.dg/ext/sync-4.C -std=gnu++98 execution test
FAIL: g++.dg/ipa/pr67056.C scan-ipa-dump cp "Speculative outer type:struct CompositeClass"
WARNING: g++.dg/lookup/disamb1.C -std=c++17 (test for excess errors) program timed out.
FAIL: g++.dg/lookup/disamb1.C -std=c++17 (test for excess errors)
WARNING: g++.dg/opt/inline7.C -std=gnu++17 (test for excess errors) program timed out.
FAIL: g++.dg/opt/inline7.C -std=gnu++17 (test for excess errors)
WARNING: g++.dg/parse/close-brace.C -std=c++17 (test for errors, line 3) program timed out.
WARNING: g++.dg/parse/crash19.C -std=c++17 (test for errors, line 7) program timed out.
WARNING: g++.dg/parse/register1.C -std=c++17 (test for errors, line 11) program timed out.
FAIL: g++.dg/pr80481.C -std=gnu++14 scan-assembler-not vmovaps
FAIL: g++.dg/pr80481.C -std=gnu++17 scan-assembler-not vmovaps
FAIL: g++.dg/pr80481.C -std=gnu++2a scan-assembler-not vmovaps
FAIL: g++.dg/pr80481.C -std=gnu++98 scan-assembler-not vmovaps
WARNING: g++.dg/template/nontype17.C -std=c++98 (test for excess errors) program timed out.
FAIL: g++.dg/template/nontype17.C -std=c++98 (test for excess errors)
WARNING: g++.dg/template/shadow1.C -std=c++17 (test for warnings, line 3) program timed out.
FAIL: g++.dg/tree-ssa/pr90883.C scan-tree-dump dse2 "Deleted redundant store: .*.a = {}"
WARNING: g++.dg/warn/pr83054.C -std=gnu++14 (test for warnings, line 6) program timed out.
WARNING: c-c++-common/goacc/data-clause-duplicate-1.c -std=c++17 (test for errors, line 5) program timed out.
FAIL: g++.dg/gomp/pr88182.C -std=gnu++14 (test for excess errors)
UNRESOLVED: g++.dg/gomp/pr88182.C -std=gnu++14 compilation failed to produce executable
FAIL: g++.dg/gomp/pr88182.C -std=gnu++17 (test for excess errors)
UNRESOLVED: g++.dg/gomp/pr88182.C -std=gnu++17 compilation failed to produce executable
FAIL: g++.dg/gomp/pr88182.C -std=gnu++2a (test for excess errors)
UNRESOLVED: g++.dg/gomp/pr88182.C -std=gnu++2a compilation failed to produce executable
FAIL: g++.dg/gomp/pr88182.C -std=gnu++98 (test for excess errors)
UNRESOLVED: g++.dg/gomp/pr88182.C -std=gnu++98 compilation failed to produce executable
FAIL: g++.dg/lto/pr65276 cp_lto_pr65276_0.o-cp_lto_pr65276_1.o link, -flto -O0 -std=c++11
FAIL: g++.dg/lto/pr89335 cp_lto_pr89335_0.o assemble, -O2 -flto -Wsuggest-final-methods
FAIL: g++.dg/tls/thread_local-order2.C -std=c++14 execution test
FAIL: g++.dg/tls/thread_local-order2.C -std=c++17 execution test
FAIL: g++.dg/tls/thread_local-order2.C -std=c++2a execution test
WARNING: g++.dg/torture/pr34641.C -O3 -g (test for excess errors) program timed out.
FAIL: g++.dg/torture/pr34641.C -O3 -g (test for excess errors)
WARNING: g++.dg/torture/pr81462.C -O2 -flto -flto-partition=none (test for excess errors) program timed out.
FAIL: g++.dg/torture/pr81462.C -O2 -flto -flto-partition=none (test for excess errors)
WARNING: g++.old-deja/g++.other/dtor13.C -std=c++98 (test for errors, line 9) program timed out.
WARNING: g++.old-deja/g++.pt/t34a.C -std=c++17 (test for excess errors) program timed out.
FAIL: g++.old-deja/g++.pt/t34a.C -std=c++17 (test for excess errors)
=== g++ Summary for unix/-m64 ===
# of expected passes 174489
# of unexpected failures 29
# of unexpected successes 4
# of expected failures 738
# of unresolved testcases 4
# of unsupported tests 7335
=== g++ Summary ===
# of expected passes 346811
# of unexpected failures 116
# of unexpected successes 8
# of expected failures 1472
# of unresolved testcases 24
# of unsupported tests 14478
/Volumes/Work/10-5-leo/gcc-trunk-wip/gcc/testsuite/g++/../../xg++ version 10.0.0 20191123 (experimental) [trunk revision 278639] (GCC)
=== gcc tests ===
Running target unix/-m32
WARNING: gcc.c-torture/compile/pr21638.c -O1 (test for excess errors) program timed out.
FAIL: gcc.c-torture/compile/pr21638.c -O1 (test for excess errors)
WARNING: gcc.c-torture/compile/pr58164.c -O1 (test for excess errors) program timed out.
FAIL: gcc.c-torture/compile/pr58164.c -O1 (test for excess errors)
WARNING: gcc.c-torture/compile/pr70240.c -Os (test for excess errors) program timed out.
WARNING: gcc.c-torture/execute/ieee/mzero3.c compilation, -Os program timed out.
FAIL: gcc.c-torture/execute/ieee/mzero3.c compilation, -Os
UNRESOLVED: gcc.c-torture/execute/ieee/mzero3.c execution, -Os
FAIL: gcc.dg/debug/dwarf2/inline4.c scan-assembler DW_TAG_inlined_subroutine[^\\\\(]*\\\\([^\\\\)]*\\\\)[^\\\\(]*\\\\(DIE \\\\(0x[0-9a-f]*\\\\) DW_TAG_formal_parameter[^\\\\(]*\\\\(DIE \\\\(0x[0-9a-f]*\\\\) DW_TAG_variable
FAIL: gcc.dg/debug/dwarf2/inline5.c scan-assembler-not \\\\(DIE \\\\(0x([0-9a-f]*)\\\\) DW_TAG_lexical_block\\\\)[^#/!@;\\\\|]*[#/!@;\\\\|]+ +[^(].*DW_TAG_lexical_block\\\\)[^#/!@;\\\\|x]*x\\\\1[^#/!@;\\\\|]*[#/!@;\\\\|] +DW_AT_abstract_origin
FAIL: c-c++-common/wdate-time.c -Wc++-compat (test for excess errors)
FAIL: gcc.dg/Wstringop-overflow-17.c (test for warnings, line 8)
ERROR: gcc.dg/fixits-pr84852-1.c: bad option "-812156810": must be -exact, -glob, -regexp, or -- for " dg-warning 15 "incompatible implicit declaration of built-in function 'strlen'" "" { target *-*-* } -812156810 "
UNRESOLVED: gcc.dg/fixits-pr84852-1.c: bad option "-812156810": must be -exact, -glob, -regexp, or -- for " dg-warning 15 "incompatible implicit declaration of built-in function 'strlen'" "" { target *-*-* } -812156810 "
ERROR: gcc.dg/fixits-pr84852-2.c: bad option "-812156810": must be -exact, -glob, -regexp, or -- for " dg-warning 15 "incompatible implicit declaration of built-in function 'strlen'" "" { target *-*-* } -812156810 "
UNRESOLVED: gcc.dg/fixits-pr84852-2.c: bad option "-812156810": must be -exact, -glob, -regexp, or -- for " dg-warning 15 "incompatible implicit declaration of built-in function 'strlen'" "" { target *-*-* } -812156810 "
FAIL: gcc.dg/pr68766.c (internal compiler error)
FAIL: gcc.dg/pr68766.c (test for excess errors)
ERROR: gcc.dg/pr89410-1.c: bad option "-1": must be -exact, -glob, -regexp, or -- for " dg-warning 8 "msg" "" { target *-*-* } -1 "
UNRESOLVED: gcc.dg/pr89410-1.c: bad option "-1": must be -exact, -glob, -regexp, or -- for " dg-warning 8 "msg" "" { target *-*-* } -1 "
ERROR: gcc.dg/pr89410-2.c: bad option "-1": must be -exact, -glob, -regexp, or -- for " dg-warning 12 "msg" "" { target *-*-* } -1 "
UNRESOLVED: gcc.dg/pr89410-2.c: bad option "-1": must be -exact, -glob, -regexp, or -- for " dg-warning 12 "msg" "" { target *-*-* } -1 "
FAIL: gcc.dg/stack-layout-dynamic-1.c (test for excess errors)
UNRESOLVED: gcc.dg/stack-layout-dynamic-1.c scan-assembler-not cfi_def_cfa_register
FAIL: c-c++-common/goacc/firstprivate-mappings-1.c scan-tree-dump omplower "(?n)#pragma omp target oacc_parallel map\\\\(from:array_so \\\\[len: 4\\\\]\\\\) firstprivate\\\\(array_li.[0-9]+\\\\) map\\\\(tofrom:\\\\(\\\\*array.[0-9]+\\\\) \\\\[len: D\\\\.[0-9]+\\\\]\\\\) map\\\\(firstprivate:array \\\\[pointer assign, bias: 0\\\\]\\\\) \\\\["
WARNING: gcc.dg/gomp/for-9.c (test for excess errors) program timed out.
FAIL: gcc.dg/gomp/for-9.c (test for excess errors)
FAIL: gcc.dg/ipa/ipa-icf-38.c scan-ltrans-tree-dump-not optimized "Function bar"
WARNING: gcc.dg/noncompile/old-style-parm-3.c -O1 (test for warnings, line 5) program timed out.
FAIL: gcc.dg/torture/builtin-self.c -O0 scan-assembler-not \\tcall
WARNING: gcc.dg/torture/pr47426-2.c -O2 -flto (test for excess errors) program timed out.
FAIL: gcc.dg/torture/pr47426-2.c -O2 -flto (test for excess errors)
WARNING: gcc.dg/tree-ssa/ssa-fre-48.c (test for excess errors) program timed out.
FAIL: gcc.dg/tree-ssa/ssa-fre-48.c (test for excess errors)
FAIL: gcc.dg/vect/vect-epilogues.c -flto -ffat-lto-objects scan-tree-dump vect "LOOP EPILOGUE VECTORIZED"
FAIL: gcc.dg/vect/vect-epilogues.c scan-tree-dump vect "LOOP EPILOGUE VECTORIZED"
XPASS: gcc.dg/vect/vect-reduc-in-order-1.c -flto -ffat-lto-objects execution test
XPASS: gcc.dg/vect/vect-reduc-in-order-1.c execution test
XPASS: gcc.dg/vect/vect-reduc-in-order-2.c -flto -ffat-lto-objects execution test
XPASS: gcc.dg/vect/vect-reduc-in-order-2.c execution test
XPASS: gcc.dg/vect/vect-reduc-in-order-3.c -flto -ffat-lto-objects execution test
XPASS: gcc.dg/vect/vect-reduc-in-order-3.c execution test
XPASS: gcc.dg/vect/vect-reduc-in-order-4.c -flto -ffat-lto-objects execution test
XPASS: gcc.dg/vect/vect-reduc-in-order-4.c execution test
WARNING: gcc.target/i386/20011029-2.c (test for excess errors) program timed out.
FAIL: gcc.target/i386/20011029-2.c (test for excess errors)
FAIL: gcc.target/i386/indirect-thunk-1.c scan-assembler movl[ \\\\t]*[Ll]_dispatch\\\\\$non_lazy_ptr-L[0-9]+\\\\\$pb
FAIL: gcc.target/i386/indirect-thunk-2.c scan-assembler movl[ \\\\t]*[Ll]_dispatch\\\\\$non_lazy_ptr-L[0-9]+\\\\\$pb
FAIL: gcc.target/i386/indirect-thunk-3.c scan-assembler movl[ \\\\t]*[Ll]_dispatch\\\\\$non_lazy_ptr-L[0-9]+\\\\\$pb
FAIL: gcc.target/i386/indirect-thunk-4.c scan-assembler movl[ \\\\t]*[Ll]_dispatch\\\\\$non_lazy_ptr-L[0-9]+\\\\\$pb
FAIL: gcc.target/i386/indirect-thunk-attr-1.c scan-assembler movl[ \\\\t]*[Ll]_dispatch\\\\\$non_lazy_ptr-L[0-9]+\\\\\$pb
FAIL: gcc.target/i386/indirect-thunk-attr-2.c scan-assembler movl[ \\\\t]*[Ll]_dispatch\\\\\$non_lazy_ptr-L[0-9]+\\\\\$pb
FAIL: gcc.target/i386/indirect-thunk-attr-3.c scan-assembler movl[ \\\\t]*[Ll]_dispatch\\\\\$non_lazy_ptr-L[0-9]+\\\\\$pb
FAIL: gcc.target/i386/indirect-thunk-attr-4.c scan-assembler movl[ \\\\t]*[Ll]_dispatch\\\\\$non_lazy_ptr-L[0-9]+\\\\\$pb
FAIL: gcc.target/i386/indirect-thunk-attr-5.c scan-assembler movl[ \\\\t]*[Ll]_dispatch\\\\\$non_lazy_ptr-L[0-9]+\\\\\$pb
FAIL: gcc.target/i386/indirect-thunk-attr-6.c scan-assembler movl[ \\\\t]*[Ll]_dispatch\\\\\$non_lazy_ptr-L[0-9]+\\\\\$pb
FAIL: gcc.target/i386/indirect-thunk-extern-1.c scan-assembler movl[ \\\\t]*[Ll]_dispatch\\\\\$non_lazy_ptr-L[0-9]+\\\\\$pb
FAIL: gcc.target/i386/indirect-thunk-extern-2.c scan-assembler movl[ \\\\t]*[Ll]_dispatch\\\\\$non_lazy_ptr-L[0-9]+\\\\\$pb
FAIL: gcc.target/i386/indirect-thunk-extern-3.c scan-assembler movl[ \\\\t]*[Ll]_dispatch\\\\\$non_lazy_ptr-L[0-9]+\\\\\$pb
FAIL: gcc.target/i386/indirect-thunk-extern-4.c scan-assembler movl[ \\\\t]*[Ll]_dispatch\\\\\$non_lazy_ptr-L[0-9]+\\\\\$pb
FAIL: gcc.target/i386/indirect-thunk-inline-1.c scan-assembler movl[ \\\\t]*[Ll]_dispatch\\\\\$non_lazy_ptr-L[0-9]+\\\\\$pb
FAIL: gcc.target/i386/indirect-thunk-inline-2.c scan-assembler movl[ \\\\t]*[Ll]_dispatch\\\\\$non_lazy_ptr-L[0-9]+\\\\\$pb
FAIL: gcc.target/i386/indirect-thunk-inline-3.c scan-assembler movl[ \\\\t]*[Ll]_dispatch\\\\\$non_lazy_ptr-L[0-9]+\\\\\$pb
FAIL: gcc.target/i386/indirect-thunk-inline-4.c scan-assembler movl[ \\\\t]*[Ll]_dispatch\\\\\$non_lazy_ptr-L[0-9]+\\\\\$pb
WARNING: gcc.target/i386/indirect-thunk-register-1.c (test for excess errors) program timed out.
FAIL: gcc.target/i386/indirect-thunk-register-1.c (test for excess errors)
FAIL: gcc.target/i386/memcpy-strategy-1.c scan-assembler-times movdqa 4
FAIL: gcc.target/i386/memcpy-strategy-2.c scan-assembler-times movdqa 4
FAIL: gcc.target/i386/memcpy-vector_loop-1.c scan-assembler-times movdqa 4
FAIL: gcc.target/i386/pad-3.c scan-assembler-not nop
FAIL: gcc.target/i386/pr15184-1.c scan-assembler-times movb[ \\\\t]+%al 4
FAIL: gcc.target/i386/pr15184-2.c scan-assembler-times movb[ \\\\t]+%al 2
FAIL: gcc.target/i386/pr32219-2.c scan-assembler movl[ \\\\t][Ll]_xxx\\\\\$non_lazy_ptr-L1\\\\\$pb\\\\(%eax\\\\),[ \\\\t]%eax
FAIL: gcc.target/i386/pr36502.c scan-assembler-not esp
FAIL: gcc.target/i386/pr54855-3.c scan-assembler-not movsd
FAIL: gcc.target/i386/pr54855-7.c scan-assembler-not movss
FAIL: gcc.target/i386/pr57193.c scan-assembler-times movdqa 2
FAIL: gcc.target/i386/pr66334.c scan-assembler movl[ \\\\t].+, %ebx
FAIL: gcc.target/i386/pr71245-1.c scan-assembler-not (fistp|fild)
FAIL: gcc.target/i386/pr71245-2.c scan-assembler-not movlps
FAIL: gcc.target/i386/pr78035.c scan-assembler-times cmp 2
FAIL: gcc.target/i386/pr81736-5.c scan-assembler-not %[re]bp
XPASS: gcc.target/i386/pr84101.c scan-tree-dump-not slp2 "basic block vectorized"
FAIL: gcc.target/i386/pr84278.c scan-assembler-not \\\\(%.sp\\\\)
FAIL: gcc.target/i386/pr85667-6.c scan-assembler-times flds[^\\n\\r]* 1
FAIL: gcc.target/i386/pr88414.c (internal compiler error)
FAIL: gcc.target/i386/pr88414.c (test for excess errors)
=== gcc Summary for unix/-m32 ===
# of expected passes 130057
# of unexpected failures 58
# of unexpected successes 9
# of expected failures 552
# of unresolved testcases 6
# of unsupported tests 4793
Running target unix/-m64
WARNING: gcc.c-torture/compile/xi.c -O2 (test for excess errors) program timed out.
FAIL: gcc.c-torture/compile/xi.c -O2 (test for excess errors)
WARNING: gcc.c-torture/execute/pr41239.c -Os (test for excess errors) program timed out.
FAIL: gcc.c-torture/execute/pr41239.c -Os (test for excess errors)
FAIL: gcc.dg/atomic/c11-atomic-exec-5.c -O0 execution test
FAIL: gcc.dg/atomic/c11-atomic-exec-5.c -O1 execution test
FAIL: gcc.dg/atomic/c11-atomic-exec-5.c -O2 execution test
FAIL: gcc.dg/atomic/c11-atomic-exec-5.c -O2 -flto execution test
FAIL: gcc.dg/atomic/c11-atomic-exec-5.c -O2 -flto -flto-partition=none execution test
FAIL: gcc.dg/atomic/c11-atomic-exec-5.c -O3 -fomit-frame-pointer -funroll-loops -fpeel-loops -ftracer -finline-functions execution test
FAIL: gcc.dg/atomic/c11-atomic-exec-5.c -O3 -g execution test
FAIL: gcc.dg/atomic/c11-atomic-exec-5.c -Os execution test
UNRESOLVED: c-c++-common/cpp/pr92296-2.c -Wc++-compat scan-file counter1 = 172
UNRESOLVED: c-c++-common/cpp/pr92296-2.c -Wc++-compat scan-file file1 = "pr92296-3.c"
UNRESOLVED: c-c++-common/cpp/pr92296-2.c -Wc++-compat scan-file filebase1 = "pr92296-4.c"
UNRESOLVED: c-c++-common/cpp/pr92296-2.c -Wc++-compat scan-file hasattr1 = 0
UNRESOLVED: c-c++-common/cpp/pr92296-2.c -Wc++-compat scan-file hasattrcpp1 = 0
UNRESOLVED: c-c++-common/cpp/pr92296-2.c -Wc++-compat scan-file hasbuiltin1 = 0
UNRESOLVED: c-c++-common/cpp/pr92296-2.c -Wc++-compat scan-file hasbuiltin2 = 1
UNRESOLVED: c-c++-common/cpp/pr92296-2.c -Wc++-compat scan-file includelevel1 = 42
UNRESOLVED: c-c++-common/cpp/pr92296-2.c -Wc++-compat scan-file includelevel2 = 0
UNRESOLVED: c-c++-common/cpp/pr92296-2.c -Wc++-compat scan-file line1 = 142
UNRESOLVED: c-c++-common/cpp/pr92296-2.c -Wc++-compat scan-file line2 = 45
UNRESOLVED: c-c++-common/cpp/pr92296-2.c -Wc++-compat scan-file-not counter2 = 172
UNRESOLVED: c-c++-common/cpp/pr92296-2.c -Wc++-compat scan-file-not file2 = "pr92296-3.c"
UNRESOLVED: c-c++-common/cpp/pr92296-2.c -Wc++-compat scan-file-not filebase2 = "pr92296-4.c"
UNRESOLVED: c-c++-common/cpp/pr92296-2.c -Wc++-compat scan-file-not hasattr2 = 0
UNRESOLVED: c-c++-common/cpp/pr92296-2.c -Wc++-compat scan-file-not hasattrcpp2 = 0
FAIL: c-c++-common/cpp/pr92296-2.c -Wc++-compat (test for excess errors)
FAIL: gcc.dg/debug/dwarf2/inline4.c scan-assembler DW_TAG_inlined_subroutine[^\\\\(]*\\\\([^\\\\)]*\\\\)[^\\\\(]*\\\\(DIE \\\\(0x[0-9a-f]*\\\\) DW_TAG_formal_parameter[^\\\\(]*\\\\(DIE \\\\(0x[0-9a-f]*\\\\) DW_TAG_variable
FAIL: gcc.dg/debug/dwarf2/inline5.c scan-assembler-not \\\\(DIE \\\\(0x([0-9a-f]*)\\\\) DW_TAG_lexical_block\\\\)[^#/!@;\\\\|]*[#/!@;\\\\|]+ +[^(].*DW_TAG_lexical_block\\\\)[^#/!@;\\\\|x]*x\\\\1[^#/!@;\\\\|]*[#/!@;\\\\|] +DW_AT_abstract_origin
FAIL: c-c++-common/wdate-time.c -Wc++-compat (test for excess errors)
FAIL: gcc.dg/Wstringop-overflow-17.c (test for warnings, line 8)
FAIL: gcc.dg/attr-weakref-1.c execution test
ERROR: gcc.dg/fixits-pr84852-1.c: bad option "-812156810": must be -exact, -glob, -regexp, or -- for " dg-warning 15 "incompatible implicit declaration of built-in function 'strlen'" "" { target *-*-* } -812156810 "
UNRESOLVED: gcc.dg/fixits-pr84852-1.c: bad option "-812156810": must be -exact, -glob, -regexp, or -- for " dg-warning 15 "incompatible implicit declaration of built-in function 'strlen'" "" { target *-*-* } -812156810 "
ERROR: gcc.dg/fixits-pr84852-2.c: bad option "-812156810": must be -exact, -glob, -regexp, or -- for " dg-warning 15 "incompatible implicit declaration of built-in function 'strlen'" "" { target *-*-* } -812156810 "
UNRESOLVED: gcc.dg/fixits-pr84852-2.c: bad option "-812156810": must be -exact, -glob, -regexp, or -- for " dg-warning 15 "incompatible implicit declaration of built-in function 'strlen'" "" { target *-*-* } -812156810 "
FAIL: gcc.dg/pr61861.c (test for excess errors)
FAIL: gcc.dg/pr68766.c (internal compiler error)
FAIL: gcc.dg/pr68766.c (test for excess errors)
ERROR: gcc.dg/pr89410-1.c: bad option "-1": must be -exact, -glob, -regexp, or -- for " dg-warning 8 "msg" "" { target *-*-* } -1 "
UNRESOLVED: gcc.dg/pr89410-1.c: bad option "-1": must be -exact, -glob, -regexp, or -- for " dg-warning 8 "msg" "" { target *-*-* } -1 "
ERROR: gcc.dg/pr89410-2.c: bad option "-1": must be -exact, -glob, -regexp, or -- for " dg-warning 12 "msg" "" { target *-*-* } -1 "
UNRESOLVED: gcc.dg/pr89410-2.c: bad option "-1": must be -exact, -glob, -regexp, or -- for " dg-warning 12 "msg" "" { target *-*-* } -1 "
WARNING: gcc.dg/pr90082.c (test for errors, line 13) program timed out.
FAIL: gcc.dg/stack-layout-dynamic-1.c (test for excess errors)
UNRESOLVED: gcc.dg/stack-layout-dynamic-1.c scan-assembler-not cfi_def_cfa_register
FAIL: gcc.dg/strlenopt-82.c scan-tree-dump-times optimized "call_in_true_branch_not_eliminated_" 0
FAIL: gcc.dg/ipa/ipa-icf-38.c scan-ltrans-tree-dump-not optimized "Function bar"
WARNING: gcc.dg/lto/pr91393 c_lto_pr91393_0.o assemble, -O0 -flto -flto-partition=1to1 program timed out.
FAIL: gcc.dg/lto/pr91393 c_lto_pr91393_0.o assemble, -O0 -flto -flto-partition=1to1
WARNING: gcc.dg/pch/system-1.c -O1 -I. -Dwithout_PCH (test for excess errors) program timed out.
FAIL: gcc.dg/pch/system-1.c -O1 -I. -Dwithout_PCH (test for excess errors)
FAIL: gcc.dg/rtl/x86_64/final.c (internal compiler error)
FAIL: gcc.dg/rtl/x86_64/final.c (test for excess errors)
UNRESOLVED: gcc.dg/rtl/x86_64/final.c scan-assembler .cfi_endproc
UNRESOLVED: gcc.dg/rtl/x86_64/final.c scan-assembler .cfi_startproc
UNRESOLVED: gcc.dg/rtl/x86_64/final.c scan-assembler ret
UNRESOLVED: gcc.dg/rtl/x86_64/final.c scan-assembler test_1:
WARNING: gcc.dg/torture/float128-ieee-nan.c -Os (test for excess errors) program timed out.
FAIL: gcc.dg/torture/float128-ieee-nan.c -Os (test for excess errors)
WARNING: gcc.dg/torture/stackalign/builtin-apply-1.c -O2 -mforce-drap -fpic (test for excess errors) program timed out.
FAIL: gcc.dg/torture/stackalign/builtin-apply-1.c -O2 -mforce-drap -fpic (test for excess errors)
XPASS: gcc.dg/tree-ssa/builtin-snprintf-6.c scan-tree-dump-times optimized "Function test_assign_aggregate" 1
XPASS: gcc.dg/tree-ssa/pr91091-2.c scan-tree-dump-times fre1 " = [^;]*x;" 1
XPASS: gcc.dg/tree-ssa/pr91091-2.c scan-tree-dump-times fre1 "x = " 1
XPASS: gcc.dg/tree-ssa/ssa-fre-77.c scan-tree-dump fre1 "return 1;"
WARNING: gcc.dg/tree-ssa/ssa-lim-11.c (test for excess errors) program timed out.
FAIL: gcc.dg/tree-ssa/ssa-lim-11.c (test for excess errors)
FAIL: gcc.target/i386/indirect-thunk-2.c scan-assembler movq[ \\\\t]*_dispatch
FAIL: gcc.target/i386/indirect-thunk-4.c scan-assembler movq[ \\\\t]*_dispatch
FAIL: gcc.target/i386/indirect-thunk-attr-2.c scan-assembler movq[ \\\\t]*_dispatch
FAIL: gcc.target/i386/indirect-thunk-attr-4.c scan-assembler movq[ \\\\t]*_dispatch
FAIL: gcc.target/i386/indirect-thunk-attr-6.c scan-assembler movq[ \\\\t]*_dispatch
FAIL: gcc.target/i386/indirect-thunk-extern-2.c scan-assembler movq[ \\\\t]*_dispatch
FAIL: gcc.target/i386/indirect-thunk-extern-4.c scan-assembler movq[ \\\\t]*_dispatch
FAIL: gcc.target/i386/indirect-thunk-inline-2.c scan-assembler movq[ \\\\t]*_dispatch
FAIL: gcc.target/i386/indirect-thunk-inline-4.c scan-assembler movq[ \\\\t]*_dispatch
FAIL: gcc.target/i386/pr32219-2.c scan-assembler xxx@GOTPCREL
FAIL: gcc.target/i386/pr34256.c scan-assembler-times mov 5
FAIL: gcc.target/i386/pr57193.c scan-assembler-times movdqa 2
FAIL: gcc.target/i386/pr78035.c scan-assembler-times cmp 2
FAIL: gcc.target/i386/stackalign/pr88483-1.c -mno-stackrealign scan-assembler-not and[lq]?[^\\\\n]*-[0-9]+,[^\\\\n]*sp
FAIL: gcc.target/i386/stackalign/pr88483-1.c -mstackrealign scan-assembler-not and[lq]?[^\\\\n]*-[0-9]+,[^\\\\n]*sp
FAIL: gcc.target/i386/stackalign/pr88483-2.c -mno-stackrealign scan-assembler-not (sub|add)(l|q)[\\\\t ]*\\\\\$[0-9]*,[\\\\t ]*%[re]?sp
FAIL: gcc.target/i386/stackalign/pr88483-2.c -mno-stackrealign scan-assembler-not and[lq]?[^\\\\n]*-[0-9]+,[^\\\\n]*sp
FAIL: gcc.target/i386/stackalign/pr88483-2.c -mstackrealign scan-assembler-not (sub|add)(l|q)[\\\\t ]*\\\\\$[0-9]*,[\\\\t ]*%[re]?sp
FAIL: gcc.target/i386/stackalign/pr88483-2.c -mstackrealign scan-assembler-not and[lq]?[^\\\\n]*-[0-9]+,[^\\\\n]*sp
WARNING: gcc.target/x86_64/abi/test_struct_returning.c compilation, -Os program timed out.
FAIL: gcc.target/x86_64/abi/test_struct_returning.c compilation, -Os
UNRESOLVED: gcc.target/x86_64/abi/test_struct_returning.c execution, -Os
=== gcc Summary for unix/-m64 ===
# of expected passes 131937
# of unexpected failures 49
# of unexpected successes 4
# of expected failures 554
# of unresolved testcases 26
# of unsupported tests 4591
=== gcc Summary ===
# of expected passes 261994
# of unexpected failures 107
# of unexpected successes 13
# of expected failures 1106
# of unresolved testcases 32
# of unsupported tests 9384
/Volumes/Work/10-5-leo/gcc-trunk-wip/gcc/xgcc version 10.0.0 20191123 (experimental) [trunk revision 278639] (GCC)
=== gfortran tests ===
Running target unix/-m32
WARNING: gfortran.dg/maxloc_bounds_7.f90 -O2 (test for excess errors) program timed out.
FAIL: gfortran.dg/maxloc_bounds_7.f90 -O2 (test for excess errors)
WARNING: gfortran.dg/namelist_82.f90 -Os (test for excess errors) program timed out.
FAIL: gfortran.dg/namelist_82.f90 -Os (test for excess errors)
WARNING: gfortran.dg/used_types_13.f90 -O (test for excess errors) program timed out.
FAIL: gfortran.dg/used_types_13.f90 -O (test for excess errors)
WARNING: gfortran.fortran-torture/execute/where_5.f90 compilation, -Os program timed out.
=== gfortran Summary for unix/-m32 ===
# of expected passes 51951
# of unexpected failures 3
# of expected failures 185
# of unsupported tests 205
Running target unix/-m64
WARNING: gfortran.dg/dot_product_1.f03 -Os (test for excess errors) program timed out.
FAIL: gfortran.dg/dot_product_1.f03 -Os (test for excess errors)
WARNING: gfortran.dg/goacc/kernels-loop-data-enter-exit-2.f95 -O (test for excess errors) program timed out.
FAIL: gfortran.dg/goacc/kernels-loop-data-enter-exit-2.f95 -O (test for excess errors)
=== gfortran Summary for unix/-m64 ===
# of expected passes 52183
# of unexpected failures 2
# of expected failures 185
# of unsupported tests 94
=== gfortran Summary ===
# of expected passes 104134
# of unexpected failures 5
# of expected failures 370
# of unsupported tests 299
/Volumes/Work/10-5-leo/gcc-trunk-wip/gcc/testsuite/gfortran/../../gfortran version 10.0.0 20191123 (experimental) [trunk revision 278639] (GCC)
=== gnat tests ===
Running target unix/-m32
FAIL: gnat.dg/bias1.adb scan-assembler DW_AT_GNU_bias
WARNING: gnat.dg/opt46_pkg.adb (test for excess errors) program timed out.
FAIL: gnat.dg/opt46_pkg.adb (test for excess errors)
WARNING: gnat.dg/trampoline2.adb (test for excess errors) program timed out.
=== gnat Summary for unix/-m32 ===
# of expected passes 3262
# of unexpected failures 2
# of expected failures 23
# of unsupported tests 13
Running target unix/-m64
FAIL: gnat.dg/bias1.adb scan-assembler DW_AT_GNU_bias
WARNING: gnat.dg/elab8_pkg.adb (test for excess errors) program timed out.
WARNING: gnat.dg/opt25.adb (test for excess errors) program timed out.
=== gnat Summary for unix/-m64 ===
# of expected passes 3263
# of unexpected failures 1
# of expected failures 23
# of unsupported tests 13
=== gnat Summary ===
# of expected passes 6525
# of unexpected failures 3
# of expected failures 46
# of unsupported tests 26
/Volumes/Work/10-5-leo/gcc-trunk-wip/gcc/gnatmake version 10.0.0 20191123 (experimental) [trunk revision 278639]
=== obj-c++ tests ===
Running target unix/-m32
WARNING: program timed out.
=== obj-c++ Summary for unix/-m32 ===
# of expected passes 3103
# of expected failures 2
# of unsupported tests 62
Running target unix/-m64
FAIL: obj-c++.dg/bitfield-2.mm -fnext-runtime execution test
FAIL: obj-c++.dg/property/synthesize-10.mm -fnext-runtime execution test
=== obj-c++ Summary for unix/-m64 ===
# of expected passes 3047
# of unexpected failures 2
# of expected failures 19
# of unsupported tests 67
=== obj-c++ Summary ===
# of expected passes 6150
# of unexpected failures 2
# of expected failures 21
# of unsupported tests 129
/Volumes/Work/10-5-leo/gcc-trunk-wip/gcc/testsuite/obj-c++/../../xg++ version 10.0.0 20191123 (experimental) [trunk revision 278639] (GCC)
=== objc tests ===
Running target unix/-m32
FAIL: objc.dg/ivar-scope-4.m -fnext-runtime execution test
WARNING: objc/compile/trivial.m, -O3 -g -fnext-runtime program timed out.
FAIL: objc/compile/trivial.m, -O3 -g -fnext-runtime
WARNING: objc/execute/formal_protocol-7.m compilation, -O0 -fnext-runtime program timed out.
FAIL: objc/execute/formal_protocol-7.m compilation, -O0 -fnext-runtime
UNRESOLVED: objc/execute/formal_protocol-7.m execution, -O0 -fnext-runtime
=== objc Summary for unix/-m32 ===
# of expected passes 5630
# of unexpected failures 3
# of expected failures 6
# of unresolved testcases 1
# of unsupported tests 78
Running target unix/-m64
FAIL: objc.dg/ivar-scope-4.m -fnext-runtime execution test
=== objc Summary for unix/-m64 ===
# of expected passes 5581
# of unexpected failures 1
# of expected failures 12
# of unsupported tests 85
=== objc Summary ===
# of expected passes 11211
# of unexpected failures 4
# of expected failures 18
# of unresolved testcases 1
# of unsupported tests 163
/Volumes/Work/10-5-leo/gcc-trunk-wip/gcc/xgcc version 10.0.0 20191123 (experimental) [trunk revision 278639] (GCC)
Compiler version: 10.0.0 20191123 (experimental) [trunk revision 278639] (GCC)
Platform: i686-apple-darwin9
configure flags: --prefix=/opt/iains/i686-apple-darwin9/gcc-10-0-0 --target=i686-apple-darwin9 --host=i686-apple-darwin9 --build=i686-apple-darwin9 --disable-nls --enable-version-specific-runtime-libs --enable-languages=all --with-ld=/usr/bin/ld --with-as=/usr/bin/as --enable-checking=yes CC=gcc CXX=g++
More information about the Gcc-testresults
mailing list