Results for 10.0.0 20191116 (experimental) [trunk revision 278365] (GCC) testsuite on m68k-unknown-linux-gnu
Andreas Schwab
schwab@linux-m68k.org
Sun Nov 17 12:01:00 GMT 2019
LAST_UPDATED: Sat Nov 16 23:11:13 UTC 2019 (revision 278365)
Target is m68k-unknown-linux-gnu
Host is x86_64-suse-linux-gnu
=== g++ tests ===
Running target aranym
FAIL: g++.dg/cdce3.C -std=gnu++98 scan-tree-dump cdce "cdce3.C:106: .* function call is shrink-wrapped into error conditions."
FAIL: g++.dg/cdce3.C -std=gnu++14 scan-tree-dump cdce "cdce3.C:106: .* function call is shrink-wrapped into error conditions."
FAIL: g++.dg/cdce3.C -std=gnu++17 scan-tree-dump cdce "cdce3.C:106: .* function call is shrink-wrapped into error conditions."
FAIL: g++.dg/cdce3.C -std=gnu++2a scan-tree-dump cdce "cdce3.C:106: .* function call is shrink-wrapped into error conditions."
FAIL: g++.dg/pr53037-1.C -std=gnu++98 (test for warnings, line 38)
FAIL: g++.dg/pr53037-1.C -std=gnu++98 (test for warnings, line 71)
FAIL: g++.dg/pr53037-1.C -std=gnu++98 (test for excess errors)
FAIL: g++.dg/pr53037-1.C -std=gnu++14 (test for warnings, line 38)
FAIL: g++.dg/pr53037-1.C -std=gnu++14 (test for warnings, line 71)
FAIL: g++.dg/pr53037-1.C -std=gnu++14 (test for excess errors)
FAIL: g++.dg/pr53037-1.C -std=gnu++17 (test for warnings, line 38)
FAIL: g++.dg/pr53037-1.C -std=gnu++17 (test for warnings, line 71)
FAIL: g++.dg/pr53037-1.C -std=gnu++17 (test for excess errors)
FAIL: g++.dg/pr53037-1.C -std=gnu++2a (test for warnings, line 38)
FAIL: g++.dg/pr53037-1.C -std=gnu++2a (test for warnings, line 71)
FAIL: g++.dg/pr53037-1.C -std=gnu++2a (test for excess errors)
FAIL: g++.dg/opt/store-merging-1.C -std=gnu++98 scan-tree-dump store-merging "New sequence of [12] stores to replace old one of 2 stores"
FAIL: g++.dg/opt/store-merging-1.C -std=gnu++14 scan-tree-dump store-merging "New sequence of [12] stores to replace old one of 2 stores"
FAIL: g++.dg/opt/store-merging-1.C -std=gnu++17 scan-tree-dump store-merging "New sequence of [12] stores to replace old one of 2 stores"
FAIL: g++.dg/opt/store-merging-1.C -std=gnu++2a scan-tree-dump store-merging "New sequence of [12] stores to replace old one of 2 stores"
FAIL: g++.dg/tree-ssa/pr90883.C scan-tree-dump dse1 "Deleted redundant store: .*.a = {}"
FAIL: c-c++-common/pr51628-3.c -std=gnu++98 (test for warnings, line 15)
FAIL: c-c++-common/pr51628-3.c -std=gnu++98 (test for warnings, line 23)
FAIL: c-c++-common/pr51628-3.c -std=gnu++98 (test for warnings, line 26)
FAIL: c-c++-common/pr51628-3.c -std=gnu++98 (test for warnings, line 29)
FAIL: c-c++-common/pr51628-3.c -std=gnu++98 (test for warnings, line 31)
FAIL: c-c++-common/pr51628-3.c -std=gnu++98 (test for warnings, line 33)
FAIL: c-c++-common/pr51628-3.c -std=gnu++14 (test for warnings, line 15)
FAIL: c-c++-common/pr51628-3.c -std=gnu++14 (test for warnings, line 23)
FAIL: c-c++-common/pr51628-3.c -std=gnu++14 (test for warnings, line 26)
FAIL: c-c++-common/pr51628-3.c -std=gnu++14 (test for warnings, line 29)
FAIL: c-c++-common/pr51628-3.c -std=gnu++14 (test for warnings, line 31)
FAIL: c-c++-common/pr51628-3.c -std=gnu++14 (test for warnings, line 33)
FAIL: c-c++-common/pr51628-3.c -std=gnu++17 (test for warnings, line 15)
FAIL: c-c++-common/pr51628-3.c -std=gnu++17 (test for warnings, line 23)
FAIL: c-c++-common/pr51628-3.c -std=gnu++17 (test for warnings, line 26)
FAIL: c-c++-common/pr51628-3.c -std=gnu++17 (test for warnings, line 29)
FAIL: c-c++-common/pr51628-3.c -std=gnu++17 (test for warnings, line 31)
FAIL: c-c++-common/pr51628-3.c -std=gnu++17 (test for warnings, line 33)
FAIL: c-c++-common/pr51628-3.c -std=gnu++2a (test for warnings, line 15)
FAIL: c-c++-common/pr51628-3.c -std=gnu++2a (test for warnings, line 23)
FAIL: c-c++-common/pr51628-3.c -std=gnu++2a (test for warnings, line 26)
FAIL: c-c++-common/pr51628-3.c -std=gnu++2a (test for warnings, line 29)
FAIL: c-c++-common/pr51628-3.c -std=gnu++2a (test for warnings, line 31)
FAIL: c-c++-common/pr51628-3.c -std=gnu++2a (test for warnings, line 33)
FAIL: c-c++-common/gomp/atomic-10.c -std=gnu++98 scan-tree-dump-times ompexp "__atomic_fetch_add" 4
FAIL: c-c++-common/gomp/atomic-10.c -std=gnu++14 scan-tree-dump-times ompexp "__atomic_fetch_add" 4
FAIL: c-c++-common/gomp/atomic-10.c -std=gnu++17 scan-tree-dump-times ompexp "__atomic_fetch_add" 4
FAIL: c-c++-common/gomp/atomic-10.c -std=gnu++2a scan-tree-dump-times ompexp "__atomic_fetch_add" 4
FAIL: c-c++-common/gomp/atomic-3.c -std=gnu++98 scan-tree-dump-times ompexp "xyzzy, 4" 1
FAIL: c-c++-common/gomp/atomic-3.c -std=gnu++14 scan-tree-dump-times ompexp "xyzzy, 4" 1
FAIL: c-c++-common/gomp/atomic-3.c -std=gnu++17 scan-tree-dump-times ompexp "xyzzy, 4" 1
FAIL: c-c++-common/gomp/atomic-3.c -std=gnu++2a scan-tree-dump-times ompexp "xyzzy, 4" 1
FAIL: c-c++-common/gomp/atomic-9.c -std=gnu++98 scan-tree-dump-times ompexp "__atomic_fetch_add" 1
FAIL: c-c++-common/gomp/atomic-9.c -std=gnu++14 scan-tree-dump-times ompexp "__atomic_fetch_add" 1
FAIL: c-c++-common/gomp/atomic-9.c -std=gnu++17 scan-tree-dump-times ompexp "__atomic_fetch_add" 1
FAIL: c-c++-common/gomp/atomic-9.c -std=gnu++2a scan-tree-dump-times ompexp "__atomic_fetch_add" 1
FAIL: g++.old-deja/g++.other/dyncast1.C -std=c++98 execution test
FAIL: g++.old-deja/g++.other/dyncast1.C -std=c++14 execution test
FAIL: g++.old-deja/g++.other/dyncast1.C -std=c++17 execution test
FAIL: g++.old-deja/g++.other/dyncast1.C -std=c++2a execution test
FAIL: g++.old-deja/g++.other/dyncast6.C -std=gnu++98 execution test
FAIL: g++.old-deja/g++.other/dyncast6.C -std=gnu++14 execution test
FAIL: g++.old-deja/g++.other/dyncast6.C -std=gnu++17 execution test
FAIL: g++.old-deja/g++.other/dyncast6.C -std=gnu++2a execution test
FAIL: g++.old-deja/g++.other/rttid3.C -std=gnu++98 execution test
FAIL: g++.old-deja/g++.other/rttid3.C -std=gnu++14 execution test
FAIL: g++.old-deja/g++.other/rttid3.C -std=gnu++17 execution test
FAIL: g++.old-deja/g++.other/rttid3.C -std=gnu++2a execution test
FAIL: g++.old-deja/g++.robertl/eb46.C -std=c++98 execution test
FAIL: g++.old-deja/g++.robertl/eb46.C -std=c++14 execution test
FAIL: g++.old-deja/g++.robertl/eb46.C -std=c++17 execution test
FAIL: g++.old-deja/g++.robertl/eb46.C -std=c++2a execution test
=== g++ Summary ===
# of expected passes 170201
# of unexpected failures 73
# of expected failures 708
# of unsupported tests 7438
/daten/aranym/gcc/gcc-20191117/Build/gcc/xg++ version 10.0.0 20191116 (experimental) [trunk revision 278365] (GCC)
Host is x86_64-suse-linux-gnu
=== gcc tests ===
Running target aranym
FAIL: gcc.dg/atomic/c11-atomic-exec-5.c -O0 execution test
FAIL: gcc.dg/atomic/c11-atomic-exec-5.c -O1 execution test
FAIL: gcc.dg/atomic/c11-atomic-exec-5.c -O2 execution test
FAIL: gcc.dg/atomic/c11-atomic-exec-5.c -O3 -fomit-frame-pointer -funroll-loops -fpeel-loops -ftracer -finline-functions execution test
FAIL: gcc.dg/atomic/c11-atomic-exec-5.c -O3 -g execution test
FAIL: gcc.dg/atomic/c11-atomic-exec-5.c -Os execution test
FAIL: gcc.dg/atomic/c11-atomic-exec-5.c -O2 -flto -fno-use-linker-plugin -flto-partition=none execution test
FAIL: gcc.dg/atomic/c11-atomic-exec-5.c -O2 -flto -fuse-linker-plugin -fno-fat-lto-objects execution test
FAIL: gcc.dg/Warray-bounds-22.c vla (test for warnings, line 67)
FAIL: gcc.dg/Warray-bounds-22.c vla (test for warnings, line 69)
FAIL: gcc.dg/Warray-bounds-48.c (test for excess errors)
FAIL: gcc.dg/Wstringop-overflow-17.c (test for warnings, line 8)
FAIL: gcc.dg/ifcvt-4.c scan-rtl-dump ce1 "2 true changes made"
FAIL: gcc.dg/loop-9.c scan-rtl-dump loop2_invariant "Decided"
FAIL: gcc.dg/loop-9.c scan-rtl-dump loop2_invariant "without introducing a new temporary register"
FAIL: gcc.dg/pr46647.c scan-tree-dump-not optimized "memset"
FAIL: gcc.dg/pr53037-1.c (test for warnings, line 43)
FAIL: gcc.dg/pr53037-1.c (test for warnings, line 76)
FAIL: gcc.dg/pr53037-1.c (test for excess errors)
FAIL: gcc.dg/pr84877.c execution test
FAIL: gcc.dg/strcmpopt_6.c execution test
FAIL: gcc.dg/strlenopt-73.c scan-tree-dump-times optimized "strlen" 0
FAIL: gcc.dg/strlenopt-73.c scan-tree-dump-times optimized "_not_eliminated_" 0
UNRESOLVED: gcc.dg/superblock.c scan-rtl-dump-times sched2 "ADVANCING TO" 2
FAIL: c-c++-common/pr51628-3.c -Wc++-compat (test for warnings, line 15)
FAIL: c-c++-common/pr51628-3.c -Wc++-compat (test for warnings, line 23)
FAIL: c-c++-common/pr51628-3.c -Wc++-compat (test for warnings, line 26)
FAIL: c-c++-common/pr51628-3.c -Wc++-compat (test for warnings, line 29)
FAIL: c-c++-common/pr51628-3.c -Wc++-compat (test for warnings, line 31)
FAIL: c-c++-common/pr51628-3.c -Wc++-compat (test for warnings, line 33)
FAIL: c-c++-common/gomp/atomic-10.c scan-tree-dump-times ompexp "__atomic_fetch_add" 4
FAIL: c-c++-common/gomp/atomic-3.c scan-tree-dump-times ompexp "xyzzy, 4" 1
FAIL: c-c++-common/gomp/atomic-9.c scan-tree-dump-times ompexp "__atomic_fetch_add" 1
XPASS: gcc.dg/graphite/pr69728.c scan-tree-dump graphite "loop nest optimized"
XPASS: gcc.dg/guality/example.c -O0 execution test
XPASS: gcc.dg/guality/example.c -O1 -DPREVENT_OPTIMIZATION execution test
XPASS: gcc.dg/guality/example.c -Og -DPREVENT_OPTIMIZATION execution test
XPASS: gcc.dg/guality/guality.c -O0 execution test
XPASS: gcc.dg/guality/guality.c -O1 -DPREVENT_OPTIMIZATION execution test
XPASS: gcc.dg/guality/guality.c -O2 -DPREVENT_OPTIMIZATION execution test
XPASS: gcc.dg/guality/guality.c -O3 -g -DPREVENT_OPTIMIZATION execution test
XPASS: gcc.dg/guality/guality.c -Os -DPREVENT_OPTIMIZATION execution test
XPASS: gcc.dg/guality/guality.c -Og -DPREVENT_OPTIMIZATION execution test
XPASS: gcc.dg/guality/guality.c -O2 -flto -fno-use-linker-plugin -flto-partition=none -DPREVENT_OPTIMIZATION execution test
XPASS: gcc.dg/guality/guality.c -O2 -flto -fuse-linker-plugin -fno-fat-lto-objects -DPREVENT_OPTIMIZATION execution test
XPASS: gcc.dg/guality/inline-params.c -O2 -DPREVENT_OPTIMIZATION execution test
XPASS: gcc.dg/guality/inline-params.c -O3 -g -DPREVENT_OPTIMIZATION execution test
XPASS: gcc.dg/guality/inline-params.c -Os -DPREVENT_OPTIMIZATION execution test
XPASS: gcc.dg/guality/inline-params.c -O2 -flto -fno-use-linker-plugin -flto-partition=none -DPREVENT_OPTIMIZATION execution test
XPASS: gcc.dg/guality/inline-params.c -O2 -flto -fuse-linker-plugin -fno-fat-lto-objects -DPREVENT_OPTIMIZATION execution test
FAIL: gcc.dg/guality/pr41616-1.c -O2 -flto -fuse-linker-plugin -fno-fat-lto-objects -DPREVENT_OPTIMIZATION execution test
FAIL: gcc.dg/ipa/pr91088.c scan-ipa-dump cp "op0\\\\[offset: 32],\\\\(\\\\(short int\\\\) #\\\\),\\\\(\\\\(int\\\\) #\\\\),\\\\(1300 / #\\\\) == 19"
FAIL: gcc.dg/torture/pr68264.c -O1 execution test
FAIL: gcc.dg/torture/pr68264.c -O2 execution test
FAIL: gcc.dg/torture/pr68264.c -O3 -g execution test
FAIL: gcc.dg/torture/pr68264.c -O2 -flto -fno-use-linker-plugin -flto-partition=none execution test
FAIL: gcc.dg/torture/pr68264.c -O2 -flto -fuse-linker-plugin -fno-fat-lto-objects execution test
FAIL: gcc.dg/torture/pr91323.c -O1 execution test
FAIL: gcc.dg/torture/pr91323.c -O2 execution test
FAIL: gcc.dg/torture/pr91323.c -O3 -g execution test
FAIL: gcc.dg/torture/pr91323.c -Os execution test
FAIL: gcc.dg/torture/pr91323.c -O2 -flto -fno-use-linker-plugin -flto-partition=none execution test
FAIL: gcc.dg/torture/pr91323.c -O2 -flto -fuse-linker-plugin -fno-fat-lto-objects execution test
FAIL: gcc.dg/tree-prof/stringop-2.c scan-tree-dump optimized "MEM <[a-z ]+> \\\\[\\\\(void .\\\\)&a\\\\] = 168430090"
UNRESOLVED: gcc.dg/tree-ssa/pr89430-1.c scan-tree-dump cselim "Conditional store replacement"
UNRESOLVED: gcc.dg/tree-ssa/pr89430-2.c scan-tree-dump cselim "Conditional store replacement"
UNRESOLVED: gcc.dg/tree-ssa/pr89430-3.c scan-tree-dump-not cselim "Conditional store replacement"
UNRESOLVED: gcc.dg/tree-ssa/pr89430-4.c scan-tree-dump-not cselim "Conditional store replacement"
UNRESOLVED: gcc.dg/tree-ssa/pr89430-5.c scan-tree-dump cselim "Conditional store replacement"
UNRESOLVED: gcc.dg/tree-ssa/pr89430-6.c scan-tree-dump cselim "Conditional store replacement"
XPASS: gcc.dg/tree-ssa/pr91091-2.c scan-tree-dump-times fre1 " = [^;]*x;" 1
FAIL: gcc.target/m68k/20100512-1.c scan-assembler-times __stack_chk_guard 4
FAIL: gcc.target/m68k/tls-gd-xgot.c scan-assembler #foo@TLSGD,%[ad][0-7]
FAIL: gcc.target/m68k/tls-ie-xgot.c scan-assembler #foo@TLSIE,%[ad][0-7]
FAIL: gcc.target/m68k/tls-ld-xgot-xtls.c scan-assembler #foo@TLSLDM,%[ad][0-7]
FAIL: gcc.target/m68k/tls-ld-xgot.c scan-assembler #foo@TLSLDM,%[ad][0-7]
FAIL: gcc.target/m68k/tls-ld-xgot.c scan-assembler lea \\\\(foo@TLSLDO,%a0\\\\)
FAIL: gcc.target/m68k/tls-ld.c scan-assembler lea \\\\(foo@TLSLDO,%a0\\\\)
FAIL: gcc.target/m68k/tls-le.c scan-assembler lea \\\\(foo@TLSLE,%a0\\\\)
=== gcc Summary ===
# of expected passes 110258
# of unexpected failures 54
# of unexpected successes 18
# of expected failures 458
# of unresolved testcases 7
# of unsupported tests 2588
/daten/aranym/gcc/gcc-20191117/Build/gcc/xgcc version 10.0.0 20191116 (experimental) [trunk revision 278365] (GCC)
Host is x86_64-suse-linux-gnu
=== gfortran tests ===
Running target aranym
FAIL: gfortran.dg/ISO_Fortran_binding_15.f90 -O0 execution test
FAIL: gfortran.dg/ISO_Fortran_binding_15.f90 -O2 execution test
FAIL: gfortran.dg/ISO_Fortran_binding_15.f90 -O3 -fomit-frame-pointer -funroll-loops -fpeel-loops -ftracer -finline-functions execution test
FAIL: gfortran.dg/ISO_Fortran_binding_15.f90 -O3 -g execution test
FAIL: gfortran.dg/ISO_Fortran_binding_15.f90 -Os execution test
FAIL: gfortran.dg/ISO_Fortran_binding_17.f90 -O2 output pattern test
FAIL: gfortran.dg/common_14.f90 -O (test for warnings, line 16)
FAIL: gfortran.dg/common_14.f90 -O (test for warnings, line 22)
FAIL: gfortran.dg/common_14.f90 -O (test for excess errors)
FAIL: gfortran.dg/common_16.f90 -O (test for warnings, line 10)
FAIL: gfortran.dg/common_16.f90 -O (test for excess errors)
FAIL: gfortran.dg/common_5.f -O (test for warnings, line 7)
FAIL: gfortran.dg/common_align_2.f90 -O0 (test for warnings, line 23)
FAIL: gfortran.dg/common_align_2.f90 -O0 execution test
FAIL: gfortran.dg/common_align_2.f90 -O1 (test for warnings, line 23)
FAIL: gfortran.dg/common_align_2.f90 -O1 execution test
FAIL: gfortran.dg/common_align_2.f90 -O2 (test for warnings, line 23)
FAIL: gfortran.dg/common_align_2.f90 -O2 execution test
FAIL: gfortran.dg/common_align_2.f90 -O3 -fomit-frame-pointer -funroll-loops -fpeel-loops -ftracer -finline-functions (test for warnings, line 23)
FAIL: gfortran.dg/common_align_2.f90 -O3 -fomit-frame-pointer -funroll-loops -fpeel-loops -ftracer -finline-functions execution test
FAIL: gfortran.dg/common_align_2.f90 -O3 -g (test for warnings, line 23)
FAIL: gfortran.dg/common_align_2.f90 -O3 -g execution test
FAIL: gfortran.dg/common_align_2.f90 -Os (test for warnings, line 23)
FAIL: gfortran.dg/common_align_2.f90 -Os execution test
FAIL: gfortran.dg/dec_parameter_1.f -O3 -fomit-frame-pointer -funroll-loops -fpeel-loops -ftracer -finline-functions execution test
FAIL: gfortran.dg/dec_parameter_1.f -O3 -g execution test
FAIL: gfortran.dg/dec_parameter_2.f90 -O3 -fomit-frame-pointer -funroll-loops -fpeel-loops -ftracer -finline-functions execution test
FAIL: gfortran.dg/dec_parameter_2.f90 -O3 -g execution test
FAIL: gfortran.dg/erf_3.F90 -O0 execution test
FAIL: gfortran.dg/erf_3.F90 -O1 execution test
FAIL: gfortran.dg/erf_3.F90 -O2 execution test
FAIL: gfortran.dg/erf_3.F90 -O3 -fomit-frame-pointer -funroll-loops -fpeel-loops -ftracer -finline-functions execution test
FAIL: gfortran.dg/erf_3.F90 -O3 -g execution test
FAIL: gfortran.dg/erf_3.F90 -Os execution test
WARNING: program timed out.
FAIL: gfortran.dg/matmul_15.f90 -O execution test
FAIL: gfortran.dg/pr65450.f90 -O1 (internal compiler error)
FAIL: gfortran.dg/pr65450.f90 -O1 (test for excess errors)
UNRESOLVED: gfortran.dg/pr65450.f90 -O1 compilation failed to produce executable
FAIL: gfortran.dg/pr65450.f90 -O3 -fomit-frame-pointer -funroll-loops -fpeel-loops -ftracer -finline-functions (internal compiler error)
FAIL: gfortran.dg/pr65450.f90 -O3 -fomit-frame-pointer -funroll-loops -fpeel-loops -ftracer -finline-functions (test for excess errors)
UNRESOLVED: gfortran.dg/pr65450.f90 -O3 -fomit-frame-pointer -funroll-loops -fpeel-loops -ftracer -finline-functions compilation failed to produce executable
FAIL: gfortran.dg/ieee/ieee_2.f90 -O1 execution test
FAIL: gfortran.dg/ieee/ieee_2.f90 -O2 execution test
FAIL: gfortran.dg/ieee/ieee_2.f90 -O3 -fomit-frame-pointer -funroll-loops -fpeel-loops -ftracer -finline-functions execution test
FAIL: gfortran.dg/ieee/ieee_2.f90 -O3 -g execution test
FAIL: gfortran.dg/ieee/ieee_2.f90 -Os execution test
FAIL: gfortran.dg/ieee/ieee_9.f90 -O0 (test for excess errors)
UNRESOLVED: gfortran.dg/ieee/ieee_9.f90 -O0 compilation failed to produce executable
FAIL: gfortran.dg/ieee/ieee_9.f90 -O1 (test for excess errors)
UNRESOLVED: gfortran.dg/ieee/ieee_9.f90 -O1 compilation failed to produce executable
FAIL: gfortran.dg/ieee/ieee_9.f90 -O2 (test for excess errors)
UNRESOLVED: gfortran.dg/ieee/ieee_9.f90 -O2 compilation failed to produce executable
FAIL: gfortran.dg/ieee/ieee_9.f90 -O3 -fomit-frame-pointer -funroll-loops -fpeel-loops -ftracer -finline-functions (test for excess errors)
UNRESOLVED: gfortran.dg/ieee/ieee_9.f90 -O3 -fomit-frame-pointer -funroll-loops -fpeel-loops -ftracer -finline-functions compilation failed to produce executable
FAIL: gfortran.dg/ieee/ieee_9.f90 -O3 -g (test for excess errors)
UNRESOLVED: gfortran.dg/ieee/ieee_9.f90 -O3 -g compilation failed to produce executable
FAIL: gfortran.dg/ieee/ieee_9.f90 -Os (test for excess errors)
UNRESOLVED: gfortran.dg/ieee/ieee_9.f90 -Os compilation failed to produce executable
FAIL: gfortran.dg/ieee/large_2.f90 -O1 execution test
FAIL: gfortran.dg/ieee/large_2.f90 -O2 execution test
FAIL: gfortran.dg/ieee/large_2.f90 -O3 -fomit-frame-pointer -funroll-loops -fpeel-loops -ftracer -finline-functions execution test
FAIL: gfortran.dg/ieee/large_2.f90 -O3 -g execution test
FAIL: gfortran.dg/ieee/large_2.f90 -Os execution test
FAIL: gfortran.dg/ieee/rounding_1.f90 -O1 execution test
FAIL: gfortran.dg/ieee/rounding_1.f90 -O2 execution test
FAIL: gfortran.dg/ieee/rounding_1.f90 -O3 -fomit-frame-pointer -funroll-loops -fpeel-loops -ftracer -finline-functions execution test
FAIL: gfortran.dg/ieee/rounding_1.f90 -O3 -g execution test
FAIL: gfortran.dg/ieee/rounding_1.f90 -Os execution test
=== gfortran Summary ===
# of expected passes 51293
# of unexpected failures 60
# of expected failures 189
# of unresolved testcases 8
# of unsupported tests 254
/daten/aranym/gcc/gcc-20191117/Build/gcc/gfortran version 10.0.0 20191116 (experimental) [trunk revision 278365] (GCC)
Host is x86_64-suse-linux-gnu
=== objc tests ===
Running target aranym
=== objc Summary ===
# of expected passes 2782
# of unsupported tests 68
/daten/aranym/gcc/gcc-20191117/Build/gcc/xgcc version 10.0.0 20191116 (experimental) [trunk revision 278365] (GCC)
Host is m68k-unknown-linux-gnu
=== libatomic tests ===
Running target aranym
=== libatomic Summary ===
# of expected passes 44
# of unsupported tests 5
Host is m68k-unknown-linux-gnu
=== libgomp tests ===
Running target aranym
WARNING: program timed out.
FAIL: libgomp.fortran/strassen.f90 -O execution test
XPASS: libgomp.graphite/force-parallel-4.c scan-tree-dump-times graphite "2 loops carried no dependency" 1
FAIL: libgomp.graphite/force-parallel-4.c scan-tree-dump-times graphite "1 loops carried no dependency" 1
FAIL: libgomp.oacc-c/../libgomp.oacc-c-c++-common/atomic_update-1.c -DACC_DEVICE_TYPE_host=1 -DACC_MEM_SHARED=1 -foffload=disable -O2 execution test
FAIL: libgomp.oacc-c++/../libgomp.oacc-c-c++-common/atomic_update-1.c -DACC_DEVICE_TYPE_host=1 -DACC_MEM_SHARED=1 -foffload=disable -O2 execution test
FAIL: libgomp.oacc-fortran/stop-2.f -DACC_DEVICE_TYPE_host=1 -DACC_MEM_SHARED=1 -foffload=disable -O0 output pattern test
FAIL: libgomp.oacc-fortran/stop-2.f -DACC_DEVICE_TYPE_host=1 -DACC_MEM_SHARED=1 -foffload=disable -O1 output pattern test
FAIL: libgomp.oacc-fortran/stop-2.f -DACC_DEVICE_TYPE_host=1 -DACC_MEM_SHARED=1 -foffload=disable -O2 output pattern test
FAIL: libgomp.oacc-fortran/stop-2.f -DACC_DEVICE_TYPE_host=1 -DACC_MEM_SHARED=1 -foffload=disable -O3 -fomit-frame-pointer -funroll-loops -fpeel-loops -ftracer -finline-functions output pattern test
FAIL: libgomp.oacc-fortran/stop-2.f -DACC_DEVICE_TYPE_host=1 -DACC_MEM_SHARED=1 -foffload=disable -O3 -g output pattern test
FAIL: libgomp.oacc-fortran/stop-2.f -DACC_DEVICE_TYPE_host=1 -DACC_MEM_SHARED=1 -foffload=disable -Os output pattern test
=== libgomp Summary ===
# of expected passes 6928
# of unexpected failures 10
# of unexpected successes 1
# of expected failures 3
# of unsupported tests 516
Host is m68k-unknown-linux-gnu
=== libstdc++ tests ===
Running target aranym
FAIL: 18_support/nested_exception/rethrow_if_nested.cc execution test
FAIL: 20_util/function_objects/comparisons_pointer.cc execution test
FAIL: 20_util/tuple/cons/constexpr_allocator_arg_t.cc (test for excess errors)
FAIL: 21_strings/basic_string/inserters_extractors/char/8.cc execution test
FAIL: 22_locale/num_get/get/char/16.cc execution test
FAIL: 22_locale/time_get/get_time/char/2.cc execution test
FAIL: 22_locale/time_get/get_time/char/wrapped_locale.cc execution test
FAIL: 22_locale/time_get/get_time/wchar_t/2.cc execution test
FAIL: 22_locale/time_get/get_time/wchar_t/wrapped_locale.cc execution test
FAIL: 23_containers/vector/debug/mutex_association.cc execution test
FAIL: 24_iterators/istream_iterator/1.cc execution test
FAIL: 25_algorithms/copy_n/50119.cc execution test
FAIL: 27_io/basic_istream/extractors_arithmetic/char/01.cc execution test
FAIL: 27_io/basic_istream/extractors_arithmetic/char/02.cc execution test
FAIL: 27_io/basic_istream/extractors_arithmetic/char/03.cc execution test
FAIL: 27_io/basic_istream/extractors_arithmetic/char/10.cc execution test
FAIL: 27_io/basic_istream/extractors_arithmetic/char/11.cc execution test
FAIL: 27_io/basic_istream/extractors_arithmetic/char/13.cc execution test
FAIL: 27_io/basic_istream/extractors_arithmetic/char/dr696.cc execution test
FAIL: 27_io/basic_istream/seekg/char/8348-1.cc execution test
FAIL: 27_io/basic_istream/seekg/char/8348-2.cc execution test
FAIL: 27_io/basic_istream/tellg/char/8348.cc execution test
FAIL: 27_io/basic_istringstream/assign/1.cc execution test
FAIL: 27_io/basic_istringstream/cons/move.cc execution test
FAIL: 27_io/basic_istringstream/str/char/1.cc execution test
FAIL: 27_io/basic_stringbuf/seekoff/char/1.cc execution test
FAIL: 27_io/basic_stringbuf/seekoff/wchar_t/1.cc execution test
FAIL: 27_io/basic_stringbuf/seekoff/wchar_t/2.cc execution test
FAIL: 27_io/basic_stringstream/assign/1.cc execution test
FAIL: 27_io/filesystem/operations/last_write_time.cc execution test
FAIL: 27_io/filesystem/path/concat/path.cc execution test
FAIL: 27_io/manipulators/standard/char/quoted.cc execution test
FAIL: 27_io/rvalue_streams.cc execution test
FAIL: 28_regex/algorithms/regex_match/awk/cstring_01.cc execution test
FAIL: 28_regex/algorithms/regex_match/ecma/char/57173.cc execution test
FAIL: 28_regex/algorithms/regex_match/ecma/char/68863.cc execution test
FAIL: 28_regex/algorithms/regex_match/ecma/char/backref.cc execution test
FAIL: 28_regex/algorithms/regex_match/ecma/char/emptygroup.cc execution test
FAIL: 28_regex/algorithms/regex_match/ecma/char/hex.cc execution test
FAIL: 28_regex/algorithms/regex_match/extended/cstring_range.cc execution test
FAIL: 28_regex/algorithms/regex_replace/char/basic_replace.cc execution test
FAIL: 28_regex/algorithms/regex_replace/char/dr2213.cc execution test
FAIL: 28_regex/basic_regex/multiple_quantifiers.cc execution test
FAIL: 28_regex/match_results/format.cc execution test
FAIL: 28_regex/regression.cc execution test
FAIL: 28_regex/traits/char/value.cc execution test
FAIL: backward/strstream_move.cc execution test
FAIL: ext/random/k_distribution/operators/serialize.cc execution test
FAIL: ext/random/nakagami_distribution/operators/serialize.cc execution test
FAIL: ext/random/normal_mv_distribution/operators/serialize.cc execution test
FAIL: ext/random/rice_distribution/operators/serialize.cc execution test
FAIL: ext/random/uniform_inside_sphere_distribution/operators/serialize.cc execution test
FAIL: ext/random/uniform_on_sphere_distribution/operators/serialize.cc execution test
FAIL: tr1/5_numerical_facilities/random/discard_block/operators/serialize.cc execution test
FAIL: tr1/7_regular_expressions/regex_traits/char/value.cc execution test
FAIL: tr1/7_regular_expressions/regex_traits/wchar_t/value.cc execution test
=== libstdc++ Summary ===
# of expected passes 13179
# of unexpected failures 56
# of expected failures 92
# of unsupported tests 371
Compiler version: 10.0.0 20191116 (experimental) [trunk revision 278365] (GCC)
Platform: m68k-unknown-linux-gnu
configure flags: --prefix=/daten/cross/m68k-linux --build=x86_64-suse-linux --enable-shared --with-system-zlib CFLAGS='-O2 -g' CXXFLAGS='-O2 -g' --target=m68k-linux --with-sysroot --disable-multilib --enable-clocale=gnu
More information about the Gcc-testresults
mailing list